66.249.68.33 - - [15/Jul/2026:15:39:58 +0000] "GET /items/V168671068/ HTTP/1.1" 404 31328 "-" "Mozilla/5.0 (Linux; Android 6.0.1; Nexus 5X Build/MMB29P) AppleWebKit/537.36 (KHTML, like Gecko) Chrome/150.0.7871.114 Mobile Safari/537.36 (compatible; Googlebot/2.1; +http://www.google.com/bot.html)"
209.42.17.20 - - [15/Jul/2026:15:45:19 +0000] "POST /wp-cron.php?doing_wp_cron=1784130319.0312590599060058593750 HTTP/1.1" 200 0 "-" "WordPress/7.0.1; https://basicconceptenergy.com"
148.113.192.94 - - [15/Jul/2026:15:45:17 +0000] "GET / HTTP/1.1" 200 57330 "-" "Mozilla/5.0 (X11; Linux x86_64) AppleWebKit/537.36 (KHTML, like Gecko) Chrome/124 Safari/537.36"
216.73.216.59 - - [15/Jul/2026:15:46:36 +0000] "GET /robots.txt HTTP/2" 200 76 "-" "Mozilla/5.0 AppleWebKit/537.36 (KHTML, like Gecko; compatible; ClaudeBot/1.0; +claudebot@anthropic.com)"
209.42.17.20 - - [15/Jul/2026:15:46:38 +0000] "POST /wp-cron.php?doing_wp_cron=1784130398.4106650352478027343750 HTTP/1.1" 200 0 "-" "WordPress/7.0.1; https://basicconceptenergy.com"
216.73.216.59 - - [15/Jul/2026:15:46:36 +0000] "GET /sitemap.xml HTTP/2" 200 396 "-" "Mozilla/5.0 AppleWebKit/537.36 (KHTML, like Gecko; compatible; ClaudeBot/1.0; +claudebot@anthropic.com)"
209.42.17.20 - - [15/Jul/2026:15:53:04 +0000] "POST /wp-cron.php?doing_wp_cron=1784130784.0584239959716796875000 HTTP/1.1" 200 0 "-" "WordPress/7.0.1; https://basicconceptenergy.com"
66.249.68.33 - - [15/Jul/2026:15:53:01 +0000] "GET /items/N89035705/ HTTP/1.1" 404 31399 "-" "Mozilla/5.0 (compatible; Googlebot/2.1; +http://www.google.com/bot.html)"
209.42.17.20 - - [15/Jul/2026:15:59:20 +0000] "POST /wp-cron.php?doing_wp_cron=1784131160.9584329128265380859375 HTTP/1.1" 200 0 "-" "WordPress/7.0.1; https://basicconceptenergy.com"
66.249.68.32 - - [15/Jul/2026:15:59:19 +0000] "GET /items/C167448200// HTTP/1.1" 301 0 "-" "Mozilla/5.0 (Linux; Android 6.0.1; Nexus 5X Build/MMB29P) AppleWebKit/537.36 (KHTML, like Gecko) Chrome/150.0.7871.114 Mobile Safari/537.36 (compatible; Googlebot/2.1; +http://www.google.com/bot.html)"
66.249.68.33 - - [15/Jul/2026:15:59:21 +0000] "GET /items/C167448200/ HTTP/1.1" 404 31327 "-" "Mozilla/5.0 (Linux; Android 6.0.1; Nexus 5X Build/MMB29P) AppleWebKit/537.36 (KHTML, like Gecko) Chrome/150.0.7871.114 Mobile Safari/537.36 (compatible; Googlebot/2.1; +http://www.google.com/bot.html)"
209.42.17.20 - - [15/Jul/2026:16:02:56 +0000] "POST /wp-cron.php?doing_wp_cron=1784131376.1810081005096435546875 HTTP/1.1" 200 0 "-" "WordPress/7.0.1; https://basicconceptenergy.com"
66.249.68.32 - - [15/Jul/2026:16:02:53 +0000] "GET /items/J186584775/ HTTP/1.1" 404 31242 "-" "Mozilla/5.0 (compatible; Googlebot/2.1; +http://www.google.com/bot.html)"
209.42.17.20 - - [15/Jul/2026:16:05:49 +0000] "POST /wp-cron.php?doing_wp_cron=1784131549.5086269378662109375000 HTTP/1.1" 200 0 "-" "WordPress/7.0.1; https://basicconceptenergy.com"
66.249.68.33 - - [15/Jul/2026:16:05:47 +0000] "GET /items/Q132047604/ HTTP/1.1" 404 31328 "-" "Mozilla/5.0 (Linux; Android 6.0.1; Nexus 5X Build/MMB29P) AppleWebKit/537.36 (KHTML, like Gecko) Chrome/150.0.7871.114 Mobile Safari/537.36 (compatible; Googlebot/2.1; +http://www.google.com/bot.html)"
63.135.161.163 - - [15/Jul/2026:16:06:37 +0000] "GET /wp-login.php HTTP/1.1" 200 4773 "-" "Mozilla/5.0 (Windows NT 10.0; Win64; x64) AppleWebKit/537.36 Chrome/129.0.0.0 Safari/537.36"
209.42.17.20 - - [15/Jul/2026:16:06:55 +0000] "POST /wp-cron.php?doing_wp_cron=1784131615.0322170257568359375000 HTTP/1.1" 200 0 "-" "WordPress/7.0.1; https://basicconceptenergy.com"
63.135.161.163 - - [15/Jul/2026:16:06:40 +0000] "GET /?author=1 HTTP/1.1" 301 0 "-" "Mozilla/5.0 (Macintosh; Intel Mac OS X 10_15_7) AppleWebKit/605.1.15 Version/17.0 Safari/605.1.15"
63.135.161.163 - - [15/Jul/2026:16:06:55 +0000] "GET /?rest_route=/wp/v2/users HTTP/1.1" 200 523 "-" "Mozilla/5.0 (Windows NT 10.0; Win64; x64) AppleWebKit/537.36 Chrome/129.0.0.0 Safari/537.36"
209.42.17.20 - - [15/Jul/2026:16:12:10 +0000] "POST /wp-cron.php?doing_wp_cron=1784131930.0234820842742919921875 HTTP/1.1" 200 0 "-" "WordPress/7.0.1; https://basicconceptenergy.com"
66.249.68.33 - - [15/Jul/2026:16:12:08 +0000] "GET /items/R209080846/ HTTP/1.1" 404 31241 "-" "Mozilla/5.0 (compatible; Googlebot/2.1; +http://www.google.com/bot.html)"
66.249.68.33 - - [15/Jul/2026:16:17:00 +0000] "GET /items/L314555886/ HTTP/1.1" 404 31328 "-" "Mozilla/5.0 (Linux; Android 6.0.1; Nexus 5X Build/MMB29P) AppleWebKit/537.36 (KHTML, like Gecko) Chrome/150.0.7871.114 Mobile Safari/537.36 (compatible; Googlebot/2.1; +http://www.google.com/bot.html)"
66.249.68.34 - - [15/Jul/2026:16:16:59 +0000] "GET /items/L314555886/ HTTP/1.1" 404 31242 "-" "Mozilla/5.0 (compatible; Googlebot/2.1; +http://www.google.com/bot.html)"
66.249.68.32 - - [15/Jul/2026:16:17:59 +0000] "GET /items/X27322462/ HTTP/1.1" 404 31455 "-" "Mozilla/5.0 (compatible; Googlebot/2.1; +http://www.google.com/bot.html)"
103.158.210.80 - - [15/Jul/2026:16:20:02 +0000] "POST /wp-comments-post.php HTTP/1.1" 302 0 "-" "Mozilla/5.0 (Windows NT 10.0; Win64; x64) AppleWebKit/537.36 (KHTML, like Gecko) Chrome/120.0.0.0 Safari/537.36"
209.42.17.20 - - [15/Jul/2026:16:20:04 +0000] "GET /wp-json/jetpack/v4/sync/spawn-sync?time=1784132404&request_lock_id=97c65db1-fb2f-4e0f-97bf-fc4f36a0e4df HTTP/1.1" 200 37 "-" "WordPress/7.0.1; https://basicconceptenergy.com"
103.158.210.80 - - [15/Jul/2026:16:20:07 +0000] "POST /wp-comments-post.php HTTP/1.1" 429 1223 "-" "Mozilla/5.0 (Windows NT 10.0; Win64; x64) AppleWebKit/537.36 (KHTML, like Gecko) Chrome/120.0.0.0 Safari/537.36"
103.158.210.80 - - [15/Jul/2026:16:20:13 +0000] "POST /wp-comments-post.php HTTP/1.1" 429 1223 "-" "Mozilla/5.0 (Windows NT 10.0; Win64; x64) AppleWebKit/537.36 (KHTML, like Gecko) Chrome/120.0.0.0 Safari/537.36"
103.158.210.80 - - [15/Jul/2026:16:20:16 +0000] "POST /wp-comments-post.php HTTP/1.1" 429 1223 "-" "Mozilla/5.0 (Windows NT 10.0; Win64; x64) AppleWebKit/537.36 (KHTML, like Gecko) Chrome/120.0.0.0 Safari/537.36"
209.42.17.20 - - [15/Jul/2026:16:22:19 +0000] "POST /wp-cron.php?doing_wp_cron=1784132539.2055859565734863281250 HTTP/1.1" 200 0 "-" "WordPress/7.0.1; https://basicconceptenergy.com"
66.249.68.33 - - [15/Jul/2026:16:22:17 +0000] "GET /items/M306360260/ HTTP/1.1" 404 31327 "-" "Mozilla/5.0 (Linux; Android 6.0.1; Nexus 5X Build/MMB29P) AppleWebKit/537.36 (KHTML, like Gecko) Chrome/150.0.7871.114 Mobile Safari/537.36 (compatible; Googlebot/2.1; +http://www.google.com/bot.html)"
209.42.17.20 - - [15/Jul/2026:16:23:36 +0000] "POST /wp-cron.php?doing_wp_cron=1784132616.3979120254516601562500 HTTP/1.1" 200 0 "-" "WordPress/7.0.1; https://basicconceptenergy.com"
74.125.150.33 - - [15/Jul/2026:16:23:34 +0000] "GET /items/V244064301/ HTTP/1.1" 404 31276 "-" "Mozilla/5.0 (X11; Linux x86_64) AppleWebKit/537.36 (KHTML, like Gecko) Chrome/149.0.7827.200 Safari/537.36"
74.125.150.32 - - [15/Jul/2026:16:23:38 +0000] "GET /wp-content/plugins/contact-form-7/includes/css/styles.css?ver=6.1.5 HTTP/1.1" 200 899 "https://basicconceptenergy.com/items/V244064301/" "Mozilla/5.0 (X11; Linux x86_64) AppleWebKit/537.36 (KHTML, like Gecko) Chrome/149.0.7827.200 Safari/537.36"
74.125.150.32 - - [15/Jul/2026:16:23:38 +0000] "GET /wp-includes/js/mediaelement/wp-mediaelement.min.css?ver=7.0.1 HTTP/1.1" 200 982 "https://basicconceptenergy.com/items/V244064301/" "Mozilla/5.0 (X11; Linux x86_64) AppleWebKit/537.36 (KHTML, like Gecko) Chrome/149.0.7827.200 Safari/537.36"
74.125.150.33 - - [15/Jul/2026:16:23:39 +0000] "GET /wp-content/plugins/all-in-one-seo-pack/dist/Lite/assets/css/table-of-contents/global.e90f6d47.css?ver=4.9.6.2 HTTP/1.1" 200 416 "https://basicconceptenergy.com/items/V244064301/" "Mozilla/5.0 (X11; Linux x86_64) AppleWebKit/537.36 (KHTML, like Gecko) Chrome/149.0.7827.200 Safari/537.36"
74.125.150.32 - - [15/Jul/2026:16:23:40 +0000] "GET /wp-includes/js/mediaelement/mediaelementplayer-legacy.min.css?ver=4.2.17 HTTP/1.1" 200 2394 "https://basicconceptenergy.com/items/V244064301/" "Mozilla/5.0 (X11; Linux x86_64) AppleWebKit/537.36 (KHTML, like Gecko) Chrome/149.0.7827.200 Safari/537.36"
74.125.150.32 - - [15/Jul/2026:16:23:40 +0000] "GET /wp-content/plugins/woo-smart-quick-view/assets/libs/slick/slick.css?ver=7.0.1 HTTP/1.1" 200 461 "https://basicconceptenergy.com/items/V244064301/" "Mozilla/5.0 (X11; Linux x86_64) AppleWebKit/537.36 (KHTML, like Gecko) Chrome/149.0.7827.200 Safari/537.36"
74.125.150.32 - - [15/Jul/2026:16:23:41 +0000] "GET /wp-content/plugins/ti-woocommerce-wishlist/assets/css/public.min.css?ver=2.11.1 HTTP/1.1" 200 5294 "https://basicconceptenergy.com/items/V244064301/" "Mozilla/5.0 (X11; Linux x86_64) AppleWebKit/537.36 (KHTML, like Gecko) Chrome/149.0.7827.200 Safari/537.36"
74.125.150.33 - - [15/Jul/2026:16:23:42 +0000] "GET /wp-content/plugins/ti-woocommerce-wishlist/assets/fonts/tinvwl-webfont.woff2?ver=xu2uyi HTTP/1.1" 200 4404 "https://basicconceptenergy.com/items/V244064301/" "Mozilla/5.0 (X11; Linux x86_64) AppleWebKit/537.36 (KHTML, like Gecko) Chrome/149.0.7827.200 Safari/537.36"
74.125.150.32 - - [15/Jul/2026:16:23:42 +0000] "GET /wp-content/plugins/woo-smart-quick-view/assets/libs/perfect-scrollbar/css/perfect-scrollbar.min.css?ver=7.0.1 HTTP/1.1" 200 507 "https://basicconceptenergy.com/items/V244064301/" "Mozilla/5.0 (X11; Linux x86_64) AppleWebKit/537.36 (KHTML, like Gecko) Chrome/149.0.7827.200 Safari/537.36"
74.125.150.32 - - [15/Jul/2026:16:23:43 +0000] "GET /wp-content/themes/electro/elementor.css?ver=3.6.9 HTTP/1.1" 200 2893 "https://basicconceptenergy.com/items/V244064301/" "Mozilla/5.0 (X11; Linux x86_64) AppleWebKit/537.36 (KHTML, like Gecko) Chrome/149.0.7827.200 Safari/537.36"
74.125.150.32 - - [15/Jul/2026:16:23:44 +0000] "GET /wp-includes/css/dist/block-library/style.min.css?ver=7.0.1 HTTP/1.1" 200 16250 "https://basicconceptenergy.com/items/V244064301/" "Mozilla/5.0 (X11; Linux x86_64) AppleWebKit/537.36 (KHTML, like Gecko) Chrome/149.0.7827.200 Safari/537.36"
74.125.150.32 - - [15/Jul/2026:16:23:44 +0000] "GET /wp-content/plugins/elementor-pro/assets/css/widget-woocommerce-menu-cart.min.css?ver=4.0.4 HTTP/1.1" 200 2323 "https://basicconceptenergy.com/items/V244064301/" "Mozilla/5.0 (X11; Linux x86_64) AppleWebKit/537.36 (KHTML, like Gecko) Chrome/149.0.7827.200 Safari/537.36"
74.125.150.32 - - [15/Jul/2026:16:23:45 +0000] "GET /wp-content/plugins/woo-smart-quick-view/assets/libs/feather/feather.css?ver=7.0.1 HTTP/1.1" 200 149 "https://basicconceptenergy.com/items/V244064301/" "Mozilla/5.0 (X11; Linux x86_64) AppleWebKit/537.36 (KHTML, like Gecko) Chrome/149.0.7827.200 Safari/537.36"
74.125.150.32 - - [15/Jul/2026:16:23:45 +0000] "GET /wp-content/themes/electro/assets/vendor/animate.css/animate.min.css?ver=3.6.9 HTTP/1.1" 200 4019 "https://basicconceptenergy.com/items/V244064301/" "Mozilla/5.0 (X11; Linux x86_64) AppleWebKit/537.36 (KHTML, like Gecko) Chrome/149.0.7827.200 Safari/537.36"
74.125.150.32 - - [15/Jul/2026:16:23:45 +0000] "GET /wp-includes/css/dashicons.min.css?ver=7.0.1 HTTP/1.1" 200 35101 "https://basicconceptenergy.com/items/V244064301/" "Mozilla/5.0 (X11; Linux x86_64) AppleWebKit/537.36 (KHTML, like Gecko) Chrome/149.0.7827.200 Safari/537.36"
74.125.150.32 - - [15/Jul/2026:16:23:45 +0000] "GET /wp-content/plugins/elementor/assets/css/frontend.min.css?ver=4.0.4 HTTP/1.1" 200 6613 "https://basicconceptenergy.com/items/V244064301/" "Mozilla/5.0 (X11; Linux x86_64) AppleWebKit/537.36 (KHTML, like Gecko) Chrome/149.0.7827.200 Safari/537.36"
74.125.150.32 - - [15/Jul/2026:16:23:46 +0000] "GET /wp-content/plugins/yith-woocommerce-compare/assets/css/compare.css?ver=3.9.0 HTTP/1.1" 200 3190 "https://basicconceptenergy.com/items/V244064301/" "Mozilla/5.0 (X11; Linux x86_64) AppleWebKit/537.36 (KHTML, like Gecko) Chrome/149.0.7827.200 Safari/537.36"
74.125.150.32 - - [15/Jul/2026:16:23:46 +0000] "GET /wp-content/plugins/woo-smart-quick-view/assets/libs/perfect-scrollbar/css/custom-theme.css?ver=7.0.1 HTTP/1.1" 200 534 "https://basicconceptenergy.com/items/V244064301/" "Mozilla/5.0 (X11; Linux x86_64) AppleWebKit/537.36 (KHTML, like Gecko) Chrome/149.0.7827.200 Safari/537.36"
74.125.150.32 - - [15/Jul/2026:16:23:47 +0000] "GET /wp-content/plugins/elementor/assets/css/widget-heading.min.css?ver=4.0.4 HTTP/1.1" 200 126 "https://basicconceptenergy.com/items/V244064301/" "Mozilla/5.0 (X11; Linux x86_64) AppleWebKit/537.36 (KHTML, like Gecko) Chrome/149.0.7827.200 Safari/537.36"
74.125.150.32 - - [15/Jul/2026:16:23:48 +0000] "GET /wp-content/plugins/woo-smart-quick-view/assets/css/frontend.css?ver=4.3.1 HTTP/1.1" 200 3410 "https://basicconceptenergy.com/items/V244064301/" "Mozilla/5.0 (X11; Linux x86_64) AppleWebKit/537.36 (KHTML, like Gecko) Chrome/149.0.7827.200 Safari/537.36"
74.125.150.32 - - [15/Jul/2026:16:23:48 +0000] "GET /wp-content/plugins/elementor/assets/lib/animations/styles/e-animation-shrink.min.css?ver=4.0.4 HTTP/1.1" 200 95 "https://basicconceptenergy.com/items/V244064301/" "Mozilla/5.0 (X11; Linux x86_64) AppleWebKit/537.36 (KHTML, like Gecko) Chrome/149.0.7827.200 Safari/537.36"
74.125.150.32 - - [15/Jul/2026:16:23:48 +0000] "GET /wp-content/uploads/elementor/css/post-43.css?ver=1780904844 HTTP/1.1" 200 1195 "https://basicconceptenergy.com/items/V244064301/" "Mozilla/5.0 (X11; Linux x86_64) AppleWebKit/537.36 (KHTML, like Gecko) Chrome/149.0.7827.200 Safari/537.36"
74.125.150.32 - - [15/Jul/2026:16:23:48 +0000] "GET /wp-content/uploads/elementor/css/post-3851.css?ver=1780904847 HTTP/1.1" 200 683 "https://basicconceptenergy.com/items/V244064301/" "Mozilla/5.0 (X11; Linux x86_64) AppleWebKit/537.36 (KHTML, like Gecko) Chrome/149.0.7827.200 Safari/537.36"
74.125.150.32 - - [15/Jul/2026:16:23:48 +0000] "GET /wp-content/plugins/yith-woocommerce-compare/assets/css/jquery.dataTables.css?ver=1.10.18 HTTP/1.1" 200 1866 "https://basicconceptenergy.com/items/V244064301/" "Mozilla/5.0 (X11; Linux x86_64) AppleWebKit/537.36 (KHTML, like Gecko) Chrome/149.0.7827.200 Safari/537.36"
74.125.150.32 - - [15/Jul/2026:16:23:49 +0000] "GET /wp-content/uploads/elementor/css/base-desktop.css?ver=6a26738f5566a HTTP/1.1" 200 691 "https://basicconceptenergy.com/items/V244064301/" "Mozilla/5.0 (X11; Linux x86_64) AppleWebKit/537.36 (KHTML, like Gecko) Chrome/149.0.7827.200 Safari/537.36"
74.125.150.32 - - [15/Jul/2026:16:23:49 +0000] "GET /wp-content/plugins/woo-smart-quick-view/assets/libs/magnific-popup/magnific-popup.css?ver=7.0.1 HTTP/1.1" 200 1663 "https://basicconceptenergy.com/items/V244064301/" "Mozilla/5.0 (X11; Linux x86_64) AppleWebKit/537.36 (KHTML, like Gecko) Chrome/149.0.7827.200 Safari/537.36"
74.125.150.32 - - [15/Jul/2026:16:23:49 +0000] "GET /wp-includes/js/jquery/jquery.min.js?ver=3.7.1 HTTP/1.1" 200 29744 "https://basicconceptenergy.com/items/V244064301/" "Mozilla/5.0 (X11; Linux x86_64) AppleWebKit/537.36 (KHTML, like Gecko) Chrome/149.0.7827.200 Safari/537.36"
74.125.150.32 - - [15/Jul/2026:16:23:50 +0000] "GET /wp-content/plugins/woocommerce/assets/client/blocks/wc-blocks.css?ver=wc-10.7.0 HTTP/1.1" 200 2391 "https://basicconceptenergy.com/items/V244064301/" "Mozilla/5.0 (X11; Linux x86_64) AppleWebKit/537.36 (KHTML, like Gecko) Chrome/149.0.7827.200 Safari/537.36"
74.125.150.32 - - [15/Jul/2026:16:23:50 +0000] "GET /wp-content/plugins/woocommerce/assets/js/jquery-blockui/jquery.blockUI.min.js?ver=2.7.0-wc.10.7.0 HTTP/1.1" 200 3277 "https://basicconceptenergy.com/items/V244064301/" "Mozilla/5.0 (X11; Linux x86_64) AppleWebKit/537.36 (KHTML, like Gecko) Chrome/149.0.7827.200 Safari/537.36"
74.125.150.32 - - [15/Jul/2026:16:23:50 +0000] "GET /wp-content/themes/electro/assets/css/font-electro.css?ver=3.6.9 HTTP/1.1" 200 691 "https://basicconceptenergy.com/items/V244064301/" "Mozilla/5.0 (X11; Linux x86_64) AppleWebKit/537.36 (KHTML, like Gecko) Chrome/149.0.7827.200 Safari/537.36"
74.125.150.32 - - [15/Jul/2026:16:23:51 +0000] "GET /wp-content/plugins/jetpack/jetpack_vendor/automattic/jetpack-forms/dist/contact-form/css/jetpack-forms-layout.css?ver=15.7.1 HTTP/1.1" 200 829 "https://basicconceptenergy.com/items/V244064301/" "Mozilla/5.0 (X11; Linux x86_64) AppleWebKit/537.36 (KHTML, like Gecko) Chrome/149.0.7827.200 Safari/537.36"
74.125.150.32 - - [15/Jul/2026:16:23:51 +0000] "GET /wp-includes/js/jquery/jquery-migrate.min.js?ver=3.4.1 HTTP/1.1" 200 4678 "https://basicconceptenergy.com/items/V244064301/" "Mozilla/5.0 (X11; Linux x86_64) AppleWebKit/537.36 (KHTML, like Gecko) Chrome/149.0.7827.200 Safari/537.36"
74.125.150.32 - - [15/Jul/2026:16:23:51 +0000] "GET /wp-content/plugins/jetpack/jetpack_vendor/automattic/jetpack-newsletter/build/reader-link.css?ver=6569e23e23e0349e92b7 HTTP/1.1" 200 751 "https://basicconceptenergy.com/items/V244064301/" "Mozilla/5.0 (X11; Linux x86_64) AppleWebKit/537.36 (KHTML, like Gecko) Chrome/149.0.7827.200 Safari/537.36"
74.125.150.32 - - [15/Jul/2026:16:23:51 +0000] "GET /wp-content/plugins/yith-woocommerce-wishlist/assets/css/frontend/add-to-wishlist.css?ver=4.14.0 HTTP/1.1" 200 3034 "https://basicconceptenergy.com/items/V244064301/" "Mozilla/5.0 (X11; Linux x86_64) AppleWebKit/537.36 (KHTML, like Gecko) Chrome/149.0.7827.200 Safari/537.36"
74.125.150.32 - - [15/Jul/2026:16:23:52 +0000] "GET /wp-content/plugins/revslider/public/css/sr7.css?ver=6.7.52 HTTP/1.1" 200 1409 "https://basicconceptenergy.com/items/V244064301/" "Mozilla/5.0 (X11; Linux x86_64) AppleWebKit/537.36 (KHTML, like Gecko) Chrome/149.0.7827.200 Safari/537.36"
74.125.150.32 - - [15/Jul/2026:16:23:52 +0000] "GET /wp-content/plugins/elementor/assets/css/conditionals/apple-webkit.min.css?ver=4.0.4 HTTP/1.1" 200 464 "https://basicconceptenergy.com/items/V244064301/" "Mozilla/5.0 (X11; Linux x86_64) AppleWebKit/537.36 (KHTML, like Gecko) Chrome/149.0.7827.200 Safari/537.36"
74.125.150.32 - - [15/Jul/2026:16:23:52 +0000] "GET /wp-includes/js/wp-util.min.js?ver=7.0.1 HTTP/1.1" 200 693 "https://basicconceptenergy.com/items/V244064301/" "Mozilla/5.0 (X11; Linux x86_64) AppleWebKit/537.36 (KHTML, like Gecko) Chrome/149.0.7827.200 Safari/537.36"
74.125.150.32 - - [15/Jul/2026:16:23:52 +0000] "GET /wp-content/themes/electro/assets/vendor/fontawesome/css/all.min.css?ver=3.6.9 HTTP/1.1" 200 21985 "https://basicconceptenergy.com/items/V244064301/" "Mozilla/5.0 (X11; Linux x86_64) AppleWebKit/537.36 (KHTML, like Gecko) Chrome/149.0.7827.200 Safari/537.36"
74.125.150.32 - - [15/Jul/2026:16:23:53 +0000] "GET /wp-content/plugins/elementor/assets/lib/animations/styles/slideInRight.min.css?ver=4.0.4 HTTP/1.1" 200 155 "https://basicconceptenergy.com/items/V244064301/" "Mozilla/5.0 (X11; Linux x86_64) AppleWebKit/537.36 (KHTML, like Gecko) Chrome/149.0.7827.200 Safari/537.36"
74.125.150.32 - - [15/Jul/2026:16:23:53 +0000] "GET /wp-content/plugins/woocommerce/assets/js/js-cookie/js.cookie.min.js?ver=2.1.4-wc.10.7.0 HTTP/1.1" 200 760 "https://basicconceptenergy.com/items/V244064301/" "Mozilla/5.0 (X11; Linux x86_64) AppleWebKit/537.36 (KHTML, like Gecko) Chrome/149.0.7827.200 Safari/537.36"
74.125.150.32 - - [15/Jul/2026:16:23:53 +0000] "GET /wp-content/plugins/elementor/assets/css/widget-image.min.css?ver=4.0.4 HTTP/1.1" 200 96 "https://basicconceptenergy.com/items/V244064301/" "Mozilla/5.0 (X11; Linux x86_64) AppleWebKit/537.36 (KHTML, like Gecko) Chrome/149.0.7827.200 Safari/537.36"
74.125.150.32 - - [15/Jul/2026:16:23:54 +0000] "GET /wp-content/plugins/elementor/assets/css/widget-spacer.min.css?ver=4.0.4 HTTP/1.1" 200 287 "https://basicconceptenergy.com/items/V244064301/" "Mozilla/5.0 (X11; Linux x86_64) AppleWebKit/537.36 (KHTML, like Gecko) Chrome/149.0.7827.200 Safari/537.36"
74.125.150.32 - - [15/Jul/2026:16:23:54 +0000] "GET /wp-content/plugins/ti-woocommerce-wishlist/assets/css/webfont.min.css?ver=2.11.1 HTTP/1.1" 200 786 "https://basicconceptenergy.com/items/V244064301/" "Mozilla/5.0 (X11; Linux x86_64) AppleWebKit/537.36 (KHTML, like Gecko) Chrome/149.0.7827.200 Safari/537.36"
74.125.150.32 - - [15/Jul/2026:16:23:54 +0000] "GET /wp-content/plugins/elementor/assets/css/widget-social-icons.min.css?ver=4.0.4 HTTP/1.1" 200 1039 "https://basicconceptenergy.com/items/V244064301/" "Mozilla/5.0 (X11; Linux x86_64) AppleWebKit/537.36 (KHTML, like Gecko) Chrome/149.0.7827.200 Safari/537.36"
74.125.150.32 - - [15/Jul/2026:16:23:55 +0000] "GET /wp-includes/js/underscore.min.js?ver=1.13.8 HTTP/1.1" 200 7228 "https://basicconceptenergy.com/items/V244064301/" "Mozilla/5.0 (X11; Linux x86_64) AppleWebKit/537.36 (KHTML, like Gecko) Chrome/149.0.7827.200 Safari/537.36"
74.125.150.32 - - [15/Jul/2026:16:23:55 +0000] "GET /wp-content/plugins/woocommerce/assets/css/photoswipe/photoswipe.min.css?ver=10.7.0 HTTP/1.1" 200 846 "https://basicconceptenergy.com/items/V244064301/" "Mozilla/5.0 (X11; Linux x86_64) AppleWebKit/537.36 (KHTML, like Gecko) Chrome/149.0.7827.200 Safari/537.36"
74.125.150.32 - - [15/Jul/2026:16:23:55 +0000] "GET /wp-content/themes/electro/style.min.css?ver=3.6.9 HTTP/1.1" 200 127191 "https://basicconceptenergy.com/items/V244064301/" "Mozilla/5.0 (X11; Linux x86_64) AppleWebKit/537.36 (KHTML, like Gecko) Chrome/149.0.7827.200 Safari/537.36"
74.125.150.32 - - [15/Jul/2026:16:23:56 +0000] "GET /wp-content/plugins/yith-woocommerce-compare/assets/css/widget.css?ver=3.9.0 HTTP/1.1" 200 410 "https://basicconceptenergy.com/items/V244064301/" "Mozilla/5.0 (X11; Linux x86_64) AppleWebKit/537.36 (KHTML, like Gecko) Chrome/149.0.7827.200 Safari/537.36"
74.125.150.32 - - [15/Jul/2026:16:23:56 +0000] "GET /wp-content/uploads/2026/04/2-3-300x300.webp HTTP/1.1" 200 4736 "https://basicconceptenergy.com/items/V244064301/" "Mozilla/5.0 (X11; Linux x86_64) AppleWebKit/537.36 (KHTML, like Gecko) Chrome/149.0.7827.200 Safari/537.36"
74.125.150.32 - - [15/Jul/2026:16:23:56 +0000] "GET /wp-content/themes/electro/assets/css/colors/yellow.min.css?ver=3.6.9 HTTP/1.1" 200 4445 "https://basicconceptenergy.com/items/V244064301/" "Mozilla/5.0 (X11; Linux x86_64) AppleWebKit/537.36 (KHTML, like Gecko) Chrome/149.0.7827.200 Safari/537.36"
74.125.150.32 - - [15/Jul/2026:16:23:56 +0000] "GET /wp-content/plugins/elementor/assets/css/widget-icon-list.min.css?ver=4.0.4 HTTP/1.1" 200 928 "https://basicconceptenergy.com/items/V244064301/" "Mozilla/5.0 (X11; Linux x86_64) AppleWebKit/537.36 (KHTML, like Gecko) Chrome/149.0.7827.200 Safari/537.36"
74.125.150.32 - - [15/Jul/2026:16:23:56 +0000] "GET /wp-content/uploads/elementor/css/post-3884.css?ver=1780904847 HTTP/1.1" 200 1640 "https://basicconceptenergy.com/items/V244064301/" "Mozilla/5.0 (X11; Linux x86_64) AppleWebKit/537.36 (KHTML, like Gecko) Chrome/149.0.7827.200 Safari/537.36"
74.125.150.32 - - [15/Jul/2026:16:23:56 +0000] "GET /wp-content/plugins/essential-addons-for-elementor-lite/assets/front-end/css/view/general.min.css?ver=6.6.2 HTTP/1.1" 200 1420 "https://basicconceptenergy.com/items/V244064301/" "Mozilla/5.0 (X11; Linux x86_64) AppleWebKit/537.36 (KHTML, like Gecko) Chrome/149.0.7827.200 Safari/537.36"
74.125.150.32 - - [15/Jul/2026:16:23:57 +0000] "GET /wp-content/plugins/woocommerce/assets/css/photoswipe/default-skin/default-skin.min.css?ver=10.7.0 HTTP/1.1" 200 1759 "https://basicconceptenergy.com/items/V244064301/" "Mozilla/5.0 (X11; Linux x86_64) AppleWebKit/537.36 (KHTML, like Gecko) Chrome/149.0.7827.200 Safari/537.36"
74.125.150.32 - - [15/Jul/2026:16:23:57 +0000] "GET /wp-content/plugins/essential-blocks/assets/js/eb-blocks-localize.js?ver=31d6cfe0d16ae931b73c HTTP/1.1" 200 0 "https://basicconceptenergy.com/items/V244064301/" "Mozilla/5.0 (X11; Linux x86_64) AppleWebKit/537.36 (KHTML, like Gecko) Chrome/149.0.7827.200 Safari/537.36"
74.125.150.32 - - [15/Jul/2026:16:23:57 +0000] "GET /wp-content/plugins/yith-woocommerce-compare/plugin-fw/dist/lapilli-ui/styles/index.js?ver=05a5b5e59191f74ac904 HTTP/1.1" 200 15938 "https://basicconceptenergy.com/items/V244064301/" "Mozilla/5.0 (X11; Linux x86_64) AppleWebKit/537.36 (KHTML, like Gecko) Chrome/149.0.7827.200 Safari/537.36"
74.125.150.32 - - [15/Jul/2026:16:23:58 +0000] "GET /wp-content/plugins/yith-woocommerce-compare/plugin-fw/dist/lapilli-ui/components/index.js?ver=fe5275fad0fd47db7c63 HTTP/1.1" 200 32052 "https://basicconceptenergy.com/items/V244064301/" "Mozilla/5.0 (X11; Linux x86_64) AppleWebKit/537.36 (KHTML, like Gecko) Chrome/149.0.7827.200 Safari/537.36"
74.125.150.32 - - [15/Jul/2026:16:23:58 +0000] "GET /wp-includes/js/dist/api-fetch.min.js?ver=d7efe4dc1468d36c39b8 HTTP/1.1" 200 2692 "https://basicconceptenergy.com/items/V244064301/" "Mozilla/5.0 (X11; Linux x86_64) AppleWebKit/537.36 (KHTML, like Gecko) Chrome/149.0.7827.200 Safari/537.36"
74.125.150.32 - - [15/Jul/2026:16:23:58 +0000] "GET /wp-content/plugins/yith-woocommerce-wishlist/assets/js/jquery.yith-wcwl.min.js?ver=4.14.0 HTTP/1.1" 200 6454 "https://basicconceptenergy.com/items/V244064301/" "Mozilla/5.0 (X11; Linux x86_64) AppleWebKit/537.36 (KHTML, like Gecko) Chrome/149.0.7827.200 Safari/537.36"
74.125.150.32 - - [15/Jul/2026:16:23:58 +0000] "GET /wp-includes/js/dist/deprecated.min.js?ver=990e85f234fee8f7d446 HTTP/1.1" 200 698 "https://basicconceptenergy.com/items/V244064301/" "Mozilla/5.0 (X11; Linux x86_64) AppleWebKit/537.36 (KHTML, like Gecko) Chrome/149.0.7827.200 Safari/537.36"
74.125.150.32 - - [15/Jul/2026:16:23:58 +0000] "GET /wp-content/plugins/woocommerce/assets/js/frontend/add-to-cart-variation.min.js?ver=10.7.0 HTTP/1.1" 200 3712 "https://basicconceptenergy.com/items/V244064301/" "Mozilla/5.0 (X11; Linux x86_64) AppleWebKit/537.36 (KHTML, like Gecko) Chrome/149.0.7827.200 Safari/537.36"
74.125.150.32 - - [15/Jul/2026:16:23:59 +0000] "GET /wp-content/plugins/woo-smart-quick-view/assets/libs/magnific-popup/jquery.magnific-popup.min.js?ver=4.3.1 HTTP/1.1" 200 7043 "https://basicconceptenergy.com/items/V244064301/" "Mozilla/5.0 (X11; Linux x86_64) AppleWebKit/537.36 (KHTML, like Gecko) Chrome/149.0.7827.200 Safari/537.36"
74.125.150.33 - - [15/Jul/2026:16:23:59 +0000] "GET /wp-content/plugins/contact-form-7/includes/js/index.js?ver=6.1.5 HTTP/1.1" 200 4008 "https://basicconceptenergy.com/items/V244064301/" "Mozilla/5.0 (X11; Linux x86_64) AppleWebKit/537.36 (KHTML, like Gecko) Chrome/149.0.7827.200 Safari/537.36"
74.125.150.32 - - [15/Jul/2026:16:23:59 +0000] "GET /wp-content/plugins/woo-smart-quick-view/assets/libs/perfect-scrollbar/js/perfect-scrollbar.jquery.min.js?ver=4.3.1 HTTP/1.1" 200 6139 "https://basicconceptenergy.com/items/V244064301/" "Mozilla/5.0 (X11; Linux x86_64) AppleWebKit/537.36 (KHTML, like Gecko) Chrome/149.0.7827.200 Safari/537.36"
74.125.150.33 - - [15/Jul/2026:16:24:00 +0000] "GET /wp-content/themes/electro/assets/js/typeahead.bundle.min.js?ver=3.6.9 HTTP/1.1" 200 13586 "https://basicconceptenergy.com/items/V244064301/" "Mozilla/5.0 (X11; Linux x86_64) AppleWebKit/537.36 (KHTML, like Gecko) Chrome/149.0.7827.200 Safari/537.36"
74.125.150.33 - - [15/Jul/2026:16:24:00 +0000] "GET /wp-content/plugins/revslider/public/js/libs/tptools.js?ver=6.7.52 HTTP/1.1" 200 72873 "https://basicconceptenergy.com/items/V244064301/" "Mozilla/5.0 (X11; Linux x86_64) AppleWebKit/537.36 (KHTML, like Gecko) Chrome/149.0.7827.200 Safari/537.36"
74.125.150.33 - - [15/Jul/2026:16:24:00 +0000] "GET /wp-content/plugins/woocommerce/assets/js/frontend/order-attribution.min.js?ver=10.7.0 HTTP/1.1" 200 1020 "https://basicconceptenergy.com/items/V244064301/" "Mozilla/5.0 (X11; Linux x86_64) AppleWebKit/537.36 (KHTML, like Gecko) Chrome/149.0.7827.200 Safari/537.36"
74.125.150.33 - - [15/Jul/2026:16:24:00 +0000] "GET /wp-content/plugins/woocommerce/assets/js/frontend/cart-fragments.min.js?ver=10.7.0 HTTP/1.1" 200 943 "https://basicconceptenergy.com/items/V244064301/" "Mozilla/5.0 (X11; Linux x86_64) AppleWebKit/537.36 (KHTML, like Gecko) Chrome/149.0.7827.200 Safari/537.36"
74.125.150.33 - - [15/Jul/2026:16:24:00 +0000] "GET /wp-content/plugins/elementor/assets/js/frontend-modules.min.js?ver=4.0.4 HTTP/1.1" 200 15445 "https://basicconceptenergy.com/items/V244064301/" "Mozilla/5.0 (X11; Linux x86_64) AppleWebKit/537.36 (KHTML, like Gecko) Chrome/149.0.7827.200 Safari/537.36"
74.125.150.32 - - [15/Jul/2026:16:24:01 +0000] "GET /wp-content/plugins/elementor/assets/js/webpack.runtime.min.js?ver=4.0.4 HTTP/1.1" 200 2280 "https://basicconceptenergy.com/items/V244064301/" "Mozilla/5.0 (X11; Linux x86_64) AppleWebKit/537.36 (KHTML, like Gecko) Chrome/149.0.7827.200 Safari/537.36"
74.125.150.33 - - [15/Jul/2026:16:24:01 +0000] "GET /wp-includes/js/dist/hooks.min.js?ver=7496969728ca0f95732d HTTP/1.1" 200 1734 "https://basicconceptenergy.com/items/V244064301/" "Mozilla/5.0 (X11; Linux x86_64) AppleWebKit/537.36 (KHTML, like Gecko) Chrome/149.0.7827.200 Safari/537.36"
74.125.150.33 - - [15/Jul/2026:16:24:01 +0000] "GET /wp-content/plugins/essential-addons-for-elementor-lite/assets/front-end/js/view/general.min.js?ver=6.6.2 HTTP/1.1" 200 3898 "https://basicconceptenergy.com/items/V244064301/" "Mozilla/5.0 (X11; Linux x86_64) AppleWebKit/537.36 (KHTML, like Gecko) Chrome/149.0.7827.200 Safari/537.36"
74.125.150.32 - - [15/Jul/2026:16:24:01 +0000] "GET /wp-content/plugins/woocommerce/assets/js/flexslider/jquery.flexslider.min.js?ver=2.7.2-wc.10.7.0 HTTP/1.1" 200 6017 "https://basicconceptenergy.com/items/V244064301/" "Mozilla/5.0 (X11; Linux x86_64) AppleWebKit/537.36 (KHTML, like Gecko) Chrome/149.0.7827.200 Safari/537.36"
74.125.150.33 - - [15/Jul/2026:16:24:02 +0000] "GET /wp-content/plugins/woocommerce/assets/js/frontend/single-product.min.js?ver=10.7.0 HTTP/1.1" 200 2700 "https://basicconceptenergy.com/items/V244064301/" "Mozilla/5.0 (X11; Linux x86_64) AppleWebKit/537.36 (KHTML, like Gecko) Chrome/149.0.7827.200 Safari/537.36"
74.125.150.32 - - [15/Jul/2026:16:24:02 +0000] "GET /wp-includes/js/dist/vendor/react.min.js?ver=18.3.1.1 HTTP/1.1" 200 4117 "https://basicconceptenergy.com/items/V244064301/" "Mozilla/5.0 (X11; Linux x86_64) AppleWebKit/537.36 (KHTML, like Gecko) Chrome/149.0.7827.200 Safari/537.36"
74.125.150.32 - - [15/Jul/2026:16:24:02 +0000] "GET /wp-includes/js/dist/url.min.js?ver=bb0f766c3d2efe497871 HTTP/1.1" 200 3629 "https://basicconceptenergy.com/items/V244064301/" "Mozilla/5.0 (X11; Linux x86_64) AppleWebKit/537.36 (KHTML, like Gecko) Chrome/149.0.7827.200 Safari/537.36"
74.125.150.33 - - [15/Jul/2026:16:24:02 +0000] "GET /wp-includes/js/jquery/ui/core.min.js?ver=1.13.3 HTTP/1.1" 200 6812 "https://basicconceptenergy.com/items/V244064301/" "Mozilla/5.0 (X11; Linux x86_64) AppleWebKit/537.36 (KHTML, like Gecko) Chrome/149.0.7827.200 Safari/537.36"
74.125.150.32 - - [15/Jul/2026:16:24:03 +0000] "GET /wp-content/plugins/yith-woocommerce-wishlist/assets/js/jquery.selectBox.min.js?ver=1.2.0 HTTP/1.1" 200 3514 "https://basicconceptenergy.com/items/V244064301/" "Mozilla/5.0 (X11; Linux x86_64) AppleWebKit/537.36 (KHTML, like Gecko) Chrome/149.0.7827.200 Safari/537.36"
74.125.150.33 - - [15/Jul/2026:16:24:03 +0000] "GET /wp-content/themes/electro/assets/js/electro.min.js?ver=3.6.9 HTTP/1.1" 200 5310 "https://basicconceptenergy.com/items/V244064301/" "Mozilla/5.0 (X11; Linux x86_64) AppleWebKit/537.36 (KHTML, like Gecko) Chrome/149.0.7827.200 Safari/537.36"
74.125.150.32 - - [15/Jul/2026:16:24:03 +0000] "GET /wp-content/plugins/woocommerce/assets/js/frontend/add-to-cart.min.js?ver=10.7.0 HTTP/1.1" 200 1296 "https://basicconceptenergy.com/items/V244064301/" "Mozilla/5.0 (X11; Linux x86_64) AppleWebKit/537.36 (KHTML, like Gecko) Chrome/149.0.7827.200 Safari/537.36"
74.125.150.32 - - [15/Jul/2026:16:24:03 +0000] "GET /wp-content/plugins/yith-woocommerce-compare/assets/js/woocompare.min.js?ver=3.9.0 HTTP/1.1" 200 3571 "https://basicconceptenergy.com/items/V244064301/" "Mozilla/5.0 (X11; Linux x86_64) AppleWebKit/537.36 (KHTML, like Gecko) Chrome/149.0.7827.200 Safari/537.36"
74.125.150.32 - - [15/Jul/2026:16:24:03 +0000] "GET /wp-includes/js/dist/vendor/wp-polyfill.min.js?ver=3.15.0 HTTP/1.1" 200 11581 "https://basicconceptenergy.com/items/V244064301/" "Mozilla/5.0 (X11; Linux x86_64) AppleWebKit/537.36 (KHTML, like Gecko) Chrome/149.0.7827.200 Safari/537.36"
74.125.150.32 - - [15/Jul/2026:16:24:04 +0000] "GET /wp-content/plugins/woocommerce/assets/js/photoswipe/photoswipe.min.js?ver=4.1.1-wc.10.7.0 HTTP/1.1" 200 11652 "https://basicconceptenergy.com/items/V244064301/" "Mozilla/5.0 (X11; Linux x86_64) AppleWebKit/537.36 (KHTML, like Gecko) Chrome/149.0.7827.200 Safari/537.36"
74.125.150.32 - - [15/Jul/2026:16:24:04 +0000] "GET /wp-content/plugins/woo-smart-quick-view/assets/js/frontend.js?ver=4.3.1 HTTP/1.1" 200 2170 "https://basicconceptenergy.com/items/V244064301/" "Mozilla/5.0 (X11; Linux x86_64) AppleWebKit/537.36 (KHTML, like Gecko) Chrome/149.0.7827.200 Safari/537.36"
74.125.150.32 - - [15/Jul/2026:16:24:04 +0000] "GET /wp-content/plugins/yith-woocommerce-compare/assets/js/jquery.dataTables.min.js?ver=1.10.18 HTTP/1.1" 200 28885 "https://basicconceptenergy.com/items/V244064301/" "Mozilla/5.0 (X11; Linux x86_64) AppleWebKit/537.36 (KHTML, like Gecko) Chrome/149.0.7827.200 Safari/537.36"
74.125.150.32 - - [15/Jul/2026:16:24:05 +0000] "GET /wp-includes/js/dist/vendor/moment.min.js?ver=2.30.1 HTTP/1.1" 200 18383 "https://basicconceptenergy.com/items/V244064301/" "Mozilla/5.0 (X11; Linux x86_64) AppleWebKit/537.36 (KHTML, like Gecko) Chrome/149.0.7827.200 Safari/537.36"
74.125.150.32 - - [15/Jul/2026:16:24:05 +0000] "GET /wp-includes/js/dist/vendor/lodash.min.js?ver=4.18.1 HTTP/1.1" 200 25200 "https://basicconceptenergy.com/items/V244064301/" "Mozilla/5.0 (X11; Linux x86_64) AppleWebKit/537.36 (KHTML, like Gecko) Chrome/149.0.7827.200 Safari/537.36"
74.125.150.32 - - [15/Jul/2026:16:24:05 +0000] "GET /wp-includes/js/dist/i18n.min.js?ver=781d11515ad3d91786ec HTTP/1.1" 200 2354 "https://basicconceptenergy.com/items/V244064301/" "Mozilla/5.0 (X11; Linux x86_64) AppleWebKit/537.36 (KHTML, like Gecko) Chrome/149.0.7827.200 Safari/537.36"
74.125.150.32 - - [15/Jul/2026:16:24:05 +0000] "GET /wp-content/plugins/woocommerce/assets/js/photoswipe/photoswipe-ui-default.min.js?ver=4.1.1-wc.10.7.0 HTTP/1.1" 200 3478 "https://basicconceptenergy.com/items/V244064301/" "Mozilla/5.0 (X11; Linux x86_64) AppleWebKit/537.36 (KHTML, like Gecko) Chrome/149.0.7827.200 Safari/537.36"
74.125.150.32 - - [15/Jul/2026:16:24:06 +0000] "GET /wp-includes/js/dist/vendor/react-dom.min.js?ver=18.3.1.1 HTTP/1.1" 200 41410 "https://basicconceptenergy.com/items/V244064301/" "Mozilla/5.0 (X11; Linux x86_64) AppleWebKit/537.36 (KHTML, like Gecko) Chrome/149.0.7827.200 Safari/537.36"
74.125.150.32 - - [15/Jul/2026:16:24:06 +0000] "GET /wp-content/plugins/woocommerce/assets/js/prettyPhoto/jquery.prettyPhoto.min.js?ver=3.1.6 HTTP/1.1" 200 5401 "https://basicconceptenergy.com/items/V244064301/" "Mozilla/5.0 (X11; Linux x86_64) AppleWebKit/537.36 (KHTML, like Gecko) Chrome/149.0.7827.200 Safari/537.36"
74.125.150.32 - - [15/Jul/2026:16:24:06 +0000] "GET /wp-content/plugins/yith-woocommerce-wishlist/assets/js/add-to-wishlist-gutenberg.min.js?ver=4.14.0 HTTP/1.1" 200 149 "https://basicconceptenergy.com/items/V244064301/" "Mozilla/5.0 (X11; Linux x86_64) AppleWebKit/537.36 (KHTML, like Gecko) Chrome/149.0.7827.200 Safari/537.36"
74.125.150.32 - - [15/Jul/2026:16:24:06 +0000] "GET /wp-content/themes/electro/assets/js/owl.carousel.min.js?ver=3.6.9 HTTP/1.1" 200 11206 "https://basicconceptenergy.com/items/V244064301/" "Mozilla/5.0 (X11; Linux x86_64) AppleWebKit/537.36 (KHTML, like Gecko) Chrome/149.0.7827.200 Safari/537.36"
74.125.150.32 - - [15/Jul/2026:16:24:06 +0000] "GET /wp-content/plugins/elementor-pro/assets/js/webpack-pro.runtime.min.js?ver=4.0.4 HTTP/1.1" 200 2609 "https://basicconceptenergy.com/items/V244064301/" "Mozilla/5.0 (X11; Linux x86_64) AppleWebKit/537.36 (KHTML, like Gecko) Chrome/149.0.7827.200 Safari/537.36"
74.125.150.32 - - [15/Jul/2026:16:24:07 +0000] "GET /wp-content/plugins/contact-form-7/includes/swv/js/index.js?ver=6.1.5 HTTP/1.1" 200 3369 "https://basicconceptenergy.com/items/V244064301/" "Mozilla/5.0 (X11; Linux x86_64) AppleWebKit/537.36 (KHTML, like Gecko) Chrome/149.0.7827.200 Safari/537.36"
74.125.150.32 - - [15/Jul/2026:16:24:07 +0000] "GET /wp-content/themes/electro/assets/js/bootstrap.bundle.min.js?ver=3.6.9 HTTP/1.1" 200 21633 "https://basicconceptenergy.com/items/V244064301/" "Mozilla/5.0 (X11; Linux x86_64) AppleWebKit/537.36 (KHTML, like Gecko) Chrome/149.0.7827.200 Safari/537.36"
74.125.150.32 - - [15/Jul/2026:16:24:07 +0000] "GET /wp-content/plugins/woocommerce/assets/js/sourcebuster/sourcebuster.min.js?ver=10.7.0 HTTP/1.1" 200 4609 "https://basicconceptenergy.com/items/V244064301/" "Mozilla/5.0 (X11; Linux x86_64) AppleWebKit/537.36 (KHTML, like Gecko) Chrome/149.0.7827.200 Safari/537.36"
74.125.150.32 - - [15/Jul/2026:16:24:07 +0000] "GET /wp-content/plugins/revslider/public/js/sr7.js?ver=6.7.52 HTTP/1.1" 200 93099 "https://basicconceptenergy.com/items/V244064301/" "Mozilla/5.0 (X11; Linux x86_64) AppleWebKit/537.36 (KHTML, like Gecko) Chrome/149.0.7827.200 Safari/537.36"
74.125.150.32 - - [15/Jul/2026:16:24:08 +0000] "GET /wp-content/plugins/jetpack/jetpack_vendor/automattic/woocommerce-analytics/build/woocommerce-analytics-client.js?minify=false&ver=e434986d5efc1358e217 HTTP/1.1" 200 4139 "https://basicconceptenergy.com/items/V244064301/" "Mozilla/5.0 (X11; Linux x86_64) AppleWebKit/537.36 (KHTML, like Gecko) Chrome/149.0.7827.200 Safari/537.36"
74.125.150.32 - - [15/Jul/2026:16:24:08 +0000] "GET /wp-content/plugins/yith-woocommerce-compare/assets/js/imagesloaded.pkgd.min.js?ver=3.1.8 HTTP/1.1" 200 2233 "https://basicconceptenergy.com/items/V244064301/" "Mozilla/5.0 (X11; Linux x86_64) AppleWebKit/537.36 (KHTML, like Gecko) Chrome/149.0.7827.200 Safari/537.36"
74.125.150.32 - - [15/Jul/2026:16:24:08 +0000] "GET /wp-content/themes/electro/assets/js/handlebars.min.js?ver=3.6.9 HTTP/1.1" 200 14315 "https://basicconceptenergy.com/items/V244064301/" "Mozilla/5.0 (X11; Linux x86_64) AppleWebKit/537.36 (KHTML, like Gecko) Chrome/149.0.7827.200 Safari/537.36"
74.125.150.32 - - [15/Jul/2026:16:24:08 +0000] "GET /wp-content/plugins/yith-woocommerce-wishlist/assets/js/dist/components/add-to-wishlist/index.js?ver=74f63692d5dd73780ee4 HTTP/1.1" 200 93106 "https://basicconceptenergy.com/items/V244064301/" "Mozilla/5.0 (X11; Linux x86_64) AppleWebKit/537.36 (KHTML, like Gecko) Chrome/149.0.7827.200 Safari/537.36"
74.125.150.32 - - [15/Jul/2026:16:24:08 +0000] "GET /wp-content/plugins/woocommerce/assets/js/frontend/woocommerce.min.js?ver=10.7.0 HTTP/1.1" 200 1332 "https://basicconceptenergy.com/items/V244064301/" "Mozilla/5.0 (X11; Linux x86_64) AppleWebKit/537.36 (KHTML, like Gecko) Chrome/149.0.7827.200 Safari/537.36"
74.125.150.32 - - [15/Jul/2026:16:24:08 +0000] "GET /wp-content/uploads/2026/04/BASIC-CONCEPT-DESIGN-FILES-1.png HTTP/1.1" 200 7709 "https://basicconceptenergy.com/items/V244064301/" "Mozilla/5.0 (X11; Linux x86_64) AppleWebKit/537.36 (KHTML, like Gecko) Chrome/149.0.7827.200 Safari/537.36"
74.125.150.32 - - [15/Jul/2026:16:24:09 +0000] "GET /wp-content/plugins/ti-woocommerce-wishlist/assets/js/public.min.js?ver=2.11.1 HTTP/1.1" 200 5635 "https://basicconceptenergy.com/items/V244064301/" "Mozilla/5.0 (X11; Linux x86_64) AppleWebKit/537.36 (KHTML, like Gecko) Chrome/149.0.7827.200 Safari/537.36"
74.125.150.32 - - [15/Jul/2026:16:24:09 +0000] "GET /wp-content/plugins/yith-woocommerce-compare/assets/js/FixedColumns.min.js?ver=3.2.6 HTTP/1.1" 200 6078 "https://basicconceptenergy.com/items/V244064301/" "Mozilla/5.0 (X11; Linux x86_64) AppleWebKit/537.36 (KHTML, like Gecko) Chrome/149.0.7827.200 Safari/537.36"
74.125.150.32 - - [15/Jul/2026:16:24:09 +0000] "GET /wp-content/plugins/woo-smart-quick-view/assets/libs/slick/slick.min.js?ver=4.3.1 HTTP/1.1" 200 10097 "https://basicconceptenergy.com/items/V244064301/" "Mozilla/5.0 (X11; Linux x86_64) AppleWebKit/537.36 (KHTML, like Gecko) Chrome/149.0.7827.200 Safari/537.36"
74.125.150.32 - - [15/Jul/2026:16:24:10 +0000] "GET /wp-content/plugins/elementor/assets/js/frontend.min.js?ver=4.0.4 HTTP/1.1" 200 10050 "https://basicconceptenergy.com/items/V244064301/" "Mozilla/5.0 (X11; Linux x86_64) AppleWebKit/537.36 (KHTML, like Gecko) Chrome/149.0.7827.200 Safari/537.36"
74.125.150.32 - - [15/Jul/2026:16:24:10 +0000] "GET /wp-content/plugins/elementor-pro/assets/js/elements-handlers.min.js?ver=4.0.4 HTTP/1.1" 200 10075 "https://basicconceptenergy.com/items/V244064301/" "Mozilla/5.0 (X11; Linux x86_64) AppleWebKit/537.36 (KHTML, like Gecko) Chrome/149.0.7827.200 Safari/537.36"
74.125.150.32 - - [15/Jul/2026:16:24:10 +0000] "GET /wp-includes/js/dist/date.min.js?ver=c9f8e7dd3232716f34e9 HTTP/1.1" 200 22977 "https://basicconceptenergy.com/items/V244064301/" "Mozilla/5.0 (X11; Linux x86_64) AppleWebKit/537.36 (KHTML, like Gecko) Chrome/149.0.7827.200 Safari/537.36"
74.125.150.32 - - [15/Jul/2026:16:24:10 +0000] "GET /wp-content/themes/electro/assets/js/jquery.waypoints.min.js?ver=3.6.9 HTTP/1.1" 200 2592 "https://basicconceptenergy.com/items/V244064301/" "Mozilla/5.0 (X11; Linux x86_64) AppleWebKit/537.36 (KHTML, like Gecko) Chrome/149.0.7827.200 Safari/537.36"
74.125.150.32 - - [15/Jul/2026:16:24:10 +0000] "GET /wp-content/plugins/elementor-pro/assets/js/frontend.min.js?ver=4.0.4 HTTP/1.1" 200 6188 "https://basicconceptenergy.com/items/V244064301/" "Mozilla/5.0 (X11; Linux x86_64) AppleWebKit/537.36 (KHTML, like Gecko) Chrome/149.0.7827.200 Safari/537.36"
74.125.150.32 - - [15/Jul/2026:16:24:10 +0000] "GET /wp-content/plugins/woocommerce/assets/js/zoom/jquery.zoom.min.js?ver=1.7.21-wc.10.7.0 HTTP/1.1" 200 1052 "https://basicconceptenergy.com/items/V244064301/" "Mozilla/5.0 (X11; Linux x86_64) AppleWebKit/537.36 (KHTML, like Gecko) Chrome/149.0.7827.200 Safari/537.36"
74.125.150.32 - - [15/Jul/2026:16:24:11 +0000] "GET /wp-content/plugins/yith-woocommerce-compare/plugin-fw/dist/lapilli-ui/date/index.js?ver=a688abdf8f9c4a18e904 HTTP/1.1" 200 7175 "https://basicconceptenergy.com/items/V244064301/" "Mozilla/5.0 (X11; Linux x86_64) AppleWebKit/537.36 (KHTML, like Gecko) Chrome/149.0.7827.200 Safari/537.36"
74.125.150.32 - - [15/Jul/2026:16:24:11 +0000] "GET /wp-content/themes/electro/assets/vendor/fontawesome/webfonts/fa-solid-900.woff2 HTTP/1.1" 200 156496 "https://basicconceptenergy.com/wp-content/themes/electro/assets/vendor/fontawesome/css/all.min.css?ver=3.6.9" "Mozilla/5.0 (X11; Linux x86_64) AppleWebKit/537.36 (KHTML, like Gecko) Chrome/149.0.7827.200 Safari/537.36"
74.125.150.32 - - [15/Jul/2026:16:24:11 +0000] "GET /wp-content/uploads/2026/04/solar-2-300x300.png HTTP/1.1" 200 23106 "https://basicconceptenergy.com/items/V244064301/" "Mozilla/5.0 (X11; Linux x86_64) AppleWebKit/537.36 (KHTML, like Gecko) Chrome/149.0.7827.200 Safari/537.36"
74.125.150.32 - - [15/Jul/2026:16:24:11 +0000] "GET /wp-content/uploads/2026/04/8.4-300x300.png HTTP/1.1" 200 28941 "https://basicconceptenergy.com/items/V244064301/" "Mozilla/5.0 (X11; Linux x86_64) AppleWebKit/537.36 (KHTML, like Gecko) Chrome/149.0.7827.200 Safari/537.36"
74.125.150.32 - - [15/Jul/2026:16:24:12 +0000] "GET /wp-json/yith/wishlist/v1/lists/?_locale=user HTTP/1.1" 401 119 "https://basicconceptenergy.com/items/V244064301/" "Mozilla/5.0 (X11; Linux x86_64) AppleWebKit/537.36 (KHTML, like Gecko) Chrome/149.0.7827.200 Safari/537.36"
74.125.150.32 - - [15/Jul/2026:16:24:12 +0000] "POST /?wc-ajax=yith-woocompare-reload-compare HTTP/1.1" 200 380 "https://basicconceptenergy.com/items/V244064301/" "Mozilla/5.0 (X11; Linux x86_64) AppleWebKit/537.36 (KHTML, like Gecko) Chrome/149.0.7827.200 Safari/537.36"
74.125.150.32 - - [15/Jul/2026:16:24:15 +0000] "GET /wp-content/plugins/jetpack/jetpack_vendor/automattic/woocommerce-analytics/build/193.js?minify=false&ver=d0600ea7dd576bb65bec HTTP/1.1" 200 2865 "https://basicconceptenergy.com/items/V244064301/" "Mozilla/5.0 (X11; Linux x86_64) AppleWebKit/537.36 (KHTML, like Gecko) Chrome/149.0.7827.200 Safari/537.36"
74.125.150.32 - - [15/Jul/2026:16:24:14 +0000] "POST /?wc-ajax=get_refreshed_fragments HTTP/1.1" 200 367 "https://basicconceptenergy.com/items/V244064301/" "Mozilla/5.0 (X11; Linux x86_64) AppleWebKit/537.36 (KHTML, like Gecko) Chrome/149.0.7827.200 Safari/537.36"
74.125.150.32 - - [15/Jul/2026:16:24:14 +0000] "GET /wp-admin/admin-ajax.php?action=products_live_search&fn=get_ajax_search HTTP/1.1" 200 6 "https://basicconceptenergy.com/items/V244064301/" "Mozilla/5.0 (X11; Linux x86_64) AppleWebKit/537.36 (KHTML, like Gecko) Chrome/149.0.7827.200 Safari/537.36"
74.125.150.32 - - [15/Jul/2026:16:24:17 +0000] "GET /wp-content/plugins/elementor/assets/js/shared-frontend-handlers.03caa53373b56d3bab67.bundle.min.js HTTP/1.1" 200 2511 "https://basicconceptenergy.com/items/V244064301/" "Mozilla/5.0 (X11; Linux x86_64) AppleWebKit/537.36 (KHTML, like Gecko) Chrome/149.0.7827.200 Safari/537.36"
74.125.150.32 - - [15/Jul/2026:16:24:17 +0000] "GET /wp-content/plugins/elementor-pro/assets/js/woocommerce-menu-cart.33fbf47b819947e7a2a7.bundle.min.js HTTP/1.1" 200 1433 "https://basicconceptenergy.com/items/V244064301/" "Mozilla/5.0 (X11; Linux x86_64) AppleWebKit/537.36 (KHTML, like Gecko) Chrome/149.0.7827.200 Safari/537.36"
74.125.150.32 - - [15/Jul/2026:16:24:17 +0000] "GET /wp-json/yith/wishlist/v1/products/?product_ids%5B0%5D=3936&product_ids%5B1%5D=3935&product_ids%5B2%5D=3937&product_ids%5B3%5D=2693&product_ids%5B4%5D=2704&product_ids%5B5%5D=2695&_locale=user HTTP/1.1" 200 179 "https://basicconceptenergy.com/items/V244064301/" "Mozilla/5.0 (X11; Linux x86_64) AppleWebKit/537.36 (KHTML, like Gecko) Chrome/149.0.7827.200 Safari/537.36"
209.42.17.20 - - [15/Jul/2026:16:25:48 +0000] "POST /wp-cron.php?doing_wp_cron=1784132748.9607429504394531250000 HTTP/1.1" 200 0 "-" "WordPress/7.0.1; https://basicconceptenergy.com"
66.249.68.32 - - [15/Jul/2026:16:25:47 +0000] "GET /items/N258492533/ HTTP/1.1" 404 31328 "-" "Mozilla/5.0 (Linux; Android 6.0.1; Nexus 5X Build/MMB29P) AppleWebKit/537.36 (KHTML, like Gecko) Chrome/150.0.7871.114 Mobile Safari/537.36 (compatible; Googlebot/2.1; +http://www.google.com/bot.html)"
74.125.150.33 - - [15/Jul/2026:16:25:58 +0000] "GET /items/P72119068/ HTTP/1.1" 404 31490 "-" "Mozilla/5.0 (X11; Linux x86_64) AppleWebKit/537.36 (KHTML, like Gecko) Chrome/149.0.7827.200 Safari/537.36"
74.125.150.33 - - [15/Jul/2026:16:26:01 +0000] "GET /wp-content/plugins/yith-woocommerce-compare/assets/css/widget.css?ver=3.9.0 HTTP/1.1" 200 410 "https://basicconceptenergy.com/items/P72119068/" "Mozilla/5.0 (X11; Linux x86_64) AppleWebKit/537.36 (KHTML, like Gecko) Chrome/149.0.7827.200 Safari/537.36"
74.125.150.33 - - [15/Jul/2026:16:26:01 +0000] "GET /wp-content/uploads/elementor/css/post-3851.css?ver=1780904847 HTTP/1.1" 200 683 "https://basicconceptenergy.com/items/P72119068/" "Mozilla/5.0 (X11; Linux x86_64) AppleWebKit/537.36 (KHTML, like Gecko) Chrome/149.0.7827.200 Safari/537.36"
74.125.150.33 - - [15/Jul/2026:16:26:01 +0000] "GET /wp-content/plugins/woocommerce/assets/js/js-cookie/js.cookie.min.js?ver=2.1.4-wc.10.7.0 HTTP/1.1" 200 760 "https://basicconceptenergy.com/items/P72119068/" "Mozilla/5.0 (X11; Linux x86_64) AppleWebKit/537.36 (KHTML, like Gecko) Chrome/149.0.7827.200 Safari/537.36"
74.125.150.32 - - [15/Jul/2026:16:26:02 +0000] "GET /wp-content/plugins/woocommerce/assets/css/photoswipe/photoswipe.min.css?ver=10.7.0 HTTP/1.1" 200 846 "https://basicconceptenergy.com/items/P72119068/" "Mozilla/5.0 (X11; Linux x86_64) AppleWebKit/537.36 (KHTML, like Gecko) Chrome/149.0.7827.200 Safari/537.36"
74.125.150.32 - - [15/Jul/2026:16:26:02 +0000] "GET /wp-includes/js/wp-util.min.js?ver=7.0.1 HTTP/1.1" 200 693 "https://basicconceptenergy.com/items/P72119068/" "Mozilla/5.0 (X11; Linux x86_64) AppleWebKit/537.36 (KHTML, like Gecko) Chrome/149.0.7827.200 Safari/537.36"
74.125.150.32 - - [15/Jul/2026:16:26:02 +0000] "GET /wp-content/plugins/yith-woocommerce-wishlist/assets/css/frontend/add-to-wishlist.css?ver=4.14.0 HTTP/1.1" 200 3034 "https://basicconceptenergy.com/items/P72119068/" "Mozilla/5.0 (X11; Linux x86_64) AppleWebKit/537.36 (KHTML, like Gecko) Chrome/149.0.7827.200 Safari/537.36"
74.125.150.32 - - [15/Jul/2026:16:26:02 +0000] "GET /wp-content/plugins/elementor-pro/assets/css/widget-woocommerce-menu-cart.min.css?ver=4.0.4 HTTP/1.1" 200 2323 "https://basicconceptenergy.com/items/P72119068/" "Mozilla/5.0 (X11; Linux x86_64) AppleWebKit/537.36 (KHTML, like Gecko) Chrome/149.0.7827.200 Safari/537.36"
74.125.150.32 - - [15/Jul/2026:16:26:02 +0000] "GET /wp-content/plugins/ti-woocommerce-wishlist/assets/css/webfont.min.css?ver=2.11.1 HTTP/1.1" 200 786 "https://basicconceptenergy.com/items/P72119068/" "Mozilla/5.0 (X11; Linux x86_64) AppleWebKit/537.36 (KHTML, like Gecko) Chrome/149.0.7827.200 Safari/537.36"
74.125.150.32 - - [15/Jul/2026:16:26:03 +0000] "GET /wp-includes/js/jquery/jquery-migrate.min.js?ver=3.4.1 HTTP/1.1" 200 4678 "https://basicconceptenergy.com/items/P72119068/" "Mozilla/5.0 (X11; Linux x86_64) AppleWebKit/537.36 (KHTML, like Gecko) Chrome/149.0.7827.200 Safari/537.36"
74.125.150.32 - - [15/Jul/2026:16:26:03 +0000] "GET /wp-content/plugins/woo-smart-quick-view/assets/libs/feather/feather.css?ver=7.0.1 HTTP/1.1" 200 149 "https://basicconceptenergy.com/items/P72119068/" "Mozilla/5.0 (X11; Linux x86_64) AppleWebKit/537.36 (KHTML, like Gecko) Chrome/149.0.7827.200 Safari/537.36"
74.125.150.32 - - [15/Jul/2026:16:26:03 +0000] "GET /wp-content/plugins/yith-woocommerce-compare/assets/css/jquery.dataTables.css?ver=1.10.18 HTTP/1.1" 200 1866 "https://basicconceptenergy.com/items/P72119068/" "Mozilla/5.0 (X11; Linux x86_64) AppleWebKit/537.36 (KHTML, like Gecko) Chrome/149.0.7827.200 Safari/537.36"
74.125.150.32 - - [15/Jul/2026:16:26:04 +0000] "GET /wp-content/plugins/elementor/assets/css/widget-icon-list.min.css?ver=4.0.4 HTTP/1.1" 200 928 "https://basicconceptenergy.com/items/P72119068/" "Mozilla/5.0 (X11; Linux x86_64) AppleWebKit/537.36 (KHTML, like Gecko) Chrome/149.0.7827.200 Safari/537.36"
