74.125.150.32 - - [15/Jul/2026:16:26:04 +0000] "GET /wp-content/themes/electro/assets/css/font-electro.css?ver=3.6.9 HTTP/1.1" 200 691 "https://basicconceptenergy.com/items/P72119068/" "Mozilla/5.0 (X11; Linux x86_64) AppleWebKit/537.36 (KHTML, like Gecko) Chrome/149.0.7827.200 Safari/537.36"
74.125.150.32 - - [15/Jul/2026:16:26:04 +0000] "GET /wp-content/themes/electro/assets/vendor/fontawesome/css/all.min.css?ver=3.6.9 HTTP/1.1" 200 21985 "https://basicconceptenergy.com/items/P72119068/" "Mozilla/5.0 (X11; Linux x86_64) AppleWebKit/537.36 (KHTML, like Gecko) Chrome/149.0.7827.200 Safari/537.36"
74.125.150.32 - - [15/Jul/2026:16:26:04 +0000] "GET /wp-content/plugins/woo-smart-quick-view/assets/libs/magnific-popup/magnific-popup.css?ver=7.0.1 HTTP/1.1" 200 1663 "https://basicconceptenergy.com/items/P72119068/" "Mozilla/5.0 (X11; Linux x86_64) AppleWebKit/537.36 (KHTML, like Gecko) Chrome/149.0.7827.200 Safari/537.36"
74.125.150.32 - - [15/Jul/2026:16:26:05 +0000] "GET /wp-content/plugins/elementor/assets/css/widget-heading.min.css?ver=4.0.4 HTTP/1.1" 200 126 "https://basicconceptenergy.com/items/P72119068/" "Mozilla/5.0 (X11; Linux x86_64) AppleWebKit/537.36 (KHTML, like Gecko) Chrome/149.0.7827.200 Safari/537.36"
74.125.150.32 - - [15/Jul/2026:16:26:05 +0000] "GET /wp-content/plugins/woo-smart-quick-view/assets/libs/slick/slick.css?ver=7.0.1 HTTP/1.1" 200 461 "https://basicconceptenergy.com/items/P72119068/" "Mozilla/5.0 (X11; Linux x86_64) AppleWebKit/537.36 (KHTML, like Gecko) Chrome/149.0.7827.200 Safari/537.36"
74.125.150.32 - - [15/Jul/2026:16:26:05 +0000] "GET /wp-content/plugins/elementor/assets/css/widget-spacer.min.css?ver=4.0.4 HTTP/1.1" 200 287 "https://basicconceptenergy.com/items/P72119068/" "Mozilla/5.0 (X11; Linux x86_64) AppleWebKit/537.36 (KHTML, like Gecko) Chrome/149.0.7827.200 Safari/537.36"
74.125.150.32 - - [15/Jul/2026:16:26:05 +0000] "GET /wp-includes/js/underscore.min.js?ver=1.13.8 HTTP/1.1" 200 7228 "https://basicconceptenergy.com/items/P72119068/" "Mozilla/5.0 (X11; Linux x86_64) AppleWebKit/537.36 (KHTML, like Gecko) Chrome/149.0.7827.200 Safari/537.36"
74.125.150.32 - - [15/Jul/2026:16:26:06 +0000] "GET /wp-content/plugins/elementor/assets/css/widget-image.min.css?ver=4.0.4 HTTP/1.1" 200 96 "https://basicconceptenergy.com/items/P72119068/" "Mozilla/5.0 (X11; Linux x86_64) AppleWebKit/537.36 (KHTML, like Gecko) Chrome/149.0.7827.200 Safari/537.36"
74.125.150.32 - - [15/Jul/2026:16:26:06 +0000] "GET /wp-content/plugins/all-in-one-seo-pack/dist/Lite/assets/css/table-of-contents/global.e90f6d47.css?ver=4.9.6.2 HTTP/1.1" 200 416 "https://basicconceptenergy.com/items/P72119068/" "Mozilla/5.0 (X11; Linux x86_64) AppleWebKit/537.36 (KHTML, like Gecko) Chrome/149.0.7827.200 Safari/537.36"
74.125.150.32 - - [15/Jul/2026:16:26:06 +0000] "GET /wp-content/plugins/elementor/assets/lib/animations/styles/slideInRight.min.css?ver=4.0.4 HTTP/1.1" 200 155 "https://basicconceptenergy.com/items/P72119068/" "Mozilla/5.0 (X11; Linux x86_64) AppleWebKit/537.36 (KHTML, like Gecko) Chrome/149.0.7827.200 Safari/537.36"
74.125.150.32 - - [15/Jul/2026:16:26:06 +0000] "GET /wp-content/plugins/elementor/assets/css/widget-social-icons.min.css?ver=4.0.4 HTTP/1.1" 200 1039 "https://basicconceptenergy.com/items/P72119068/" "Mozilla/5.0 (X11; Linux x86_64) AppleWebKit/537.36 (KHTML, like Gecko) Chrome/149.0.7827.200 Safari/537.36"
74.125.150.32 - - [15/Jul/2026:16:26:06 +0000] "GET /wp-content/uploads/elementor/css/base-desktop.css?ver=6a26738f5566a HTTP/1.1" 200 691 "https://basicconceptenergy.com/items/P72119068/" "Mozilla/5.0 (X11; Linux x86_64) AppleWebKit/537.36 (KHTML, like Gecko) Chrome/149.0.7827.200 Safari/537.36"
74.125.150.32 - - [15/Jul/2026:16:26:07 +0000] "GET /wp-content/plugins/essential-blocks/assets/js/eb-blocks-localize.js?ver=31d6cfe0d16ae931b73c HTTP/1.1" 200 0 "https://basicconceptenergy.com/items/P72119068/" "Mozilla/5.0 (X11; Linux x86_64) AppleWebKit/537.36 (KHTML, like Gecko) Chrome/149.0.7827.200 Safari/537.36"
74.125.150.32 - - [15/Jul/2026:16:26:07 +0000] "GET /wp-includes/js/dist/vendor/lodash.min.js?ver=4.18.1 HTTP/1.1" 200 25200 "https://basicconceptenergy.com/items/P72119068/" "Mozilla/5.0 (X11; Linux x86_64) AppleWebKit/537.36 (KHTML, like Gecko) Chrome/149.0.7827.200 Safari/537.36"
74.125.150.32 - - [15/Jul/2026:16:26:07 +0000] "GET /wp-includes/js/dist/hooks.min.js?ver=7496969728ca0f95732d HTTP/1.1" 200 1734 "https://basicconceptenergy.com/items/P72119068/" "Mozilla/5.0 (X11; Linux x86_64) AppleWebKit/537.36 (KHTML, like Gecko) Chrome/149.0.7827.200 Safari/537.36"
74.125.150.32 - - [15/Jul/2026:16:26:08 +0000] "GET /wp-includes/js/dist/i18n.min.js?ver=781d11515ad3d91786ec HTTP/1.1" 200 2354 "https://basicconceptenergy.com/items/P72119068/" "Mozilla/5.0 (X11; Linux x86_64) AppleWebKit/537.36 (KHTML, like Gecko) Chrome/149.0.7827.200 Safari/537.36"
74.125.150.32 - - [15/Jul/2026:16:26:08 +0000] "GET /wp-includes/js/dist/api-fetch.min.js?ver=d7efe4dc1468d36c39b8 HTTP/1.1" 200 2692 "https://basicconceptenergy.com/items/P72119068/" "Mozilla/5.0 (X11; Linux x86_64) AppleWebKit/537.36 (KHTML, like Gecko) Chrome/149.0.7827.200 Safari/537.36"
74.125.150.32 - - [15/Jul/2026:16:26:08 +0000] "GET /wp-content/plugins/yith-woocommerce-compare/plugin-fw/dist/lapilli-ui/date/index.js?ver=a688abdf8f9c4a18e904 HTTP/1.1" 200 7175 "https://basicconceptenergy.com/items/P72119068/" "Mozilla/5.0 (X11; Linux x86_64) AppleWebKit/537.36 (KHTML, like Gecko) Chrome/149.0.7827.200 Safari/537.36"
74.125.150.32 - - [15/Jul/2026:16:26:09 +0000] "GET /wp-content/plugins/yith-woocommerce-wishlist/assets/js/add-to-wishlist-gutenberg.min.js?ver=4.14.0 HTTP/1.1" 200 149 "https://basicconceptenergy.com/items/P72119068/" "Mozilla/5.0 (X11; Linux x86_64) AppleWebKit/537.36 (KHTML, like Gecko) Chrome/149.0.7827.200 Safari/537.36"
74.125.150.32 - - [15/Jul/2026:16:26:09 +0000] "GET /wp-content/plugins/yith-woocommerce-wishlist/assets/js/jquery.yith-wcwl.min.js?ver=4.14.0 HTTP/1.1" 200 6454 "https://basicconceptenergy.com/items/P72119068/" "Mozilla/5.0 (X11; Linux x86_64) AppleWebKit/537.36 (KHTML, like Gecko) Chrome/149.0.7827.200 Safari/537.36"
74.125.150.32 - - [15/Jul/2026:16:26:09 +0000] "GET /wp-content/plugins/woo-smart-quick-view/assets/libs/perfect-scrollbar/js/perfect-scrollbar.jquery.min.js?ver=4.3.1 HTTP/1.1" 200 6139 "https://basicconceptenergy.com/items/P72119068/" "Mozilla/5.0 (X11; Linux x86_64) AppleWebKit/537.36 (KHTML, like Gecko) Chrome/149.0.7827.200 Safari/537.36"
74.125.150.32 - - [15/Jul/2026:16:26:09 +0000] "GET /wp-content/plugins/contact-form-7/includes/swv/js/index.js?ver=6.1.5 HTTP/1.1" 200 3369 "https://basicconceptenergy.com/items/P72119068/" "Mozilla/5.0 (X11; Linux x86_64) AppleWebKit/537.36 (KHTML, like Gecko) Chrome/149.0.7827.200 Safari/537.36"
74.125.150.32 - - [15/Jul/2026:16:26:09 +0000] "GET /wp-content/plugins/yith-woocommerce-compare/plugin-fw/dist/lapilli-ui/components/index.js?ver=fe5275fad0fd47db7c63 HTTP/1.1" 200 32052 "https://basicconceptenergy.com/items/P72119068/" "Mozilla/5.0 (X11; Linux x86_64) AppleWebKit/537.36 (KHTML, like Gecko) Chrome/149.0.7827.200 Safari/537.36"
74.125.150.32 - - [15/Jul/2026:16:26:10 +0000] "GET /wp-content/plugins/woocommerce/assets/js/frontend/cart-fragments.min.js?ver=10.7.0 HTTP/1.1" 200 943 "https://basicconceptenergy.com/items/P72119068/" "Mozilla/5.0 (X11; Linux x86_64) AppleWebKit/537.36 (KHTML, like Gecko) Chrome/149.0.7827.200 Safari/537.36"
74.125.150.32 - - [15/Jul/2026:16:26:10 +0000] "GET /wp-content/themes/electro/assets/js/typeahead.bundle.min.js?ver=3.6.9 HTTP/1.1" 200 13586 "https://basicconceptenergy.com/items/P72119068/" "Mozilla/5.0 (X11; Linux x86_64) AppleWebKit/537.36 (KHTML, like Gecko) Chrome/149.0.7827.200 Safari/537.36"
74.125.150.32 - - [15/Jul/2026:16:26:10 +0000] "GET /wp-includes/js/dist/url.min.js?ver=bb0f766c3d2efe497871 HTTP/1.1" 200 3629 "https://basicconceptenergy.com/items/P72119068/" "Mozilla/5.0 (X11; Linux x86_64) AppleWebKit/537.36 (KHTML, like Gecko) Chrome/149.0.7827.200 Safari/537.36"
74.125.150.32 - - [15/Jul/2026:16:26:10 +0000] "GET /wp-content/plugins/elementor/assets/js/webpack.runtime.min.js?ver=4.0.4 HTTP/1.1" 200 2280 "https://basicconceptenergy.com/items/P72119068/" "Mozilla/5.0 (X11; Linux x86_64) AppleWebKit/537.36 (KHTML, like Gecko) Chrome/149.0.7827.200 Safari/537.36"
74.125.150.32 - - [15/Jul/2026:16:26:10 +0000] "GET /wp-content/plugins/yith-woocommerce-compare/plugin-fw/dist/lapilli-ui/styles/index.js?ver=05a5b5e59191f74ac904 HTTP/1.1" 200 15938 "https://basicconceptenergy.com/items/P72119068/" "Mozilla/5.0 (X11; Linux x86_64) AppleWebKit/537.36 (KHTML, like Gecko) Chrome/149.0.7827.200 Safari/537.36"
74.125.150.32 - - [15/Jul/2026:16:26:11 +0000] "GET /wp-content/plugins/yith-woocommerce-compare/assets/js/FixedColumns.min.js?ver=3.2.6 HTTP/1.1" 200 6078 "https://basicconceptenergy.com/items/P72119068/" "Mozilla/5.0 (X11; Linux x86_64) AppleWebKit/537.36 (KHTML, like Gecko) Chrome/149.0.7827.200 Safari/537.36"
74.125.150.32 - - [15/Jul/2026:16:26:11 +0000] "GET /wp-content/plugins/woocommerce/assets/js/frontend/order-attribution.min.js?ver=10.7.0 HTTP/1.1" 200 1020 "https://basicconceptenergy.com/items/P72119068/" "Mozilla/5.0 (X11; Linux x86_64) AppleWebKit/537.36 (KHTML, like Gecko) Chrome/149.0.7827.200 Safari/537.36"
74.125.150.32 - - [15/Jul/2026:16:26:11 +0000] "GET /wp-content/plugins/woocommerce/assets/js/frontend/add-to-cart.min.js?ver=10.7.0 HTTP/1.1" 200 1296 "https://basicconceptenergy.com/items/P72119068/" "Mozilla/5.0 (X11; Linux x86_64) AppleWebKit/537.36 (KHTML, like Gecko) Chrome/149.0.7827.200 Safari/537.36"
74.125.150.32 - - [15/Jul/2026:16:26:12 +0000] "GET /wp-content/uploads/2026/04/BASIC-CONCEPT-DESIGN-FILES-1.png HTTP/1.1" 200 7709 "https://basicconceptenergy.com/items/P72119068/" "Mozilla/5.0 (X11; Linux x86_64) AppleWebKit/537.36 (KHTML, like Gecko) Chrome/149.0.7827.200 Safari/537.36"
74.125.150.32 - - [15/Jul/2026:16:26:12 +0000] "GET /wp-content/plugins/woocommerce/assets/js/frontend/add-to-cart-variation.min.js?ver=10.7.0 HTTP/1.1" 200 3712 "https://basicconceptenergy.com/items/P72119068/" "Mozilla/5.0 (X11; Linux x86_64) AppleWebKit/537.36 (KHTML, like Gecko) Chrome/149.0.7827.200 Safari/537.36"
74.125.150.32 - - [15/Jul/2026:16:26:12 +0000] "GET /wp-includes/js/dist/date.min.js?ver=c9f8e7dd3232716f34e9 HTTP/1.1" 200 22977 "https://basicconceptenergy.com/items/P72119068/" "Mozilla/5.0 (X11; Linux x86_64) AppleWebKit/537.36 (KHTML, like Gecko) Chrome/149.0.7827.200 Safari/537.36"
74.125.150.32 - - [15/Jul/2026:16:26:12 +0000] "GET /wp-content/themes/electro/assets/js/handlebars.min.js?ver=3.6.9 HTTP/1.1" 200 14315 "https://basicconceptenergy.com/items/P72119068/" "Mozilla/5.0 (X11; Linux x86_64) AppleWebKit/537.36 (KHTML, like Gecko) Chrome/149.0.7827.200 Safari/537.36"
74.125.150.32 - - [15/Jul/2026:16:26:13 +0000] "GET /wp-content/plugins/woocommerce/assets/js/frontend/woocommerce.min.js?ver=10.7.0 HTTP/1.1" 200 1332 "https://basicconceptenergy.com/items/P72119068/" "Mozilla/5.0 (X11; Linux x86_64) AppleWebKit/537.36 (KHTML, like Gecko) Chrome/149.0.7827.200 Safari/537.36"
74.125.150.32 - - [15/Jul/2026:16:26:13 +0000] "GET /wp-content/themes/electro/assets/js/electro.min.js?ver=3.6.9 HTTP/1.1" 200 5310 "https://basicconceptenergy.com/items/P72119068/" "Mozilla/5.0 (X11; Linux x86_64) AppleWebKit/537.36 (KHTML, like Gecko) Chrome/149.0.7827.200 Safari/537.36"
74.125.150.32 - - [15/Jul/2026:16:26:13 +0000] "GET /wp-content/plugins/yith-woocommerce-compare/assets/js/woocompare.min.js?ver=3.9.0 HTTP/1.1" 200 3571 "https://basicconceptenergy.com/items/P72119068/" "Mozilla/5.0 (X11; Linux x86_64) AppleWebKit/537.36 (KHTML, like Gecko) Chrome/149.0.7827.200 Safari/537.36"
74.125.150.32 - - [15/Jul/2026:16:26:13 +0000] "GET /wp-content/plugins/woocommerce/assets/js/frontend/single-product.min.js?ver=10.7.0 HTTP/1.1" 200 2700 "https://basicconceptenergy.com/items/P72119068/" "Mozilla/5.0 (X11; Linux x86_64) AppleWebKit/537.36 (KHTML, like Gecko) Chrome/149.0.7827.200 Safari/537.36"
74.125.150.32 - - [15/Jul/2026:16:26:13 +0000] "GET /wp-includes/js/jquery/ui/core.min.js?ver=1.13.3 HTTP/1.1" 200 6812 "https://basicconceptenergy.com/items/P72119068/" "Mozilla/5.0 (X11; Linux x86_64) AppleWebKit/537.36 (KHTML, like Gecko) Chrome/149.0.7827.200 Safari/537.36"
74.125.150.32 - - [15/Jul/2026:16:26:14 +0000] "GET /wp-content/plugins/yith-woocommerce-wishlist/assets/js/jquery.selectBox.min.js?ver=1.2.0 HTTP/1.1" 200 3514 "https://basicconceptenergy.com/items/P72119068/" "Mozilla/5.0 (X11; Linux x86_64) AppleWebKit/537.36 (KHTML, like Gecko) Chrome/149.0.7827.200 Safari/537.36"
74.125.150.32 - - [15/Jul/2026:16:26:14 +0000] "GET /wp-content/plugins/yith-woocommerce-wishlist/assets/js/dist/components/add-to-wishlist/index.js?ver=74f63692d5dd73780ee4 HTTP/1.1" 200 93106 "https://basicconceptenergy.com/items/P72119068/" "Mozilla/5.0 (X11; Linux x86_64) AppleWebKit/537.36 (KHTML, like Gecko) Chrome/149.0.7827.200 Safari/537.36"
74.125.150.32 - - [15/Jul/2026:16:26:14 +0000] "GET /wp-content/plugins/yith-woocommerce-compare/assets/js/imagesloaded.pkgd.min.js?ver=3.1.8 HTTP/1.1" 200 2233 "https://basicconceptenergy.com/items/P72119068/" "Mozilla/5.0 (X11; Linux x86_64) AppleWebKit/537.36 (KHTML, like Gecko) Chrome/149.0.7827.200 Safari/537.36"
74.125.150.32 - - [15/Jul/2026:16:26:14 +0000] "POST /?wc-ajax=yith-woocompare-reload-compare HTTP/1.1" 200 380 "https://basicconceptenergy.com/items/P72119068/" "Mozilla/5.0 (X11; Linux x86_64) AppleWebKit/537.36 (KHTML, like Gecko) Chrome/149.0.7827.200 Safari/537.36"
74.125.150.32 - - [15/Jul/2026:16:26:14 +0000] "GET /wp-json/yith/wishlist/v1/lists/?_locale=user HTTP/1.1" 401 119 "https://basicconceptenergy.com/items/P72119068/" "Mozilla/5.0 (X11; Linux x86_64) AppleWebKit/537.36 (KHTML, like Gecko) Chrome/149.0.7827.200 Safari/537.36"
74.125.150.32 - - [15/Jul/2026:16:26:17 +0000] "GET /wp-content/plugins/jetpack/jetpack_vendor/automattic/woocommerce-analytics/build/193.js?minify=false&ver=d0600ea7dd576bb65bec HTTP/1.1" 200 2865 "https://basicconceptenergy.com/items/P72119068/" "Mozilla/5.0 (X11; Linux x86_64) AppleWebKit/537.36 (KHTML, like Gecko) Chrome/149.0.7827.200 Safari/537.36"
74.125.150.32 - - [15/Jul/2026:16:26:16 +0000] "POST /?wc-ajax=get_refreshed_fragments HTTP/1.1" 200 367 "https://basicconceptenergy.com/items/P72119068/" "Mozilla/5.0 (X11; Linux x86_64) AppleWebKit/537.36 (KHTML, like Gecko) Chrome/149.0.7827.200 Safari/537.36"
74.125.150.32 - - [15/Jul/2026:16:26:17 +0000] "GET /wp-admin/admin-ajax.php?action=products_live_search&fn=get_ajax_search HTTP/1.1" 200 6 "https://basicconceptenergy.com/items/P72119068/" "Mozilla/5.0 (X11; Linux x86_64) AppleWebKit/537.36 (KHTML, like Gecko) Chrome/149.0.7827.200 Safari/537.36"
74.125.150.32 - - [15/Jul/2026:16:26:19 +0000] "GET /wp-json/yith/wishlist/v1/products/?product_ids%5B0%5D=3936&product_ids%5B1%5D=3935&product_ids%5B2%5D=3937&product_ids%5B3%5D=2693&product_ids%5B4%5D=2704&product_ids%5B5%5D=2695&_locale=user HTTP/1.1" 200 179 "https://basicconceptenergy.com/items/P72119068/" "Mozilla/5.0 (X11; Linux x86_64) AppleWebKit/537.36 (KHTML, like Gecko) Chrome/149.0.7827.200 Safari/537.36"
66.249.68.32 - - [15/Jul/2026:16:27:18 +0000] "GET /favicon.ico HTTP/1.1" 404 1251 "-" "Googlebot-Image/1.0"
160.187.220.147 - - [15/Jul/2026:16:32:05 +0000] "POST /wp-comments-post.php HTTP/1.1" 302 0 "-" "Mozilla/5.0 (Windows NT 10.0; Win64; x64) AppleWebKit/537.36 (KHTML, like Gecko) Chrome/120.0.0.0 Safari/537.36"
160.187.220.145 - - [15/Jul/2026:16:32:08 +0000] "POST /wp-comments-post.php HTTP/1.1" 302 0 "-" "Mozilla/5.0 (Windows NT 10.0; Win64; x64) AppleWebKit/537.36 (KHTML, like Gecko) Chrome/120.0.0.0 Safari/537.36"
209.42.17.20 - - [15/Jul/2026:16:32:07 +0000] "GET /wp-json/jetpack/v4/sync/spawn-sync?time=1784133127&request_lock_id=df283fc1-02d1-4b85-b442-bb9546377d09 HTTP/1.1" 200 37 "-" "WordPress/7.0.1; https://basicconceptenergy.com"
209.42.17.20 - - [15/Jul/2026:16:32:10 +0000] "GET /wp-json/jetpack/v4/sync/spawn-sync?time=1784133130&request_lock_id=3c5cd89c-01ae-4ee2-b04e-a2b49579ca59 HTTP/1.1" 200 37 "-" "WordPress/7.0.1; https://basicconceptenergy.com"
160.187.220.145 - - [15/Jul/2026:16:32:12 +0000] "POST /wp-comments-post.php HTTP/1.1" 429 1223 "-" "Mozilla/5.0 (Windows NT 10.0; Win64; x64) AppleWebKit/537.36 (KHTML, like Gecko) Chrome/120.0.0.0 Safari/537.36"
160.187.220.145 - - [15/Jul/2026:16:32:15 +0000] "POST /wp-comments-post.php HTTP/1.1" 429 1223 "-" "Mozilla/5.0 (Windows NT 10.0; Win64; x64) AppleWebKit/537.36 (KHTML, like Gecko) Chrome/120.0.0.0 Safari/537.36"
160.187.220.145 - - [15/Jul/2026:16:32:18 +0000] "POST /wp-comments-post.php HTTP/1.1" 429 1223 "-" "Mozilla/5.0 (Windows NT 10.0; Win64; x64) AppleWebKit/537.36 (KHTML, like Gecko) Chrome/120.0.0.0 Safari/537.36"
209.42.17.20 - - [15/Jul/2026:16:39:25 +0000] "POST /wp-cron.php?doing_wp_cron=1784133565.0699579715728759765625 HTTP/1.1" 200 0 "-" "WordPress/7.0.1; https://basicconceptenergy.com"
66.249.68.33 - - [15/Jul/2026:16:39:23 +0000] "GET /items/J106121856/ HTTP/1.1" 404 31328 "-" "Mozilla/5.0 (Linux; Android 6.0.1; Nexus 5X Build/MMB29P) AppleWebKit/537.36 (KHTML, like Gecko) Chrome/150.0.7871.114 Mobile Safari/537.36 (compatible; Googlebot/2.1; +http://www.google.com/bot.html)"
66.249.68.32 - - [15/Jul/2026:16:39:26 +0000] "GET /items/J106121856/ HTTP/1.1" 404 31241 "-" "Mozilla/5.0 (compatible; Googlebot/2.1; +http://www.google.com/bot.html)"
209.42.17.20 - - [15/Jul/2026:16:56:17 +0000] "POST /wp-cron.php?doing_wp_cron=1784134577.1129601001739501953125 HTTP/1.1" 200 0 "-" "WordPress/7.0.1; https://basicconceptenergy.com"
66.249.68.34 - - [15/Jul/2026:16:56:15 +0000] "GET /items/B75804917/ HTTP/1.1" 404 31454 "-" "Mozilla/5.0 (compatible; Googlebot/2.1; +http://www.google.com/bot.html)"
2.57.122.13 - - [15/Jul/2026:17:01:57 +0000] "GET /packages/.git/config HTTP/1.1" 403 1242 "-" "Mozilla/5.0 (Windows NT 10.0; Win64; x64) AppleWebKit/537.36 (KHTML, like Gecko) Chrome/123.0.0.0 Safari/537.36"
2.57.122.13 - - [15/Jul/2026:17:01:57 +0000] "GET /administrator/.git/config HTTP/1.1" 403 1242 "-" "Mozilla/5.0 (Windows NT 10.0; Win64; x64) AppleWebKit/537.36 (KHTML, like Gecko) Chrome/123.0.0.0 Safari/537.36"
2.57.122.13 - - [15/Jul/2026:17:01:57 +0000] "GET /api/.git/config HTTP/1.1" 403 1242 "-" "Mozilla/5.0 (Windows NT 10.0; Win64; x64) AppleWebKit/537.36 (KHTML, like Gecko) Chrome/123.0.0.0 Safari/537.36"
2.57.122.13 - - [15/Jul/2026:17:01:57 +0000] "GET /backend/.git/config HTTP/1.1" 403 1242 "-" "Mozilla/5.0 (Windows NT 10.0; Win64; x64) AppleWebKit/537.36 (KHTML, like Gecko) Chrome/123.0.0.0 Safari/537.36"
2.57.122.13 - - [15/Jul/2026:17:01:57 +0000] "GET /frontend/.git/config HTTP/1.1" 403 1242 "-" "Mozilla/5.0 (Windows NT 10.0; Win64; x64) AppleWebKit/537.36 (KHTML, like Gecko) Chrome/123.0.0.0 Safari/537.36"
2.57.122.13 - - [15/Jul/2026:17:01:57 +0000] "GET /app/.git/config HTTP/1.1" 403 1242 "-" "Mozilla/5.0 (Windows NT 10.0; Win64; x64) AppleWebKit/537.36 (KHTML, like Gecko) Chrome/123.0.0.0 Safari/537.36"
2.57.122.13 - - [15/Jul/2026:17:01:57 +0000] "GET /public/.git/config HTTP/1.1" 403 1242 "-" "Mozilla/5.0 (Windows NT 10.0; Win64; x64) AppleWebKit/537.36 (KHTML, like Gecko) Chrome/123.0.0.0 Safari/537.36"
2.57.122.13 - - [15/Jul/2026:17:01:57 +0000] "GET /blog/.git/config HTTP/1.1" 403 1242 "-" "Mozilla/5.0 (Windows NT 10.0; Win64; x64) AppleWebKit/537.36 (KHTML, like Gecko) Chrome/123.0.0.0 Safari/537.36"
2.57.122.13 - - [15/Jul/2026:17:01:57 +0000] "GET /wordpress/.git/config HTTP/1.1" 403 1242 "-" "Mozilla/5.0 (Windows NT 10.0; Win64; x64) AppleWebKit/537.36 (KHTML, like Gecko) Chrome/123.0.0.0 Safari/537.36"
2.57.122.13 - - [15/Jul/2026:17:01:57 +0000] "GET /src/.git/config HTTP/1.1" 403 1242 "-" "Mozilla/5.0 (Windows NT 10.0; Win64; x64) AppleWebKit/537.36 (KHTML, like Gecko) Chrome/123.0.0.0 Safari/537.36"
2.57.122.13 - - [15/Jul/2026:17:01:57 +0000] "GET /wp-content/.git/config HTTP/1.1" 403 1242 "-" "Mozilla/5.0 (Windows NT 10.0; Win64; x64) AppleWebKit/537.36 (KHTML, like Gecko) Chrome/123.0.0.0 Safari/537.36"
2.57.122.13 - - [15/Jul/2026:17:01:57 +0000] "GET /www/.git/config HTTP/1.1" 403 1242 "-" "Mozilla/5.0 (Windows NT 10.0; Win64; x64) AppleWebKit/537.36 (KHTML, like Gecko) Chrome/123.0.0.0 Safari/537.36"
2.57.122.13 - - [15/Jul/2026:17:01:57 +0000] "GET /build/.git/config HTTP/1.1" 403 1242 "-" "Mozilla/5.0 (Windows NT 10.0; Win64; x64) AppleWebKit/537.36 (KHTML, like Gecko) Chrome/123.0.0.0 Safari/537.36"
2.57.122.13 - - [15/Jul/2026:17:01:57 +0000] "GET /dist/.git/config HTTP/1.1" 403 1242 "-" "Mozilla/5.0 (Windows NT 10.0; Win64; x64) AppleWebKit/537.36 (KHTML, like Gecko) Chrome/123.0.0.0 Safari/537.36"
2.57.122.13 - - [15/Jul/2026:17:01:57 +0000] "GET /.git/config HTTP/1.1" 403 1242 "-" "Mozilla/5.0 (Windows NT 10.0; Win64; x64) AppleWebKit/537.36 (KHTML, like Gecko) Chrome/123.0.0.0 Safari/537.36"
2.57.122.13 - - [15/Jul/2026:17:01:57 +0000] "GET /microservices/.git/config HTTP/1.1" 403 1242 "-" "Mozilla/5.0 (Windows NT 10.0; Win64; x64) AppleWebKit/537.36 (KHTML, like Gecko) Chrome/123.0.0.0 Safari/537.36"
2.57.122.13 - - [15/Jul/2026:17:01:57 +0000] "GET /wp-admin/.git/config HTTP/1.1" 403 1242 "-" "Mozilla/5.0 (Windows NT 10.0; Win64; x64) AppleWebKit/537.36 (KHTML, like Gecko) Chrome/123.0.0.0 Safari/537.36"
2.57.122.13 - - [15/Jul/2026:17:01:57 +0000] "GET /modules/.git/config HTTP/1.1" 403 1242 "-" "Mozilla/5.0 (Windows NT 10.0; Win64; x64) AppleWebKit/537.36 (KHTML, like Gecko) Chrome/123.0.0.0 Safari/537.36"
2.57.122.13 - - [15/Jul/2026:17:01:57 +0000] "GET /admin/.git/config HTTP/1.1" 403 1242 "-" "Mozilla/5.0 (Windows NT 10.0; Win64; x64) AppleWebKit/537.36 (KHTML, like Gecko) Chrome/123.0.0.0 Safari/537.36"
2.57.122.13 - - [15/Jul/2026:17:01:57 +0000] "GET /libs/.git/config HTTP/1.1" 403 1242 "-" "Mozilla/5.0 (Windows NT 10.0; Win64; x64) AppleWebKit/537.36 (KHTML, like Gecko) Chrome/123.0.0.0 Safari/537.36"
2.57.122.13 - - [15/Jul/2026:17:01:57 +0000] "GET /api/.git/config HTTP/1.1" 403 1242 "-" "Mozilla/5.0 (Windows NT 10.0; Win64; x64) AppleWebKit/537.36 (KHTML, like Gecko) Chrome/123.0.0.0 Safari/537.36"
2.57.122.13 - - [15/Jul/2026:17:01:57 +0000] "GET /wp-admin/.git/config HTTP/1.1" 403 1242 "-" "Mozilla/5.0 (Windows NT 10.0; Win64; x64) AppleWebKit/537.36 (KHTML, like Gecko) Chrome/123.0.0.0 Safari/537.36"
2.57.122.13 - - [15/Jul/2026:17:01:57 +0000] "GET /wordpress/.git/config HTTP/1.1" 403 1242 "-" "Mozilla/5.0 (Windows NT 10.0; Win64; x64) AppleWebKit/537.36 (KHTML, like Gecko) Chrome/123.0.0.0 Safari/537.36"
2.57.122.13 - - [15/Jul/2026:17:01:57 +0000] "GET /administrator/.git/config HTTP/1.1" 403 1242 "-" "Mozilla/5.0 (Windows NT 10.0; Win64; x64) AppleWebKit/537.36 (KHTML, like Gecko) Chrome/123.0.0.0 Safari/537.36"
2.57.122.13 - - [15/Jul/2026:17:01:57 +0000] "GET /modules/.git/config HTTP/1.1" 403 1242 "-" "Mozilla/5.0 (Windows NT 10.0; Win64; x64) AppleWebKit/537.36 (KHTML, like Gecko) Chrome/123.0.0.0 Safari/537.36"
2.57.122.13 - - [15/Jul/2026:17:01:57 +0000] "GET /wp-content/.git/config HTTP/1.1" 403 1242 "-" "Mozilla/5.0 (Windows NT 10.0; Win64; x64) AppleWebKit/537.36 (KHTML, like Gecko) Chrome/123.0.0.0 Safari/537.36"
2.57.122.13 - - [15/Jul/2026:17:01:57 +0000] "GET /app/.git/config HTTP/1.1" 403 1242 "-" "Mozilla/5.0 (Windows NT 10.0; Win64; x64) AppleWebKit/537.36 (KHTML, like Gecko) Chrome/123.0.0.0 Safari/537.36"
2.57.122.13 - - [15/Jul/2026:17:01:57 +0000] "GET /microservices/.git/config HTTP/1.1" 403 1242 "-" "Mozilla/5.0 (Windows NT 10.0; Win64; x64) AppleWebKit/537.36 (KHTML, like Gecko) Chrome/123.0.0.0 Safari/537.36"
2.57.122.13 - - [15/Jul/2026:17:01:57 +0000] "GET /frontend/.git/config HTTP/1.1" 403 1242 "-" "Mozilla/5.0 (Windows NT 10.0; Win64; x64) AppleWebKit/537.36 (KHTML, like Gecko) Chrome/123.0.0.0 Safari/537.36"
2.57.122.13 - - [15/Jul/2026:17:01:57 +0000] "GET /backend/.git/config HTTP/1.1" 403 1242 "-" "Mozilla/5.0 (Windows NT 10.0; Win64; x64) AppleWebKit/537.36 (KHTML, like Gecko) Chrome/123.0.0.0 Safari/537.36"
2.57.122.13 - - [15/Jul/2026:17:01:57 +0000] "GET /dist/.git/config HTTP/1.1" 403 1242 "-" "Mozilla/5.0 (Windows NT 10.0; Win64; x64) AppleWebKit/537.36 (KHTML, like Gecko) Chrome/123.0.0.0 Safari/537.36"
2.57.122.13 - - [15/Jul/2026:17:01:57 +0000] "GET /blog/.git/config HTTP/1.1" 403 1242 "-" "Mozilla/5.0 (Windows NT 10.0; Win64; x64) AppleWebKit/537.36 (KHTML, like Gecko) Chrome/123.0.0.0 Safari/537.36"
2.57.122.13 - - [15/Jul/2026:17:01:57 +0000] "GET /public/.git/config HTTP/1.1" 403 1242 "-" "Mozilla/5.0 (Windows NT 10.0; Win64; x64) AppleWebKit/537.36 (KHTML, like Gecko) Chrome/123.0.0.0 Safari/537.36"
2.57.122.13 - - [15/Jul/2026:17:01:57 +0000] "GET /build/.git/config HTTP/1.1" 403 1242 "-" "Mozilla/5.0 (Windows NT 10.0; Win64; x64) AppleWebKit/537.36 (KHTML, like Gecko) Chrome/123.0.0.0 Safari/537.36"
2.57.122.13 - - [15/Jul/2026:17:01:57 +0000] "GET /www/.git/config HTTP/1.1" 403 1242 "-" "Mozilla/5.0 (Windows NT 10.0; Win64; x64) AppleWebKit/537.36 (KHTML, like Gecko) Chrome/123.0.0.0 Safari/537.36"
2.57.122.13 - - [15/Jul/2026:17:01:57 +0000] "GET /.git/config HTTP/1.1" 403 1242 "-" "Mozilla/5.0 (Windows NT 10.0; Win64; x64) AppleWebKit/537.36 (KHTML, like Gecko) Chrome/123.0.0.0 Safari/537.36"
2.57.122.13 - - [15/Jul/2026:17:01:57 +0000] "GET /packages/.git/config HTTP/1.1" 403 1242 "-" "Mozilla/5.0 (Windows NT 10.0; Win64; x64) AppleWebKit/537.36 (KHTML, like Gecko) Chrome/123.0.0.0 Safari/537.36"
2.57.122.13 - - [15/Jul/2026:17:01:57 +0000] "GET /admin/.git/config HTTP/1.1" 403 1242 "-" "Mozilla/5.0 (Windows NT 10.0; Win64; x64) AppleWebKit/537.36 (KHTML, like Gecko) Chrome/123.0.0.0 Safari/537.36"
2.57.122.13 - - [15/Jul/2026:17:01:57 +0000] "GET /src/.git/config HTTP/1.1" 403 1242 "-" "Mozilla/5.0 (Windows NT 10.0; Win64; x64) AppleWebKit/537.36 (KHTML, like Gecko) Chrome/123.0.0.0 Safari/537.36"
2.57.122.13 - - [15/Jul/2026:17:01:57 +0000] "GET /libs/.git/config HTTP/1.1" 403 1242 "-" "Mozilla/5.0 (Windows NT 10.0; Win64; x64) AppleWebKit/537.36 (KHTML, like Gecko) Chrome/123.0.0.0 Safari/537.36"
209.42.17.20 - - [15/Jul/2026:17:07:38 +0000] "POST /wp-cron.php?doing_wp_cron=1784135258.5298480987548828125000 HTTP/1.1" 200 0 "-" "WordPress/7.0.1; https://basicconceptenergy.com"
66.249.68.32 - - [15/Jul/2026:17:07:36 +0000] "GET /items/R173760230/ HTTP/1.1" 404 31240 "-" "Mozilla/5.0 (compatible; Googlebot/2.1; +http://www.google.com/bot.html)"
43.130.72.177 - - [15/Jul/2026:17:08:08 +0000] "GET / HTTP/1.1" 200 57365 "http://basicconceptenergy.com" "Mozilla/5.0 (iPhone; CPU iPhone OS 13_2_3 like Mac OS X) AppleWebKit/605.1.15 (KHTML, like Gecko) Version/13.0.3 Mobile/15E148 Safari/604.1"
209.42.17.20 - - [15/Jul/2026:17:12:08 +0000] "POST /wp-cron.php?doing_wp_cron=1784135528.7804648876190185546875 HTTP/1.1" 200 0 "-" "WordPress/7.0.1; https://basicconceptenergy.com"
66.249.68.33 - - [15/Jul/2026:17:12:07 +0000] "GET /items/V207062038/ HTTP/1.1" 404 31327 "-" "Mozilla/5.0 (Linux; Android 6.0.1; Nexus 5X Build/MMB29P) AppleWebKit/537.36 (KHTML, like Gecko) Chrome/150.0.7871.114 Mobile Safari/537.36 (compatible; Googlebot/2.1; +http://www.google.com/bot.html)"
35.254.244.123 - - [15/Jul/2026:17:15:21 +0000] "POST / HTTP/1.1" 200 0 "https://basicconceptenergy.com/" "Mozilla/5.0 (Macintosh; Intel Mac OS X 10_15_7) AppleWebKit/537.36 (KHTML, like Gecko) Chrome/144.0.0.0 Safari/537.36"
209.42.17.20 - - [15/Jul/2026:17:15:23 +0000] "POST /wp-cron.php?doing_wp_cron=1784135723.8623878955841064453125 HTTP/1.1" 200 0 "-" "WordPress/7.0.1; https://basicconceptenergy.com"
209.42.17.20 - - [15/Jul/2026:17:16:31 +0000] "POST /wp-cron.php?doing_wp_cron=1784135791.6725230216979980468750 HTTP/1.1" 200 0 "-" "WordPress/7.0.1; https://basicconceptenergy.com"
74.125.150.34 - - [15/Jul/2026:17:16:29 +0000] "GET /items/V244064301/ HTTP/1.1" 404 31276 "-" "Mozilla/5.0 (X11; Linux x86_64) AppleWebKit/537.36 (KHTML, like Gecko) Chrome/149.0.7827.200 Safari/537.36"
74.125.150.32 - - [15/Jul/2026:17:16:34 +0000] "GET /wp-json/yith/wishlist/v1/lists/?_locale=user HTTP/1.1" 401 119 "https://basicconceptenergy.com/items/V244064301/" "Mozilla/5.0 (X11; Linux x86_64) AppleWebKit/537.36 (KHTML, like Gecko) Chrome/149.0.7827.200 Safari/537.36"
74.125.150.33 - - [15/Jul/2026:17:16:34 +0000] "POST /?wc-ajax=yith-woocompare-reload-compare HTTP/1.1" 200 380 "https://basicconceptenergy.com/items/V244064301/" "Mozilla/5.0 (X11; Linux x86_64) AppleWebKit/537.36 (KHTML, like Gecko) Chrome/149.0.7827.200 Safari/537.36"
74.125.150.32 - - [15/Jul/2026:17:16:55 +0000] "POST /?wc-ajax=get_refreshed_fragments HTTP/1.1" 200 367 "https://basicconceptenergy.com/items/V244064301/" "Mozilla/5.0 (X11; Linux x86_64) AppleWebKit/537.36 (KHTML, like Gecko) Chrome/149.0.7827.200 Safari/537.36"
74.125.150.32 - - [15/Jul/2026:17:16:55 +0000] "GET /wp-admin/admin-ajax.php?action=products_live_search&fn=get_ajax_search HTTP/1.1" 200 6 "https://basicconceptenergy.com/items/V244064301/" "Mozilla/5.0 (X11; Linux x86_64) AppleWebKit/537.36 (KHTML, like Gecko) Chrome/149.0.7827.200 Safari/537.36"
74.125.150.32 - - [15/Jul/2026:17:17:22 +0000] "GET /items/P72119068/ HTTP/1.1" 404 31490 "-" "Mozilla/5.0 (X11; Linux x86_64) AppleWebKit/537.36 (KHTML, like Gecko) Chrome/149.0.7827.200 Safari/537.36"
209.42.17.20 - - [15/Jul/2026:17:17:27 +0000] "POST /wp-cron.php?doing_wp_cron=1784135847.4475109577178955078125 HTTP/1.1" 200 0 "-" "WordPress/7.0.1; https://basicconceptenergy.com"
74.125.150.34 - - [15/Jul/2026:17:17:25 +0000] "POST /?wc-ajax=yith-woocompare-reload-compare HTTP/1.1" 200 380 "https://basicconceptenergy.com/items/P72119068/" "Mozilla/5.0 (X11; Linux x86_64) AppleWebKit/537.36 (KHTML, like Gecko) Chrome/149.0.7827.200 Safari/537.36"
74.125.150.34 - - [15/Jul/2026:17:17:25 +0000] "GET /wp-json/yith/wishlist/v1/lists/?_locale=user HTTP/1.1" 401 119 "https://basicconceptenergy.com/items/P72119068/" "Mozilla/5.0 (X11; Linux x86_64) AppleWebKit/537.36 (KHTML, like Gecko) Chrome/149.0.7827.200 Safari/537.36"
74.125.150.32 - - [15/Jul/2026:17:17:27 +0000] "POST /?wc-ajax=get_refreshed_fragments HTTP/1.1" 200 367 "https://basicconceptenergy.com/items/P72119068/" "Mozilla/5.0 (X11; Linux x86_64) AppleWebKit/537.36 (KHTML, like Gecko) Chrome/149.0.7827.200 Safari/537.36"
74.125.150.33 - - [15/Jul/2026:17:17:28 +0000] "GET /wp-admin/admin-ajax.php?action=products_live_search&fn=get_ajax_search HTTP/1.1" 200 6 "https://basicconceptenergy.com/items/P72119068/" "Mozilla/5.0 (X11; Linux x86_64) AppleWebKit/537.36 (KHTML, like Gecko) Chrome/149.0.7827.200 Safari/537.36"
66.249.68.32 - - [15/Jul/2026:17:17:35 +0000] "GET /items/R173760230/ HTTP/1.1" 404 31240 "-" "Mozilla/5.0 (compatible; Googlebot/2.1; +http://www.google.com/bot.html)"
143.244.57.121 - - [15/Jul/2026:17:19:21 +0000] "GET / HTTP/1.1" 200 337239 "-" "Mozilla/5.0 (Windows NT 10.0; Win64; x64) AppleWebKit/537.36 (KHTML, like Gecko) Chrome/78.0.3904.108 Safari/537.36"
143.244.57.121 - - [15/Jul/2026:17:19:24 +0000] "GET //wp-includes/wlwmanifest.xml HTTP/1.1" 404 1251 "-" "Mozilla/5.0 (Windows NT 10.0; Win64; x64) AppleWebKit/537.36 (KHTML, like Gecko) Chrome/78.0.3904.108 Safari/537.36"
143.244.57.121 - - [15/Jul/2026:17:19:24 +0000] "GET //xmlrpc.php?rsd HTTP/1.1" 403 1242 "-" "Mozilla/5.0 (Windows NT 10.0; Win64; x64) AppleWebKit/537.36 (KHTML, like Gecko) Chrome/78.0.3904.108 Safari/537.36"
209.42.17.20 - - [15/Jul/2026:17:19:26 +0000] "POST /wp-cron.php?doing_wp_cron=1784135966.1086609363555908203125 HTTP/1.1" 200 0 "-" "WordPress/7.0.1; https://basicconceptenergy.com"
143.244.57.121 - - [15/Jul/2026:17:19:24 +0000] "GET / HTTP/1.1" 200 337239 "-" "Mozilla/5.0 (Windows NT 10.0; Win64; x64) AppleWebKit/537.36 (KHTML, like Gecko) Chrome/78.0.3904.108 Safari/537.36"
143.244.57.121 - - [15/Jul/2026:17:19:26 +0000] "GET //?author=1 HTTP/1.1" 301 0 "-" "Mozilla/5.0 (Windows NT 10.0; Win64; x64) AppleWebKit/537.36 (KHTML, like Gecko) Chrome/78.0.3904.108 Safari/537.36"
143.244.57.121 - - [15/Jul/2026:17:19:27 +0000] "GET //?author=2 HTTP/1.1" 301 0 "-" "Mozilla/5.0 (Windows NT 10.0; Win64; x64) AppleWebKit/537.36 (KHTML, like Gecko) Chrome/78.0.3904.108 Safari/537.36"
143.244.57.121 - - [15/Jul/2026:17:19:29 +0000] "GET //wp-json/wp/v2/users/ HTTP/1.1" 200 1857 "-" "Mozilla/5.0 (Windows NT 10.0; Win64; x64) AppleWebKit/537.36 (KHTML, like Gecko) Chrome/78.0.3904.108 Safari/537.36"
143.244.57.121 - - [15/Jul/2026:17:19:31 +0000] "POST //xmlrpc.php HTTP/1.1" 403 1242 "-" "Mozilla/5.0 (Windows NT 10.0; Win64; x64) AppleWebKit/537.36 (KHTML, like Gecko) Chrome/78.0.3904.108 Safari/537.36"
138.68.182.147 - - [15/Jul/2026:17:28:28 +0000] "GET / HTTP/2" 200 48538 "-" "Mozilla/5.0 (iPhone; CPU iPhone OS 26_0 like Mac OS X) AppleWebKit/605.1.15 (KHTML, like Gecko) Version/26.0 Mobile/15E148 Safari/604.1"
209.42.17.20 - - [15/Jul/2026:17:30:18 +0000] "POST /wp-cron.php?doing_wp_cron=1784136618.8686439990997314453125 HTTP/1.1" 200 0 "-" "WordPress/7.0.1; https://basicconceptenergy.com"
173.239.211.93 - - [15/Jul/2026:17:30:15 +0000] "POST /wp-login.php HTTP/1.1" 401 1564 "-" "Mozilla/5.0 (Windows NT 10.0; Win64; x64) AppleWebKit/537.36 Chrome/129.0.0.0 Safari/537.36"
209.42.17.20 - - [15/Jul/2026:17:34:03 +0000] "POST /wp-cron.php?doing_wp_cron=1784136843.4608891010284423828125 HTTP/1.1" 200 0 "-" "WordPress/7.0.1; https://basicconceptenergy.com"
66.249.68.33 - - [15/Jul/2026:17:34:00 +0000] "GET /items/W266415018/ HTTP/1.1" 404 31241 "-" "Mozilla/5.0 (compatible; Googlebot/2.1; +http://www.google.com/bot.html)"
63.135.161.183 - - [15/Jul/2026:17:34:22 +0000] "POST /wp-login.php HTTP/1.1" 401 1565 "-" "Mozilla/5.0 (Macintosh; Intel Mac OS X 10_15_7) AppleWebKit/605.1.15 Version/17.0 Safari/605.1.15"
209.42.17.20 - - [15/Jul/2026:17:37:00 +0000] "POST /wp-cron.php?doing_wp_cron=1784137020.4782769680023193359375 HTTP/1.1" 200 0 "-" "WordPress/7.0.1; https://basicconceptenergy.com"
66.249.68.33 - - [15/Jul/2026:17:36:56 +0000] "GET /items/Q79106886/ HTTP/1.1" 404 31455 "-" "Mozilla/5.0 (compatible; Googlebot/2.1; +http://www.google.com/bot.html)"
209.42.17.20 - - [15/Jul/2026:17:38:17 +0000] "POST /wp-cron.php?doing_wp_cron=1784137097.2871780395507812500000 HTTP/1.1" 200 0 "-" "WordPress/7.0.1; https://basicconceptenergy.com"
66.249.68.34 - - [15/Jul/2026:17:38:13 +0000] "GET /items/Z202942381/ HTTP/1.1" 404 31241 "-" "Mozilla/5.0 (compatible; Googlebot/2.1; +http://www.google.com/bot.html)"
209.42.17.20 - - [15/Jul/2026:17:38:59 +0000] "POST /wp-cron.php?doing_wp_cron=1784137139.0012140274047851562500 HTTP/1.1" 200 0 "-" "WordPress/7.0.1; https://basicconceptenergy.com"
63.135.161.160 - - [15/Jul/2026:17:38:53 +0000] "POST /wp-login.php HTTP/1.1" 401 1564 "-" "Mozilla/5.0 (Macintosh; Intel Mac OS X 10_15_7) AppleWebKit/605.1.15 Version/17.0 Safari/605.1.15"
209.42.17.20 - - [15/Jul/2026:17:42:49 +0000] "POST /wp-cron.php?doing_wp_cron=1784137369.6240589618682861328125 HTTP/1.1" 200 0 "-" "WordPress/7.0.1; https://basicconceptenergy.com"
52.167.144.214 - - [15/Jul/2026:17:42:46 +0000] "GET /items/B325174109/ HTTP/2" 301 0 "-" "Mozilla/5.0 AppleWebKit/537.36 (KHTML, like Gecko; compatible; bingbot/2.0; +http://www.bing.com/bingbot.htm) Chrome/116.0.1938.76 Safari/537.36"
40.77.167.132 - - [15/Jul/2026:17:42:50 +0000] "GET /items/U33618078/ HTTP/2" 301 0 "-" "Mozilla/5.0 AppleWebKit/537.36 (KHTML, like Gecko; compatible; bingbot/2.0; +http://www.bing.com/bingbot.htm) Chrome/116.0.1938.76 Safari/537.36"
40.77.167.38 - - [15/Jul/2026:17:42:56 +0000] "GET /items/B325174109/ HTTP/2" 404 31288 "-" "Mozilla/5.0 AppleWebKit/537.36 (KHTML, like Gecko; compatible; bingbot/2.0; +http://www.bing.com/bingbot.htm) Chrome/116.0.1938.76 Safari/537.36"
209.42.17.20 - - [15/Jul/2026:17:43:46 +0000] "POST /wp-cron.php?doing_wp_cron=1784137426.1883380413055419921875 HTTP/1.1" 200 0 "-" "WordPress/7.0.1; https://basicconceptenergy.com"
63.135.161.179 - - [15/Jul/2026:17:43:43 +0000] "POST /wp-login.php HTTP/1.1" 401 1567 "-" "Mozilla/5.0 (Windows NT 10.0; Win64; rv:143.0) Gecko/20100101 Firefox/143.0"
209.42.17.20 - - [15/Jul/2026:17:48:15 +0000] "POST /wp-cron.php?doing_wp_cron=1784137695.9729690551757812500000 HTTP/1.1" 200 0 "-" "WordPress/7.0.1; https://basicconceptenergy.com"
173.239.211.79 - - [15/Jul/2026:17:48:14 +0000] "POST /wp-login.php HTTP/1.1" 401 1562 "-" "Mozilla/5.0 (Windows NT 10.0; Win64; rv:143.0) Gecko/20100101 Firefox/143.0"
43.166.250.187 - - [15/Jul/2026:17:48:37 +0000] "GET / HTTP/1.1" 200 57370 "http://www.basicconceptenergy.com" "Mozilla/5.0 (iPhone; CPU iPhone OS 13_2_3 like Mac OS X) AppleWebKit/605.1.15 (KHTML, like Gecko) Version/13.0.3 Mobile/15E148 Safari/604.1"
216.73.216.180 - - [15/Jul/2026:17:49:08 +0000] "GET /robots.txt HTTP/2" 200 76 "-" "Mozilla/5.0 AppleWebKit/537.36 (KHTML, like Gecko; compatible; ClaudeBot/1.0; +claudebot@anthropic.com)"
216.73.216.180 - - [15/Jul/2026:17:49:09 +0000] "GET /sitemap.xml HTTP/2" 200 396 "-" "Mozilla/5.0 AppleWebKit/537.36 (KHTML, like Gecko; compatible; ClaudeBot/1.0; +claudebot@anthropic.com)"
209.42.17.20 - - [15/Jul/2026:17:53:40 +0000] "POST /wp-cron.php?doing_wp_cron=1784138020.4998879432678222656250 HTTP/1.1" 200 0 "-" "WordPress/7.0.1; https://basicconceptenergy.com"
66.249.68.34 - - [15/Jul/2026:17:53:38 +0000] "GET /items/O281726583/ HTTP/1.1" 404 31241 "-" "Mozilla/5.0 (compatible; Googlebot/2.1; +http://www.google.com/bot.html)"
209.42.17.20 - - [15/Jul/2026:17:56:48 +0000] "POST /wp-cron.php?doing_wp_cron=1784138208.9436740875244140625000 HTTP/1.1" 200 0 "-" "WordPress/7.0.1; https://basicconceptenergy.com"
66.249.68.34 - - [15/Jul/2026:17:56:46 +0000] "GET /items/G182282886/ HTTP/1.1" 404 31327 "-" "Mozilla/5.0 (Linux; Android 6.0.1; Nexus 5X Build/MMB29P) AppleWebKit/537.36 (KHTML, like Gecko) Chrome/150.0.7871.114 Mobile Safari/537.36 (compatible; Googlebot/2.1; +http://www.google.com/bot.html)"
209.42.17.20 - - [15/Jul/2026:17:57:31 +0000] "POST /wp-cron.php?doing_wp_cron=1784138251.7073729038238525390625 HTTP/1.1" 200 0 "-" "WordPress/7.0.1; https://basicconceptenergy.com"
66.249.68.34 - - [15/Jul/2026:17:57:29 +0000] "GET /items/J314969331/ HTTP/1.1" 404 31327 "-" "Mozilla/5.0 (Linux; Android 6.0.1; Nexus 5X Build/MMB29P) AppleWebKit/537.36 (KHTML, like Gecko) Chrome/150.0.7871.114 Mobile Safari/537.36 (compatible; Googlebot/2.1; +http://www.google.com/bot.html)"
63.135.161.165 - - [15/Jul/2026:17:57:31 +0000] "POST /wp-login.php HTTP/1.1" 200 4773 "-" "Mozilla/5.0 (Windows NT 10.0; Win64; rv:143.0) Gecko/20100101 Firefox/143.0"
209.42.17.20 - - [15/Jul/2026:18:02:10 +0000] "POST /wp-cron.php?doing_wp_cron=1784138530.7437059879302978515625 HTTP/1.1" 200 0 "-" "WordPress/7.0.1; https://basicconceptenergy.com"
63.135.161.184 - - [15/Jul/2026:18:02:08 +0000] "POST /wp-login.php HTTP/1.1" 401 1566 "-" "Mozilla/5.0 (Windows NT 10.0; Win64; x64) AppleWebKit/537.36 Chrome/129.0.0.0 Safari/537.36"
209.42.17.20 - - [15/Jul/2026:18:05:51 +0000] "POST /wp-cron.php?doing_wp_cron=1784138751.4764640331268310546875 HTTP/1.1" 200 0 "-" "WordPress/7.0.1; https://basicconceptenergy.com"
66.249.68.32 - - [15/Jul/2026:18:05:49 +0000] "GET /items/X256293503/ HTTP/1.1" 404 31329 "-" "Mozilla/5.0 (Linux; Android 6.0.1; Nexus 5X Build/MMB29P) AppleWebKit/537.36 (KHTML, like Gecko) Chrome/150.0.7871.114 Mobile Safari/537.36 (compatible; Googlebot/2.1; +http://www.google.com/bot.html)"
66.249.68.34 - - [15/Jul/2026:18:05:52 +0000] "GET /items/J253003765/ HTTP/1.1" 404 31242 "-" "Mozilla/5.0 (compatible; Googlebot/2.1; +http://www.google.com/bot.html)"
209.42.17.20 - - [15/Jul/2026:18:06:27 +0000] "POST /wp-cron.php?doing_wp_cron=1784138787.5885400772094726562500 HTTP/1.1" 200 0 "-" "WordPress/7.0.1; https://basicconceptenergy.com"
66.249.68.32 - - [15/Jul/2026:18:06:25 +0000] "GET /items/P74188513/ HTTP/1.1" 404 31497 "-" "Mozilla/5.0 (Linux; Android 6.0.1; Nexus 5X Build/MMB29P) AppleWebKit/537.36 (KHTML, like Gecko) Chrome/150.0.7871.114 Mobile Safari/537.36 (compatible; Googlebot/2.1; +http://www.google.com/bot.html)"
209.42.17.20 - - [15/Jul/2026:18:11:21 +0000] "POST /wp-cron.php?doing_wp_cron=1784139081.3265891075134277343750 HTTP/1.1" 200 0 "-" "WordPress/7.0.1; https://basicconceptenergy.com"
63.135.161.185 - - [15/Jul/2026:18:11:19 +0000] "POST /wp-login.php HTTP/1.1" 401 1562 "-" "Mozilla/5.0 (Windows NT 10.0; Win64; x64) AppleWebKit/537.36 Chrome/129.0.0.0 Safari/537.36"
209.42.17.20 - - [15/Jul/2026:18:14:49 +0000] "POST /wp-cron.php?doing_wp_cron=1784139289.7409679889678955078125 HTTP/1.1" 200 0 "-" "WordPress/7.0.1; https://basicconceptenergy.com"
74.125.150.33 - - [15/Jul/2026:18:14:47 +0000] "GET /items/V244064301/ HTTP/1.1" 404 31276 "-" "Mozilla/5.0 (X11; Linux x86_64) AppleWebKit/537.36 (KHTML, like Gecko) Chrome/149.0.7827.200 Safari/537.36"
74.125.150.32 - - [15/Jul/2026:18:14:51 +0000] "GET /wp-includes/js/mediaelement/mediaelementplayer-legacy.min.css?ver=4.2.17 HTTP/1.1" 200 2394 "https://basicconceptenergy.com/items/V244064301/" "Mozilla/5.0 (X11; Linux x86_64) AppleWebKit/537.36 (KHTML, like Gecko) Chrome/149.0.7827.200 Safari/537.36"
74.125.150.32 - - [15/Jul/2026:18:14:51 +0000] "GET /wp-includes/js/mediaelement/wp-mediaelement.min.css?ver=7.0.1 HTTP/1.1" 200 982 "https://basicconceptenergy.com/items/V244064301/" "Mozilla/5.0 (X11; Linux x86_64) AppleWebKit/537.36 (KHTML, like Gecko) Chrome/149.0.7827.200 Safari/537.36"
74.125.150.32 - - [15/Jul/2026:18:14:51 +0000] "GET /wp-content/plugins/woo-smart-quick-view/assets/libs/perfect-scrollbar/css/perfect-scrollbar.min.css?ver=7.0.1 HTTP/1.1" 200 507 "https://basicconceptenergy.com/items/V244064301/" "Mozilla/5.0 (X11; Linux x86_64) AppleWebKit/537.36 (KHTML, like Gecko) Chrome/149.0.7827.200 Safari/537.36"
74.125.150.34 - - [15/Jul/2026:18:14:51 +0000] "GET /wp-includes/css/dist/block-library/style.min.css?ver=7.0.1 HTTP/1.1" 200 16250 "https://basicconceptenergy.com/items/V244064301/" "Mozilla/5.0 (X11; Linux x86_64) AppleWebKit/537.36 (KHTML, like Gecko) Chrome/149.0.7827.200 Safari/537.36"
74.125.150.33 - - [15/Jul/2026:18:14:51 +0000] "GET /wp-content/plugins/woo-smart-quick-view/assets/libs/perfect-scrollbar/css/custom-theme.css?ver=7.0.1 HTTP/1.1" 200 534 "https://basicconceptenergy.com/items/V244064301/" "Mozilla/5.0 (X11; Linux x86_64) AppleWebKit/537.36 (KHTML, like Gecko) Chrome/149.0.7827.200 Safari/537.36"
74.125.150.32 - - [15/Jul/2026:18:14:52 +0000] "GET /wp-content/plugins/revslider/public/css/sr7.css?ver=6.7.52 HTTP/1.1" 200 1409 "https://basicconceptenergy.com/items/V244064301/" "Mozilla/5.0 (X11; Linux x86_64) AppleWebKit/537.36 (KHTML, like Gecko) Chrome/149.0.7827.200 Safari/537.36"
74.125.150.33 - - [15/Jul/2026:18:14:52 +0000] "GET /wp-content/plugins/ti-woocommerce-wishlist/assets/css/public.min.css?ver=2.11.1 HTTP/1.1" 200 5294 "https://basicconceptenergy.com/items/V244064301/" "Mozilla/5.0 (X11; Linux x86_64) AppleWebKit/537.36 (KHTML, like Gecko) Chrome/149.0.7827.200 Safari/537.36"
74.125.150.32 - - [15/Jul/2026:18:14:53 +0000] "GET /wp-content/themes/electro/assets/css/colors/yellow.min.css?ver=3.6.9 HTTP/1.1" 200 4445 "https://basicconceptenergy.com/items/V244064301/" "Mozilla/5.0 (X11; Linux x86_64) AppleWebKit/537.36 (KHTML, like Gecko) Chrome/149.0.7827.200 Safari/537.36"
74.125.150.33 - - [15/Jul/2026:18:14:54 +0000] "GET /wp-content/plugins/ti-woocommerce-wishlist/assets/fonts/tinvwl-webfont.woff2?ver=xu2uyi HTTP/1.1" 200 4404 "https://basicconceptenergy.com/items/V244064301/" "Mozilla/5.0 (X11; Linux x86_64) AppleWebKit/537.36 (KHTML, like Gecko) Chrome/149.0.7827.200 Safari/537.36"
74.125.150.33 - - [15/Jul/2026:18:14:54 +0000] "GET /wp-content/uploads/2026/04/2-3-300x300.webp HTTP/1.1" 200 4736 "https://basicconceptenergy.com/items/V244064301/" "Mozilla/5.0 (X11; Linux x86_64) AppleWebKit/537.36 (KHTML, like Gecko) Chrome/149.0.7827.200 Safari/537.36"
74.125.150.32 - - [15/Jul/2026:18:14:55 +0000] "GET /wp-content/plugins/woocommerce/assets/js/jquery-blockui/jquery.blockUI.min.js?ver=2.7.0-wc.10.7.0 HTTP/1.1" 200 3277 "https://basicconceptenergy.com/items/V244064301/" "Mozilla/5.0 (X11; Linux x86_64) AppleWebKit/537.36 (KHTML, like Gecko) Chrome/149.0.7827.200 Safari/537.36"
74.125.150.32 - - [15/Jul/2026:18:14:56 +0000] "GET /wp-content/themes/electro/style.min.css?ver=3.6.9 HTTP/1.1" 200 127191 "https://basicconceptenergy.com/items/V244064301/" "Mozilla/5.0 (X11; Linux x86_64) AppleWebKit/537.36 (KHTML, like Gecko) Chrome/149.0.7827.200 Safari/537.36"
74.125.150.32 - - [15/Jul/2026:18:14:57 +0000] "GET /wp-includes/css/dashicons.min.css?ver=7.0.1 HTTP/1.1" 200 35101 "https://basicconceptenergy.com/items/V244064301/" "Mozilla/5.0 (X11; Linux x86_64) AppleWebKit/537.36 (KHTML, like Gecko) Chrome/149.0.7827.200 Safari/537.36"
74.125.150.32 - - [15/Jul/2026:18:14:58 +0000] "GET /wp-content/plugins/woocommerce/assets/client/blocks/wc-blocks.css?ver=wc-10.7.0 HTTP/1.1" 200 2391 "https://basicconceptenergy.com/items/V244064301/" "Mozilla/5.0 (X11; Linux x86_64) AppleWebKit/537.36 (KHTML, like Gecko) Chrome/149.0.7827.200 Safari/537.36"
74.125.150.32 - - [15/Jul/2026:18:14:59 +0000] "GET /wp-includes/js/jquery/jquery.min.js?ver=3.7.1 HTTP/1.1" 200 29744 "https://basicconceptenergy.com/items/V244064301/" "Mozilla/5.0 (X11; Linux x86_64) AppleWebKit/537.36 (KHTML, like Gecko) Chrome/149.0.7827.200 Safari/537.36"
74.125.150.32 - - [15/Jul/2026:18:14:59 +0000] "GET /wp-content/uploads/elementor/css/post-3884.css?ver=1780904847 HTTP/1.1" 200 1640 "https://basicconceptenergy.com/items/V244064301/" "Mozilla/5.0 (X11; Linux x86_64) AppleWebKit/537.36 (KHTML, like Gecko) Chrome/149.0.7827.200 Safari/537.36"
74.125.150.32 - - [15/Jul/2026:18:15:00 +0000] "GET /wp-content/plugins/elementor/assets/css/conditionals/apple-webkit.min.css?ver=4.0.4 HTTP/1.1" 200 464 "https://basicconceptenergy.com/items/V244064301/" "Mozilla/5.0 (X11; Linux x86_64) AppleWebKit/537.36 (KHTML, like Gecko) Chrome/149.0.7827.200 Safari/537.36"
74.125.150.34 - - [15/Jul/2026:18:15:01 +0000] "GET /wp-content/plugins/contact-form-7/includes/css/styles.css?ver=6.1.5 HTTP/1.1" 200 899 "https://basicconceptenergy.com/items/V244064301/" "Mozilla/5.0 (X11; Linux x86_64) AppleWebKit/537.36 (KHTML, like Gecko) Chrome/149.0.7827.200 Safari/537.36"
74.125.150.33 - - [15/Jul/2026:18:15:01 +0000] "GET /wp-content/plugins/woocommerce/assets/css/photoswipe/default-skin/default-skin.min.css?ver=10.7.0 HTTP/1.1" 200 1759 "https://basicconceptenergy.com/items/V244064301/" "Mozilla/5.0 (X11; Linux x86_64) AppleWebKit/537.36 (KHTML, like Gecko) Chrome/149.0.7827.200 Safari/537.36"
74.125.150.34 - - [15/Jul/2026:18:15:01 +0000] "GET /wp-includes/js/dist/vendor/moment.min.js?ver=2.30.1 HTTP/1.1" 200 18383 "https://basicconceptenergy.com/items/V244064301/" "Mozilla/5.0 (X11; Linux x86_64) AppleWebKit/537.36 (KHTML, like Gecko) Chrome/149.0.7827.200 Safari/537.36"
74.125.150.34 - - [15/Jul/2026:18:15:02 +0000] "GET /wp-includes/js/dist/deprecated.min.js?ver=990e85f234fee8f7d446 HTTP/1.1" 200 698 "https://basicconceptenergy.com/items/V244064301/" "Mozilla/5.0 (X11; Linux x86_64) AppleWebKit/537.36 (KHTML, like Gecko) Chrome/149.0.7827.200 Safari/537.36"
74.125.150.32 - - [15/Jul/2026:18:15:03 +0000] "GET /wp-includes/js/dist/vendor/react.min.js?ver=18.3.1.1 HTTP/1.1" 200 4117 "https://basicconceptenergy.com/items/V244064301/" "Mozilla/5.0 (X11; Linux x86_64) AppleWebKit/537.36 (KHTML, like Gecko) Chrome/149.0.7827.200 Safari/537.36"
74.125.150.33 - - [15/Jul/2026:18:15:04 +0000] "GET /wp-content/plugins/elementor/assets/js/frontend-modules.min.js?ver=4.0.4 HTTP/1.1" 200 15445 "https://basicconceptenergy.com/items/V244064301/" "Mozilla/5.0 (X11; Linux x86_64) AppleWebKit/537.36 (KHTML, like Gecko) Chrome/149.0.7827.200 Safari/537.36"
74.125.150.32 - - [15/Jul/2026:18:15:04 +0000] "GET /wp-content/plugins/revslider/public/js/libs/tptools.js?ver=6.7.52 HTTP/1.1" 200 72873 "https://basicconceptenergy.com/items/V244064301/" "Mozilla/5.0 (X11; Linux x86_64) AppleWebKit/537.36 (KHTML, like Gecko) Chrome/149.0.7827.200 Safari/537.36"
74.125.150.32 - - [15/Jul/2026:18:15:05 +0000] "GET /wp-content/plugins/woocommerce/assets/js/photoswipe/photoswipe.min.js?ver=4.1.1-wc.10.7.0 HTTP/1.1" 200 11652 "https://basicconceptenergy.com/items/V244064301/" "Mozilla/5.0 (X11; Linux x86_64) AppleWebKit/537.36 (KHTML, like Gecko) Chrome/149.0.7827.200 Safari/537.36"
74.125.150.33 - - [15/Jul/2026:18:15:06 +0000] "GET /wp-content/plugins/woocommerce/assets/js/flexslider/jquery.flexslider.min.js?ver=2.7.2-wc.10.7.0 HTTP/1.1" 200 6017 "https://basicconceptenergy.com/items/V244064301/" "Mozilla/5.0 (X11; Linux x86_64) AppleWebKit/537.36 (KHTML, like Gecko) Chrome/149.0.7827.200 Safari/537.36"
74.125.150.33 - - [15/Jul/2026:18:15:06 +0000] "GET /wp-content/themes/electro/assets/js/owl.carousel.min.js?ver=3.6.9 HTTP/1.1" 200 11206 "https://basicconceptenergy.com/items/V244064301/" "Mozilla/5.0 (X11; Linux x86_64) AppleWebKit/537.36 (KHTML, like Gecko) Chrome/149.0.7827.200 Safari/537.36"
74.125.150.33 - - [15/Jul/2026:18:15:07 +0000] "GET /wp-content/plugins/woocommerce/assets/js/sourcebuster/sourcebuster.min.js?ver=10.7.0 HTTP/1.1" 200 4609 "https://basicconceptenergy.com/items/V244064301/" "Mozilla/5.0 (X11; Linux x86_64) AppleWebKit/537.36 (KHTML, like Gecko) Chrome/149.0.7827.200 Safari/537.36"
74.125.150.33 - - [15/Jul/2026:18:15:07 +0000] "GET /wp-content/plugins/yith-woocommerce-compare/assets/js/jquery.dataTables.min.js?ver=1.10.18 HTTP/1.1" 200 28885 "https://basicconceptenergy.com/items/V244064301/" "Mozilla/5.0 (X11; Linux x86_64) AppleWebKit/537.36 (KHTML, like Gecko) Chrome/149.0.7827.200 Safari/537.36"
74.125.150.33 - - [15/Jul/2026:18:15:08 +0000] "GET /wp-content/plugins/essential-addons-for-elementor-lite/assets/front-end/js/view/general.min.js?ver=6.6.2 HTTP/1.1" 200 3898 "https://basicconceptenergy.com/items/V244064301/" "Mozilla/5.0 (X11; Linux x86_64) AppleWebKit/537.36 (KHTML, like Gecko) Chrome/149.0.7827.200 Safari/537.36"
