209.42.17.20 - - [16/Jul/2026:01:09:57 +0000] "POST /wp-cron.php?doing_wp_cron=1784164197.7072060108184814453125 HTTP/1.1" 200 0 "-" "WordPress/7.0.1; https://basicconceptenergy.com"
74.125.150.32 - - [16/Jul/2026:01:09:56 +0000] "GET /wp-json/yith/wishlist/v1/products/?product_ids%5B0%5D=3936&product_ids%5B1%5D=3935&product_ids%5B2%5D=3937&product_ids%5B3%5D=2693&product_ids%5B4%5D=2704&product_ids%5B5%5D=2695&_locale=user HTTP/1.1" 200 179 "https://basicconceptenergy.com/items/V244064301/" "Mozilla/5.0 (X11; Linux x86_64) AppleWebKit/537.36 (KHTML, like Gecko) Chrome/149.0.7827.200 Safari/537.36"
209.42.17.20 - - [16/Jul/2026:01:11:56 +0000] "POST /wp-cron.php?doing_wp_cron=1784164316.6953740119934082031250 HTTP/1.1" 200 0 "-" "WordPress/7.0.1; https://basicconceptenergy.com"
74.125.150.33 - - [16/Jul/2026:01:11:54 +0000] "GET /items/P72119068/ HTTP/1.1" 404 31488 "-" "Mozilla/5.0 (X11; Linux x86_64) AppleWebKit/537.36 (KHTML, like Gecko) Chrome/149.0.7827.200 Safari/537.36"
74.125.150.33 - - [16/Jul/2026:01:11:57 +0000] "GET /wp-json/yith/wishlist/v1/lists/?_locale=user HTTP/1.1" 401 119 "https://basicconceptenergy.com/items/P72119068/" "Mozilla/5.0 (X11; Linux x86_64) AppleWebKit/537.36 (KHTML, like Gecko) Chrome/149.0.7827.200 Safari/537.36"
74.125.150.32 - - [16/Jul/2026:01:11:59 +0000] "POST /?wc-ajax=yith-woocompare-reload-compare HTTP/1.1" 200 380 "https://basicconceptenergy.com/items/P72119068/" "Mozilla/5.0 (X11; Linux x86_64) AppleWebKit/537.36 (KHTML, like Gecko) Chrome/149.0.7827.200 Safari/537.36"
74.125.150.32 - - [16/Jul/2026:01:12:01 +0000] "POST /?wc-ajax=get_refreshed_fragments HTTP/1.1" 200 367 "https://basicconceptenergy.com/items/P72119068/" "Mozilla/5.0 (X11; Linux x86_64) AppleWebKit/537.36 (KHTML, like Gecko) Chrome/149.0.7827.200 Safari/537.36"
74.125.150.32 - - [16/Jul/2026:01:12:01 +0000] "GET /wp-admin/admin-ajax.php?action=products_live_search&fn=get_ajax_search HTTP/1.1" 200 6 "https://basicconceptenergy.com/items/P72119068/" "Mozilla/5.0 (X11; Linux x86_64) AppleWebKit/537.36 (KHTML, like Gecko) Chrome/149.0.7827.200 Safari/537.36"
66.249.68.32 - - [16/Jul/2026:01:12:17 +0000] "GET /items/L74799836/ HTTP/1.1" 404 31538 "-" "Mozilla/5.0 (Linux; Android 6.0.1; Nexus 5X Build/MMB29P) AppleWebKit/537.36 (KHTML, like Gecko) Chrome/150.0.7871.114 Mobile Safari/537.36 (compatible; Googlebot/2.1; +http://www.google.com/bot.html)"
209.42.17.20 - - [16/Jul/2026:01:14:05 +0000] "POST /wp-cron.php?doing_wp_cron=1784164445.1326711177825927734375 HTTP/1.1" 200 0 "-" "WordPress/7.0.1; https://basicconceptenergy.com"
52.167.144.181 - - [16/Jul/2026:01:14:03 +0000] "GET /items/U196367775/ HTTP/2" 301 0 "-" "Mozilla/5.0 AppleWebKit/537.36 (KHTML, like Gecko; compatible; bingbot/2.0; +http://www.bing.com/bingbot.htm) Chrome/116.0.1938.76 Safari/537.36"
209.42.17.20 - - [16/Jul/2026:01:19:07 +0000] "POST /wp-cron.php?doing_wp_cron=1784164746.9978959560394287109375 HTTP/1.1" 200 0 "-" "WordPress/7.0.1; https://basicconceptenergy.com"
66.249.68.34 - - [16/Jul/2026:01:19:05 +0000] "GET /items/S91686866/ HTTP/1.1" 404 31540 "-" "Mozilla/5.0 (Linux; Android 6.0.1; Nexus 5X Build/MMB29P) AppleWebKit/537.36 (KHTML, like Gecko) Chrome/150.0.7871.114 Mobile Safari/537.36 (compatible; Googlebot/2.1; +http://www.google.com/bot.html)"
209.42.17.20 - - [16/Jul/2026:01:20:04 +0000] "POST /wp-cron.php?doing_wp_cron=1784164804.8366720676422119140625 HTTP/1.1" 200 0 "-" "WordPress/7.0.1; https://basicconceptenergy.com"
66.249.68.34 - - [16/Jul/2026:01:20:01 +0000] "GET /items/K291374826/ HTTP/1.1" 404 31237 "-" "Mozilla/5.0 (compatible; Googlebot/2.1; +http://www.google.com/bot.html)"
66.249.68.32 - - [16/Jul/2026:01:20:03 +0000] "GET /items/K291374826/ HTTP/1.1" 404 31325 "-" "Mozilla/5.0 (Linux; Android 6.0.1; Nexus 5X Build/MMB29P) AppleWebKit/537.36 (KHTML, like Gecko) Chrome/150.0.7871.114 Mobile Safari/537.36 (compatible; Googlebot/2.1; +http://www.google.com/bot.html)"
209.42.17.20 - - [16/Jul/2026:01:21:13 +0000] "POST /wp-cron.php?doing_wp_cron=1784164873.1660060882568359375000 HTTP/1.1" 200 0 "-" "WordPress/7.0.1; https://basicconceptenergy.com"
66.249.68.34 - - [16/Jul/2026:01:21:10 +0000] "GET /items/J36624866/ HTTP/1.1" 404 31448 "-" "Mozilla/5.0 (compatible; Googlebot/2.1; +http://www.google.com/bot.html)"
66.249.68.33 - - [16/Jul/2026:01:21:11 +0000] "GET /items/J36624866/ HTTP/1.1" 404 31540 "-" "Mozilla/5.0 (Linux; Android 6.0.1; Nexus 5X Build/MMB29P) AppleWebKit/537.36 (KHTML, like Gecko) Chrome/150.0.7871.114 Mobile Safari/537.36 (compatible; Googlebot/2.1; +http://www.google.com/bot.html)"
209.42.17.20 - - [16/Jul/2026:01:21:56 +0000] "POST /wp-cron.php?doing_wp_cron=1784164916.9549798965454101562500 HTTP/1.1" 200 0 "-" "WordPress/7.0.1; https://basicconceptenergy.com"
66.249.68.33 - - [16/Jul/2026:01:21:55 +0000] "GET /items/G209094230/ HTTP/1.1" 404 31236 "-" "Mozilla/5.0 (compatible; Googlebot/2.1; +http://www.google.com/bot.html)"
209.42.17.20 - - [16/Jul/2026:01:23:36 +0000] "POST /wp-cron.php?doing_wp_cron=1784165016.8645470142364501953125 HTTP/1.1" 200 0 "-" "WordPress/7.0.1; https://basicconceptenergy.com"
66.249.68.34 - - [16/Jul/2026:01:23:34 +0000] "GET /items/C288050664/ HTTP/1.1" 404 31324 "-" "Mozilla/5.0 (Linux; Android 6.0.1; Nexus 5X Build/MMB29P) AppleWebKit/537.36 (KHTML, like Gecko) Chrome/150.0.7871.114 Mobile Safari/537.36 (compatible; Googlebot/2.1; +http://www.google.com/bot.html)"
209.42.17.20 - - [16/Jul/2026:01:26:26 +0000] "POST /wp-cron.php?doing_wp_cron=1784165186.9212789535522460937500 HTTP/1.1" 200 0 "-" "WordPress/7.0.1; https://basicconceptenergy.com"
66.249.68.33 - - [16/Jul/2026:01:26:25 +0000] "GET /items/Z118726573/ HTTP/1.1" 404 31236 "-" "Mozilla/5.0 (compatible; Googlebot/2.1; +http://www.google.com/bot.html)"
209.42.17.20 - - [16/Jul/2026:01:30:06 +0000] "POST /wp-cron.php?doing_wp_cron=1784165406.1009459495544433593750 HTTP/1.1" 200 0 "-" "WordPress/7.0.1; https://basicconceptenergy.com"
66.249.68.34 - - [16/Jul/2026:01:30:03 +0000] "GET /items/S211832472/ HTTP/1.1" 404 31235 "-" "Mozilla/5.0 (compatible; Googlebot/2.1; +http://www.google.com/bot.html)"
209.42.17.20 - - [16/Jul/2026:01:33:50 +0000] "POST /wp-cron.php?doing_wp_cron=1784165630.4454069137573242187500 HTTP/1.1" 200 0 "-" "WordPress/7.0.1; https://basicconceptenergy.com"
66.249.68.34 - - [16/Jul/2026:01:33:48 +0000] "GET /items/F50687250/ HTTP/1.1" 404 31538 "-" "Mozilla/5.0 (Linux; Android 6.0.1; Nexus 5X Build/MMB29P) AppleWebKit/537.36 (KHTML, like Gecko) Chrome/150.0.7871.114 Mobile Safari/537.36 (compatible; Googlebot/2.1; +http://www.google.com/bot.html)"
216.73.216.224 - - [16/Jul/2026:01:36:32 +0000] "GET /robots.txt HTTP/2" 200 76 "-" "Mozilla/5.0 AppleWebKit/537.36 (KHTML, like Gecko; compatible; ClaudeBot/1.0; +claudebot@anthropic.com)"
209.42.17.20 - - [16/Jul/2026:01:36:33 +0000] "POST /wp-cron.php?doing_wp_cron=1784165793.7665519714355468750000 HTTP/1.1" 200 0 "-" "WordPress/7.0.1; https://basicconceptenergy.com"
216.73.216.224 - - [16/Jul/2026:01:36:32 +0000] "GET /sitemap.xml HTTP/2" 200 397 "-" "Mozilla/5.0 AppleWebKit/537.36 (KHTML, like Gecko; compatible; ClaudeBot/1.0; +claudebot@anthropic.com)"
185.191.171.10 - - [16/Jul/2026:01:42:26 +0000] "GET /robots.txt HTTP/1.1" 200 76 "-" "Mozilla/5.0 (compatible; SemrushBot/7~bl; +http://www.semrush.com/bot.html)"
209.42.17.20 - - [16/Jul/2026:01:42:29 +0000] "POST /wp-cron.php?doing_wp_cron=1784166149.5625760555267333984375 HTTP/1.1" 200 0 "-" "WordPress/7.0.1; https://basicconceptenergy.com"
85.208.96.200 - - [16/Jul/2026:01:42:26 +0000] "GET /category/uncategorized/ HTTP/1.1" 200 31171 "-" "Mozilla/5.0 (compatible; SemrushBot/7~bl; +http://www.semrush.com/bot.html)"
209.42.17.20 - - [16/Jul/2026:01:51:46 +0000] "POST /wp-cron.php?doing_wp_cron=1784166706.1931929588317871093750 HTTP/1.1" 200 0 "-" "WordPress/7.0.1; https://basicconceptenergy.com"
66.249.68.34 - - [16/Jul/2026:01:51:44 +0000] "GET /items/E274328604/ HTTP/1.1" 404 31237 "-" "Mozilla/5.0 (compatible; Googlebot/2.1; +http://www.google.com/bot.html)"
209.42.17.20 - - [16/Jul/2026:01:55:40 +0000] "POST /wp-cron.php?doing_wp_cron=1784166940.5315949916839599609375 HTTP/1.1" 200 0 "-" "WordPress/7.0.1; https://basicconceptenergy.com"
66.249.68.33 - - [16/Jul/2026:01:55:38 +0000] "GET /items/W92960250/ HTTP/1.1" 404 31539 "-" "Mozilla/5.0 (Linux; Android 6.0.1; Nexus 5X Build/MMB29P) AppleWebKit/537.36 (KHTML, like Gecko) Chrome/150.0.7871.114 Mobile Safari/537.36 (compatible; Googlebot/2.1; +http://www.google.com/bot.html)"
209.42.17.20 - - [16/Jul/2026:02:04:56 +0000] "POST /wp-cron.php?doing_wp_cron=1784167496.1212730407714843750000 HTTP/1.1" 200 0 "-" "WordPress/7.0.1; https://basicconceptenergy.com"
85.208.96.196 - - [16/Jul/2026:02:04:54 +0000] "GET /service/ HTTP/1.1" 200 32727 "-" "Mozilla/5.0 (compatible; SemrushBot/7~bl; +http://www.semrush.com/bot.html)"
209.42.17.20 - - [16/Jul/2026:02:07:37 +0000] "POST /wp-cron.php?doing_wp_cron=1784167657.4450049400329589843750 HTTP/1.1" 200 0 "-" "WordPress/7.0.1; https://basicconceptenergy.com"
66.249.68.34 - - [16/Jul/2026:02:07:35 +0000] "GET /items/U327402836/ HTTP/1.1" 404 31323 "-" "Mozilla/5.0 (Linux; Android 6.0.1; Nexus 5X Build/MMB29P) AppleWebKit/537.36 (KHTML, like Gecko) Chrome/150.0.7871.114 Mobile Safari/537.36 (compatible; Googlebot/2.1; +http://www.google.com/bot.html)"
209.42.17.20 - - [16/Jul/2026:02:08:40 +0000] "POST /wp-cron.php?doing_wp_cron=1784167720.1138908863067626953125 HTTP/1.1" 200 0 "-" "WordPress/7.0.1; https://basicconceptenergy.com"
40.77.167.230 - - [16/Jul/2026:02:08:38 +0000] "GET /items/L250076068/ HTTP/2" 301 0 "-" "Mozilla/5.0 AppleWebKit/537.36 (KHTML, like Gecko; compatible; bingbot/2.0; +http://www.bing.com/bingbot.htm) Chrome/116.0.1938.76 Safari/537.36"
209.42.17.20 - - [16/Jul/2026:02:09:42 +0000] "POST /wp-cron.php?doing_wp_cron=1784167782.2424819469451904296875 HTTP/1.1" 200 0 "-" "WordPress/7.0.1; https://basicconceptenergy.com"
66.249.68.32 - - [16/Jul/2026:02:09:40 +0000] "GET /items/M233249553/ HTTP/1.1" 404 31323 "-" "Mozilla/5.0 (Linux; Android 6.0.1; Nexus 5X Build/MMB29P) AppleWebKit/537.36 (KHTML, like Gecko) Chrome/150.0.7871.114 Mobile Safari/537.36 (compatible; Googlebot/2.1; +http://www.google.com/bot.html)"
66.249.68.34 - - [16/Jul/2026:02:13:37 +0000] "GET /items/M308577644/ HTTP/1.1" 404 31324 "-" "Mozilla/5.0 (Linux; Android 6.0.1; Nexus 5X Build/MMB29P) AppleWebKit/537.36 (KHTML, like Gecko) Chrome/150.0.7871.114 Mobile Safari/537.36 (compatible; Googlebot/2.1; +http://www.google.com/bot.html)"
209.42.17.20 - - [16/Jul/2026:02:16:22 +0000] "POST /wp-cron.php?doing_wp_cron=1784168182.4852609634399414062500 HTTP/1.1" 200 0 "-" "WordPress/7.0.1; https://basicconceptenergy.com"
85.208.96.209 - - [16/Jul/2026:02:16:20 +0000] "GET /team/ HTTP/1.1" 200 32694 "-" "Mozilla/5.0 (compatible; SemrushBot/7~bl; +http://www.semrush.com/bot.html)"
209.42.17.20 - - [16/Jul/2026:02:17:13 +0000] "POST /wp-cron.php?doing_wp_cron=1784168233.6299660205841064453125 HTTP/1.1" 200 0 "-" "WordPress/7.0.1; https://basicconceptenergy.com"
66.249.68.34 - - [16/Jul/2026:02:17:11 +0000] "GET /items/E100596866/ HTTP/1.1" 404 31237 "-" "Mozilla/5.0 (compatible; Googlebot/2.1; +http://www.google.com/bot.html)"
209.42.17.20 - - [16/Jul/2026:02:19:01 +0000] "POST /wp-cron.php?doing_wp_cron=1784168341.5493490695953369140625 HTTP/1.1" 200 0 "-" "WordPress/7.0.1; https://basicconceptenergy.com"
66.249.68.32 - - [16/Jul/2026:02:18:58 +0000] "GET /items/N191353987/ HTTP/1.1" 404 31237 "-" "Mozilla/5.0 (compatible; Googlebot/2.1; +http://www.google.com/bot.html)"
66.249.68.32 - - [16/Jul/2026:02:18:58 +0000] "GET /items/N191353987/ HTTP/1.1" 404 31390 "-" "Mozilla/5.0 (Linux; Android 6.0.1; Nexus 5X Build/MMB29P) AppleWebKit/537.36 (KHTML, like Gecko) Chrome/150.0.7871.114 Mobile Safari/537.36 (compatible; Googlebot/2.1; +http://www.google.com/bot.html)"
209.42.17.20 - - [16/Jul/2026:02:21:39 +0000] "POST /wp-cron.php?doing_wp_cron=1784168499.6412599086761474609375 HTTP/1.1" 200 0 "-" "WordPress/7.0.1; https://basicconceptenergy.com"
66.249.68.34 - - [16/Jul/2026:02:21:34 +0000] "GET /items/V27901735/ HTTP/1.1" 404 31448 "-" "Mozilla/5.0 (compatible; Googlebot/2.1; +http://www.google.com/bot.html)"
66.249.68.34 - - [16/Jul/2026:02:21:34 +0000] "GET /items/V27901735/ HTTP/1.1" 404 31540 "-" "Mozilla/5.0 (Linux; Android 6.0.1; Nexus 5X Build/MMB29P) AppleWebKit/537.36 (KHTML, like Gecko) Chrome/150.0.7871.114 Mobile Safari/537.36 (compatible; Googlebot/2.1; +http://www.google.com/bot.html)"
209.42.17.20 - - [16/Jul/2026:02:21:54 +0000] "POST /wp-cron.php?doing_wp_cron=1784168514.9546949863433837890625 HTTP/1.1" 200 0 "-" "WordPress/7.0.1; https://basicconceptenergy.com"
66.249.68.32 - - [16/Jul/2026:02:21:52 +0000] "GET /items/J123979654/ HTTP/1.1" 404 31326 "-" "Mozilla/5.0 (Linux; Android 6.0.1; Nexus 5X Build/MMB29P) AppleWebKit/537.36 (KHTML, like Gecko) Chrome/150.0.7871.114 Mobile Safari/537.36 (compatible; Googlebot/2.1; +http://www.google.com/bot.html)"
146.56.229.214 - - [16/Jul/2026:02:24:14 +0000] "GET / HTTP/1.1" 200 57359 "http://basicconceptenergy.com" "Mozilla/5.0 (iPhone; CPU iPhone OS 13_2_3 like Mac OS X) AppleWebKit/605.1.15 (KHTML, like Gecko) Version/13.0.3 Mobile/15E148 Safari/604.1"
209.42.17.20 - - [16/Jul/2026:02:24:37 +0000] "POST /wp-cron.php?doing_wp_cron=1784168677.0830938816070556640625 HTTP/1.1" 200 0 "-" "WordPress/7.0.1; https://basicconceptenergy.com"
74.125.150.34 - - [16/Jul/2026:02:24:35 +0000] "GET /items/V244064301/ HTTP/1.1" 404 31275 "-" "Mozilla/5.0 (X11; Linux x86_64) AppleWebKit/537.36 (KHTML, like Gecko) Chrome/149.0.7827.200 Safari/537.36"
74.125.150.34 - - [16/Jul/2026:02:24:37 +0000] "GET /wp-content/plugins/woo-smart-quick-view/assets/libs/feather/feather.css?ver=7.0.1 HTTP/1.1" 200 149 "https://basicconceptenergy.com/items/V244064301/" "Mozilla/5.0 (X11; Linux x86_64) AppleWebKit/537.36 (KHTML, like Gecko) Chrome/149.0.7827.200 Safari/537.36"
74.125.150.32 - - [16/Jul/2026:02:24:37 +0000] "GET /wp-content/plugins/woo-smart-quick-view/assets/libs/perfect-scrollbar/css/custom-theme.css?ver=7.0.1 HTTP/1.1" 200 534 "https://basicconceptenergy.com/items/V244064301/" "Mozilla/5.0 (X11; Linux x86_64) AppleWebKit/537.36 (KHTML, like Gecko) Chrome/149.0.7827.200 Safari/537.36"
74.125.150.34 - - [16/Jul/2026:02:24:37 +0000] "GET /wp-content/themes/electro/style.min.css?ver=3.6.9 HTTP/1.1" 200 127191 "https://basicconceptenergy.com/items/V244064301/" "Mozilla/5.0 (X11; Linux x86_64) AppleWebKit/537.36 (KHTML, like Gecko) Chrome/149.0.7827.200 Safari/537.36"
74.125.150.32 - - [16/Jul/2026:02:24:38 +0000] "GET /wp-content/themes/electro/assets/css/font-electro.css?ver=3.6.9 HTTP/1.1" 200 691 "https://basicconceptenergy.com/items/V244064301/" "Mozilla/5.0 (X11; Linux x86_64) AppleWebKit/537.36 (KHTML, like Gecko) Chrome/149.0.7827.200 Safari/537.36"
74.125.150.32 - - [16/Jul/2026:02:24:38 +0000] "GET /wp-content/plugins/elementor/assets/css/widget-social-icons.min.css?ver=4.0.4 HTTP/1.1" 200 1039 "https://basicconceptenergy.com/items/V244064301/" "Mozilla/5.0 (X11; Linux x86_64) AppleWebKit/537.36 (KHTML, like Gecko) Chrome/149.0.7827.200 Safari/537.36"
74.125.150.34 - - [16/Jul/2026:02:24:38 +0000] "GET /wp-content/plugins/elementor/assets/css/widget-heading.min.css?ver=4.0.4 HTTP/1.1" 200 126 "https://basicconceptenergy.com/items/V244064301/" "Mozilla/5.0 (X11; Linux x86_64) AppleWebKit/537.36 (KHTML, like Gecko) Chrome/149.0.7827.200 Safari/537.36"
74.125.150.32 - - [16/Jul/2026:02:24:38 +0000] "GET /wp-includes/js/underscore.min.js?ver=1.13.8 HTTP/1.1" 200 7228 "https://basicconceptenergy.com/items/V244064301/" "Mozilla/5.0 (X11; Linux x86_64) AppleWebKit/537.36 (KHTML, like Gecko) Chrome/149.0.7827.200 Safari/537.36"
74.125.150.32 - - [16/Jul/2026:02:24:38 +0000] "GET /wp-content/plugins/woocommerce/assets/js/jquery-blockui/jquery.blockUI.min.js?ver=2.7.0-wc.10.7.0 HTTP/1.1" 200 3277 "https://basicconceptenergy.com/items/V244064301/" "Mozilla/5.0 (X11; Linux x86_64) AppleWebKit/537.36 (KHTML, like Gecko) Chrome/149.0.7827.200 Safari/537.36"
74.125.150.32 - - [16/Jul/2026:02:24:39 +0000] "GET /wp-content/plugins/woocommerce/assets/client/blocks/wc-blocks.css?ver=wc-10.7.0 HTTP/1.1" 200 2391 "https://basicconceptenergy.com/items/V244064301/" "Mozilla/5.0 (X11; Linux x86_64) AppleWebKit/537.36 (KHTML, like Gecko) Chrome/149.0.7827.200 Safari/537.36"
74.125.150.33 - - [16/Jul/2026:02:24:39 +0000] "GET /wp-includes/js/dist/vendor/lodash.min.js?ver=4.18.1 HTTP/1.1" 200 25200 "https://basicconceptenergy.com/items/V244064301/" "Mozilla/5.0 (X11; Linux x86_64) AppleWebKit/537.36 (KHTML, like Gecko) Chrome/149.0.7827.200 Safari/537.36"
74.125.150.32 - - [16/Jul/2026:02:24:41 +0000] "GET /wp-includes/js/dist/url.min.js?ver=bb0f766c3d2efe497871 HTTP/1.1" 200 3629 "https://basicconceptenergy.com/items/V244064301/" "Mozilla/5.0 (X11; Linux x86_64) AppleWebKit/537.36 (KHTML, like Gecko) Chrome/149.0.7827.200 Safari/537.36"
74.125.150.33 - - [16/Jul/2026:02:24:41 +0000] "GET /wp-includes/js/dist/api-fetch.min.js?ver=d7efe4dc1468d36c39b8 HTTP/1.1" 200 2692 "https://basicconceptenergy.com/items/V244064301/" "Mozilla/5.0 (X11; Linux x86_64) AppleWebKit/537.36 (KHTML, like Gecko) Chrome/149.0.7827.200 Safari/537.36"
74.125.150.33 - - [16/Jul/2026:02:24:41 +0000] "GET /wp-content/plugins/yith-woocommerce-wishlist/assets/js/jquery.yith-wcwl.min.js?ver=4.14.0 HTTP/1.1" 200 6454 "https://basicconceptenergy.com/items/V244064301/" "Mozilla/5.0 (X11; Linux x86_64) AppleWebKit/537.36 (KHTML, like Gecko) Chrome/149.0.7827.200 Safari/537.36"
74.125.150.32 - - [16/Jul/2026:02:24:42 +0000] "GET /wp-content/themes/electro/assets/js/typeahead.bundle.min.js?ver=3.6.9 HTTP/1.1" 200 13586 "https://basicconceptenergy.com/items/V244064301/" "Mozilla/5.0 (X11; Linux x86_64) AppleWebKit/537.36 (KHTML, like Gecko) Chrome/149.0.7827.200 Safari/537.36"
74.125.150.33 - - [16/Jul/2026:02:24:42 +0000] "GET /wp-content/themes/electro/assets/js/handlebars.min.js?ver=3.6.9 HTTP/1.1" 200 14315 "https://basicconceptenergy.com/items/V244064301/" "Mozilla/5.0 (X11; Linux x86_64) AppleWebKit/537.36 (KHTML, like Gecko) Chrome/149.0.7827.200 Safari/537.36"
74.125.150.32 - - [16/Jul/2026:02:24:42 +0000] "GET /wp-content/themes/electro/assets/js/owl.carousel.min.js?ver=3.6.9 HTTP/1.1" 200 11206 "https://basicconceptenergy.com/items/V244064301/" "Mozilla/5.0 (X11; Linux x86_64) AppleWebKit/537.36 (KHTML, like Gecko) Chrome/149.0.7827.200 Safari/537.36"
74.125.150.32 - - [16/Jul/2026:02:24:43 +0000] "GET /wp-content/plugins/elementor/assets/js/frontend-modules.min.js?ver=4.0.4 HTTP/1.1" 200 15445 "https://basicconceptenergy.com/items/V244064301/" "Mozilla/5.0 (X11; Linux x86_64) AppleWebKit/537.36 (KHTML, like Gecko) Chrome/149.0.7827.200 Safari/537.36"
74.125.150.32 - - [16/Jul/2026:02:24:43 +0000] "GET /wp-content/plugins/woocommerce/assets/js/sourcebuster/sourcebuster.min.js?ver=10.7.0 HTTP/1.1" 200 4609 "https://basicconceptenergy.com/items/V244064301/" "Mozilla/5.0 (X11; Linux x86_64) AppleWebKit/537.36 (KHTML, like Gecko) Chrome/149.0.7827.200 Safari/537.36"
74.125.150.32 - - [16/Jul/2026:02:24:44 +0000] "GET /wp-content/plugins/yith-woocommerce-compare/assets/js/jquery.dataTables.min.js?ver=1.10.18 HTTP/1.1" 200 28885 "https://basicconceptenergy.com/items/V244064301/" "Mozilla/5.0 (X11; Linux x86_64) AppleWebKit/537.36 (KHTML, like Gecko) Chrome/149.0.7827.200 Safari/537.36"
74.125.150.32 - - [16/Jul/2026:02:24:44 +0000] "GET /wp-content/plugins/yith-woocommerce-compare/assets/js/woocompare.min.js?ver=3.9.0 HTTP/1.1" 200 3571 "https://basicconceptenergy.com/items/V244064301/" "Mozilla/5.0 (X11; Linux x86_64) AppleWebKit/537.36 (KHTML, like Gecko) Chrome/149.0.7827.200 Safari/537.36"
74.125.150.32 - - [16/Jul/2026:02:24:50 +0000] "GET /wp-json/yith/wishlist/v1/lists/?_locale=user HTTP/1.1" 401 119 "https://basicconceptenergy.com/items/V244064301/" "Mozilla/5.0 (X11; Linux x86_64) AppleWebKit/537.36 (KHTML, like Gecko) Chrome/149.0.7827.200 Safari/537.36"
74.125.150.32 - - [16/Jul/2026:02:24:50 +0000] "POST /?wc-ajax=yith-woocompare-reload-compare HTTP/1.1" 200 380 "https://basicconceptenergy.com/items/V244064301/" "Mozilla/5.0 (X11; Linux x86_64) AppleWebKit/537.36 (KHTML, like Gecko) Chrome/149.0.7827.200 Safari/537.36"
74.125.150.32 - - [16/Jul/2026:02:25:04 +0000] "GET /wp-content/plugins/jetpack/jetpack_vendor/automattic/woocommerce-analytics/build/193.js?minify=false&ver=d0600ea7dd576bb65bec HTTP/1.1" 200 2865 "https://basicconceptenergy.com/items/V244064301/" "Mozilla/5.0 (X11; Linux x86_64) AppleWebKit/537.36 (KHTML, like Gecko) Chrome/149.0.7827.200 Safari/537.36"
209.42.17.20 - - [16/Jul/2026:02:25:04 +0000] "POST /wp-cron.php?doing_wp_cron=1784168704.5734319686889648437500 HTTP/1.1" 200 0 "-" "WordPress/7.0.1; https://basicconceptenergy.com"
74.125.150.32 - - [16/Jul/2026:02:25:00 +0000] "GET /wp-admin/admin-ajax.php?action=products_live_search&fn=get_ajax_search HTTP/1.1" 200 6 "https://basicconceptenergy.com/items/V244064301/" "Mozilla/5.0 (X11; Linux x86_64) AppleWebKit/537.36 (KHTML, like Gecko) Chrome/149.0.7827.200 Safari/537.36"
74.125.150.33 - - [16/Jul/2026:02:25:00 +0000] "POST /?wc-ajax=get_refreshed_fragments HTTP/1.1" 200 367 "https://basicconceptenergy.com/items/V244064301/" "Mozilla/5.0 (X11; Linux x86_64) AppleWebKit/537.36 (KHTML, like Gecko) Chrome/149.0.7827.200 Safari/537.36"
209.42.17.20 - - [16/Jul/2026:02:26:07 +0000] "POST /wp-cron.php?doing_wp_cron=1784168767.8821001052856445312500 HTTP/1.1" 200 0 "-" "WordPress/7.0.1; https://basicconceptenergy.com"
74.125.150.32 - - [16/Jul/2026:02:26:05 +0000] "GET /items/P72119068/ HTTP/1.1" 404 31488 "-" "Mozilla/5.0 (X11; Linux x86_64) AppleWebKit/537.36 (KHTML, like Gecko) Chrome/149.0.7827.200 Safari/537.36"
74.125.150.34 - - [16/Jul/2026:02:26:08 +0000] "GET /wp-includes/js/jquery/jquery-migrate.min.js?ver=3.4.1 HTTP/1.1" 200 4678 "https://basicconceptenergy.com/items/P72119068/" "Mozilla/5.0 (X11; Linux x86_64) AppleWebKit/537.36 (KHTML, like Gecko) Chrome/149.0.7827.200 Safari/537.36"
74.125.150.34 - - [16/Jul/2026:02:26:08 +0000] "GET /wp-includes/js/dist/date.min.js?ver=c9f8e7dd3232716f34e9 HTTP/1.1" 200 22977 "https://basicconceptenergy.com/items/P72119068/" "Mozilla/5.0 (X11; Linux x86_64) AppleWebKit/537.36 (KHTML, like Gecko) Chrome/149.0.7827.200 Safari/537.36"
74.125.150.33 - - [16/Jul/2026:02:26:08 +0000] "GET /wp-content/plugins/woocommerce/assets/css/photoswipe/photoswipe.min.css?ver=10.7.0 HTTP/1.1" 200 846 "https://basicconceptenergy.com/items/P72119068/" "Mozilla/5.0 (X11; Linux x86_64) AppleWebKit/537.36 (KHTML, like Gecko) Chrome/149.0.7827.200 Safari/537.36"
74.125.150.32 - - [16/Jul/2026:02:26:09 +0000] "GET /wp-content/plugins/yith-woocommerce-compare/plugin-fw/dist/lapilli-ui/date/index.js?ver=a688abdf8f9c4a18e904 HTTP/1.1" 200 7175 "https://basicconceptenergy.com/items/P72119068/" "Mozilla/5.0 (X11; Linux x86_64) AppleWebKit/537.36 (KHTML, like Gecko) Chrome/149.0.7827.200 Safari/537.36"
74.125.150.32 - - [16/Jul/2026:02:26:09 +0000] "GET /wp-content/plugins/yith-woocommerce-wishlist/assets/js/dist/components/add-to-wishlist/index.js?ver=74f63692d5dd73780ee4 HTTP/1.1" 200 93106 "https://basicconceptenergy.com/items/P72119068/" "Mozilla/5.0 (X11; Linux x86_64) AppleWebKit/537.36 (KHTML, like Gecko) Chrome/149.0.7827.200 Safari/537.36"
74.125.150.33 - - [16/Jul/2026:02:26:09 +0000] "GET /wp-content/themes/electro/assets/js/owl.carousel.min.js?ver=3.6.9 HTTP/1.1" 200 11206 "https://basicconceptenergy.com/items/P72119068/" "Mozilla/5.0 (X11; Linux x86_64) AppleWebKit/537.36 (KHTML, like Gecko) Chrome/149.0.7827.200 Safari/537.36"
74.125.150.32 - - [16/Jul/2026:02:26:10 +0000] "GET /wp-content/plugins/elementor/assets/js/frontend-modules.min.js?ver=4.0.4 HTTP/1.1" 200 15445 "https://basicconceptenergy.com/items/P72119068/" "Mozilla/5.0 (X11; Linux x86_64) AppleWebKit/537.36 (KHTML, like Gecko) Chrome/149.0.7827.200 Safari/537.36"
74.125.150.32 - - [16/Jul/2026:02:26:10 +0000] "GET /wp-includes/js/jquery/ui/core.min.js?ver=1.13.3 HTTP/1.1" 200 6812 "https://basicconceptenergy.com/items/P72119068/" "Mozilla/5.0 (X11; Linux x86_64) AppleWebKit/537.36 (KHTML, like Gecko) Chrome/149.0.7827.200 Safari/537.36"
74.125.150.32 - - [16/Jul/2026:02:26:12 +0000] "GET /wp-json/yith/wishlist/v1/lists/?_locale=user HTTP/1.1" 401 119 "https://basicconceptenergy.com/items/P72119068/" "Mozilla/5.0 (X11; Linux x86_64) AppleWebKit/537.36 (KHTML, like Gecko) Chrome/149.0.7827.200 Safari/537.36"
74.125.150.32 - - [16/Jul/2026:02:26:13 +0000] "POST /?wc-ajax=yith-woocompare-reload-compare HTTP/1.1" 200 380 "https://basicconceptenergy.com/items/P72119068/" "Mozilla/5.0 (X11; Linux x86_64) AppleWebKit/537.36 (KHTML, like Gecko) Chrome/149.0.7827.200 Safari/537.36"
74.125.150.32 - - [16/Jul/2026:02:26:16 +0000] "POST /?wc-ajax=get_refreshed_fragments HTTP/1.1" 200 367 "https://basicconceptenergy.com/items/P72119068/" "Mozilla/5.0 (X11; Linux x86_64) AppleWebKit/537.36 (KHTML, like Gecko) Chrome/149.0.7827.200 Safari/537.36"
74.125.150.32 - - [16/Jul/2026:02:26:17 +0000] "GET /wp-admin/admin-ajax.php?action=products_live_search&fn=get_ajax_search HTTP/1.1" 200 6 "https://basicconceptenergy.com/items/P72119068/" "Mozilla/5.0 (X11; Linux x86_64) AppleWebKit/537.36 (KHTML, like Gecko) Chrome/149.0.7827.200 Safari/537.36"
209.42.17.20 - - [16/Jul/2026:02:28:03 +0000] "POST /wp-cron.php?doing_wp_cron=1784168883.0458149909973144531250 HTTP/1.1" 200 0 "-" "WordPress/7.0.1; https://basicconceptenergy.com"
66.249.68.34 - - [16/Jul/2026:02:27:57 +0000] "GET /items/W268843109/ HTTP/1.1" 404 31237 "-" "Mozilla/5.0 (compatible; Googlebot/2.1; +http://www.google.com/bot.html)"
66.249.68.33 - - [16/Jul/2026:02:27:57 +0000] "GET /items/W268843109/ HTTP/1.1" 404 31325 "-" "Mozilla/5.0 (Linux; Android 6.0.1; Nexus 5X Build/MMB29P) AppleWebKit/537.36 (KHTML, like Gecko) Chrome/150.0.7871.114 Mobile Safari/537.36 (compatible; Googlebot/2.1; +http://www.google.com/bot.html)"
209.42.17.20 - - [16/Jul/2026:02:35:58 +0000] "POST /wp-cron.php?doing_wp_cron=1784169358.7247099876403808593750 HTTP/1.1" 200 0 "-" "WordPress/7.0.1; https://basicconceptenergy.com"
209.42.17.20 - - [16/Jul/2026:02:42:33 +0000] "POST /wp-cron.php?doing_wp_cron=1784169753.6645729541778564453125 HTTP/1.1" 200 0 "-" "WordPress/7.0.1; https://basicconceptenergy.com"
66.249.68.34 - - [16/Jul/2026:02:42:31 +0000] "GET /items/Z94893018// HTTP/1.1" 301 0 "-" "Mozilla/5.0 (compatible; Googlebot/2.1; +http://www.google.com/bot.html)"
66.249.68.34 - - [16/Jul/2026:02:42:33 +0000] "GET /items/Z94893018/ HTTP/1.1" 404 31448 "-" "Mozilla/5.0 (compatible; Googlebot/2.1; +http://www.google.com/bot.html)"
209.42.17.20 - - [16/Jul/2026:02:45:12 +0000] "POST /wp-cron.php?doing_wp_cron=1784169912.7293090820312500000000 HTTP/1.1" 200 0 "-" "WordPress/7.0.1; https://basicconceptenergy.com"
66.249.68.33 - - [16/Jul/2026:02:45:09 +0000] "GET /items/C254771038/ HTTP/1.1" 404 31324 "-" "Mozilla/5.0 (Linux; Android 6.0.1; Nexus 5X Build/MMB29P) AppleWebKit/537.36 (KHTML, like Gecko) Chrome/150.0.7871.114 Mobile Safari/537.36 (compatible; Googlebot/2.1; +http://www.google.com/bot.html)"
209.42.17.20 - - [16/Jul/2026:02:46:45 +0000] "POST /wp-cron.php?doing_wp_cron=1784170005.6158430576324462890625 HTTP/1.1" 200 0 "-" "WordPress/7.0.1; https://basicconceptenergy.com"
66.249.68.32 - - [16/Jul/2026:02:46:42 +0000] "GET /items/U312769846/ HTTP/1.1" 404 31296 "-" "Mozilla/5.0 (compatible; Googlebot/2.1; +http://www.google.com/bot.html)"
209.42.17.20 - - [16/Jul/2026:02:49:22 +0000] "POST /wp-cron.php?doing_wp_cron=1784170162.8386180400848388671875 HTTP/1.1" 200 0 "-" "WordPress/7.0.1; https://basicconceptenergy.com"
66.249.68.33 - - [16/Jul/2026:02:49:20 +0000] "GET /items/S188039068/ HTTP/1.1" 404 31235 "-" "Mozilla/5.0 (compatible; Googlebot/2.1; +http://www.google.com/bot.html)"
209.42.17.20 - - [16/Jul/2026:02:55:03 +0000] "POST /wp-cron.php?doing_wp_cron=1784170503.0554580688476562500000 HTTP/1.1" 200 0 "-" "WordPress/7.0.1; https://basicconceptenergy.com"
66.249.68.33 - - [16/Jul/2026:02:54:58 +0000] "GET /items/P138454705/ HTTP/1.1" 404 31324 "-" "Mozilla/5.0 (Linux; Android 6.0.1; Nexus 5X Build/MMB29P) AppleWebKit/537.36 (KHTML, like Gecko) Chrome/150.0.7871.114 Mobile Safari/537.36 (compatible; Googlebot/2.1; +http://www.google.com/bot.html)"
209.42.17.20 - - [16/Jul/2026:02:59:46 +0000] "POST /wp-cron.php?doing_wp_cron=1784170786.2171869277954101562500 HTTP/1.1" 200 0 "-" "WordPress/7.0.1; https://basicconceptenergy.com"
66.249.68.34 - - [16/Jul/2026:02:59:43 +0000] "GET /items/R165120785/ HTTP/1.1" 404 31322 "-" "Mozilla/5.0 (Linux; Android 6.0.1; Nexus 5X Build/MMB29P) AppleWebKit/537.36 (KHTML, like Gecko) Chrome/150.0.7871.114 Mobile Safari/537.36 (compatible; Googlebot/2.1; +http://www.google.com/bot.html)"
209.42.17.20 - - [16/Jul/2026:03:03:36 +0000] "POST /wp-cron.php?doing_wp_cron=1784171016.1127419471740722656250 HTTP/1.1" 200 0 "-" "WordPress/7.0.1; https://basicconceptenergy.com"
66.249.68.32 - - [16/Jul/2026:03:03:33 +0000] "GET /items/I38001200/ HTTP/1.1" 404 31538 "-" "Mozilla/5.0 (Linux; Android 6.0.1; Nexus 5X Build/MMB29P) AppleWebKit/537.36 (KHTML, like Gecko) Chrome/150.0.7871.114 Mobile Safari/537.36 (compatible; Googlebot/2.1; +http://www.google.com/bot.html)"
209.42.17.20 - - [16/Jul/2026:03:11:38 +0000] "POST /wp-cron.php?doing_wp_cron=1784171498.1090590953826904296875 HTTP/1.1" 200 0 "-" "WordPress/7.0.1; https://basicconceptenergy.com"
74.125.150.34 - - [16/Jul/2026:03:11:36 +0000] "GET /items/V244064301/ HTTP/1.1" 404 31275 "-" "Mozilla/5.0 (X11; Linux x86_64) AppleWebKit/537.36 (KHTML, like Gecko) Chrome/149.0.7827.200 Safari/537.36"
74.125.150.33 - - [16/Jul/2026:03:11:38 +0000] "GET /wp-json/yith/wishlist/v1/lists/?_locale=user HTTP/1.1" 401 119 "https://basicconceptenergy.com/items/V244064301/" "Mozilla/5.0 (X11; Linux x86_64) AppleWebKit/537.36 (KHTML, like Gecko) Chrome/149.0.7827.200 Safari/537.36"
74.125.150.33 - - [16/Jul/2026:03:11:40 +0000] "POST /?wc-ajax=yith-woocompare-reload-compare HTTP/1.1" 200 380 "https://basicconceptenergy.com/items/V244064301/" "Mozilla/5.0 (X11; Linux x86_64) AppleWebKit/537.36 (KHTML, like Gecko) Chrome/149.0.7827.200 Safari/537.36"
74.125.150.33 - - [16/Jul/2026:03:11:42 +0000] "POST /?wc-ajax=get_refreshed_fragments HTTP/1.1" 200 367 "https://basicconceptenergy.com/items/V244064301/" "Mozilla/5.0 (X11; Linux x86_64) AppleWebKit/537.36 (KHTML, like Gecko) Chrome/149.0.7827.200 Safari/537.36"
74.125.150.33 - - [16/Jul/2026:03:11:42 +0000] "GET /wp-admin/admin-ajax.php?action=products_live_search&fn=get_ajax_search HTTP/1.1" 200 6 "https://basicconceptenergy.com/items/V244064301/" "Mozilla/5.0 (X11; Linux x86_64) AppleWebKit/537.36 (KHTML, like Gecko) Chrome/149.0.7827.200 Safari/537.36"
74.125.150.34 - - [16/Jul/2026:03:12:17 +0000] "GET /items/P72119068/ HTTP/1.1" 404 31488 "-" "Mozilla/5.0 (X11; Linux x86_64) AppleWebKit/537.36 (KHTML, like Gecko) Chrome/149.0.7827.200 Safari/537.36"
74.125.150.34 - - [16/Jul/2026:03:12:19 +0000] "GET /wp-content/plugins/woo-smart-quick-view/assets/libs/perfect-scrollbar/css/perfect-scrollbar.min.css?ver=7.0.1 HTTP/1.1" 200 507 "https://basicconceptenergy.com/items/P72119068/" "Mozilla/5.0 (X11; Linux x86_64) AppleWebKit/537.36 (KHTML, like Gecko) Chrome/149.0.7827.200 Safari/537.36"
74.125.150.34 - - [16/Jul/2026:03:12:19 +0000] "GET /wp-includes/js/mediaelement/wp-mediaelement.min.css?ver=7.0.1 HTTP/1.1" 200 982 "https://basicconceptenergy.com/items/P72119068/" "Mozilla/5.0 (X11; Linux x86_64) AppleWebKit/537.36 (KHTML, like Gecko) Chrome/149.0.7827.200 Safari/537.36"
74.125.150.33 - - [16/Jul/2026:03:12:20 +0000] "GET /wp-content/plugins/revslider/public/css/sr7.css?ver=6.7.52 HTTP/1.1" 200 1409 "https://basicconceptenergy.com/items/P72119068/" "Mozilla/5.0 (X11; Linux x86_64) AppleWebKit/537.36 (KHTML, like Gecko) Chrome/149.0.7827.200 Safari/537.36"
74.125.150.32 - - [16/Jul/2026:03:12:20 +0000] "GET /wp-includes/js/jquery/jquery.min.js?ver=3.7.1 HTTP/1.1" 200 29744 "https://basicconceptenergy.com/items/P72119068/" "Mozilla/5.0 (X11; Linux x86_64) AppleWebKit/537.36 (KHTML, like Gecko) Chrome/149.0.7827.200 Safari/537.36"
74.125.150.33 - - [16/Jul/2026:03:12:21 +0000] "GET /wp-includes/css/dist/block-library/style.min.css?ver=7.0.1 HTTP/1.1" 200 16250 "https://basicconceptenergy.com/items/P72119068/" "Mozilla/5.0 (X11; Linux x86_64) AppleWebKit/537.36 (KHTML, like Gecko) Chrome/149.0.7827.200 Safari/537.36"
74.125.150.33 - - [16/Jul/2026:03:12:22 +0000] "GET /wp-includes/css/dashicons.min.css?ver=7.0.1 HTTP/1.1" 200 35101 "https://basicconceptenergy.com/items/P72119068/" "Mozilla/5.0 (X11; Linux x86_64) AppleWebKit/537.36 (KHTML, like Gecko) Chrome/149.0.7827.200 Safari/537.36"
74.125.150.33 - - [16/Jul/2026:03:12:22 +0000] "GET /wp-content/plugins/elementor/assets/css/conditionals/apple-webkit.min.css?ver=4.0.4 HTTP/1.1" 200 464 "https://basicconceptenergy.com/items/P72119068/" "Mozilla/5.0 (X11; Linux x86_64) AppleWebKit/537.36 (KHTML, like Gecko) Chrome/149.0.7827.200 Safari/537.36"
74.125.150.33 - - [16/Jul/2026:03:12:22 +0000] "GET /wp-content/plugins/ti-woocommerce-wishlist/assets/css/public.min.css?ver=2.11.1 HTTP/1.1" 200 5294 "https://basicconceptenergy.com/items/P72119068/" "Mozilla/5.0 (X11; Linux x86_64) AppleWebKit/537.36 (KHTML, like Gecko) Chrome/149.0.7827.200 Safari/537.36"
74.125.150.32 - - [16/Jul/2026:03:12:22 +0000] "GET /wp-content/uploads/elementor/css/post-3884.css?ver=1780904847 HTTP/1.1" 200 1640 "https://basicconceptenergy.com/items/P72119068/" "Mozilla/5.0 (X11; Linux x86_64) AppleWebKit/537.36 (KHTML, like Gecko) Chrome/149.0.7827.200 Safari/537.36"
74.125.150.32 - - [16/Jul/2026:03:12:22 +0000] "GET /wp-content/plugins/contact-form-7/includes/css/styles.css?ver=6.1.5 HTTP/1.1" 200 899 "https://basicconceptenergy.com/items/P72119068/" "Mozilla/5.0 (X11; Linux x86_64) AppleWebKit/537.36 (KHTML, like Gecko) Chrome/149.0.7827.200 Safari/537.36"
74.125.150.33 - - [16/Jul/2026:03:12:23 +0000] "GET /wp-content/plugins/woocommerce/assets/css/photoswipe/default-skin/default-skin.min.css?ver=10.7.0 HTTP/1.1" 200 1759 "https://basicconceptenergy.com/items/P72119068/" "Mozilla/5.0 (X11; Linux x86_64) AppleWebKit/537.36 (KHTML, like Gecko) Chrome/149.0.7827.200 Safari/537.36"
74.125.150.32 - - [16/Jul/2026:03:12:23 +0000] "GET /wp-includes/js/dist/vendor/moment.min.js?ver=2.30.1 HTTP/1.1" 200 18383 "https://basicconceptenergy.com/items/P72119068/" "Mozilla/5.0 (X11; Linux x86_64) AppleWebKit/537.36 (KHTML, like Gecko) Chrome/149.0.7827.200 Safari/537.36"
74.125.150.33 - - [16/Jul/2026:03:12:24 +0000] "GET /wp-includes/js/dist/deprecated.min.js?ver=990e85f234fee8f7d446 HTTP/1.1" 200 698 "https://basicconceptenergy.com/items/P72119068/" "Mozilla/5.0 (X11; Linux x86_64) AppleWebKit/537.36 (KHTML, like Gecko) Chrome/149.0.7827.200 Safari/537.36"
74.125.150.33 - - [16/Jul/2026:03:12:24 +0000] "GET /wp-includes/js/dist/vendor/react.min.js?ver=18.3.1.1 HTTP/1.1" 200 4117 "https://basicconceptenergy.com/items/P72119068/" "Mozilla/5.0 (X11; Linux x86_64) AppleWebKit/537.36 (KHTML, like Gecko) Chrome/149.0.7827.200 Safari/537.36"
74.125.150.33 - - [16/Jul/2026:03:12:24 +0000] "GET /wp-content/plugins/woocommerce/assets/js/frontend/order-attribution.min.js?ver=10.7.0 HTTP/1.1" 200 1020 "https://basicconceptenergy.com/items/P72119068/" "Mozilla/5.0 (X11; Linux x86_64) AppleWebKit/537.36 (KHTML, like Gecko) Chrome/149.0.7827.200 Safari/537.36"
74.125.150.32 - - [16/Jul/2026:03:12:25 +0000] "GET /wp-content/plugins/yith-woocommerce-compare/assets/js/FixedColumns.min.js?ver=3.2.6 HTTP/1.1" 200 6078 "https://basicconceptenergy.com/items/P72119068/" "Mozilla/5.0 (X11; Linux x86_64) AppleWebKit/537.36 (KHTML, like Gecko) Chrome/149.0.7827.200 Safari/537.36"
74.125.150.33 - - [16/Jul/2026:03:12:25 +0000] "GET /wp-content/plugins/revslider/public/js/sr7.js?ver=6.7.52 HTTP/1.1" 200 93099 "https://basicconceptenergy.com/items/P72119068/" "Mozilla/5.0 (X11; Linux x86_64) AppleWebKit/537.36 (KHTML, like Gecko) Chrome/149.0.7827.200 Safari/537.36"
74.125.150.32 - - [16/Jul/2026:03:12:25 +0000] "GET /wp-content/plugins/essential-addons-for-elementor-lite/assets/front-end/js/view/general.min.js?ver=6.6.2 HTTP/1.1" 200 3898 "https://basicconceptenergy.com/items/P72119068/" "Mozilla/5.0 (X11; Linux x86_64) AppleWebKit/537.36 (KHTML, like Gecko) Chrome/149.0.7827.200 Safari/537.36"
74.125.150.32 - - [16/Jul/2026:03:12:25 +0000] "GET /wp-content/plugins/elementor-pro/assets/js/elements-handlers.min.js?ver=4.0.4 HTTP/1.1" 200 10075 "https://basicconceptenergy.com/items/P72119068/" "Mozilla/5.0 (X11; Linux x86_64) AppleWebKit/537.36 (KHTML, like Gecko) Chrome/149.0.7827.200 Safari/537.36"
74.125.150.32 - - [16/Jul/2026:03:12:26 +0000] "GET /wp-content/plugins/revslider/public/js/libs/tptools.js?ver=6.7.52 HTTP/1.1" 200 72873 "https://basicconceptenergy.com/items/P72119068/" "Mozilla/5.0 (X11; Linux x86_64) AppleWebKit/537.36 (KHTML, like Gecko) Chrome/149.0.7827.200 Safari/537.36"
74.125.150.32 - - [16/Jul/2026:03:12:26 +0000] "GET /wp-content/themes/electro/assets/vendor/fontawesome/webfonts/fa-solid-900.woff2 HTTP/1.1" 200 156496 "https://basicconceptenergy.com/wp-content/themes/electro/assets/vendor/fontawesome/css/all.min.css?ver=3.6.9" "Mozilla/5.0 (X11; Linux x86_64) AppleWebKit/537.36 (KHTML, like Gecko) Chrome/149.0.7827.200 Safari/537.36"
209.42.17.20 - - [16/Jul/2026:03:12:33 +0000] "POST /wp-cron.php?doing_wp_cron=1784171553.2311739921569824218750 HTTP/1.1" 200 0 "-" "WordPress/7.0.1; https://basicconceptenergy.com"
74.125.150.32 - - [16/Jul/2026:03:12:31 +0000] "GET /wp-json/yith/wishlist/v1/lists/?_locale=user HTTP/1.1" 401 119 "https://basicconceptenergy.com/items/P72119068/" "Mozilla/5.0 (X11; Linux x86_64) AppleWebKit/537.36 (KHTML, like Gecko) Chrome/149.0.7827.200 Safari/537.36"
74.125.150.32 - - [16/Jul/2026:03:12:31 +0000] "POST /?wc-ajax=yith-woocompare-reload-compare HTTP/1.1" 200 380 "https://basicconceptenergy.com/items/P72119068/" "Mozilla/5.0 (X11; Linux x86_64) AppleWebKit/537.36 (KHTML, like Gecko) Chrome/149.0.7827.200 Safari/537.36"
74.125.150.32 - - [16/Jul/2026:03:12:34 +0000] "POST /?wc-ajax=get_refreshed_fragments HTTP/1.1" 200 367 "https://basicconceptenergy.com/items/P72119068/" "Mozilla/5.0 (X11; Linux x86_64) AppleWebKit/537.36 (KHTML, like Gecko) Chrome/149.0.7827.200 Safari/537.36"
74.125.150.32 - - [16/Jul/2026:03:12:34 +0000] "GET /wp-admin/admin-ajax.php?action=products_live_search&fn=get_ajax_search HTTP/1.1" 200 6 "https://basicconceptenergy.com/items/P72119068/" "Mozilla/5.0 (X11; Linux x86_64) AppleWebKit/537.36 (KHTML, like Gecko) Chrome/149.0.7827.200 Safari/537.36"
74.125.150.32 - - [16/Jul/2026:03:12:37 +0000] "GET /wp-content/plugins/elementor/assets/js/shared-frontend-handlers.03caa53373b56d3bab67.bundle.min.js HTTP/1.1" 200 2511 "https://basicconceptenergy.com/items/P72119068/" "Mozilla/5.0 (X11; Linux x86_64) AppleWebKit/537.36 (KHTML, like Gecko) Chrome/149.0.7827.200 Safari/537.36"
74.125.150.32 - - [16/Jul/2026:03:12:37 +0000] "GET /wp-content/plugins/elementor-pro/assets/js/woocommerce-menu-cart.33fbf47b819947e7a2a7.bundle.min.js HTTP/1.1" 200 1433 "https://basicconceptenergy.com/items/P72119068/" "Mozilla/5.0 (X11; Linux x86_64) AppleWebKit/537.36 (KHTML, like Gecko) Chrome/149.0.7827.200 Safari/537.36"
66.249.68.32 - - [16/Jul/2026:03:12:52 +0000] "GET /items/N151867846/ HTTP/1.1" 404 31237 "-" "Mozilla/5.0 (compatible; Googlebot/2.1; +http://www.google.com/bot.html)"
101.36.106.3 - - [16/Jul/2026:03:14:54 +0000] "GET / HTTP/1.1" 200 57364 "http://basicconceptenergy.com/" "Mozilla/5.0 (Linux; Android 13; CPH2089; Build/TD4A.250302.20) AppleWebKit/537.36 (KHTML, like Gecko) Chrome/119.0.6045.64 Mobile Safari/537.36"
209.42.17.20 - - [16/Jul/2026:03:15:00 +0000] "POST /wp-cron.php?doing_wp_cron=1784171700.8177320957183837890625 HTTP/1.1" 200 0 "-" "WordPress/7.0.1; https://basicconceptenergy.com"
101.36.106.3 - - [16/Jul/2026:03:14:58 +0000] "GET / HTTP/1.1" 200 57362 "https://basicconceptenergy.com/" "Mozilla/5.0 (Linux; Android 11; Mi 11X; Build/RD1B.241106.182) AppleWebKit/537.36 (KHTML, like Gecko) Chrome/115.0.1901.72 Mobile Safari/537.36 EdgA/115.0.1901.72"
43.166.134.114 - - [16/Jul/2026:03:30:04 +0000] "GET / HTTP/1.1" 200 57360 "http://basicconceptenergy.com" "Mozilla/5.0 (iPhone; CPU iPhone OS 13_2_3 like Mac OS X) AppleWebKit/605.1.15 (KHTML, like Gecko) Version/13.0.3 Mobile/15E148 Safari/604.1"
209.42.17.20 - - [16/Jul/2026:03:31:27 +0000] "POST /wp-cron.php?doing_wp_cron=1784172687.6386539936065673828125 HTTP/1.1" 200 0 "-" "WordPress/7.0.1; https://basicconceptenergy.com"
20.63.63.128 - - [16/Jul/2026:03:31:18 +0000] "GET /wp-login.php?action=register HTTP/1.1" 302 0 "-" "-"
20.63.63.128 - - [16/Jul/2026:03:31:27 +0000] "GET /wp-login.php?registration=disabled HTTP/1.1" 200 10973 "-" "-"
66.249.68.33 - - [16/Jul/2026:03:31:48 +0000] "GET /items/I65058563/ HTTP/1.1" 404 31540 "-" "Mozilla/5.0 (Linux; Android 6.0.1; Nexus 5X Build/MMB29P) AppleWebKit/537.36 (KHTML, like Gecko) Chrome/150.0.7871.114 Mobile Safari/537.36 (compatible; Googlebot/2.1; +http://www.google.com/bot.html)"
66.249.68.32 - - [16/Jul/2026:03:32:01 +0000] "GET /items/I65058563/ HTTP/1.1" 404 31448 "-" "Mozilla/5.0 (compatible; Googlebot/2.1; +http://www.google.com/bot.html)"
20.63.63.128 - - [16/Jul/2026:03:34:45 +0000] "GET /wp-admin/index.php HTTP/1.1" 200 0 "-" "-"
216.73.216.224 - - [16/Jul/2026:03:35:09 +0000] "GET /robots.txt HTTP/2" 200 76 "-" "Mozilla/5.0 AppleWebKit/537.36 (KHTML, like Gecko; compatible; ClaudeBot/1.0; +claudebot@anthropic.com)"
216.73.216.224 - - [16/Jul/2026:03:35:09 +0000] "GET /sitemap.xml HTTP/2" 200 0 "-" "Mozilla/5.0 AppleWebKit/537.36 (KHTML, like Gecko; compatible; ClaudeBot/1.0; +claudebot@anthropic.com)"
20.63.63.128 - - [16/Jul/2026:03:35:42 +0000] "GET /feed/ HTTP/1.1" 200 9302 "-" "-"
66.249.68.32 - - [16/Jul/2026:03:38:25 +0000] "GET /items/R30953523/ HTTP/1.1" 404 31447 "-" "Mozilla/5.0 (compatible; Googlebot/2.1; +http://www.google.com/bot.html)"