66.249.79.228 - - [15/Jul/2026:16:18:54 +0000] "GET /items/M73671072/ HTTP/1.1" 404 1251 "-" "Mozilla/5.0 (Linux; Android 6.0.1; Nexus 5X Build/MMB29P) AppleWebKit/537.36 (KHTML, like Gecko) Chrome/150.0.7871.114 Mobile Safari/537.36 (compatible; Googlebot/2.1; +http://www.google.com/bot.html)"
198.244.183.131 - - [15/Jul/2026:16:18:55 +0000] "GET /item/b2932942544/ HTTP/2" 404 1251 "-" "Mozilla/5.0 (compatible; AhrefsBot/7.0; +http://ahrefs.com/robot/)"
51.89.129.170 - - [15/Jul/2026:16:19:13 +0000] "GET /item/b1763140284/ HTTP/2" 404 1251 "-" "Mozilla/5.0 (compatible; AhrefsBot/7.0; +http://ahrefs.com/robot/)"
66.249.79.228 - - [15/Jul/2026:16:19:14 +0000] "GET /wp-content/plugins/elementor/assets/lib/dialog/dialog.min.js?ver=4.9.4 HTTP/1.1" 200 3593 "https://basalehglobal.ng/?item/b18310683399462/" "Mozilla/5.0 (Linux; Android 6.0.1; Nexus 5X Build/MMB29P) AppleWebKit/537.36 (KHTML, like Gecko) Chrome/150.0.7871.114 Mobile Safari/537.36 (compatible; Googlebot/2.1; +http://www.google.com/bot.html)"
66.249.79.229 - - [15/Jul/2026:16:19:17 +0000] "GET /items/Z93420123/ HTTP/1.1" 404 1251 "-" "Mozilla/5.0 (Linux; Android 6.0.1; Nexus 5X Build/MMB29P) AppleWebKit/537.36 (KHTML, like Gecko) Chrome/150.0.7871.114 Mobile Safari/537.36 (compatible; Googlebot/2.1; +http://www.google.com/bot.html)"
66.249.79.228 - - [15/Jul/2026:16:19:18 +0000] "GET /wp-content/plugins/elementor/assets/css/conditionals/lightbox.min.css?ver=4.1.4 HTTP/1.1" 200 1758 "https://basalehglobal.ng/?item/w25925764670903/" "Mozilla/5.0 (Linux; Android 6.0.1; Nexus 5X Build/MMB29P) AppleWebKit/537.36 (KHTML, like Gecko) Chrome/150.0.7871.114 Mobile Safari/537.36 (compatible; Googlebot/2.1; +http://www.google.com/bot.html)"
209.42.17.20 - - [15/Jul/2026:16:19:27 +0000] "POST /wp-cron.php?doing_wp_cron=1784132367.8677868843078613281250 HTTP/1.1" 200 0 "-" "WordPress/7.0.1; https://basalehglobal.ng"
66.249.79.229 - - [15/Jul/2026:16:19:27 +0000] "GET /?item/e45329464316659/ HTTP/1.1" 200 14841 "-" "Mozilla/5.0 (Linux; Android 6.0.1; Nexus 5X Build/MMB29P) AppleWebKit/537.36 (KHTML, like Gecko) Chrome/150.0.7871.114 Mobile Safari/537.36 (compatible; Googlebot/2.1; +http://www.google.com/bot.html)"
66.249.79.228 - - [15/Jul/2026:16:19:28 +0000] "GET /items/U109276103/ HTTP/1.1" 404 1251 "-" "Mozilla/5.0 (Linux; Android 6.0.1; Nexus 5X Build/MMB29P) AppleWebKit/537.36 (KHTML, like Gecko) Chrome/150.0.7871.114 Mobile Safari/537.36 (compatible; Googlebot/2.1; +http://www.google.com/bot.html)"
51.195.183.167 - - [15/Jul/2026:16:19:30 +0000] "GET /item/g4862475045/ HTTP/2" 404 1251 "-" "Mozilla/5.0 (compatible; AhrefsBot/7.0; +http://ahrefs.com/robot/)"
66.249.79.228 - - [15/Jul/2026:16:19:43 +0000] "GET /items/Z228447456/ HTTP/1.1" 404 1251 "-" "Mozilla/5.0 (Linux; Android 6.0.1; Nexus 5X Build/MMB29P) AppleWebKit/537.36 (KHTML, like Gecko) Chrome/150.0.7871.114 Mobile Safari/537.36 (compatible; Googlebot/2.1; +http://www.google.com/bot.html)"
198.244.226.122 - - [15/Jul/2026:16:19:48 +0000] "GET /item/g1405435044/ HTTP/2" 404 1251 "-" "Mozilla/5.0 (compatible; AhrefsBot/7.0; +http://ahrefs.com/robot/)"
66.249.79.229 - - [15/Jul/2026:16:20:03 +0000] "GET /wp-content/plugins/elementor/assets/css/widget-image-carousel.min.css?ver=4.1.4 HTTP/1.1" 200 140 "https://basalehglobal.ng/?item/u43229173626600/" "Mozilla/5.0 (Linux; Android 6.0.1; Nexus 5X Build/MMB29P) AppleWebKit/537.36 (KHTML, like Gecko) Chrome/150.0.7871.114 Mobile Safari/537.36 (compatible; Googlebot/2.1; +http://www.google.com/bot.html)"
66.249.79.228 - - [15/Jul/2026:16:20:03 +0000] "GET /items/W108076951/ HTTP/1.1" 404 1251 "-" "Mozilla/5.0 (Linux; Android 6.0.1; Nexus 5X Build/MMB29P) AppleWebKit/537.36 (KHTML, like Gecko) Chrome/150.0.7871.114 Mobile Safari/537.36 (compatible; Googlebot/2.1; +http://www.google.com/bot.html)"
51.89.129.18 - - [15/Jul/2026:16:20:07 +0000] "GET /item/f8015379506/ HTTP/2" 404 1251 "-" "Mozilla/5.0 (compatible; AhrefsBot/7.0; +http://ahrefs.com/robot/)"
66.249.79.228 - - [15/Jul/2026:16:20:22 +0000] "GET /items/C163176860/ HTTP/1.1" 404 1251 "-" "Mozilla/5.0 (Linux; Android 6.0.1; Nexus 5X Build/MMB29P) AppleWebKit/537.36 (KHTML, like Gecko) Chrome/150.0.7871.114 Mobile Safari/537.36 (compatible; Googlebot/2.1; +http://www.google.com/bot.html)"
54.38.147.41 - - [15/Jul/2026:16:20:25 +0000] "GET /item/f7786188984/ HTTP/2" 404 1251 "-" "Mozilla/5.0 (compatible; AhrefsBot/7.0; +http://ahrefs.com/robot/)"
66.249.79.228 - - [15/Jul/2026:16:20:39 +0000] "GET /items/W109341012/ HTTP/1.1" 404 1251 "-" "Mozilla/5.0 (Linux; Android 6.0.1; Nexus 5X Build/MMB29P) AppleWebKit/537.36 (KHTML, like Gecko) Chrome/150.0.7871.114 Mobile Safari/537.36 (compatible; Googlebot/2.1; +http://www.google.com/bot.html)"
198.244.226.230 - - [15/Jul/2026:16:20:43 +0000] "GET /item/f2714088328/ HTTP/2" 404 1251 "-" "Mozilla/5.0 (compatible; AhrefsBot/7.0; +http://ahrefs.com/robot/)"
209.42.17.20 - - [15/Jul/2026:16:20:48 +0000] "POST /wp-cron.php?doing_wp_cron=1784132448.6078169345855712890625 HTTP/1.1" 200 0 "-" "WordPress/7.0.1; https://basalehglobal.ng"
66.249.79.228 - - [15/Jul/2026:16:20:47 +0000] "GET /?item/n29263912825642/ HTTP/1.1" 200 14841 "-" "Mozilla/5.0 (Linux; Android 6.0.1; Nexus 5X Build/MMB29P) AppleWebKit/537.36 (KHTML, like Gecko) Chrome/150.0.7871.114 Mobile Safari/537.36 (compatible; Googlebot/2.1; +http://www.google.com/bot.html)"
198.244.183.110 - - [15/Jul/2026:16:21:01 +0000] "GET /item/f1346171861/ HTTP/2" 404 1251 "-" "Mozilla/5.0 (compatible; AhrefsBot/7.0; +http://ahrefs.com/robot/)"
66.249.79.230 - - [15/Jul/2026:16:21:04 +0000] "GET /items/I58882517/ HTTP/1.1" 404 1251 "-" "Mozilla/5.0 (Linux; Android 6.0.1; Nexus 5X Build/MMB29P) AppleWebKit/537.36 (KHTML, like Gecko) Chrome/150.0.7871.114 Mobile Safari/537.36 (compatible; Googlebot/2.1; +http://www.google.com/bot.html)"
198.244.168.229 - - [15/Jul/2026:16:21:18 +0000] "GET /item/c8085251754/ HTTP/2" 404 1251 "-" "Mozilla/5.0 (compatible; AhrefsBot/7.0; +http://ahrefs.com/robot/)"
66.249.79.228 - - [15/Jul/2026:16:21:21 +0000] "GET /wp-content/themes/pixelpiernyc/vamtam/assets/css/dist/elementor/responsive/elementor-below-max.css?ver=7.0.1 HTTP/1.1" 200 822 "https://basalehglobal.ng/?item/x21556674744363/" "Mozilla/5.0 (Linux; Android 6.0.1; Nexus 5X Build/MMB29P) AppleWebKit/537.36 (KHTML, like Gecko) Chrome/150.0.7871.114 Mobile Safari/537.36 (compatible; Googlebot/2.1; +http://www.google.com/bot.html)"
66.249.79.228 - - [15/Jul/2026:16:21:24 +0000] "GET /items/J64347537/ HTTP/1.1" 404 1251 "-" "Mozilla/5.0 (Linux; Android 6.0.1; Nexus 5X Build/MMB29P) AppleWebKit/537.36 (KHTML, like Gecko) Chrome/150.0.7871.114 Mobile Safari/537.36 (compatible; Googlebot/2.1; +http://www.google.com/bot.html)"
66.249.79.228 - - [15/Jul/2026:16:21:28 +0000] "GET /items/X66560850/ HTTP/1.1" 404 1251 "-" "Mozilla/5.0 (Linux; Android 6.0.1; Nexus 5X Build/MMB29P) AppleWebKit/537.36 (KHTML, like Gecko) Chrome/150.0.7871.114 Mobile Safari/537.36 (compatible; Googlebot/2.1; +http://www.google.com/bot.html)"
198.244.242.112 - - [15/Jul/2026:16:21:36 +0000] "GET /item/c7723397551/ HTTP/2" 404 1251 "-" "Mozilla/5.0 (compatible; AhrefsBot/7.0; +http://ahrefs.com/robot/)"
66.249.79.228 - - [15/Jul/2026:16:21:40 +0000] "GET /items/X95363557/ HTTP/1.1" 404 1251 "-" "Mozilla/5.0 (Linux; Android 6.0.1; Nexus 5X Build/MMB29P) AppleWebKit/537.36 (KHTML, like Gecko) Chrome/150.0.7871.114 Mobile Safari/537.36 (compatible; Googlebot/2.1; +http://www.google.com/bot.html)"
51.89.129.101 - - [15/Jul/2026:16:21:55 +0000] "GET /item/c5042405355/ HTTP/2" 404 1251 "-" "Mozilla/5.0 (compatible; AhrefsBot/7.0; +http://ahrefs.com/robot/)"
66.249.79.228 - - [15/Jul/2026:16:21:58 +0000] "GET /items/Z143825173/ HTTP/1.1" 404 1251 "-" "Mozilla/5.0 (Linux; Android 6.0.1; Nexus 5X Build/MMB29P) AppleWebKit/537.36 (KHTML, like Gecko) Chrome/150.0.7871.114 Mobile Safari/537.36 (compatible; Googlebot/2.1; +http://www.google.com/bot.html)"
51.195.215.175 - - [15/Jul/2026:16:22:13 +0000] "GET /item/b1844864039/ HTTP/2" 404 1251 "-" "Mozilla/5.0 (compatible; AhrefsBot/7.0; +http://ahrefs.com/robot/)"
66.249.79.228 - - [15/Jul/2026:16:22:17 +0000] "GET /items/T75027042/ HTTP/1.1" 404 1251 "-" "Mozilla/5.0 (Linux; Android 6.0.1; Nexus 5X Build/MMB29P) AppleWebKit/537.36 (KHTML, like Gecko) Chrome/150.0.7871.114 Mobile Safari/537.36 (compatible; Googlebot/2.1; +http://www.google.com/bot.html)"
66.249.79.230 - - [15/Jul/2026:16:22:18 +0000] "GET /wp-content/plugins/elementor/assets/css/widget-spacer.min.css?ver=4.1.4 HTTP/1.1" 200 287 "https://basalehglobal.ng/?item/k38411765471383/" "Mozilla/5.0 (Linux; Android 6.0.1; Nexus 5X Build/MMB29P) AppleWebKit/537.36 (KHTML, like Gecko) Chrome/150.0.7871.114 Mobile Safari/537.36 (compatible; Googlebot/2.1; +http://www.google.com/bot.html)"
54.38.147.246 - - [15/Jul/2026:16:22:31 +0000] "GET /item/z7843003235/ HTTP/2" 404 1251 "-" "Mozilla/5.0 (compatible; AhrefsBot/7.0; +http://ahrefs.com/robot/)"
66.249.79.228 - - [15/Jul/2026:16:22:32 +0000] "GET /items/N128211315/ HTTP/1.1" 404 1251 "-" "Mozilla/5.0 (Linux; Android 6.0.1; Nexus 5X Build/MMB29P) AppleWebKit/537.36 (KHTML, like Gecko) Chrome/150.0.7871.114 Mobile Safari/537.36 (compatible; Googlebot/2.1; +http://www.google.com/bot.html)"
66.249.79.228 - - [15/Jul/2026:16:22:32 +0000] "GET /items/Y172326375/ HTTP/1.1" 404 1251 "-" "Mozilla/5.0 (Linux; Android 6.0.1; Nexus 5X Build/MMB29P) AppleWebKit/537.36 (KHTML, like Gecko) Chrome/150.0.7871.114 Mobile Safari/537.36 (compatible; Googlebot/2.1; +http://www.google.com/bot.html)"
209.42.17.20 - - [15/Jul/2026:16:22:40 +0000] "POST /wp-cron.php?doing_wp_cron=1784132560.6519539356231689453125 HTTP/1.1" 200 0 "-" "WordPress/7.0.1; https://basalehglobal.ng"
66.249.79.228 - - [15/Jul/2026:16:22:40 +0000] "GET /?item/c32164543415295/ HTTP/1.1" 200 14841 "-" "Mozilla/5.0 (Linux; Android 6.0.1; Nexus 5X Build/MMB29P) AppleWebKit/537.36 (KHTML, like Gecko) Chrome/150.0.7871.114 Mobile Safari/537.36 (compatible; Googlebot/2.1; +http://www.google.com/bot.html)"
66.249.79.228 - - [15/Jul/2026:16:22:47 +0000] "GET /items/O174104668/ HTTP/1.1" 404 1251 "-" "Mozilla/5.0 (Linux; Android 6.0.1; Nexus 5X Build/MMB29P) AppleWebKit/537.36 (KHTML, like Gecko) Chrome/150.0.7871.114 Mobile Safari/537.36 (compatible; Googlebot/2.1; +http://www.google.com/bot.html)"
198.244.168.18 - - [15/Jul/2026:16:22:48 +0000] "GET /item/z6223193273/ HTTP/2" 404 1251 "-" "Mozilla/5.0 (compatible; AhrefsBot/7.0; +http://ahrefs.com/robot/)"
66.249.79.228 - - [15/Jul/2026:16:22:55 +0000] "GET /items/H154316476/ HTTP/1.1" 404 1251 "-" "Mozilla/5.0 (Linux; Android 6.0.1; Nexus 5X Build/MMB29P) AppleWebKit/537.36 (KHTML, like Gecko) Chrome/150.0.7871.114 Mobile Safari/537.36 (compatible; Googlebot/2.1; +http://www.google.com/bot.html)"
66.249.79.229 - - [15/Jul/2026:16:23:04 +0000] "GET /items/F106293941/ HTTP/1.1" 404 1251 "-" "Mozilla/5.0 (Linux; Android 6.0.1; Nexus 5X Build/MMB29P) AppleWebKit/537.36 (KHTML, like Gecko) Chrome/150.0.7871.114 Mobile Safari/537.36 (compatible; Googlebot/2.1; +http://www.google.com/bot.html)"
51.195.215.56 - - [15/Jul/2026:16:23:08 +0000] "GET /item/z3993588346/ HTTP/2" 404 1251 "-" "Mozilla/5.0 (compatible; AhrefsBot/7.0; +http://ahrefs.com/robot/)"
66.249.79.229 - - [15/Jul/2026:16:23:14 +0000] "GET /items/P147040082/ HTTP/1.1" 404 1251 "-" "Mozilla/5.0 (Linux; Android 6.0.1; Nexus 5X Build/MMB29P) AppleWebKit/537.36 (KHTML, like Gecko) Chrome/150.0.7871.114 Mobile Safari/537.36 (compatible; Googlebot/2.1; +http://www.google.com/bot.html)"
66.249.79.229 - - [15/Jul/2026:16:23:16 +0000] "GET /items/V91737456/ HTTP/1.1" 404 1251 "-" "Mozilla/5.0 (Linux; Android 6.0.1; Nexus 5X Build/MMB29P) AppleWebKit/537.36 (KHTML, like Gecko) Chrome/150.0.7871.114 Mobile Safari/537.36 (compatible; Googlebot/2.1; +http://www.google.com/bot.html)"
66.249.79.228 - - [15/Jul/2026:16:23:21 +0000] "GET /wp-content/plugins/woocommerce/assets/css/woocommerce-smallscreen.css?ver=10.9.1 HTTP/1.1" 200 1297 "https://basalehglobal.ng/?item/x22246323691034/" "Mozilla/5.0 (Linux; Android 6.0.1; Nexus 5X Build/MMB29P) AppleWebKit/537.36 (KHTML, like Gecko) Chrome/150.0.7871.114 Mobile Safari/537.36 (compatible; Googlebot/2.1; +http://www.google.com/bot.html)"
66.249.79.228 - - [15/Jul/2026:16:23:25 +0000] "GET /items/Q112977234/ HTTP/1.1" 404 1251 "-" "Mozilla/5.0 (Linux; Android 6.0.1; Nexus 5X Build/MMB29P) AppleWebKit/537.36 (KHTML, like Gecko) Chrome/150.0.7871.114 Mobile Safari/537.36 (compatible; Googlebot/2.1; +http://www.google.com/bot.html)"
198.244.168.177 - - [15/Jul/2026:16:23:25 +0000] "GET /item/a5333224440/ HTTP/2" 404 1251 "-" "Mozilla/5.0 (compatible; AhrefsBot/7.0; +http://ahrefs.com/robot/)"
66.249.79.228 - - [15/Jul/2026:16:23:37 +0000] "GET /items/R306869638/ HTTP/1.1" 404 1251 "-" "Mozilla/5.0 (Linux; Android 6.0.1; Nexus 5X Build/MMB29P) AppleWebKit/537.36 (KHTML, like Gecko) Chrome/150.0.7871.114 Mobile Safari/537.36 (compatible; Googlebot/2.1; +http://www.google.com/bot.html)"
51.195.183.156 - - [15/Jul/2026:16:23:42 +0000] "GET /item/y6652867507/ HTTP/2" 404 1251 "-" "Mozilla/5.0 (compatible; AhrefsBot/7.0; +http://ahrefs.com/robot/)"
66.249.79.228 - - [15/Jul/2026:16:23:46 +0000] "GET /items/Z116955345/ HTTP/1.1" 404 1251 "-" "Mozilla/5.0 (Linux; Android 6.0.1; Nexus 5X Build/MMB29P) AppleWebKit/537.36 (KHTML, like Gecko) Chrome/150.0.7871.114 Mobile Safari/537.36 (compatible; Googlebot/2.1; +http://www.google.com/bot.html)"
198.244.242.187 - - [15/Jul/2026:16:24:01 +0000] "GET /item/y4793588963/ HTTP/2" 404 1251 "-" "Mozilla/5.0 (compatible; AhrefsBot/7.0; +http://ahrefs.com/robot/)"
66.249.79.229 - - [15/Jul/2026:16:24:01 +0000] "GET /items/E130553901/ HTTP/1.1" 404 1251 "-" "Mozilla/5.0 (Linux; Android 6.0.1; Nexus 5X Build/MMB29P) AppleWebKit/537.36 (KHTML, like Gecko) Chrome/150.0.7871.114 Mobile Safari/537.36 (compatible; Googlebot/2.1; +http://www.google.com/bot.html)"
66.249.79.229 - - [15/Jul/2026:16:24:12 +0000] "GET /items/S78337577/ HTTP/1.1" 404 1251 "-" "Mozilla/5.0 (Linux; Android 6.0.1; Nexus 5X Build/MMB29P) AppleWebKit/537.36 (KHTML, like Gecko) Chrome/150.0.7871.114 Mobile Safari/537.36 (compatible; Googlebot/2.1; +http://www.google.com/bot.html)"
198.244.226.191 - - [15/Jul/2026:16:24:19 +0000] "GET /item/x6153480516/ HTTP/2" 404 1251 "-" "Mozilla/5.0 (compatible; AhrefsBot/7.0; +http://ahrefs.com/robot/)"
52.167.144.142 - - [15/Jul/2026:16:24:27 +0000] "GET /items/M236089022/ HTTP/2" 404 1251 "-" "Mozilla/5.0 AppleWebKit/537.36 (KHTML, like Gecko; compatible; bingbot/2.0; +http://www.bing.com/bingbot.htm) Chrome/116.0.1938.76 Safari/537.36"
66.249.79.228 - - [15/Jul/2026:16:24:29 +0000] "GET /items/J115415557/ HTTP/1.1" 404 1251 "-" "Mozilla/5.0 (Linux; Android 6.0.1; Nexus 5X Build/MMB29P) AppleWebKit/537.36 (KHTML, like Gecko) Chrome/150.0.7871.114 Mobile Safari/537.36 (compatible; Googlebot/2.1; +http://www.google.com/bot.html)"
51.195.244.229 - - [15/Jul/2026:16:24:36 +0000] "GET /item/a1373548516/ HTTP/2" 404 1251 "-" "Mozilla/5.0 (compatible; AhrefsBot/7.0; +http://ahrefs.com/robot/)"
66.249.79.228 - - [15/Jul/2026:16:24:50 +0000] "GET /items/R154019587/ HTTP/1.1" 404 1251 "-" "Mozilla/5.0 (Linux; Android 6.0.1; Nexus 5X Build/MMB29P) AppleWebKit/537.36 (KHTML, like Gecko) Chrome/150.0.7871.114 Mobile Safari/537.36 (compatible; Googlebot/2.1; +http://www.google.com/bot.html)"
54.38.147.56 - - [15/Jul/2026:16:24:55 +0000] "GET /item/x1965796385/ HTTP/2" 404 1251 "-" "Mozilla/5.0 (compatible; AhrefsBot/7.0; +http://ahrefs.com/robot/)"
66.249.79.228 - - [15/Jul/2026:16:25:04 +0000] "GET /items/S124154668/ HTTP/1.1" 404 1251 "-" "Mozilla/5.0 (Linux; Android 6.0.1; Nexus 5X Build/MMB29P) AppleWebKit/537.36 (KHTML, like Gecko) Chrome/150.0.7871.114 Mobile Safari/537.36 (compatible; Googlebot/2.1; +http://www.google.com/bot.html)"
51.89.129.239 - - [15/Jul/2026:16:25:12 +0000] "GET /item/x1123216918/ HTTP/2" 404 1251 "-" "Mozilla/5.0 (compatible; AhrefsBot/7.0; +http://ahrefs.com/robot/)"
66.249.79.228 - - [15/Jul/2026:16:25:20 +0000] "GET /items/A111837486/ HTTP/1.1" 404 1251 "-" "Mozilla/5.0 (Linux; Android 6.0.1; Nexus 5X Build/MMB29P) AppleWebKit/537.36 (KHTML, like Gecko) Chrome/150.0.7871.114 Mobile Safari/537.36 (compatible; Googlebot/2.1; +http://www.google.com/bot.html)"
198.244.183.171 - - [15/Jul/2026:16:25:30 +0000] "GET /item/z6535054286/ HTTP/2" 404 1251 "-" "Mozilla/5.0 (compatible; AhrefsBot/7.0; +http://ahrefs.com/robot/)"
66.249.79.228 - - [15/Jul/2026:16:25:34 +0000] "GET /items/V151715032/ HTTP/1.1" 404 1251 "-" "Mozilla/5.0 (Linux; Android 6.0.1; Nexus 5X Build/MMB29P) AppleWebKit/537.36 (KHTML, like Gecko) Chrome/150.0.7871.114 Mobile Safari/537.36 (compatible; Googlebot/2.1; +http://www.google.com/bot.html)"
66.249.79.228 - - [15/Jul/2026:16:25:48 +0000] "GET /items/V138091163/ HTTP/1.1" 404 1251 "-" "Mozilla/5.0 (Linux; Android 6.0.1; Nexus 5X Build/MMB29P) AppleWebKit/537.36 (KHTML, like Gecko) Chrome/150.0.7871.114 Mobile Safari/537.36 (compatible; Googlebot/2.1; +http://www.google.com/bot.html)"
51.89.129.110 - - [15/Jul/2026:16:25:48 +0000] "GET /item/w7614948286/ HTTP/2" 404 1251 "-" "Mozilla/5.0 (compatible; AhrefsBot/7.0; +http://ahrefs.com/robot/)"
66.249.79.228 - - [15/Jul/2026:16:26:01 +0000] "GET /items/Y77000850/ HTTP/1.1" 404 1251 "-" "Mozilla/5.0 (Linux; Android 6.0.1; Nexus 5X Build/MMB29P) AppleWebKit/537.36 (KHTML, like Gecko) Chrome/150.0.7871.114 Mobile Safari/537.36 (compatible; Googlebot/2.1; +http://www.google.com/bot.html)"
66.249.79.228 - - [15/Jul/2026:16:26:03 +0000] "GET /items/O82074153/ HTTP/1.1" 404 1251 "-" "Mozilla/5.0 (Linux; Android 6.0.1; Nexus 5X Build/MMB29P) AppleWebKit/537.36 (KHTML, like Gecko) Chrome/150.0.7871.114 Mobile Safari/537.36 (compatible; Googlebot/2.1; +http://www.google.com/bot.html)"
198.244.240.0 - - [15/Jul/2026:16:26:07 +0000] "GET /item/w5245606137/ HTTP/2" 404 1251 "-" "Mozilla/5.0 (compatible; AhrefsBot/7.0; +http://ahrefs.com/robot/)"
66.249.79.228 - - [15/Jul/2026:16:26:18 +0000] "GET /items/X126947476/ HTTP/1.1" 404 1251 "-" "Mozilla/5.0 (Linux; Android 6.0.1; Nexus 5X Build/MMB29P) AppleWebKit/537.36 (KHTML, like Gecko) Chrome/150.0.7871.114 Mobile Safari/537.36 (compatible; Googlebot/2.1; +http://www.google.com/bot.html)"
198.244.242.186 - - [15/Jul/2026:16:26:25 +0000] "GET /item/z5143332765/ HTTP/2" 404 1251 "-" "Mozilla/5.0 (compatible; AhrefsBot/7.0; +http://ahrefs.com/robot/)"
66.249.79.229 - - [15/Jul/2026:16:26:29 +0000] "GET /items/E78534012/ HTTP/1.1" 404 1251 "-" "Mozilla/5.0 (Linux; Android 6.0.1; Nexus 5X Build/MMB29P) AppleWebKit/537.36 (KHTML, like Gecko) Chrome/150.0.7871.114 Mobile Safari/537.36 (compatible; Googlebot/2.1; +http://www.google.com/bot.html)"
66.249.79.229 - - [15/Jul/2026:16:26:39 +0000] "GET /items/K57238436/ HTTP/1.1" 404 1251 "-" "Mozilla/5.0 (Linux; Android 6.0.1; Nexus 5X Build/MMB29P) AppleWebKit/537.36 (KHTML, like Gecko) Chrome/150.0.7871.114 Mobile Safari/537.36 (compatible; Googlebot/2.1; +http://www.google.com/bot.html)"
198.244.240.22 - - [15/Jul/2026:16:26:43 +0000] "GET /item/v7793431614/ HTTP/2" 404 1251 "-" "Mozilla/5.0 (compatible; AhrefsBot/7.0; +http://ahrefs.com/robot/)"
66.249.79.228 - - [15/Jul/2026:16:26:47 +0000] "GET /items/Q82614375/ HTTP/1.1" 404 1251 "-" "Mozilla/5.0 (Linux; Android 6.0.1; Nexus 5X Build/MMB29P) AppleWebKit/537.36 (KHTML, like Gecko) Chrome/150.0.7871.114 Mobile Safari/537.36 (compatible; Googlebot/2.1; +http://www.google.com/bot.html)"
66.249.79.228 - - [15/Jul/2026:16:26:56 +0000] "GET /wp-content/themes/pixelpiernyc/vamtam/assets/css/dist/elementor/responsive/elementor-max.css?ver=7.0.1 HTTP/1.1" 200 1141 "https://basalehglobal.ng/?item/r37855132268359/" "Mozilla/5.0 (Linux; Android 6.0.1; Nexus 5X Build/MMB29P) AppleWebKit/537.36 (KHTML, like Gecko) Chrome/150.0.7871.114 Mobile Safari/537.36 (compatible; Googlebot/2.1; +http://www.google.com/bot.html)"
198.244.168.106 - - [15/Jul/2026:16:27:01 +0000] "GET /item/u6632386768/ HTTP/2" 404 1251 "-" "Mozilla/5.0 (compatible; AhrefsBot/7.0; +http://ahrefs.com/robot/)"
66.249.79.229 - - [15/Jul/2026:16:27:05 +0000] "GET /items/E86938325/ HTTP/1.1" 404 1251 "-" "Mozilla/5.0 (Linux; Android 6.0.1; Nexus 5X Build/MMB29P) AppleWebKit/537.36 (KHTML, like Gecko) Chrome/150.0.7871.114 Mobile Safari/537.36 (compatible; Googlebot/2.1; +http://www.google.com/bot.html)"
66.249.79.229 - - [15/Jul/2026:16:27:12 +0000] "GET /items/P135782668/ HTTP/1.1" 404 1251 "-" "Mozilla/5.0 (Linux; Android 6.0.1; Nexus 5X Build/MMB29P) AppleWebKit/537.36 (KHTML, like Gecko) Chrome/150.0.7871.114 Mobile Safari/537.36 (compatible; Googlebot/2.1; +http://www.google.com/bot.html)"
51.195.244.160 - - [15/Jul/2026:16:27:19 +0000] "GET /item/t1863479522/ HTTP/2" 404 1251 "-" "Mozilla/5.0 (compatible; AhrefsBot/7.0; +http://ahrefs.com/robot/)"
66.249.79.228 - - [15/Jul/2026:16:27:20 +0000] "GET /items/Q75007921/ HTTP/1.1" 404 1251 "-" "Mozilla/5.0 (Linux; Android 6.0.1; Nexus 5X Build/MMB29P) AppleWebKit/537.36 (KHTML, like Gecko) Chrome/150.0.7871.114 Mobile Safari/537.36 (compatible; Googlebot/2.1; +http://www.google.com/bot.html)"
66.249.79.228 - - [15/Jul/2026:16:27:20 +0000] "GET /items/H48899820/ HTTP/1.1" 404 1251 "-" "Mozilla/5.0 (Linux; Android 6.0.1; Nexus 5X Build/MMB29P) AppleWebKit/537.36 (KHTML, like Gecko) Chrome/150.0.7871.114 Mobile Safari/537.36 (compatible; Googlebot/2.1; +http://www.google.com/bot.html)"
51.195.183.48 - - [15/Jul/2026:16:27:38 +0000] "GET /item/z1094090630/ HTTP/2" 404 1251 "-" "Mozilla/5.0 (compatible; AhrefsBot/7.0; +http://ahrefs.com/robot/)"
66.249.79.228 - - [15/Jul/2026:16:27:40 +0000] "GET /items/V129747375/ HTTP/1.1" 404 1251 "-" "Mozilla/5.0 (Linux; Android 6.0.1; Nexus 5X Build/MMB29P) AppleWebKit/537.36 (KHTML, like Gecko) Chrome/150.0.7871.114 Mobile Safari/537.36 (compatible; Googlebot/2.1; +http://www.google.com/bot.html)"
66.249.79.228 - - [15/Jul/2026:16:27:54 +0000] "GET /items/T77399779/ HTTP/1.1" 404 1251 "-" "Mozilla/5.0 (Linux; Android 6.0.1; Nexus 5X Build/MMB29P) AppleWebKit/537.36 (KHTML, like Gecko) Chrome/150.0.7871.114 Mobile Safari/537.36 (compatible; Googlebot/2.1; +http://www.google.com/bot.html)"
51.89.129.116 - - [15/Jul/2026:16:27:58 +0000] "GET /item/s2404930251/ HTTP/2" 404 1251 "-" "Mozilla/5.0 (compatible; AhrefsBot/7.0; +http://ahrefs.com/robot/)"
66.249.79.230 - - [15/Jul/2026:16:28:06 +0000] "GET /items/E91547880/ HTTP/1.1" 404 1251 "-" "Mozilla/5.0 (Linux; Android 6.0.1; Nexus 5X Build/MMB29P) AppleWebKit/537.36 (KHTML, like Gecko) Chrome/150.0.7871.114 Mobile Safari/537.36 (compatible; Googlebot/2.1; +http://www.google.com/bot.html)"
66.249.79.229 - - [15/Jul/2026:16:28:10 +0000] "GET /items/Z88841365/ HTTP/1.1" 404 1251 "-" "Mozilla/5.0 (Linux; Android 6.0.1; Nexus 5X Build/MMB29P) AppleWebKit/537.36 (KHTML, like Gecko) Chrome/150.0.7871.114 Mobile Safari/537.36 (compatible; Googlebot/2.1; +http://www.google.com/bot.html)"
52.167.144.159 - - [15/Jul/2026:16:28:14 +0000] "GET /items/C230250042/ HTTP/2" 404 1251 "-" "Mozilla/5.0 AppleWebKit/537.36 (KHTML, like Gecko; compatible; bingbot/2.0; +http://www.bing.com/bingbot.htm) Chrome/116.0.1938.76 Safari/537.36"
51.195.244.93 - - [15/Jul/2026:16:28:17 +0000] "GET /item/y8275793440/ HTTP/2" 404 1251 "-" "Mozilla/5.0 (compatible; AhrefsBot/7.0; +http://ahrefs.com/robot/)"
209.42.17.20 - - [15/Jul/2026:16:28:22 +0000] "POST /wp-cron.php?doing_wp_cron=1784132902.8252339363098144531250 HTTP/1.1" 200 0 "-" "WordPress/7.0.1; https://basalehglobal.ng"
66.249.79.228 - - [15/Jul/2026:16:28:22 +0000] "GET /?item/i14810743037078/ HTTP/1.1" 200 14841 "-" "Mozilla/5.0 (Linux; Android 6.0.1; Nexus 5X Build/MMB29P) AppleWebKit/537.36 (KHTML, like Gecko) Chrome/150.0.7871.114 Mobile Safari/537.36 (compatible; Googlebot/2.1; +http://www.google.com/bot.html)"
66.249.79.228 - - [15/Jul/2026:16:28:23 +0000] "GET /?item/k31830373662560/ HTTP/1.1" 200 14841 "-" "Mozilla/5.0 (Linux; Android 6.0.1; Nexus 5X Build/MMB29P) AppleWebKit/537.36 (KHTML, like Gecko) Chrome/150.0.7871.114 Mobile Safari/537.36 (compatible; Googlebot/2.1; +http://www.google.com/bot.html)"
66.249.79.228 - - [15/Jul/2026:16:28:25 +0000] "GET /?item/g34476823370445/ HTTP/1.1" 200 14841 "-" "Mozilla/5.0 (Linux; Android 6.0.1; Nexus 5X Build/MMB29P) AppleWebKit/537.36 (KHTML, like Gecko) Chrome/150.0.7871.114 Mobile Safari/537.36 (compatible; Googlebot/2.1; +http://www.google.com/bot.html)"
66.249.79.228 - - [15/Jul/2026:16:28:26 +0000] "GET /wp-content/plugins/elementor/assets/lib/dialog/dialog.min.js?ver=4.9.4 HTTP/1.1" 200 3593 "https://basalehglobal.ng/?item/i14810743037078/" "Mozilla/5.0 (Linux; Android 6.0.1; Nexus 5X Build/MMB29P) AppleWebKit/537.36 (KHTML, like Gecko) Chrome/150.0.7871.114 Mobile Safari/537.36 (compatible; Googlebot/2.1; +http://www.google.com/bot.html)"
66.249.79.228 - - [15/Jul/2026:16:28:26 +0000] "GET /?item/s42799866109038/ HTTP/1.1" 200 14841 "-" "Mozilla/5.0 (Linux; Android 6.0.1; Nexus 5X Build/MMB29P) AppleWebKit/537.36 (KHTML, like Gecko) Chrome/150.0.7871.114 Mobile Safari/537.36 (compatible; Googlebot/2.1; +http://www.google.com/bot.html)"
66.249.79.228 - - [15/Jul/2026:16:28:29 +0000] "GET /?item/i13237765127182/ HTTP/1.1" 200 14841 "-" "Mozilla/5.0 (Linux; Android 6.0.1; Nexus 5X Build/MMB29P) AppleWebKit/537.36 (KHTML, like Gecko) Chrome/150.0.7871.114 Mobile Safari/537.36 (compatible; Googlebot/2.1; +http://www.google.com/bot.html)"
66.249.79.228 - - [15/Jul/2026:16:28:32 +0000] "GET /?item/q36262253890460/ HTTP/1.1" 200 14841 "-" "Mozilla/5.0 (Linux; Android 6.0.1; Nexus 5X Build/MMB29P) AppleWebKit/537.36 (KHTML, like Gecko) Chrome/150.0.7871.114 Mobile Safari/537.36 (compatible; Googlebot/2.1; +http://www.google.com/bot.html)"
198.244.226.82 - - [15/Jul/2026:16:28:37 +0000] "GET /item/q4525568543/ HTTP/2" 404 1251 "-" "Mozilla/5.0 (compatible; AhrefsBot/7.0; +http://ahrefs.com/robot/)"
66.249.79.228 - - [15/Jul/2026:16:28:42 +0000] "GET /items/Q109561385/ HTTP/1.1" 404 1251 "-" "Mozilla/5.0 (Linux; Android 6.0.1; Nexus 5X Build/MMB29P) AppleWebKit/537.36 (KHTML, like Gecko) Chrome/150.0.7871.114 Mobile Safari/537.36 (compatible; Googlebot/2.1; +http://www.google.com/bot.html)"
66.249.79.230 - - [15/Jul/2026:16:28:50 +0000] "GET /items/A122648850/ HTTP/1.1" 404 1251 "-" "Mozilla/5.0 (Linux; Android 6.0.1; Nexus 5X Build/MMB29P) AppleWebKit/537.36 (KHTML, like Gecko) Chrome/150.0.7871.114 Mobile Safari/537.36 (compatible; Googlebot/2.1; +http://www.google.com/bot.html)"
209.42.17.20 - - [15/Jul/2026:16:28:52 +0000] "POST /wp-cron.php?doing_wp_cron=1784132931.9979100227355957031250 HTTP/1.1" 200 0 "-" "WordPress/7.0.1; https://basalehglobal.ng"
66.249.79.228 - - [15/Jul/2026:16:28:51 +0000] "GET /?item/l33299935165434/ HTTP/1.1" 200 14841 "-" "Mozilla/5.0 (Linux; Android 6.0.1; Nexus 5X Build/MMB29P) AppleWebKit/537.36 (KHTML, like Gecko) Chrome/150.0.7871.114 Mobile Safari/537.36 (compatible; Googlebot/2.1; +http://www.google.com/bot.html)"
51.89.129.185 - - [15/Jul/2026:16:28:55 +0000] "GET /item/p8194534356/ HTTP/2" 404 1251 "-" "Mozilla/5.0 (compatible; AhrefsBot/7.0; +http://ahrefs.com/robot/)"
66.249.79.228 - - [15/Jul/2026:16:28:55 +0000] "GET /?item/l17242563877674/ HTTP/1.1" 200 14841 "-" "Mozilla/5.0 (Linux; Android 6.0.1; Nexus 5X Build/MMB29P) AppleWebKit/537.36 (KHTML, like Gecko) Chrome/150.0.7871.114 Mobile Safari/537.36 (compatible; Googlebot/2.1; +http://www.google.com/bot.html)"
66.249.79.229 - - [15/Jul/2026:16:29:05 +0000] "GET /items/R105908749/ HTTP/1.1" 404 1251 "-" "Mozilla/5.0 (Linux; Android 6.0.1; Nexus 5X Build/MMB29P) AppleWebKit/537.36 (KHTML, like Gecko) Chrome/150.0.7871.114 Mobile Safari/537.36 (compatible; Googlebot/2.1; +http://www.google.com/bot.html)"
66.249.79.228 - - [15/Jul/2026:16:29:08 +0000] "GET /?item/i46571784692280/ HTTP/1.1" 200 14841 "-" "Mozilla/5.0 (Linux; Android 6.0.1; Nexus 5X Build/MMB29P) AppleWebKit/537.36 (KHTML, like Gecko) Chrome/150.0.7871.114 Mobile Safari/537.36 (compatible; Googlebot/2.1; +http://www.google.com/bot.html)"
66.249.79.229 - - [15/Jul/2026:16:29:11 +0000] "GET /wp-content/plugins/vamtam-elementor-integration-pixelpiernyc/assets/js/widgets/heading/vamtam-heading.min.js?ver=1.1.16 HTTP/1.1" 200 769 "https://basalehglobal.ng/?item/h44218545866300/" "Mozilla/5.0 (Linux; Android 6.0.1; Nexus 5X Build/MMB29P) AppleWebKit/537.36 (KHTML, like Gecko) Chrome/150.0.7871.114 Mobile Safari/537.36 (compatible; Googlebot/2.1; +http://www.google.com/bot.html)"
66.249.79.229 - - [15/Jul/2026:16:29:11 +0000] "GET /items/B80712911/ HTTP/1.1" 404 1251 "-" "Mozilla/5.0 (Linux; Android 6.0.1; Nexus 5X Build/MMB29P) AppleWebKit/537.36 (KHTML, like Gecko) Chrome/150.0.7871.114 Mobile Safari/537.36 (compatible; Googlebot/2.1; +http://www.google.com/bot.html)"
66.249.79.228 - - [15/Jul/2026:16:29:11 +0000] "GET /?item/s32216195228619/ HTTP/1.1" 200 14841 "-" "Mozilla/5.0 (Linux; Android 6.0.1; Nexus 5X Build/MMB29P) AppleWebKit/537.36 (KHTML, like Gecko) Chrome/150.0.7871.114 Mobile Safari/537.36 (compatible; Googlebot/2.1; +http://www.google.com/bot.html)"
198.244.242.169 - - [15/Jul/2026:16:29:16 +0000] "GET /item/y2844357825/ HTTP/2" 404 1251 "-" "Mozilla/5.0 (compatible; AhrefsBot/7.0; +http://ahrefs.com/robot/)"
66.249.79.228 - - [15/Jul/2026:16:29:16 +0000] "GET /?item/q38608955894067/ HTTP/1.1" 200 14841 "-" "Mozilla/5.0 (Linux; Android 6.0.1; Nexus 5X Build/MMB29P) AppleWebKit/537.36 (KHTML, like Gecko) Chrome/150.0.7871.114 Mobile Safari/537.36 (compatible; Googlebot/2.1; +http://www.google.com/bot.html)"
66.249.79.228 - - [15/Jul/2026:16:29:17 +0000] "GET /wp-content/plugins/elementor/assets/js/shared-frontend-handlers.03caa53373b56d3bab67.bundle.min.js HTTP/1.1" 200 2511 "https://basalehglobal.ng/?item/h44218545866300/" "Mozilla/5.0 (Linux; Android 6.0.1; Nexus 5X Build/MMB29P) AppleWebKit/537.36 (KHTML, like Gecko) Chrome/150.0.7871.114 Mobile Safari/537.36 (compatible; Googlebot/2.1; +http://www.google.com/bot.html)"
66.249.79.228 - - [15/Jul/2026:16:29:18 +0000] "GET /wp-content/plugins/elementor/assets/lib/animations/styles/fadeInUp.min.css?ver=4.1.4 HTTP/1.1" 200 130 "https://basalehglobal.ng/?item/m21150725380744/" "Mozilla/5.0 (Linux; Android 6.0.1; Nexus 5X Build/MMB29P) AppleWebKit/537.36 (KHTML, like Gecko) Chrome/150.0.7871.114 Mobile Safari/537.36 (compatible; Googlebot/2.1; +http://www.google.com/bot.html)"
66.249.79.228 - - [15/Jul/2026:16:29:18 +0000] "GET /wp-content/themes/pixelpiernyc/vamtam/assets/css/dist/elementor/responsive/elementor-below-max.css?ver=7.0.1 HTTP/1.1" 200 822 "https://basalehglobal.ng/?item/m21150725380744/" "Mozilla/5.0 (Linux; Android 6.0.1; Nexus 5X Build/MMB29P) AppleWebKit/537.36 (KHTML, like Gecko) Chrome/150.0.7871.114 Mobile Safari/537.36 (compatible; Googlebot/2.1; +http://www.google.com/bot.html)"
198.244.168.229 - - [15/Jul/2026:16:29:35 +0000] "GET /item/o5892772141/ HTTP/2" 404 1251 "-" "Mozilla/5.0 (compatible; AhrefsBot/7.0; +http://ahrefs.com/robot/)"
66.249.79.228 - - [15/Jul/2026:16:29:43 +0000] "GET /items/X137097234/ HTTP/1.1" 404 1251 "-" "Mozilla/5.0 (Linux; Android 6.0.1; Nexus 5X Build/MMB29P) AppleWebKit/537.36 (KHTML, like Gecko) Chrome/150.0.7871.114 Mobile Safari/537.36 (compatible; Googlebot/2.1; +http://www.google.com/bot.html)"
209.42.17.20 - - [15/Jul/2026:16:29:45 +0000] "POST /wp-cron.php?doing_wp_cron=1784132985.5290219783782958984375 HTTP/1.1" 200 0 "-" "WordPress/7.0.1; https://basalehglobal.ng"
66.249.79.228 - - [15/Jul/2026:16:29:44 +0000] "GET /?item/l48532004033698/ HTTP/1.1" 200 14841 "-" "Mozilla/5.0 (Linux; Android 6.0.1; Nexus 5X Build/MMB29P) AppleWebKit/537.36 (KHTML, like Gecko) Chrome/150.0.7871.114 Mobile Safari/537.36 (compatible; Googlebot/2.1; +http://www.google.com/bot.html)"
66.249.79.228 - - [15/Jul/2026:16:29:50 +0000] "GET /wp-content/plugins/elementor/assets/css/frontend.min.css?ver=4.1.4 HTTP/1.1" 200 6613 "https://basalehglobal.ng/?item/r17824505472631/" "Mozilla/5.0 (Linux; Android 6.0.1; Nexus 5X Build/MMB29P) AppleWebKit/537.36 (KHTML, like Gecko) Chrome/150.0.7871.114 Mobile Safari/537.36 (compatible; Googlebot/2.1; +http://www.google.com/bot.html)"
51.195.215.49 - - [15/Jul/2026:16:29:53 +0000] "GET /item/n7093813722/ HTTP/2" 404 1251 "-" "Mozilla/5.0 (compatible; AhrefsBot/7.0; +http://ahrefs.com/robot/)"
66.249.79.228 - - [15/Jul/2026:16:29:56 +0000] "GET /wp-content/plugins/elementor/assets/css/widget-image-carousel.min.css?ver=4.1.4 HTTP/1.1" 200 140 "https://basalehglobal.ng/?item/i46571784692280/" "Mozilla/5.0 (Linux; Android 6.0.1; Nexus 5X Build/MMB29P) AppleWebKit/537.36 (KHTML, like Gecko) Chrome/150.0.7871.114 Mobile Safari/537.36 (compatible; Googlebot/2.1; +http://www.google.com/bot.html)"
66.249.79.230 - - [15/Jul/2026:16:30:01 +0000] "GET /items/E110213446/ HTTP/1.1" 404 1251 "-" "Mozilla/5.0 (Linux; Android 6.0.1; Nexus 5X Build/MMB29P) AppleWebKit/537.36 (KHTML, like Gecko) Chrome/150.0.7871.114 Mobile Safari/537.36 (compatible; Googlebot/2.1; +http://www.google.com/bot.html)"
66.249.79.228 - - [15/Jul/2026:16:30:05 +0000] "GET /?item/q44508224861031/ HTTP/1.1" 200 14841 "-" "Mozilla/5.0 (Linux; Android 6.0.1; Nexus 5X Build/MMB29P) AppleWebKit/537.36 (KHTML, like Gecko) Chrome/150.0.7871.114 Mobile Safari/537.36 (compatible; Googlebot/2.1; +http://www.google.com/bot.html)"
198.244.242.16 - - [15/Jul/2026:16:30:10 +0000] "GET /item/n1516091082/ HTTP/2" 404 1251 "-" "Mozilla/5.0 (compatible; AhrefsBot/7.0; +http://ahrefs.com/robot/)"
66.249.79.228 - - [15/Jul/2026:16:30:22 +0000] "GET /items/C95901204/ HTTP/1.1" 404 1251 "-" "Mozilla/5.0 (Linux; Android 6.0.1; Nexus 5X Build/MMB29P) AppleWebKit/537.36 (KHTML, like Gecko) Chrome/150.0.7871.114 Mobile Safari/537.36 (compatible; Googlebot/2.1; +http://www.google.com/bot.html)"
66.249.79.228 - - [15/Jul/2026:16:30:26 +0000] "GET /item/c16800202462712/ HTTP/1.1" 404 1251 "-" "Mozilla/5.0 (Linux; Android 6.0.1; Nexus 5X Build/MMB29P) AppleWebKit/537.36 (KHTML, like Gecko) Chrome/150.0.7871.114 Mobile Safari/537.36 (compatible; Googlebot/2.1; +http://www.google.com/bot.html)"
198.244.242.137 - - [15/Jul/2026:16:30:29 +0000] "GET /item/y1905458526/ HTTP/2" 404 1251 "-" "Mozilla/5.0 (compatible; AhrefsBot/7.0; +http://ahrefs.com/robot/)"
104.210.140.141 - - [15/Jul/2026:16:30:33 +0000] "GET /robots.txt HTTP/2" 200 70 "-" "Mozilla/5.0 (Macintosh; Intel Mac OS X 10_15_7) AppleWebKit/537.36 (KHTML, like Gecko) Chrome/131.0.0.0 Safari/537.36; compatible; OAI-SearchBot/1.0; +https://openai.com/searchbot"
66.249.79.228 - - [15/Jul/2026:16:30:39 +0000] "GET /?item/m48293465696594/ HTTP/1.1" 200 14841 "-" "Mozilla/5.0 (Linux; Android 6.0.1; Nexus 5X Build/MMB29P) AppleWebKit/537.36 (KHTML, like Gecko) Chrome/150.0.7871.114 Mobile Safari/537.36 (compatible; Googlebot/2.1; +http://www.google.com/bot.html)"
66.249.79.228 - - [15/Jul/2026:16:30:42 +0000] "GET /?item/b46938073117046/ HTTP/1.1" 200 14841 "-" "Mozilla/5.0 (Linux; Android 6.0.1; Nexus 5X Build/MMB29P) AppleWebKit/537.36 (KHTML, like Gecko) Chrome/150.0.7871.114 Mobile Safari/537.36 (compatible; Googlebot/2.1; +http://www.google.com/bot.html)"
51.195.215.27 - - [15/Jul/2026:16:30:47 +0000] "GET /item/k5222369161/ HTTP/2" 404 1251 "-" "Mozilla/5.0 (compatible; AhrefsBot/7.0; +http://ahrefs.com/robot/)"
209.42.17.20 - - [15/Jul/2026:16:30:47 +0000] "POST /wp-cron.php?doing_wp_cron=1784133047.7033350467681884765625 HTTP/1.1" 200 0 "-" "WordPress/7.0.1; https://basalehglobal.ng"
66.249.79.228 - - [15/Jul/2026:16:30:47 +0000] "GET /?item/y44362303473039/ HTTP/1.1" 200 14841 "-" "Mozilla/5.0 (Linux; Android 6.0.1; Nexus 5X Build/MMB29P) AppleWebKit/537.36 (KHTML, like Gecko) Chrome/150.0.7871.114 Mobile Safari/537.36 (compatible; Googlebot/2.1; +http://www.google.com/bot.html)"
66.249.79.228 - - [15/Jul/2026:16:30:52 +0000] "GET /?item/o22883042783025/ HTTP/1.1" 200 14841 "-" "Mozilla/5.0 (Linux; Android 6.0.1; Nexus 5X Build/MMB29P) AppleWebKit/537.36 (KHTML, like Gecko) Chrome/150.0.7871.114 Mobile Safari/537.36 (compatible; Googlebot/2.1; +http://www.google.com/bot.html)"
66.249.79.228 - - [15/Jul/2026:16:30:53 +0000] "GET /?item/v49258565675142/ HTTP/1.1" 200 14841 "-" "Mozilla/5.0 (Linux; Android 6.0.1; Nexus 5X Build/MMB29P) AppleWebKit/537.36 (KHTML, like Gecko) Chrome/150.0.7871.114 Mobile Safari/537.36 (compatible; Googlebot/2.1; +http://www.google.com/bot.html)"
66.249.79.228 - - [15/Jul/2026:16:30:56 +0000] "GET /?item/q24436692473713/ HTTP/1.1" 200 14841 "-" "Mozilla/5.0 (Linux; Android 6.0.1; Nexus 5X Build/MMB29P) AppleWebKit/537.36 (KHTML, like Gecko) Chrome/150.0.7871.114 Mobile Safari/537.36 (compatible; Googlebot/2.1; +http://www.google.com/bot.html)"
198.244.226.75 - - [15/Jul/2026:16:31:05 +0000] "GET /item/k3134271217/ HTTP/2" 404 1251 "-" "Mozilla/5.0 (compatible; AhrefsBot/7.0; +http://ahrefs.com/robot/)"
66.249.79.228 - - [15/Jul/2026:16:31:05 +0000] "GET /?item/m47669335313372/ HTTP/1.1" 200 14841 "-" "Mozilla/5.0 (Linux; Android 6.0.1; Nexus 5X Build/MMB29P) AppleWebKit/537.36 (KHTML, like Gecko) Chrome/150.0.7871.114 Mobile Safari/537.36 (compatible; Googlebot/2.1; +http://www.google.com/bot.html)"
66.249.79.229 - - [15/Jul/2026:16:31:09 +0000] "GET /items/V146285779/ HTTP/1.1" 404 1251 "-" "Mozilla/5.0 (Linux; Android 6.0.1; Nexus 5X Build/MMB29P) AppleWebKit/537.36 (KHTML, like Gecko) Chrome/150.0.7871.114 Mobile Safari/537.36 (compatible; Googlebot/2.1; +http://www.google.com/bot.html)"
66.249.79.229 - - [15/Jul/2026:16:31:09 +0000] "GET /?item/w38450164293084/ HTTP/1.1" 200 14841 "-" "Mozilla/5.0 (Linux; Android 6.0.1; Nexus 5X Build/MMB29P) AppleWebKit/537.36 (KHTML, like Gecko) Chrome/150.0.7871.114 Mobile Safari/537.36 (compatible; Googlebot/2.1; +http://www.google.com/bot.html)"
66.249.79.228 - - [15/Jul/2026:16:31:12 +0000] "GET /?item/u34226035772253/ HTTP/1.1" 200 14841 "-" "Mozilla/5.0 (Linux; Android 6.0.1; Nexus 5X Build/MMB29P) AppleWebKit/537.36 (KHTML, like Gecko) Chrome/150.0.7871.114 Mobile Safari/537.36 (compatible; Googlebot/2.1; +http://www.google.com/bot.html)"
66.249.79.228 - - [15/Jul/2026:16:31:15 +0000] "GET /?item/p48636044949766/ HTTP/1.1" 200 14841 "-" "Mozilla/5.0 (Linux; Android 6.0.1; Nexus 5X Build/MMB29P) AppleWebKit/537.36 (KHTML, like Gecko) Chrome/150.0.7871.114 Mobile Safari/537.36 (compatible; Googlebot/2.1; +http://www.google.com/bot.html)"
198.244.183.134 - - [15/Jul/2026:16:31:23 +0000] "GET /item/i8083793712/ HTTP/2" 404 1251 "-" "Mozilla/5.0 (compatible; AhrefsBot/7.0; +http://ahrefs.com/robot/)"
66.249.79.229 - - [15/Jul/2026:16:31:37 +0000] "GET /?item/m24456825221303/ HTTP/1.1" 200 14841 "-" "Mozilla/5.0 (Linux; Android 6.0.1; Nexus 5X Build/MMB29P) AppleWebKit/537.36 (KHTML, like Gecko) Chrome/150.0.7871.114 Mobile Safari/537.36 (compatible; Googlebot/2.1; +http://www.google.com/bot.html)"
66.249.79.229 - - [15/Jul/2026:16:31:43 +0000] "GET /?item/b34451264459233/ HTTP/1.1" 200 14841 "-" "Mozilla/5.0 (Linux; Android 6.0.1; Nexus 5X Build/MMB29P) AppleWebKit/537.36 (KHTML, like Gecko) Chrome/150.0.7871.114 Mobile Safari/537.36 (compatible; Googlebot/2.1; +http://www.google.com/bot.html)"
198.244.168.236 - - [15/Jul/2026:16:31:45 +0000] "GET /item/x8903982531/ HTTP/2" 404 1251 "-" "Mozilla/5.0 (compatible; AhrefsBot/7.0; +http://ahrefs.com/robot/)"
209.42.17.20 - - [15/Jul/2026:16:31:48 +0000] "POST /wp-cron.php?doing_wp_cron=1784133108.5587201118469238281250 HTTP/1.1" 200 0 "-" "WordPress/7.0.1; https://basalehglobal.ng"
66.249.79.228 - - [15/Jul/2026:16:31:47 +0000] "GET /?item/t24622023099818/ HTTP/1.1" 200 14841 "-" "Mozilla/5.0 (Linux; Android 6.0.1; Nexus 5X Build/MMB29P) AppleWebKit/537.36 (KHTML, like Gecko) Chrome/150.0.7871.114 Mobile Safari/537.36 (compatible; Googlebot/2.1; +http://www.google.com/bot.html)"
66.249.79.228 - - [15/Jul/2026:16:31:50 +0000] "GET /shop/pg/87112594-4 HTTP/1.1" 404 1251 "-" "Mozilla/5.0 (Linux; Android 6.0.1; Nexus 5X Build/MMB29P) AppleWebKit/537.36 (KHTML, like Gecko) Chrome/150.0.7871.114 Mobile Safari/537.36 (compatible; Googlebot/2.1; +http://www.google.com/bot.html)"
66.249.79.228 - - [15/Jul/2026:16:31:52 +0000] "GET /item/k40615124583876/ HTTP/1.1" 404 1251 "-" "Mozilla/5.0 (Linux; Android 6.0.1; Nexus 5X Build/MMB29P) AppleWebKit/537.36 (KHTML, like Gecko) Chrome/150.0.7871.114 Mobile Safari/537.36 (compatible; Googlebot/2.1; +http://www.google.com/bot.html)"
66.249.79.228 - - [15/Jul/2026:16:31:59 +0000] "GET /?item/q44424803544995/ HTTP/1.1" 200 14841 "-" "Mozilla/5.0 (Linux; Android 6.0.1; Nexus 5X Build/MMB29P) AppleWebKit/537.36 (KHTML, like Gecko) Chrome/150.0.7871.114 Mobile Safari/537.36 (compatible; Googlebot/2.1; +http://www.google.com/bot.html)"
52.167.144.142 - - [15/Jul/2026:16:32:12 +0000] "GET /items/B106494759/ HTTP/2" 404 1251 "-" "Mozilla/5.0 AppleWebKit/537.36 (KHTML, like Gecko; compatible; bingbot/2.0; +http://www.bing.com/bingbot.htm) Chrome/116.0.1938.76 Safari/537.36"
198.244.183.78 - - [15/Jul/2026:16:32:17 +0000] "GET /item/h3323523538/ HTTP/2" 404 1251 "-" "Mozilla/5.0 (compatible; AhrefsBot/7.0; +http://ahrefs.com/robot/)"
66.249.79.228 - - [15/Jul/2026:16:32:24 +0000] "GET /?item/c44741902632558/ HTTP/1.1" 200 14841 "-" "Mozilla/5.0 (Linux; Android 6.0.1; Nexus 5X Build/MMB29P) AppleWebKit/537.36 (KHTML, like Gecko) Chrome/150.0.7871.114 Mobile Safari/537.36 (compatible; Googlebot/2.1; +http://www.google.com/bot.html)"
66.249.79.228 - - [15/Jul/2026:16:32:26 +0000] "GET /?item/w40033213679489/ HTTP/1.1" 200 14841 "-" "Mozilla/5.0 (Linux; Android 6.0.1; Nexus 5X Build/MMB29P) AppleWebKit/537.36 (KHTML, like Gecko) Chrome/150.0.7871.114 Mobile Safari/537.36 (compatible; Googlebot/2.1; +http://www.google.com/bot.html)"
66.249.79.228 - - [15/Jul/2026:16:32:29 +0000] "GET /?item/a43236023988700/ HTTP/1.1" 200 14841 "-" "Mozilla/5.0 (Linux; Android 6.0.1; Nexus 5X Build/MMB29P) AppleWebKit/537.36 (KHTML, like Gecko) Chrome/150.0.7871.114 Mobile Safari/537.36 (compatible; Googlebot/2.1; +http://www.google.com/bot.html)"
66.249.79.228 - - [15/Jul/2026:16:32:31 +0000] "GET /items/T92541830/ HTTP/1.1" 404 1251 "-" "Mozilla/5.0 (Linux; Android 6.0.1; Nexus 5X Build/MMB29P) AppleWebKit/537.36 (KHTML, like Gecko) Chrome/150.0.7871.114 Mobile Safari/537.36 (compatible; Googlebot/2.1; +http://www.google.com/bot.html)"
66.249.79.228 - - [15/Jul/2026:16:32:31 +0000] "GET /?item/w27152605203705/ HTTP/1.1" 200 14841 "-" "Mozilla/5.0 (Linux; Android 6.0.1; Nexus 5X Build/MMB29P) AppleWebKit/537.36 (KHTML, like Gecko) Chrome/150.0.7871.114 Mobile Safari/537.36 (compatible; Googlebot/2.1; +http://www.google.com/bot.html)"
66.249.79.228 - - [15/Jul/2026:16:32:33 +0000] "GET /?item/h27242844727949/ HTTP/1.1" 200 14841 "-" "Mozilla/5.0 (Linux; Android 6.0.1; Nexus 5X Build/MMB29P) AppleWebKit/537.36 (KHTML, like Gecko) Chrome/150.0.7871.114 Mobile Safari/537.36 (compatible; Googlebot/2.1; +http://www.google.com/bot.html)"
209.42.17.20 - - [15/Jul/2026:16:32:48 +0000] "POST /wp-cron.php?doing_wp_cron=1784133168.1591699123382568359375 HTTP/1.1" 200 0 "-" "WordPress/7.0.1; https://basalehglobal.ng"
66.249.79.228 - - [15/Jul/2026:16:32:47 +0000] "GET /?item/q10573524724044/ HTTP/1.1" 200 14841 "-" "Mozilla/5.0 (Linux; Android 6.0.1; Nexus 5X Build/MMB29P) AppleWebKit/537.36 (KHTML, like Gecko) Chrome/150.0.7871.114 Mobile Safari/537.36 (compatible; Googlebot/2.1; +http://www.google.com/bot.html)"
198.244.242.242 - - [15/Jul/2026:16:32:52 +0000] "GET /item/e7025230597/ HTTP/2" 404 1251 "-" "Mozilla/5.0 (compatible; AhrefsBot/7.0; +http://ahrefs.com/robot/)"
66.249.79.228 - - [15/Jul/2026:16:32:52 +0000] "GET /?item/o43840785463307/ HTTP/1.1" 200 14841 "-" "Mozilla/5.0 (Linux; Android 6.0.1; Nexus 5X Build/MMB29P) AppleWebKit/537.36 (KHTML, like Gecko) Chrome/150.0.7871.114 Mobile Safari/537.36 (compatible; Googlebot/2.1; +http://www.google.com/bot.html)"
66.249.79.228 - - [15/Jul/2026:16:32:53 +0000] "GET /?item/v43575285535266/ HTTP/1.1" 200 14841 "-" "Mozilla/5.0 (Linux; Android 6.0.1; Nexus 5X Build/MMB29P) AppleWebKit/537.36 (KHTML, like Gecko) Chrome/150.0.7871.114 Mobile Safari/537.36 (compatible; Googlebot/2.1; +http://www.google.com/bot.html)"
66.249.79.228 - - [15/Jul/2026:16:32:56 +0000] "GET /?item/g38197604463682/ HTTP/1.1" 200 14841 "-" "Mozilla/5.0 (Linux; Android 6.0.1; Nexus 5X Build/MMB29P) AppleWebKit/537.36 (KHTML, like Gecko) Chrome/150.0.7871.114 Mobile Safari/537.36 (compatible; Googlebot/2.1; +http://www.google.com/bot.html)"
66.249.79.228 - - [15/Jul/2026:16:32:58 +0000] "GET /?item/o31596484081951/ HTTP/1.1" 200 14841 "-" "Mozilla/5.0 (Linux; Android 6.0.1; Nexus 5X Build/MMB29P) AppleWebKit/537.36 (KHTML, like Gecko) Chrome/150.0.7871.114 Mobile Safari/537.36 (compatible; Googlebot/2.1; +http://www.google.com/bot.html)"
66.249.79.228 - - [15/Jul/2026:16:32:59 +0000] "GET /?item/u23362325114045/ HTTP/1.1" 200 14841 "-" "Mozilla/5.0 (Linux; Android 6.0.1; Nexus 5X Build/MMB29P) AppleWebKit/537.36 (KHTML, like Gecko) Chrome/150.0.7871.114 Mobile Safari/537.36 (compatible; Googlebot/2.1; +http://www.google.com/bot.html)"
66.249.79.228 - - [15/Jul/2026:16:33:01 +0000] "GET /?item/p49671125036004/ HTTP/1.1" 200 14841 "-" "Mozilla/5.0 (Linux; Android 6.0.1; Nexus 5X Build/MMB29P) AppleWebKit/537.36 (KHTML, like Gecko) Chrome/150.0.7871.114 Mobile Safari/537.36 (compatible; Googlebot/2.1; +http://www.google.com/bot.html)"
66.249.79.228 - - [15/Jul/2026:16:33:07 +0000] "GET /items/Z59814234/ HTTP/1.1" 404 1251 "-" "Mozilla/5.0 (Linux; Android 6.0.1; Nexus 5X Build/MMB29P) AppleWebKit/537.36 (KHTML, like Gecko) Chrome/150.0.7871.114 Mobile Safari/537.36 (compatible; Googlebot/2.1; +http://www.google.com/bot.html)"
66.249.79.228 - - [15/Jul/2026:16:33:12 +0000] "GET /?item/s39573954730210/ HTTP/1.1" 200 14841 "-" "Mozilla/5.0 (Linux; Android 6.0.1; Nexus 5X Build/MMB29P) AppleWebKit/537.36 (KHTML, like Gecko) Chrome/150.0.7871.114 Mobile Safari/537.36 (compatible; Googlebot/2.1; +http://www.google.com/bot.html)"
54.38.147.233 - - [15/Jul/2026:16:33:22 +0000] "GET /item/e1152488613/ HTTP/2" 404 1251 "-" "Mozilla/5.0 (compatible; AhrefsBot/7.0; +http://ahrefs.com/robot/)"
66.249.79.228 - - [15/Jul/2026:16:33:28 +0000] "GET /?item/c27159525870180/ HTTP/1.1" 200 14841 "-" "Mozilla/5.0 (Linux; Android 6.0.1; Nexus 5X Build/MMB29P) AppleWebKit/537.36 (KHTML, like Gecko) Chrome/150.0.7871.114 Mobile Safari/537.36 (compatible; Googlebot/2.1; +http://www.google.com/bot.html)"
66.249.79.228 - - [15/Jul/2026:16:33:37 +0000] "GET /?item/c45163053639081/ HTTP/1.1" 200 14841 "-" "Mozilla/5.0 (Linux; Android 6.0.1; Nexus 5X Build/MMB29P) AppleWebKit/537.36 (KHTML, like Gecko) Chrome/150.0.7871.114 Mobile Safari/537.36 (compatible; Googlebot/2.1; +http://www.google.com/bot.html)"
66.249.79.228 - - [15/Jul/2026:16:33:40 +0000] "GET /?item/a23967214525144/ HTTP/1.1" 200 14841 "-" "Mozilla/5.0 (Linux; Android 6.0.1; Nexus 5X Build/MMB29P) AppleWebKit/537.36 (KHTML, like Gecko) Chrome/150.0.7871.114 Mobile Safari/537.36 (compatible; Googlebot/2.1; +http://www.google.com/bot.html)"
40.77.167.159 - - [15/Jul/2026:16:33:42 +0000] "GET /items/E96603759/ HTTP/2" 404 1251 "-" "Mozilla/5.0 AppleWebKit/537.36 (KHTML, like Gecko; compatible; bingbot/2.0; +http://www.bing.com/bingbot.htm) Chrome/116.0.1938.76 Safari/537.36"
66.249.79.228 - - [15/Jul/2026:16:33:42 +0000] "GET /items/X258593062/ HTTP/1.1" 404 1251 "-" "Mozilla/5.0 (Linux; Android 6.0.1; Nexus 5X Build/MMB29P) AppleWebKit/537.36 (KHTML, like Gecko) Chrome/150.0.7871.114 Mobile Safari/537.36 (compatible; Googlebot/2.1; +http://www.google.com/bot.html)"
66.249.79.228 - - [15/Jul/2026:16:33:43 +0000] "GET /?item/w14330914332953/ HTTP/1.1" 200 14860 "-" "Mozilla/5.0 (Linux; Android 6.0.1; Nexus 5X Build/MMB29P) AppleWebKit/537.36 (KHTML, like Gecko) Chrome/150.0.7871.114 Mobile Safari/537.36 (compatible; Googlebot/2.1; +http://www.google.com/bot.html)"
51.195.215.63 - - [15/Jul/2026:16:33:45 +0000] "GET /item/x6442453913/ HTTP/2" 404 1251 "-" "Mozilla/5.0 (compatible; AhrefsBot/7.0; +http://ahrefs.com/robot/)"
209.42.17.20 - - [15/Jul/2026:16:33:47 +0000] "POST /wp-cron.php?doing_wp_cron=1784133227.3855760097503662109375 HTTP/1.1" 200 0 "-" "WordPress/7.0.1; https://basalehglobal.ng"
66.249.79.228 - - [15/Jul/2026:16:33:46 +0000] "GET /?item/k43549235746705/ HTTP/1.1" 200 14841 "-" "Mozilla/5.0 (Linux; Android 6.0.1; Nexus 5X Build/MMB29P) AppleWebKit/537.36 (KHTML, like Gecko) Chrome/150.0.7871.114 Mobile Safari/537.36 (compatible; Googlebot/2.1; +http://www.google.com/bot.html)"
51.195.244.63 - - [15/Jul/2026:16:34:06 +0000] "GET /item/x3712616002/ HTTP/2" 404 1251 "-" "Mozilla/5.0 (compatible; AhrefsBot/7.0; +http://ahrefs.com/robot/)"
66.249.79.228 - - [15/Jul/2026:16:34:12 +0000] "GET /?item/u38085904805074/ HTTP/1.1" 200 14841 "-" "Mozilla/5.0 (Linux; Android 6.0.1; Nexus 5X Build/MMB29P) AppleWebKit/537.36 (KHTML, like Gecko) Chrome/150.0.7871.114 Mobile Safari/537.36 (compatible; Googlebot/2.1; +http://www.google.com/bot.html)"
66.249.79.229 - - [15/Jul/2026:16:34:14 +0000] "GET /?item/p11731112764567/ HTTP/1.1" 200 14841 "-" "Mozilla/5.0 (Linux; Android 6.0.1; Nexus 5X Build/MMB29P) AppleWebKit/537.36 (KHTML, like Gecko) Chrome/150.0.7871.114 Mobile Safari/537.36 (compatible; Googlebot/2.1; +http://www.google.com/bot.html)"
66.249.79.229 - - [15/Jul/2026:16:34:23 +0000] "GET /items/L128784830/ HTTP/1.1" 404 1251 "-" "Mozilla/5.0 (Linux; Android 6.0.1; Nexus 5X Build/MMB29P) AppleWebKit/537.36 (KHTML, like Gecko) Chrome/150.0.7871.114 Mobile Safari/537.36 (compatible; Googlebot/2.1; +http://www.google.com/bot.html)"
66.249.79.228 - - [15/Jul/2026:16:34:33 +0000] "GET /?item/s46250193797360/ HTTP/1.1" 200 14841 "-" "Mozilla/5.0 (Linux; Android 6.0.1; Nexus 5X Build/MMB29P) AppleWebKit/537.36 (KHTML, like Gecko) Chrome/150.0.7871.114 Mobile Safari/537.36 (compatible; Googlebot/2.1; +http://www.google.com/bot.html)"
51.89.129.10 - - [15/Jul/2026:16:34:40 +0000] "GET /item/w3875210386/ HTTP/2" 404 1251 "-" "Mozilla/5.0 (compatible; AhrefsBot/7.0; +http://ahrefs.com/robot/)"
