162.141.167.57 - - [15/Jul/2026:15:19:27 +0000] "GET /wp-content/plugins/vamtam-elementor-integration-pixelpiernyc/assets/js/vamtam-elementor-frontend.min.js?ver=1.1.16 HTTP/1.1" 200 3262 "-" "Mozilla/5.0 (Macintosh; Intel Mac OS X 15_7_5) AppleWebKit/605.1.15 (KHTML, like Gecko) Version/26.0 Safari/605.1.15"
162.141.167.57 - - [15/Jul/2026:15:19:27 +0000] "GET /wp-content/plugins/elementor/assets/lib/dialog/dialog.min.js?ver=4.9.4 HTTP/1.1" 200 3593 "-" "Mozilla/5.0 (Windows NT 10.0; Win64; x64; rv:149.0) Gecko/20100101 Firefox/149.0"
162.141.167.57 - - [15/Jul/2026:15:19:27 +0000] "GET /wp-content/plugins/woocommerce/assets/js/frontend/order-attribution.min.js?ver=10.9.1 HTTP/1.1" 200 1020 "-" "Mozilla/5.0 (Windows NT 10.0; Win64; x64) AppleWebKit/537.36 (KHTML, like Gecko) Chrome/147.0.0.0 Safari/537.36 Edg/146.0.3856.109"
162.141.167.57 - - [15/Jul/2026:15:19:28 +0000] "GET /wp-content/plugins/woocommerce/assets/js/frontend/woocommerce.min.js?ver=10.9.1 HTTP/1.1" 200 1384 "-" "Mozilla/5.0 (Windows NT 10.0; Win64; x64; rv:149.0) Gecko/20100101 Firefox/149.0"
162.141.167.57 - - [15/Jul/2026:15:19:28 +0000] "GET /wp-content/plugins/elementor/assets/js/frontend-modules.min.js?ver=4.1.4 HTTP/1.1" 200 15445 "-" "Mozilla/5.0 (Macintosh; Intel Mac OS X 15_7_5) AppleWebKit/605.1.15 (KHTML, like Gecko) Version/26.0 Safari/605.1.15"
162.141.167.57 - - [15/Jul/2026:15:19:28 +0000] "GET /.env.production HTTP/1.1" 404 1251 "-" "Mozilla/5.0 (Windows NT 10.0; Win64; x64; rv:149.0) Gecko/20100101 Firefox/149.0"
162.141.167.57 - - [15/Jul/2026:15:19:28 +0000] "GET /wp-content/themes/pixelpiernyc/vamtam/assets/js/fallback.js?ver=7.0.1 HTTP/1.1" 200 1834 "-" "Mozilla/5.0 (Windows NT 10.0; Win64; x64) AppleWebKit/537.36 (KHTML, like Gecko) Chrome/147.0.0.0 Safari/537.36"
162.141.167.57 - - [15/Jul/2026:15:19:28 +0000] "GET /.env.development HTTP/1.1" 404 1251 "-" "Mozilla/5.0 (Macintosh; Intel Mac OS X 10_15_7) AppleWebKit/537.36 (KHTML, like Gecko) Chrome/147.0.0.0 Safari/537.36"
162.141.167.57 - - [15/Jul/2026:15:19:28 +0000] "GET /wp-content/plugins/vamtam-elementor-integration-pixelpiernyc/assets/js/widgets/heading/vamtam-heading.min.js?ver=1.1.16 HTTP/1.1" 200 769 "-" "Mozilla/5.0 (Windows NT 10.0; Win64; x64; rv:149.0) Gecko/20100101 Firefox/149.0"
162.141.167.57 - - [15/Jul/2026:15:19:28 +0000] "GET /wp-content/plugins/woocommerce/assets/js/frontend/add-to-cart.min.js?ver=10.9.1 HTTP/1.1" 200 1296 "-" "Mozilla/5.0 (Windows NT 10.0; Win64; x64; rv:149.0) Gecko/20100101 Firefox/149.0"
162.141.167.57 - - [15/Jul/2026:15:19:28 +0000] "GET /wp-content/plugins/woocommerce/assets/js/js-cookie/js.cookie.min.js?ver=2.1.4-wc.10.9.1 HTTP/1.1" 200 760 "-" "Mozilla/5.0 (Windows NT 10.0; Win64; x64) AppleWebKit/537.36 (KHTML, like Gecko) Chrome/147.0.0.0 Safari/537.36"
162.141.167.57 - - [15/Jul/2026:15:19:28 +0000] "GET /wp-content/plugins/elementor/assets/js/frontend.min.js?ver=4.1.4 HTTP/1.1" 200 10124 "-" "Mozilla/5.0 (Macintosh; Intel Mac OS X 15_7_5) AppleWebKit/605.1.15 (KHTML, like Gecko) Version/26.0 Safari/605.1.15"
162.141.167.57 - - [15/Jul/2026:15:19:28 +0000] "GET /wp-content/themes/pixelpiernyc/vamtam/assets/js/all.min.js?ver=7.0.1 HTTP/1.1" 200 4325 "-" "Mozilla/5.0 (Windows NT 10.0; Win64; x64; rv:149.0) Gecko/20100101 Firefox/149.0"
162.141.167.57 - - [15/Jul/2026:15:19:28 +0000] "GET /wp-includes/js/imagesloaded.min.js?ver=5.0.0 HTTP/1.1" 200 1687 "-" "Mozilla/5.0 (Macintosh; Intel Mac OS X 15_7_5) AppleWebKit/605.1.15 (KHTML, like Gecko) Version/26.0 Safari/605.1.15"
162.141.167.57 - - [15/Jul/2026:15:19:28 +0000] "GET /wp-includes/js/masonry.min.js?ver=4.2.2 HTTP/1.1" 200 7117 "-" "Mozilla/5.0 (Windows NT 10.0; Win64; x64) AppleWebKit/537.36 (KHTML, like Gecko) Chrome/147.0.0.0 Safari/537.36 Edg/146.0.3856.109"
162.141.167.57 - - [15/Jul/2026:15:19:28 +0000] "GET /wp-content/plugins/elementor/assets/js/webpack.runtime.min.js?ver=4.1.4 HTTP/1.1" 200 2338 "-" "Mozilla/5.0 (Macintosh; Intel Mac OS X 15.7; rv:149.0) Gecko/20100101 Firefox/149.0"
162.141.167.57 - - [15/Jul/2026:15:19:29 +0000] "GET /backend/.env HTTP/1.1" 404 1251 "-" "Mozilla/5.0 (Windows NT 10.0; Win64; x64) AppleWebKit/537.36 (KHTML, like Gecko) Chrome/147.0.0.0 Safari/537.36"
162.141.167.57 - - [15/Jul/2026:15:19:29 +0000] "GET /api/.env HTTP/1.1" 404 1251 "-" "Mozilla/5.0 (Windows NT 10.0; Win64; x64) AppleWebKit/537.36 (KHTML, like Gecko) Chrome/147.0.0.0 Safari/537.36"
162.141.167.57 - - [15/Jul/2026:15:19:29 +0000] "GET /config.json HTTP/1.1" 404 1251 "-" "Mozilla/5.0 (Windows NT 10.0; Win64; x64; rv:149.0) Gecko/20100101 Firefox/149.0"
162.141.167.57 - - [15/Jul/2026:15:19:29 +0000] "GET /.aws/credentials HTTP/1.1" 404 1251 "-" "Mozilla/5.0 (Windows NT 10.0; Win64; x64) AppleWebKit/537.36 (KHTML, like Gecko) Chrome/147.0.0.0 Safari/537.36 Edg/146.0.3856.109"
162.141.167.57 - - [15/Jul/2026:15:19:29 +0000] "GET /js/config.js HTTP/1.1" 404 1251 "-" "Mozilla/5.0 (Windows NT 10.0; Win64; x64) AppleWebKit/537.36 (KHTML, like Gecko) Chrome/147.0.0.0 Safari/537.36"
162.141.167.57 - - [15/Jul/2026:15:19:30 +0000] "GET /.git/config HTTP/1.1" 403 1242 "-" "Mozilla/5.0 (Windows NT 10.0; Win64; x64; rv:149.0) Gecko/20100101 Firefox/149.0"
162.141.167.57 - - [15/Jul/2026:15:19:30 +0000] "GET /.env HTTP/1.1" 404 1251 "-" "Mozilla/5.0 (Macintosh; Intel Mac OS X 15_7_5) AppleWebKit/605.1.15 (KHTML, like Gecko) Version/26.0 Safari/605.1.15"
162.141.167.57 - - [15/Jul/2026:15:19:34 +0000] "GET /about HTTP/1.1" 404 1251 "-" "Mozilla/5.0 (Macintosh; Intel Mac OS X 15_7_5) AppleWebKit/605.1.15 (KHTML, like Gecko) Version/26.0 Safari/605.1.15"
162.141.167.57 - - [15/Jul/2026:15:19:34 +0000] "GET /services/ HTTP/1.1" 404 1251 "-" "Mozilla/5.0 (Windows NT 10.0; Win64; x64) AppleWebKit/537.36 (KHTML, like Gecko) Chrome/147.0.0.0 Safari/537.36 Edg/146.0.3856.109"
66.249.79.228 - - [15/Jul/2026:15:19:36 +0000] "GET /?item/c33418485415359/ HTTP/1.1" 200 14841 "-" "Mozilla/5.0 (Linux; Android 6.0.1; Nexus 5X Build/MMB29P) AppleWebKit/537.36 (KHTML, like Gecko) Chrome/150.0.7871.114 Mobile Safari/537.36 (compatible; Googlebot/2.1; +http://www.google.com/bot.html)"
198.244.240.19 - - [15/Jul/2026:15:19:40 +0000] "GET /item/c8634219606/ HTTP/2" 404 1251 "-" "Mozilla/5.0 (compatible; AhrefsBot/7.0; +http://ahrefs.com/robot/)"
66.249.79.228 - - [15/Jul/2026:15:19:49 +0000] "GET /wp-content/plugins/elementor/assets/js/frontend.min.js?ver=4.1.4 HTTP/1.1" 200 10124 "https://basalehglobal.ng/?item/g39097092533723/" "Mozilla/5.0 (Linux; Android 6.0.1; Nexus 5X Build/MMB29P) AppleWebKit/537.36 (KHTML, like Gecko) Chrome/150.0.7871.114 Mobile Safari/537.36 (compatible; Googlebot/2.1; +http://www.google.com/bot.html)"
66.249.79.228 - - [15/Jul/2026:15:19:51 +0000] "GET /wp-content/plugins/elementor/assets/js/frontend.min.js?ver=4.1.4 HTTP/1.1" 200 10124 "https://basalehglobal.ng/?item/t30005983094915/" "Mozilla/5.0 (Linux; Android 6.0.1; Nexus 5X Build/MMB29P) AppleWebKit/537.36 (KHTML, like Gecko) Chrome/150.0.7871.114 Mobile Safari/537.36 (compatible; Googlebot/2.1; +http://www.google.com/bot.html)"
66.249.79.228 - - [15/Jul/2026:15:19:52 +0000] "GET /items/V140446022/ HTTP/1.1" 404 1251 "-" "Mozilla/5.0 (Linux; Android 6.0.1; Nexus 5X Build/MMB29P) AppleWebKit/537.36 (KHTML, like Gecko) Chrome/150.0.7871.114 Mobile Safari/537.36 (compatible; Googlebot/2.1; +http://www.google.com/bot.html)"
198.244.168.193 - - [15/Jul/2026:15:19:59 +0000] "GET /item/h1354047872/ HTTP/2" 404 1251 "-" "Mozilla/5.0 (compatible; AhrefsBot/7.0; +http://ahrefs.com/robot/)"
209.42.17.20 - - [15/Jul/2026:15:20:00 +0000] "POST /wp-cron.php?doing_wp_cron=1784128800.4177908897399902343750 HTTP/1.1" 200 0 "-" "WordPress/7.0.1; https://basalehglobal.ng"
66.249.79.228 - - [15/Jul/2026:15:19:59 +0000] "GET /?item/u38546872332792/ HTTP/1.1" 200 14841 "-" "Mozilla/5.0 (Linux; Android 6.0.1; Nexus 5X Build/MMB29P) AppleWebKit/537.36 (KHTML, like Gecko) Chrome/150.0.7871.114 Mobile Safari/537.36 (compatible; Googlebot/2.1; +http://www.google.com/bot.html)"
52.167.144.213 - - [15/Jul/2026:15:20:14 +0000] "GET /items/C240702860/ HTTP/2" 404 1251 "-" "Mozilla/5.0 AppleWebKit/537.36 (KHTML, like Gecko; compatible; bingbot/2.0; +http://www.bing.com/bingbot.htm) Chrome/116.0.1938.76 Safari/537.36"
198.244.242.187 - - [15/Jul/2026:15:20:18 +0000] "GET /item/b8562542824/ HTTP/2" 404 1251 "-" "Mozilla/5.0 (compatible; AhrefsBot/7.0; +http://ahrefs.com/robot/)"
66.249.79.228 - - [15/Jul/2026:15:20:24 +0000] "GET /items/O187838335/ HTTP/1.1" 404 1251 "-" "Mozilla/5.0 (Linux; Android 6.0.1; Nexus 5X Build/MMB29P) AppleWebKit/537.36 (KHTML, like Gecko) Chrome/150.0.7871.114 Mobile Safari/537.36 (compatible; Googlebot/2.1; +http://www.google.com/bot.html)"
66.249.79.228 - - [15/Jul/2026:15:20:24 +0000] "GET /items/H123306204/ HTTP/1.1" 404 1251 "-" "Mozilla/5.0 (Linux; Android 6.0.1; Nexus 5X Build/MMB29P) AppleWebKit/537.36 (KHTML, like Gecko) Chrome/150.0.7871.114 Mobile Safari/537.36 (compatible; Googlebot/2.1; +http://www.google.com/bot.html)"
66.249.79.228 - - [15/Jul/2026:15:20:26 +0000] "GET /?item/m23324985735896/ HTTP/1.1" 200 14841 "-" "Mozilla/5.0 (Linux; Android 6.0.1; Nexus 5X Build/MMB29P) AppleWebKit/537.36 (KHTML, like Gecko) Chrome/150.0.7871.114 Mobile Safari/537.36 (compatible; Googlebot/2.1; +http://www.google.com/bot.html)"
66.249.79.228 - - [15/Jul/2026:15:20:34 +0000] "GET /items/V195337709/ HTTP/1.1" 404 1251 "-" "Mozilla/5.0 (Linux; Android 6.0.1; Nexus 5X Build/MMB29P) AppleWebKit/537.36 (KHTML, like Gecko) Chrome/150.0.7871.114 Mobile Safari/537.36 (compatible; Googlebot/2.1; +http://www.google.com/bot.html)"
51.195.244.131 - - [15/Jul/2026:15:20:38 +0000] "GET /item/b7522613099/ HTTP/2" 404 1251 "-" "Mozilla/5.0 (compatible; AhrefsBot/7.0; +http://ahrefs.com/robot/)"
66.249.79.228 - - [15/Jul/2026:15:20:43 +0000] "GET /?item/c24937344108330/ HTTP/1.1" 200 14841 "-" "Mozilla/5.0 (Linux; Android 6.0.1; Nexus 5X Build/MMB29P) AppleWebKit/537.36 (KHTML, like Gecko) Chrome/150.0.7871.114 Mobile Safari/537.36 (compatible; Googlebot/2.1; +http://www.google.com/bot.html)"
198.244.183.98 - - [15/Jul/2026:15:20:57 +0000] "GET /item/b1052397720/ HTTP/2" 404 1251 "-" "Mozilla/5.0 (compatible; AhrefsBot/7.0; +http://ahrefs.com/robot/)"
66.249.79.228 - - [15/Jul/2026:15:20:58 +0000] "GET /items/Y176791052/ HTTP/1.1" 404 1251 "-" "Mozilla/5.0 (Linux; Android 6.0.1; Nexus 5X Build/MMB29P) AppleWebKit/537.36 (KHTML, like Gecko) Chrome/150.0.7871.114 Mobile Safari/537.36 (compatible; Googlebot/2.1; +http://www.google.com/bot.html)"
66.249.79.230 - - [15/Jul/2026:15:21:05 +0000] "GET /items/E81379355/ HTTP/1.1" 404 1251 "-" "Mozilla/5.0 (Linux; Android 6.0.1; Nexus 5X Build/MMB29P) AppleWebKit/537.36 (KHTML, like Gecko) Chrome/150.0.7871.114 Mobile Safari/537.36 (compatible; Googlebot/2.1; +http://www.google.com/bot.html)"
46.37.124.20 - - [15/Jul/2026:15:21:07 +0000] "HEAD / HTTP/1.1" 200 0 "-" "Mozilla/5.0 (Windows NT 10.0; Win64; x64) AppleWebKit/537.36 (KHTML, like Gecko) Chrome/147.0.0.0 Safari/537.36"
46.37.124.20 - - [15/Jul/2026:15:21:08 +0000] "HEAD / HTTP/1.1" 200 0 "http://cpanel.basalehglobal.ng" "Mozilla/5.0 (Windows NT 10.0; Win64; x64) AppleWebKit/537.36 (KHTML, like Gecko) Chrome/147.0.0.0 Safari/537.36 Edg/146.0.3856.109"
46.37.124.20 - - [15/Jul/2026:15:21:08 +0000] "GET / HTTP/1.1" 200 12496 "-" "Mozilla/5.0 (Windows NT 10.0; Win64; x64) AppleWebKit/537.36 (KHTML, like Gecko) Chrome/147.0.0.0 Safari/537.36"
46.37.124.20 - - [15/Jul/2026:15:21:09 +0000] "GET /.git/HEAD HTTP/1.1" 404 3415 "-" "Mozilla/5.0 (Windows NT 10.0; Win64; x64; rv:149.0) Gecko/20100101 Firefox/149.0"
46.37.124.20 - - [15/Jul/2026:15:21:09 +0000] "GET /.env HTTP/1.1" 404 3415 "-" "Mozilla/5.0 (Windows NT 10.0; Win64; x64; rv:149.0) Gecko/20100101 Firefox/149.0"
46.37.124.20 - - [15/Jul/2026:15:21:10 +0000] "GET /config.json HTTP/1.1" 404 3415 "-" "Mozilla/5.0 (Macintosh; Intel Mac OS X 10_15_7) AppleWebKit/537.36 (KHTML, like Gecko) Chrome/147.0.0.0 Safari/537.36"
209.42.17.20 - - [15/Jul/2026:15:21:11 +0000] "POST /wp-cron.php?doing_wp_cron=1784128871.3166570663452148437500 HTTP/1.1" 200 0 "-" "WordPress/7.0.1; https://basalehglobal.ng"
66.249.79.229 - - [15/Jul/2026:15:21:10 +0000] "GET /?item/x38477154251667/ HTTP/1.1" 200 14841 "-" "Mozilla/5.0 (Linux; Android 6.0.1; Nexus 5X Build/MMB29P) AppleWebKit/537.36 (KHTML, like Gecko) Chrome/150.0.7871.114 Mobile Safari/537.36 (compatible; Googlebot/2.1; +http://www.google.com/bot.html)"
46.37.124.20 - - [15/Jul/2026:15:21:11 +0000] "GET /env HTTP/1.1" 404 3415 "-" "Mozilla/5.0 (Windows NT 10.0; Win64; x64) AppleWebKit/537.36 (KHTML, like Gecko) Chrome/147.0.0.0 Safari/537.36 Edg/146.0.3856.109"
46.37.124.20 - - [15/Jul/2026:15:21:11 +0000] "GET /.aws/credentials HTTP/1.1" 404 3415 "-" "Mozilla/5.0 (Windows NT 10.0; Win64; x64) AppleWebKit/537.36 (KHTML, like Gecko) Chrome/147.0.0.0 Safari/537.36 Edg/146.0.3856.109"
46.37.124.20 - - [15/Jul/2026:15:21:12 +0000] "GET /.env.local HTTP/1.1" 404 3415 "-" "Mozilla/5.0 (Macintosh; Intel Mac OS X 15.7; rv:149.0) Gecko/20100101 Firefox/149.0"
46.37.124.20 - - [15/Jul/2026:15:21:12 +0000] "GET /js/config.js HTTP/1.1" 404 3415 "-" "Mozilla/5.0 (Macintosh; Intel Mac OS X 15_7_5) AppleWebKit/605.1.15 (KHTML, like Gecko) Version/26.0 Safari/605.1.15"
46.37.124.20 - - [15/Jul/2026:15:21:12 +0000] "GET /.env.production HTTP/1.1" 404 3415 "-" "Mozilla/5.0 (Windows NT 10.0; Win64; x64) AppleWebKit/537.36 (KHTML, like Gecko) Chrome/147.0.0.0 Safari/537.36"
46.37.124.20 - - [15/Jul/2026:15:21:12 +0000] "GET /.env.development HTTP/1.1" 404 3415 "-" "Mozilla/5.0 (Windows NT 10.0; Win64; x64) AppleWebKit/537.36 (KHTML, like Gecko) Chrome/147.0.0.0 Safari/537.36 Edg/146.0.3856.109"
46.37.124.20 - - [15/Jul/2026:15:21:12 +0000] "GET /.git/config HTTP/1.1" 404 3415 "-" "Mozilla/5.0 (Windows NT 10.0; Win64; x64; rv:149.0) Gecko/20100101 Firefox/149.0"
46.37.124.20 - - [15/Jul/2026:15:21:12 +0000] "GET /?locale=pt HTTP/1.1" 200 12513 "-" "Mozilla/5.0 (Windows NT 10.0; Win64; x64) AppleWebKit/537.36 (KHTML, like Gecko) Chrome/147.0.0.0 Safari/537.36 Edg/146.0.3856.109"
46.37.124.20 - - [15/Jul/2026:15:21:12 +0000] "GET /backend/.env HTTP/1.1" 404 3415 "-" "Mozilla/5.0 (Macintosh; Intel Mac OS X 15.7; rv:149.0) Gecko/20100101 Firefox/149.0"
46.37.124.20 - - [15/Jul/2026:15:21:12 +0000] "GET /api/.env HTTP/1.1" 404 3415 "-" "Mozilla/5.0 (Windows NT 10.0; Win64; x64) AppleWebKit/537.36 (KHTML, like Gecko) Chrome/147.0.0.0 Safari/537.36 Edg/146.0.3856.109"
46.37.124.20 - - [15/Jul/2026:15:21:12 +0000] "GET /?locale=cs HTTP/1.1" 200 12724 "-" "Mozilla/5.0 (Macintosh; Intel Mac OS X 10_15_7) AppleWebKit/537.36 (KHTML, like Gecko) Chrome/147.0.0.0 Safari/537.36"
46.37.124.20 - - [15/Jul/2026:15:21:13 +0000] "GET /?locale=pl HTTP/1.1" 200 12771 "-" "Mozilla/5.0 (Windows NT 10.0; Win64; x64) AppleWebKit/537.36 (KHTML, like Gecko) Chrome/147.0.0.0 Safari/537.36"
46.37.124.20 - - [15/Jul/2026:15:21:13 +0000] "GET /?locale=ar HTTP/1.1" 200 12879 "-" "Mozilla/5.0 (Windows NT 10.0; Win64; x64) AppleWebKit/537.36 (KHTML, like Gecko) Chrome/147.0.0.0 Safari/537.36 Edg/146.0.3856.109"
46.37.124.20 - - [15/Jul/2026:15:21:13 +0000] "GET /?locale=es_419 HTTP/1.1" 200 12651 "-" "Mozilla/5.0 (Macintosh; Intel Mac OS X 15_7_5) AppleWebKit/605.1.15 (KHTML, like Gecko) Version/26.0 Safari/605.1.15"
46.37.124.20 - - [15/Jul/2026:15:21:13 +0000] "GET /?locale=da HTTP/1.1" 200 12586 "-" "Mozilla/5.0 (Windows NT 10.0; Win64; x64) AppleWebKit/537.36 (KHTML, like Gecko) Chrome/147.0.0.0 Safari/537.36 Edg/146.0.3856.109"
46.37.124.20 - - [15/Jul/2026:15:21:13 +0000] "GET /?locale=de HTTP/1.1" 200 12695 "-" "Mozilla/5.0 (Macintosh; Intel Mac OS X 15_7_5) AppleWebKit/605.1.15 (KHTML, like Gecko) Version/26.0 Safari/605.1.15"
46.37.124.20 - - [15/Jul/2026:15:21:13 +0000] "GET /?locale=el HTTP/1.1" 200 12986 "-" "Mozilla/5.0 (Windows NT 10.0; Win64; x64) AppleWebKit/537.36 (KHTML, like Gecko) Chrome/147.0.0.0 Safari/537.36"
46.37.124.20 - - [15/Jul/2026:15:21:13 +0000] "GET /?locale=pt_br HTTP/1.1" 200 12603 "-" "Mozilla/5.0 (Windows NT 10.0; Win64; x64) AppleWebKit/537.36 (KHTML, like Gecko) Chrome/147.0.0.0 Safari/537.36 Edg/146.0.3856.109"
46.37.124.20 - - [15/Jul/2026:15:21:13 +0000] "GET /?locale=en HTTP/1.1" 200 12490 "-" "Mozilla/5.0 (Windows NT 10.0; Win64; x64) AppleWebKit/537.36 (KHTML, like Gecko) Chrome/147.0.0.0 Safari/537.36"
46.37.124.20 - - [15/Jul/2026:15:21:13 +0000] "GET /?locale=ro HTTP/1.1" 200 12629 "-" "Mozilla/5.0 (Macintosh; Intel Mac OS X 15.7; rv:149.0) Gecko/20100101 Firefox/149.0"
46.37.124.20 - - [15/Jul/2026:15:21:13 +0000] "GET /?locale=es HTTP/1.1" 200 12647 "-" "Mozilla/5.0 (Windows NT 10.0; Win64; x64) AppleWebKit/537.36 (KHTML, like Gecko) Chrome/147.0.0.0 Safari/537.36"
46.37.124.20 - - [15/Jul/2026:15:21:13 +0000] "GET /?locale=es_419 HTTP/1.1" 200 12649 "-" "Mozilla/5.0 (Windows NT 10.0; Win64; x64; rv:149.0) Gecko/20100101 Firefox/149.0"
46.37.124.20 - - [15/Jul/2026:15:21:13 +0000] "GET /?locale=es_es HTTP/1.1" 200 12657 "-" "Mozilla/5.0 (Windows NT 10.0; Win64; x64; rv:149.0) Gecko/20100101 Firefox/149.0"
46.37.124.20 - - [15/Jul/2026:15:21:13 +0000] "GET /?locale=ru HTTP/1.1" 200 12946 "-" "Mozilla/5.0 (Macintosh; Intel Mac OS X 15.7; rv:149.0) Gecko/20100101 Firefox/149.0"
46.37.124.20 - - [15/Jul/2026:15:21:13 +0000] "GET /?locale=fi HTTP/1.1" 200 12656 "-" "Mozilla/5.0 (Macintosh; Intel Mac OS X 15_7_5) AppleWebKit/605.1.15 (KHTML, like Gecko) Version/26.0 Safari/605.1.15"
46.37.124.20 - - [15/Jul/2026:15:21:13 +0000] "GET /?locale=tr HTTP/1.1" 200 12721 "-" "Mozilla/5.0 (Macintosh; Intel Mac OS X 15_7_5) AppleWebKit/605.1.15 (KHTML, like Gecko) Version/26.0 Safari/605.1.15"
46.37.124.20 - - [15/Jul/2026:15:21:14 +0000] "GET /?locale=sv HTTP/1.1" 200 12603 "-" "Mozilla/5.0 (Macintosh; Intel Mac OS X 15_7_5) AppleWebKit/605.1.15 (KHTML, like Gecko) Version/26.0 Safari/605.1.15"
46.37.124.20 - - [15/Jul/2026:15:21:14 +0000] "GET /?locale=th HTTP/1.1" 200 12876 "-" "Mozilla/5.0 (Macintosh; Intel Mac OS X 15.7; rv:149.0) Gecko/20100101 Firefox/149.0"
46.37.124.20 - - [15/Jul/2026:15:21:14 +0000] "GET /?locale=uk HTTP/1.1" 200 12886 "-" "Mozilla/5.0 (Macintosh; Intel Mac OS X 15.7; rv:149.0) Gecko/20100101 Firefox/149.0"
66.249.79.229 - - [15/Jul/2026:15:21:13 +0000] "GET /?item/u14412102970181/ HTTP/1.1" 200 14841 "-" "Mozilla/5.0 (Linux; Android 6.0.1; Nexus 5X Build/MMB29P) AppleWebKit/537.36 (KHTML, like Gecko) Chrome/150.0.7871.114 Mobile Safari/537.36 (compatible; Googlebot/2.1; +http://www.google.com/bot.html)"
46.37.124.20 - - [15/Jul/2026:15:21:14 +0000] "GET /?locale=fil HTTP/1.1" 200 12580 "-" "Mozilla/5.0 (Windows NT 10.0; Win64; x64) AppleWebKit/537.36 (KHTML, like Gecko) Chrome/147.0.0.0 Safari/537.36 Edg/146.0.3856.109"
46.37.124.20 - - [15/Jul/2026:15:21:14 +0000] "GET /?locale=fr HTTP/1.1" 200 12760 "-" "Mozilla/5.0 (Windows NT 10.0; Win64; x64; rv:149.0) Gecko/20100101 Firefox/149.0"
46.37.124.20 - - [15/Jul/2026:15:21:14 +0000] "GET /?locale=vi HTTP/1.1" 200 12698 "-" "Mozilla/5.0 (Macintosh; Intel Mac OS X 10_15_7) AppleWebKit/537.36 (KHTML, like Gecko) Chrome/147.0.0.0 Safari/537.36"
46.37.124.20 - - [15/Jul/2026:15:21:14 +0000] "GET /?locale=he HTTP/1.1" 200 12673 "-" "Mozilla/5.0 (Windows NT 10.0; Win64; x64) AppleWebKit/537.36 (KHTML, like Gecko) Chrome/147.0.0.0 Safari/537.36 Edg/146.0.3856.109"
46.37.124.20 - - [15/Jul/2026:15:21:15 +0000] "GET /?locale=zh HTTP/1.1" 200 12822 "-" "Mozilla/5.0 (Windows NT 10.0; Win64; x64; rv:149.0) Gecko/20100101 Firefox/149.0"
46.37.124.20 - - [15/Jul/2026:15:21:15 +0000] "GET /?locale=hu HTTP/1.1" 200 12740 "-" "Mozilla/5.0 (Macintosh; Intel Mac OS X 15_7_5) AppleWebKit/605.1.15 (KHTML, like Gecko) Version/26.0 Safari/605.1.15"
46.37.124.20 - - [15/Jul/2026:15:21:15 +0000] "GET /?locale=zh_tw HTTP/1.1" 200 12877 "-" "Mozilla/5.0 (Macintosh; Intel Mac OS X 15.7; rv:149.0) Gecko/20100101 Firefox/149.0"
46.37.124.20 - - [15/Jul/2026:15:21:15 +0000] "GET /?locale=id HTTP/1.1" 200 12568 "-" "Mozilla/5.0 (Macintosh; Intel Mac OS X 15.7; rv:149.0) Gecko/20100101 Firefox/149.0"
46.37.124.20 - - [15/Jul/2026:15:21:15 +0000] "GET /?locale=ja HTTP/1.1" 200 12930 "-" "Mozilla/5.0 (Macintosh; Intel Mac OS X 15.7; rv:149.0) Gecko/20100101 Firefox/149.0"
46.37.124.20 - - [15/Jul/2026:15:21:15 +0000] "GET /resetpass?start=1 HTTP/1.1" 200 1093 "-" "Mozilla/5.0 (Macintosh; Intel Mac OS X 10_15_7) AppleWebKit/537.36 (KHTML, like Gecko) Chrome/147.0.0.0 Safari/537.36"
46.37.124.20 - - [15/Jul/2026:15:21:15 +0000] "GET /?locale=it HTTP/1.1" 200 12618 "-" "Mozilla/5.0 (Windows NT 10.0; Win64; x64) AppleWebKit/537.36 (KHTML, like Gecko) Chrome/147.0.0.0 Safari/537.36 Edg/146.0.3856.109"
46.37.124.20 - - [15/Jul/2026:15:21:15 +0000] "GET /?locale=ar HTTP/1.1" 200 12883 "-" "Mozilla/5.0 (Windows NT 10.0; Win64; x64) AppleWebKit/537.36 (KHTML, like Gecko) Chrome/147.0.0.0 Safari/537.36 Edg/146.0.3856.109"
46.37.124.20 - - [15/Jul/2026:15:21:15 +0000] "GET /?locale=ms HTTP/1.1" 200 12597 "-" "Mozilla/5.0 (Macintosh; Intel Mac OS X 15.7; rv:149.0) Gecko/20100101 Firefox/149.0"
46.37.124.20 - - [15/Jul/2026:15:21:15 +0000] "GET /?locale=ko HTTP/1.1" 200 12789 "-" "Mozilla/5.0 (Windows NT 10.0; Win64; x64) AppleWebKit/537.36 (KHTML, like Gecko) Chrome/147.0.0.0 Safari/537.36"
46.37.124.20 - - [15/Jul/2026:15:21:15 +0000] "GET /?locale=cs HTTP/1.1" 200 12725 "-" "Mozilla/5.0 (Macintosh; Intel Mac OS X 15_7_5) AppleWebKit/605.1.15 (KHTML, like Gecko) Version/26.0 Safari/605.1.15"
46.37.124.20 - - [15/Jul/2026:15:21:16 +0000] "GET /?locale=da HTTP/1.1" 200 12588 "-" "Mozilla/5.0 (Windows NT 10.0; Win64; x64) AppleWebKit/537.36 (KHTML, like Gecko) Chrome/147.0.0.0 Safari/537.36 Edg/146.0.3856.109"
46.37.124.20 - - [15/Jul/2026:15:21:16 +0000] "GET /?locale=nb HTTP/1.1" 200 12600 "-" "Mozilla/5.0 (Macintosh; Intel Mac OS X 15.7; rv:149.0) Gecko/20100101 Firefox/149.0"
46.37.124.20 - - [15/Jul/2026:15:21:16 +0000] "GET /?locale=de HTTP/1.1" 200 12698 "-" "Mozilla/5.0 (Macintosh; Intel Mac OS X 15_7_5) AppleWebKit/605.1.15 (KHTML, like Gecko) Version/26.0 Safari/605.1.15"
46.37.124.20 - - [15/Jul/2026:15:21:16 +0000] "GET /?locale=nl HTTP/1.1" 200 12636 "-" "Mozilla/5.0 (Windows NT 10.0; Win64; x64; rv:149.0) Gecko/20100101 Firefox/149.0"
46.37.124.20 - - [15/Jul/2026:15:21:16 +0000] "GET /?locale=el HTTP/1.1" 200 12989 "-" "Mozilla/5.0 (Windows NT 10.0; Win64; x64; rv:149.0) Gecko/20100101 Firefox/149.0"
198.244.183.232 - - [15/Jul/2026:15:21:16 +0000] "GET /item/g7076204080/ HTTP/2" 404 1251 "-" "Mozilla/5.0 (compatible; AhrefsBot/7.0; +http://ahrefs.com/robot/)"
46.37.124.20 - - [15/Jul/2026:15:21:16 +0000] "GET /?locale=en HTTP/1.1" 200 12494 "-" "Mozilla/5.0 (Windows NT 10.0; Win64; x64; rv:149.0) Gecko/20100101 Firefox/149.0"
46.37.124.20 - - [15/Jul/2026:15:21:16 +0000] "GET /?locale=es HTTP/1.1" 200 12654 "-" "Mozilla/5.0 (Windows NT 10.0; Win64; x64) AppleWebKit/537.36 (KHTML, like Gecko) Chrome/147.0.0.0 Safari/537.36"
46.37.124.20 - - [15/Jul/2026:15:21:17 +0000] "GET / HTTP/1.1" 200 12496 "-" "Mozilla/5.0 (Windows NT 10.0; Win64; x64) AppleWebKit/537.36 (KHTML, like Gecko) Chrome/147.0.0.0 Safari/537.36 Edg/146.0.3856.109"
46.37.124.20 - - [15/Jul/2026:15:21:17 +0000] "GET /?locale=hu HTTP/1.1" 200 12736 "-" "Mozilla/5.0 (Windows NT 10.0; Win64; x64; rv:149.0) Gecko/20100101 Firefox/149.0"
46.37.124.20 - - [15/Jul/2026:15:21:17 +0000] "GET /?locale=es_es HTTP/1.1" 200 12659 "-" "Mozilla/5.0 (Windows NT 10.0; Win64; x64) AppleWebKit/537.36 (KHTML, like Gecko) Chrome/147.0.0.0 Safari/537.36 Edg/146.0.3856.109"
46.37.124.20 - - [15/Jul/2026:15:21:17 +0000] "GET /?locale=fi HTTP/1.1" 200 12658 "-" "Mozilla/5.0 (Windows NT 10.0; Win64; x64) AppleWebKit/537.36 (KHTML, like Gecko) Chrome/147.0.0.0 Safari/537.36 Edg/146.0.3856.109"
46.37.124.20 - - [15/Jul/2026:15:21:17 +0000] "GET /?locale=fil HTTP/1.1" 200 12579 "-" "Mozilla/5.0 (Windows NT 10.0; Win64; x64; rv:149.0) Gecko/20100101 Firefox/149.0"
46.37.124.20 - - [15/Jul/2026:15:21:17 +0000] "GET /?locale=fr HTTP/1.1" 200 12757 "-" "Mozilla/5.0 (Windows NT 10.0; Win64; x64; rv:149.0) Gecko/20100101 Firefox/149.0"
46.37.124.20 - - [15/Jul/2026:15:21:17 +0000] "GET /?locale=he HTTP/1.1" 200 12675 "-" "Mozilla/5.0 (Windows NT 10.0; Win64; x64) AppleWebKit/537.36 (KHTML, like Gecko) Chrome/147.0.0.0 Safari/537.36 Edg/146.0.3856.109"
66.249.79.228 - - [15/Jul/2026:15:21:25 +0000] "GET /items/D80750931/ HTTP/1.1" 404 1251 "-" "Mozilla/5.0 (Linux; Android 6.0.1; Nexus 5X Build/MMB29P) AppleWebKit/537.36 (KHTML, like Gecko) Chrome/150.0.7871.114 Mobile Safari/537.36 (compatible; Googlebot/2.1; +http://www.google.com/bot.html)"
66.249.79.228 - - [15/Jul/2026:15:21:32 +0000] "GET /?item/m24967393113916/ HTTP/1.1" 200 14841 "-" "Mozilla/5.0 (Linux; Android 6.0.1; Nexus 5X Build/MMB29P) AppleWebKit/537.36 (KHTML, like Gecko) Chrome/150.0.7871.114 Mobile Safari/537.36 (compatible; Googlebot/2.1; +http://www.google.com/bot.html)"
66.249.79.228 - - [15/Jul/2026:15:21:34 +0000] "GET /items/C153884608/ HTTP/1.1" 404 1251 "-" "Mozilla/5.0 (Linux; Android 6.0.1; Nexus 5X Build/MMB29P) AppleWebKit/537.36 (KHTML, like Gecko) Chrome/150.0.7871.114 Mobile Safari/537.36 (compatible; Googlebot/2.1; +http://www.google.com/bot.html)"
66.249.79.228 - - [15/Jul/2026:15:21:36 +0000] "GET /items/B128358234/ HTTP/1.1" 404 1251 "-" "Mozilla/5.0 (Linux; Android 6.0.1; Nexus 5X Build/MMB29P) AppleWebKit/537.36 (KHTML, like Gecko) Chrome/150.0.7871.114 Mobile Safari/537.36 (compatible; Googlebot/2.1; +http://www.google.com/bot.html)"
54.38.147.1 - - [15/Jul/2026:15:21:36 +0000] "GET /item/a6425655126/ HTTP/2" 404 1251 "-" "Mozilla/5.0 (compatible; AhrefsBot/7.0; +http://ahrefs.com/robot/)"
209.42.17.20 - - [15/Jul/2026:15:21:49 +0000] "POST /wp-cron.php?doing_wp_cron=1784128909.3689060211181640625000 HTTP/1.1" 200 0 "-" "WordPress/7.0.1; https://basalehglobal.ng"
66.249.79.228 - - [15/Jul/2026:15:21:48 +0000] "GET /?item/c34539165915656/ HTTP/1.1" 200 14841 "-" "Mozilla/5.0 (Linux; Android 6.0.1; Nexus 5X Build/MMB29P) AppleWebKit/537.36 (KHTML, like Gecko) Chrome/150.0.7871.114 Mobile Safari/537.36 (compatible; Googlebot/2.1; +http://www.google.com/bot.html)"
66.249.79.228 - - [15/Jul/2026:15:21:51 +0000] "GET /items/G93266446/ HTTP/1.1" 404 1251 "-" "Mozilla/5.0 (Linux; Android 6.0.1; Nexus 5X Build/MMB29P) AppleWebKit/537.36 (KHTML, like Gecko) Chrome/150.0.7871.114 Mobile Safari/537.36 (compatible; Googlebot/2.1; +http://www.google.com/bot.html)"
66.249.79.228 - - [15/Jul/2026:15:21:55 +0000] "GET /items/K149337345/ HTTP/1.1" 404 1251 "-" "Mozilla/5.0 (Linux; Android 6.0.1; Nexus 5X Build/MMB29P) AppleWebKit/537.36 (KHTML, like Gecko) Chrome/150.0.7871.114 Mobile Safari/537.36 (compatible; Googlebot/2.1; +http://www.google.com/bot.html)"
198.244.183.117 - - [15/Jul/2026:15:21:56 +0000] "GET /item/a5803632926/ HTTP/2" 404 1251 "-" "Mozilla/5.0 (compatible; AhrefsBot/7.0; +http://ahrefs.com/robot/)"
66.249.79.228 - - [15/Jul/2026:15:21:58 +0000] "GET /items/N121154284/ HTTP/1.1" 404 1251 "-" "Mozilla/5.0 (Linux; Android 6.0.1; Nexus 5X Build/MMB29P) AppleWebKit/537.36 (KHTML, like Gecko) Chrome/150.0.7871.114 Mobile Safari/537.36 (compatible; Googlebot/2.1; +http://www.google.com/bot.html)"
66.249.79.230 - - [15/Jul/2026:15:22:12 +0000] "GET /items/O105428719/ HTTP/1.1" 404 1251 "-" "Mozilla/5.0 (Linux; Android 6.0.1; Nexus 5X Build/MMB29P) AppleWebKit/537.36 (KHTML, like Gecko) Chrome/150.0.7871.114 Mobile Safari/537.36 (compatible; Googlebot/2.1; +http://www.google.com/bot.html)"
51.195.183.130 - - [15/Jul/2026:15:22:14 +0000] "GET /item/a2782460950/ HTTP/2" 404 1251 "-" "Mozilla/5.0 (compatible; AhrefsBot/7.0; +http://ahrefs.com/robot/)"
66.249.79.230 - - [15/Jul/2026:15:22:15 +0000] "GET /?item/m32714904838964/ HTTP/1.1" 200 14841 "-" "Mozilla/5.0 (Linux; Android 6.0.1; Nexus 5X Build/MMB29P) AppleWebKit/537.36 (KHTML, like Gecko) Chrome/150.0.7871.114 Mobile Safari/537.36 (compatible; Googlebot/2.1; +http://www.google.com/bot.html)"
66.249.79.229 - - [15/Jul/2026:15:22:21 +0000] "GET /items/B110187678/ HTTP/1.1" 404 1251 "-" "Mozilla/5.0 (Linux; Android 6.0.1; Nexus 5X Build/MMB29P) AppleWebKit/537.36 (KHTML, like Gecko) Chrome/150.0.7871.114 Mobile Safari/537.36 (compatible; Googlebot/2.1; +http://www.google.com/bot.html)"
51.195.183.243 - - [15/Jul/2026:15:22:35 +0000] "GET /item/g3633882840/ HTTP/2" 404 1251 "-" "Mozilla/5.0 (compatible; AhrefsBot/7.0; +http://ahrefs.com/robot/)"
66.249.79.228 - - [15/Jul/2026:15:22:41 +0000] "GET /items/Z90601436/ HTTP/1.1" 404 1251 "-" "Mozilla/5.0 (Linux; Android 6.0.1; Nexus 5X Build/MMB29P) AppleWebKit/537.36 (KHTML, like Gecko) Chrome/150.0.7871.114 Mobile Safari/537.36 (compatible; Googlebot/2.1; +http://www.google.com/bot.html)"
51.195.183.85 - - [15/Jul/2026:15:22:53 +0000] "GET /item/f7392913340/ HTTP/2" 404 1251 "-" "Mozilla/5.0 (compatible; AhrefsBot/7.0; +http://ahrefs.com/robot/)"
198.244.183.188 - - [15/Jul/2026:15:23:13 +0000] "GET /item/f6975295212/ HTTP/2" 404 1251 "-" "Mozilla/5.0 (compatible; AhrefsBot/7.0; +http://ahrefs.com/robot/)"
209.42.17.20 - - [15/Jul/2026:15:23:30 +0000] "POST /wp-cron.php?doing_wp_cron=1784129010.4025769233703613281250 HTTP/1.1" 200 0 "-" "WordPress/7.0.1; https://basalehglobal.ng"
66.249.79.230 - - [15/Jul/2026:15:23:29 +0000] "GET /?item/q29339393161656/ HTTP/1.1" 200 14841 "-" "Mozilla/5.0 (Linux; Android 6.0.1; Nexus 5X Build/MMB29P) AppleWebKit/537.36 (KHTML, like Gecko) Chrome/150.0.7871.114 Mobile Safari/537.36 (compatible; Googlebot/2.1; +http://www.google.com/bot.html)"
51.195.183.214 - - [15/Jul/2026:15:23:33 +0000] "GET /item/e7916178951/ HTTP/2" 404 1251 "-" "Mozilla/5.0 (compatible; AhrefsBot/7.0; +http://ahrefs.com/robot/)"
66.249.79.229 - - [15/Jul/2026:15:23:39 +0000] "GET /items/N46076416/ HTTP/1.1" 404 1251 "-" "Mozilla/5.0 (Linux; Android 6.0.1; Nexus 5X Build/MMB29P) AppleWebKit/537.36 (KHTML, like Gecko) Chrome/150.0.7871.114 Mobile Safari/537.36 (compatible; Googlebot/2.1; +http://www.google.com/bot.html)"
209.42.17.20 - - [15/Jul/2026:15:23:45 +0000] "POST /wp-cron.php?doing_wp_cron=1784129025.3398029804229736328125 HTTP/1.1" 200 0 "-" "WordPress/7.0.1; https://basalehglobal.ng"
66.249.79.228 - - [15/Jul/2026:15:23:44 +0000] "GET /?item/o39468875845875/ HTTP/1.1" 200 14841 "-" "Mozilla/5.0 (Linux; Android 6.0.1; Nexus 5X Build/MMB29P) AppleWebKit/537.36 (KHTML, like Gecko) Chrome/150.0.7871.114 Mobile Safari/537.36 (compatible; Googlebot/2.1; +http://www.google.com/bot.html)"
66.249.79.228 - - [15/Jul/2026:15:23:46 +0000] "GET /items/H161032739/ HTTP/1.1" 404 1251 "-" "Mozilla/5.0 (Linux; Android 6.0.1; Nexus 5X Build/MMB29P) AppleWebKit/537.36 (KHTML, like Gecko) Chrome/150.0.7871.114 Mobile Safari/537.36 (compatible; Googlebot/2.1; +http://www.google.com/bot.html)"
66.249.79.228 - - [15/Jul/2026:15:23:49 +0000] "GET /items/T174005002/ HTTP/1.1" 404 1251 "-" "Mozilla/5.0 (Linux; Android 6.0.1; Nexus 5X Build/MMB29P) AppleWebKit/537.36 (KHTML, like Gecko) Chrome/150.0.7871.114 Mobile Safari/537.36 (compatible; Googlebot/2.1; +http://www.google.com/bot.html)"
198.244.242.175 - - [15/Jul/2026:15:23:52 +0000] "GET /item/e4514784411/ HTTP/2" 404 1251 "-" "Mozilla/5.0 (compatible; AhrefsBot/7.0; +http://ahrefs.com/robot/)"
66.249.79.228 - - [15/Jul/2026:15:23:57 +0000] "GET /items/R108239850/ HTTP/1.1" 404 1251 "-" "Mozilla/5.0 (Linux; Android 6.0.1; Nexus 5X Build/MMB29P) AppleWebKit/537.36 (KHTML, like Gecko) Chrome/150.0.7871.114 Mobile Safari/537.36 (compatible; Googlebot/2.1; +http://www.google.com/bot.html)"
198.244.240.103 - - [15/Jul/2026:15:24:12 +0000] "GET /item/z6954732955/ HTTP/2" 404 1251 "-" "Mozilla/5.0 (compatible; AhrefsBot/7.0; +http://ahrefs.com/robot/)"
66.249.79.230 - - [15/Jul/2026:15:24:22 +0000] "GET /?item/l45916133779961/ HTTP/1.1" 200 14841 "-" "Mozilla/5.0 (Linux; Android 6.0.1; Nexus 5X Build/MMB29P) AppleWebKit/537.36 (KHTML, like Gecko) Chrome/150.0.7871.114 Mobile Safari/537.36 (compatible; Googlebot/2.1; +http://www.google.com/bot.html)"
66.249.79.228 - - [15/Jul/2026:15:24:26 +0000] "GET /items/M42962173/ HTTP/1.1" 404 1251 "-" "Mozilla/5.0 (Linux; Android 6.0.1; Nexus 5X Build/MMB29P) AppleWebKit/537.36 (KHTML, like Gecko) Chrome/150.0.7871.114 Mobile Safari/537.36 (compatible; Googlebot/2.1; +http://www.google.com/bot.html)"
51.195.244.123 - - [15/Jul/2026:15:24:31 +0000] "GET /item/y5245857474/ HTTP/2" 404 1251 "-" "Mozilla/5.0 (compatible; AhrefsBot/7.0; +http://ahrefs.com/robot/)"
66.249.79.228 - - [15/Jul/2026:15:24:34 +0000] "GET /items/O148733557/ HTTP/1.1" 404 1251 "-" "Mozilla/5.0 (Linux; Android 6.0.1; Nexus 5X Build/MMB29P) AppleWebKit/537.36 (KHTML, like Gecko) Chrome/150.0.7871.114 Mobile Safari/537.36 (compatible; Googlebot/2.1; +http://www.google.com/bot.html)"
51.195.215.105 - - [15/Jul/2026:15:24:50 +0000] "GET /item/y4873154068/ HTTP/2" 404 1251 "-" "Mozilla/5.0 (compatible; AhrefsBot/7.0; +http://ahrefs.com/robot/)"
66.249.79.228 - - [15/Jul/2026:15:24:52 +0000] "GET /items/D34181880/ HTTP/1.1" 404 1251 "-" "Mozilla/5.0 (Linux; Android 6.0.1; Nexus 5X Build/MMB29P) AppleWebKit/537.36 (KHTML, like Gecko) Chrome/150.0.7871.114 Mobile Safari/537.36 (compatible; Googlebot/2.1; +http://www.google.com/bot.html)"
66.249.79.228 - - [15/Jul/2026:15:25:00 +0000] "GET /items/V78560224/ HTTP/1.1" 404 1251 "-" "Mozilla/5.0 (Linux; Android 6.0.1; Nexus 5X Build/MMB29P) AppleWebKit/537.36 (KHTML, like Gecko) Chrome/150.0.7871.114 Mobile Safari/537.36 (compatible; Googlebot/2.1; +http://www.google.com/bot.html)"
209.42.17.20 - - [15/Jul/2026:15:25:03 +0000] "POST /wp-cron.php?doing_wp_cron=1784129103.7100169658660888671875 HTTP/1.1" 200 0 "-" "WordPress/7.0.1; https://basalehglobal.ng"
66.249.79.229 - - [15/Jul/2026:15:25:02 +0000] "GET /?item/s32219776041311/ HTTP/1.1" 200 14841 "-" "Mozilla/5.0 (Linux; Android 6.0.1; Nexus 5X Build/MMB29P) AppleWebKit/537.36 (KHTML, like Gecko) Chrome/150.0.7871.114 Mobile Safari/537.36 (compatible; Googlebot/2.1; +http://www.google.com/bot.html)"
51.195.244.21 - - [15/Jul/2026:15:25:10 +0000] "GET /item/x8973404927/ HTTP/2" 404 1251 "-" "Mozilla/5.0 (compatible; AhrefsBot/7.0; +http://ahrefs.com/robot/)"
66.249.79.228 - - [15/Jul/2026:15:25:15 +0000] "GET /items/K175626911/ HTTP/1.1" 404 1251 "-" "Mozilla/5.0 (Linux; Android 6.0.1; Nexus 5X Build/MMB29P) AppleWebKit/537.36 (KHTML, like Gecko) Chrome/150.0.7871.114 Mobile Safari/537.36 (compatible; Googlebot/2.1; +http://www.google.com/bot.html)"
66.249.79.229 - - [15/Jul/2026:15:25:18 +0000] "GET /items/Q142938789/ HTTP/1.1" 404 1251 "-" "Mozilla/5.0 (Linux; Android 6.0.1; Nexus 5X Build/MMB29P) AppleWebKit/537.36 (KHTML, like Gecko) Chrome/150.0.7871.114 Mobile Safari/537.36 (compatible; Googlebot/2.1; +http://www.google.com/bot.html)"
66.249.79.228 - - [15/Jul/2026:15:25:22 +0000] "GET /items/Q115363688/ HTTP/1.1" 404 1251 "-" "Mozilla/5.0 (Linux; Android 6.0.1; Nexus 5X Build/MMB29P) AppleWebKit/537.36 (KHTML, like Gecko) Chrome/150.0.7871.114 Mobile Safari/537.36 (compatible; Googlebot/2.1; +http://www.google.com/bot.html)"
198.244.183.222 - - [15/Jul/2026:15:25:30 +0000] "GET /item/w3913842880/ HTTP/2" 404 1251 "-" "Mozilla/5.0 (compatible; AhrefsBot/7.0; +http://ahrefs.com/robot/)"
66.249.79.228 - - [15/Jul/2026:15:25:39 +0000] "GET /items/N63557224/ HTTP/1.1" 404 1251 "-" "Mozilla/5.0 (Linux; Android 6.0.1; Nexus 5X Build/MMB29P) AppleWebKit/537.36 (KHTML, like Gecko) Chrome/150.0.7871.114 Mobile Safari/537.36 (compatible; Googlebot/2.1; +http://www.google.com/bot.html)"
54.38.147.207 - - [15/Jul/2026:15:25:49 +0000] "GET /item/v3073325193/ HTTP/2" 404 1251 "-" "Mozilla/5.0 (compatible; AhrefsBot/7.0; +http://ahrefs.com/robot/)"
66.249.79.228 - - [15/Jul/2026:15:25:54 +0000] "GET /items/H74807557/ HTTP/1.1" 404 1251 "-" "Mozilla/5.0 (Linux; Android 6.0.1; Nexus 5X Build/MMB29P) AppleWebKit/537.36 (KHTML, like Gecko) Chrome/150.0.7871.114 Mobile Safari/537.36 (compatible; Googlebot/2.1; +http://www.google.com/bot.html)"
66.249.79.228 - - [15/Jul/2026:15:25:54 +0000] "GET /items/O69076709/ HTTP/1.1" 404 1251 "-" "Mozilla/5.0 (Linux; Android 6.0.1; Nexus 5X Build/MMB29P) AppleWebKit/537.36 (KHTML, like Gecko) Chrome/150.0.7871.114 Mobile Safari/537.36 (compatible; Googlebot/2.1; +http://www.google.com/bot.html)"
51.89.129.8 - - [15/Jul/2026:15:26:09 +0000] "GET /item/u7424169528/ HTTP/2" 404 1251 "-" "Mozilla/5.0 (compatible; AhrefsBot/7.0; +http://ahrefs.com/robot/)"
52.167.144.197 - - [15/Jul/2026:15:26:18 +0000] "GET /items/A49730305/ HTTP/2" 404 1251 "-" "Mozilla/5.0 AppleWebKit/537.36 (KHTML, like Gecko; compatible; bingbot/2.0; +http://www.bing.com/bingbot.htm) Chrome/116.0.1938.76 Safari/537.36"
66.249.79.228 - - [15/Jul/2026:15:26:19 +0000] "GET /items/Q143279113/ HTTP/1.1" 404 1251 "-" "Mozilla/5.0 (Linux; Android 6.0.1; Nexus 5X Build/MMB29P) AppleWebKit/537.36 (KHTML, like Gecko) Chrome/150.0.7871.114 Mobile Safari/537.36 (compatible; Googlebot/2.1; +http://www.google.com/bot.html)"
198.244.168.176 - - [15/Jul/2026:15:26:27 +0000] "GET /item/y8014605464/ HTTP/2" 404 1251 "-" "Mozilla/5.0 (compatible; AhrefsBot/7.0; +http://ahrefs.com/robot/)"
66.249.79.228 - - [15/Jul/2026:15:26:39 +0000] "GET /items/M75162830/ HTTP/1.1" 404 1251 "-" "Mozilla/5.0 (Linux; Android 6.0.1; Nexus 5X Build/MMB29P) AppleWebKit/537.36 (KHTML, like Gecko) Chrome/150.0.7871.114 Mobile Safari/537.36 (compatible; Googlebot/2.1; +http://www.google.com/bot.html)"
66.249.79.228 - - [15/Jul/2026:15:26:43 +0000] "GET /items/R123759456/ HTTP/1.1" 404 1251 "-" "Mozilla/5.0 (Linux; Android 6.0.1; Nexus 5X Build/MMB29P) AppleWebKit/537.36 (KHTML, like Gecko) Chrome/150.0.7871.114 Mobile Safari/537.36 (compatible; Googlebot/2.1; +http://www.google.com/bot.html)"
198.244.240.1 - - [15/Jul/2026:15:26:47 +0000] "GET /item/t1553647627/ HTTP/2" 404 1251 "-" "Mozilla/5.0 (compatible; AhrefsBot/7.0; +http://ahrefs.com/robot/)"
66.249.79.228 - - [15/Jul/2026:15:26:52 +0000] "GET /items/S179588143/ HTTP/1.1" 404 1251 "-" "Mozilla/5.0 (Linux; Android 6.0.1; Nexus 5X Build/MMB29P) AppleWebKit/537.36 (KHTML, like Gecko) Chrome/150.0.7871.114 Mobile Safari/537.36 (compatible; Googlebot/2.1; +http://www.google.com/bot.html)"
66.249.79.228 - - [15/Jul/2026:15:26:58 +0000] "GET /items/M112502587/ HTTP/1.1" 404 1251 "-" "Mozilla/5.0 (Linux; Android 6.0.1; Nexus 5X Build/MMB29P) AppleWebKit/537.36 (KHTML, like Gecko) Chrome/150.0.7871.114 Mobile Safari/537.36 (compatible; Googlebot/2.1; +http://www.google.com/bot.html)"
51.195.215.120 - - [15/Jul/2026:15:27:06 +0000] "GET /item/r8882658601/ HTTP/2" 404 1251 "-" "Mozilla/5.0 (compatible; AhrefsBot/7.0; +http://ahrefs.com/robot/)"
66.249.79.229 - - [15/Jul/2026:15:27:09 +0000] "GET /items/T76826365/ HTTP/1.1" 404 1251 "-" "Mozilla/5.0 (Linux; Android 6.0.1; Nexus 5X Build/MMB29P) AppleWebKit/537.36 (KHTML, like Gecko) Chrome/150.0.7871.114 Mobile Safari/537.36 (compatible; Googlebot/2.1; +http://www.google.com/bot.html)"
66.249.79.229 - - [15/Jul/2026:15:27:14 +0000] "GET /items/Z164742315/ HTTP/1.1" 404 1251 "-" "Mozilla/5.0 (Linux; Android 6.0.1; Nexus 5X Build/MMB29P) AppleWebKit/537.36 (KHTML, like Gecko) Chrome/150.0.7871.114 Mobile Safari/537.36 (compatible; Googlebot/2.1; +http://www.google.com/bot.html)"
51.89.129.105 - - [15/Jul/2026:15:27:26 +0000] "GET /item/y7525973813/ HTTP/2" 404 1251 "-" "Mozilla/5.0 (compatible; AhrefsBot/7.0; +http://ahrefs.com/robot/)"
66.249.79.228 - - [15/Jul/2026:15:27:29 +0000] "GET /items/J117843759/ HTTP/1.1" 404 1251 "-" "Mozilla/5.0 (Linux; Android 6.0.1; Nexus 5X Build/MMB29P) AppleWebKit/537.36 (KHTML, like Gecko) Chrome/150.0.7871.114 Mobile Safari/537.36 (compatible; Googlebot/2.1; +http://www.google.com/bot.html)"
66.249.79.228 - - [15/Jul/2026:15:27:33 +0000] "GET /items/F17272921/ HTTP/1.1" 404 1251 "-" "Mozilla/5.0 (Linux; Android 6.0.1; Nexus 5X Build/MMB29P) AppleWebKit/537.36 (KHTML, like Gecko) Chrome/150.0.7871.114 Mobile Safari/537.36 (compatible; Googlebot/2.1; +http://www.google.com/bot.html)"
45.148.10.21 - - [15/Jul/2026:15:27:44 +0000] "GET /wp-content/plugins/smtp-mailer/readme.txt HTTP/1.1" 401 36 "https://cpcontacts.basalehglobal.ng/wp-login.php" "Mozilla/5.0 (Windows NT 10.0; Win64; x64) AppleWebKit/537.36 (KHTML, like Gecko) Chrome/125.0.0.0 Safari/537.36"
45.148.10.21 - - [15/Jul/2026:15:27:44 +0000] "GET /wp-content/plugins/smtp-mailer/readme.txt HTTP/1.1" 404 1251 "https://www.basalehglobal.ng/wp-login.php" "Mozilla/5.0 (Windows NT 10.0; Win64; x64) AppleWebKit/537.36 (KHTML, like Gecko) Chrome/125.0.0.0 Safari/537.36"
45.148.10.21 - - [15/Jul/2026:15:27:44 +0000] "GET /wp-content/plugins/smtp-mailer/readme.txt HTTP/1.1" 401 36 "https://cpcalendars.basalehglobal.ng/wp-login.php" "Mozilla/5.0 (Macintosh; Intel Mac OS X 10_15_7) AppleWebKit/605.1.15 (KHTML, like Gecko) Version/17.5 Safari/605.1.15"
45.148.10.21 - - [15/Jul/2026:15:27:44 +0000] "GET /wp-content/plugins/smtp-mailer/readme.txt HTTP/1.1" 400 52 "https://autodiscover.basalehglobal.ng/wp-login.php" "Mozilla/5.0 (Linux; Android 6.0.1; Nexus 5X Build/MMB29P) AppleWebKit/537.36 (KHTML, like Gecko) Chrome/125.0.0.0 Mobile Safari/537.36 (compatible; Googlebot/2.1; +http://www.google.com/bot.html)"
45.148.10.21 - - [15/Jul/2026:15:27:44 +0000] "GET /wp-content/plugins/smtp-mailer/readme.txt HTTP/1.1" 404 5749 "https://cpanel.basalehglobal.ng/wp-login.php" "Mozilla/5.0 (Macintosh; Intel Mac OS X 10_15_7) AppleWebKit/605.1.15 (KHTML, like Gecko) Version/17.5 Safari/605.1.15"
45.148.10.21 - - [15/Jul/2026:15:27:44 +0000] "GET /wp-content/plugins/smtp-mailer/readme.txt HTTP/1.1" 401 36 "https://webdisk.basalehglobal.ng/wp-login.php" "Mozilla/5.0 (compatible; Googlebot/2.1; +http://www.google.com/bot.html)"
198.244.168.143 - - [15/Jul/2026:15:27:46 +0000] "GET /item/r4174304923/ HTTP/2" 404 1251 "-" "Mozilla/5.0 (compatible; AhrefsBot/7.0; +http://ahrefs.com/robot/)"
66.249.79.228 - - [15/Jul/2026:15:27:52 +0000] "GET /items/H41612416/ HTTP/1.1" 404 1251 "-" "Mozilla/5.0 (Linux; Android 6.0.1; Nexus 5X Build/MMB29P) AppleWebKit/537.36 (KHTML, like Gecko) Chrome/150.0.7871.114 Mobile Safari/537.36 (compatible; Googlebot/2.1; +http://www.google.com/bot.html)"
45.148.10.21 - - [15/Jul/2026:15:27:56 +0000] "GET /wp-content/plugins/smtp-mailer/readme.txt HTTP/1.1" 404 5750 "https://webmail.basalehglobal.ng/wp-login.php" "Mozilla/5.0 (Macintosh; Intel Mac OS X 10_15_7) AppleWebKit/605.1.15 (KHTML, like Gecko) Version/17.5 Safari/605.1.15"
198.244.240.221 - - [15/Jul/2026:15:28:05 +0000] "GET /item/q3274125138/ HTTP/2" 404 1251 "-" "Mozilla/5.0 (compatible; AhrefsBot/7.0; +http://ahrefs.com/robot/)"
209.42.17.20 - - [15/Jul/2026:15:28:06 +0000] "POST /wp-cron.php?doing_wp_cron=1784129286.9085459709167480468750 HTTP/1.1" 200 0 "-" "WordPress/7.0.1; https://basalehglobal.ng"
66.249.79.229 - - [15/Jul/2026:15:28:06 +0000] "GET /?item/f47754254671167 HTTP/1.1" 200 14841 "-" "Mozilla/5.0 (Linux; Android 6.0.1; Nexus 5X Build/MMB29P) AppleWebKit/537.36 (KHTML, like Gecko) Chrome/150.0.7871.114 Mobile Safari/537.36 (compatible; Googlebot/2.1; +http://www.google.com/bot.html)"
66.249.79.228 - - [15/Jul/2026:15:28:08 +0000] "GET /items/S54850406/ HTTP/1.1" 404 1251 "-" "Mozilla/5.0 (Linux; Android 6.0.1; Nexus 5X Build/MMB29P) AppleWebKit/537.36 (KHTML, like Gecko) Chrome/150.0.7871.114 Mobile Safari/537.36 (compatible; Googlebot/2.1; +http://www.google.com/bot.html)"
198.244.226.63 - - [15/Jul/2026:15:28:24 +0000] "GET /item/y1744969856/ HTTP/2" 404 1251 "-" "Mozilla/5.0 (compatible; AhrefsBot/7.0; +http://ahrefs.com/robot/)"
51.195.183.191 - - [15/Jul/2026:15:28:44 +0000] "GET /item/o3834902932/ HTTP/2" 404 1251 "-" "Mozilla/5.0 (compatible; AhrefsBot/7.0; +http://ahrefs.com/robot/)"
51.195.215.38 - - [15/Jul/2026:15:29:04 +0000] "GET /item/m7552687130/ HTTP/2" 404 1251 "-" "Mozilla/5.0 (compatible; AhrefsBot/7.0; +http://ahrefs.com/robot/)"
66.249.79.230 - - [15/Jul/2026:15:29:07 +0000] "GET /wp-content/plugins/elementor/assets/lib/dialog/dialog.min.js?ver=4.9.4 HTTP/1.1" 200 3593 "https://basalehglobal.ng/?item/f47754254671167" "Mozilla/5.0 (Linux; Android 6.0.1; Nexus 5X Build/MMB29P) AppleWebKit/537.36 (KHTML, like Gecko) Chrome/150.0.7871.114 Mobile Safari/537.36 (compatible; Googlebot/2.1; +http://www.google.com/bot.html)"
66.249.79.230 - - [15/Jul/2026:15:29:09 +0000] "GET /items/L132131608/ HTTP/1.1" 404 1251 "-" "Mozilla/5.0 (Linux; Android 6.0.1; Nexus 5X Build/MMB29P) AppleWebKit/537.36 (KHTML, like Gecko) Chrome/150.0.7871.114 Mobile Safari/537.36 (compatible; Googlebot/2.1; +http://www.google.com/bot.html)"
66.249.79.229 - - [15/Jul/2026:15:29:21 +0000] "GET /wp-content/plugins/elementor/assets/lib/dialog/dialog.min.js?ver=4.9.4 HTTP/1.1" 200 3593 "https://basalehglobal.ng/?item/m38002026172049/" "Mozilla/5.0 (Linux; Android 6.0.1; Nexus 5X Build/MMB29P) AppleWebKit/537.36 (KHTML, like Gecko) Chrome/150.0.7871.114 Mobile Safari/537.36 (compatible; Googlebot/2.1; +http://www.google.com/bot.html)"
209.42.17.20 - - [15/Jul/2026:15:29:23 +0000] "POST /wp-cron.php?doing_wp_cron=1784129363.4223129749298095703125 HTTP/1.1" 200 0 "-" "WordPress/7.0.1; https://basalehglobal.ng"
66.249.79.229 - - [15/Jul/2026:15:29:22 +0000] "GET /?item/h26386383347111/ HTTP/1.1" 200 14841 "-" "Mozilla/5.0 (Linux; Android 6.0.1; Nexus 5X Build/MMB29P) AppleWebKit/537.36 (KHTML, like Gecko) Chrome/150.0.7871.114 Mobile Safari/537.36 (compatible; Googlebot/2.1; +http://www.google.com/bot.html)"
198.244.242.150 - - [15/Jul/2026:15:29:23 +0000] "GET /item/k1083374005/ HTTP/2" 404 1251 "-" "Mozilla/5.0 (compatible; AhrefsBot/7.0; +http://ahrefs.com/robot/)"
66.249.79.229 - - [15/Jul/2026:15:29:24 +0000] "GET /items/G23057557/ HTTP/1.1" 404 1251 "-" "Mozilla/5.0 (Linux; Android 6.0.1; Nexus 5X Build/MMB29P) AppleWebKit/537.36 (KHTML, like Gecko) Chrome/150.0.7871.114 Mobile Safari/537.36 (compatible; Googlebot/2.1; +http://www.google.com/bot.html)"
66.249.79.228 - - [15/Jul/2026:15:29:31 +0000] "GET /?item/l19494874399772/ HTTP/1.1" 200 14841 "-" "Mozilla/5.0 (Linux; Android 6.0.1; Nexus 5X Build/MMB29P) AppleWebKit/537.36 (KHTML, like Gecko) Chrome/150.0.7871.114 Mobile Safari/537.36 (compatible; Googlebot/2.1; +http://www.google.com/bot.html)"
66.249.79.228 - - [15/Jul/2026:15:29:35 +0000] "GET /?item/a22409535715494/ HTTP/1.1" 200 14841 "-" "Mozilla/5.0 (Linux; Android 6.0.1; Nexus 5X Build/MMB29P) AppleWebKit/537.36 (KHTML, like Gecko) Chrome/150.0.7871.114 Mobile Safari/537.36 (compatible; Googlebot/2.1; +http://www.google.com/bot.html)"
66.249.79.228 - - [15/Jul/2026:15:29:38 +0000] "GET /?item/m37206773243824/ HTTP/1.1" 200 14841 "-" "Mozilla/5.0 (Linux; Android 6.0.1; Nexus 5X Build/MMB29P) AppleWebKit/537.36 (KHTML, like Gecko) Chrome/150.0.7871.114 Mobile Safari/537.36 (compatible; Googlebot/2.1; +http://www.google.com/bot.html)"
198.244.242.201 - - [15/Jul/2026:15:29:42 +0000] "GET /item/x7893127954/ HTTP/2" 404 1251 "-" "Mozilla/5.0 (compatible; AhrefsBot/7.0; +http://ahrefs.com/robot/)"
66.249.79.228 - - [15/Jul/2026:15:29:43 +0000] "GET /items/D96065335/ HTTP/1.1" 404 1251 "-" "Mozilla/5.0 (Linux; Android 6.0.1; Nexus 5X Build/MMB29P) AppleWebKit/537.36 (KHTML, like Gecko) Chrome/150.0.7871.114 Mobile Safari/537.36 (compatible; Googlebot/2.1; +http://www.google.com/bot.html)"
66.249.79.228 - - [15/Jul/2026:15:29:48 +0000] "GET /items/G123427466/ HTTP/1.1" 404 1251 "-" "Mozilla/5.0 (Linux; Android 6.0.1; Nexus 5X Build/MMB29P) AppleWebKit/537.36 (KHTML, like Gecko) Chrome/150.0.7871.114 Mobile Safari/537.36 (compatible; Googlebot/2.1; +http://www.google.com/bot.html)"
66.249.79.228 - - [15/Jul/2026:15:30:00 +0000] "GET /items/Z87906375/ HTTP/1.1" 404 1251 "-" "Mozilla/5.0 (Linux; Android 6.0.1; Nexus 5X Build/MMB29P) AppleWebKit/537.36 (KHTML, like Gecko) Chrome/150.0.7871.114 Mobile Safari/537.36 (compatible; Googlebot/2.1; +http://www.google.com/bot.html)"
51.89.129.43 - - [15/Jul/2026:15:30:01 +0000] "GET /item/i8023497692/ HTTP/2" 404 1251 "-" "Mozilla/5.0 (compatible; AhrefsBot/7.0; +http://ahrefs.com/robot/)"
66.249.79.228 - - [15/Jul/2026:15:30:08 +0000] "GET /?item/h33709623985093/ HTTP/1.1" 200 14841 "-" "Mozilla/5.0 (Linux; Android 6.0.1; Nexus 5X Build/MMB29P) AppleWebKit/537.36 (KHTML, like Gecko) Chrome/150.0.7871.114 Mobile Safari/537.36 (compatible; Googlebot/2.1; +http://www.google.com/bot.html)"
66.249.79.228 - - [15/Jul/2026:15:30:13 +0000] "GET /items/P311796456/ HTTP/1.1" 404 1251 "-" "Mozilla/5.0 (Linux; Android 6.0.1; Nexus 5X Build/MMB29P) AppleWebKit/537.36 (KHTML, like Gecko) Chrome/150.0.7871.114 Mobile Safari/537.36 (compatible; Googlebot/2.1; +http://www.google.com/bot.html)"
66.249.79.228 - - [15/Jul/2026:15:30:14 +0000] "GET /items/K84012648/ HTTP/1.1" 404 1251 "-" "Mozilla/5.0 (Linux; Android 6.0.1; Nexus 5X Build/MMB29P) AppleWebKit/537.36 (KHTML, like Gecko) Chrome/150.0.7871.114 Mobile Safari/537.36 (compatible; Googlebot/2.1; +http://www.google.com/bot.html)"
66.249.79.228 - - [15/Jul/2026:15:30:17 +0000] "GET /wp-content/plugins/elementor/assets/lib/dialog/dialog.min.js?ver=4.9.4 HTTP/1.1" 200 3593 "https://basalehglobal.ng/?item/k27324094757296/" "Mozilla/5.0 (Linux; Android 6.0.1; Nexus 5X Build/MMB29P) AppleWebKit/537.36 (KHTML, like Gecko) Chrome/150.0.7871.114 Mobile Safari/537.36 (compatible; Googlebot/2.1; +http://www.google.com/bot.html)"
66.249.79.228 - - [15/Jul/2026:15:30:20 +0000] "GET /wp-content/plugins/elementor/assets/lib/dialog/dialog.min.js?ver=4.9.4 HTTP/1.1" 200 3593 "https://basalehglobal.ng/?item/a37823815679489/" "Mozilla/5.0 (Linux; Android 6.0.1; Nexus 5X Build/MMB29P) AppleWebKit/537.36 (KHTML, like Gecko) Chrome/150.0.7871.114 Mobile Safari/537.36 (compatible; Googlebot/2.1; +http://www.google.com/bot.html)"
198.244.242.78 - - [15/Jul/2026:15:30:21 +0000] "GET /item/i6374207714/ HTTP/2" 404 1251 "-" "Mozilla/5.0 (compatible; AhrefsBot/7.0; +http://ahrefs.com/robot/)"
