66.249.79.230 - - [15/Jul/2026:15:43:11 +0000] "GET /?item/a26103112668654/ HTTP/1.1" 200 14841 "-" "Mozilla/5.0 (Linux; Android 6.0.1; Nexus 5X Build/MMB29P) AppleWebKit/537.36 (KHTML, like Gecko) Chrome/150.0.7871.114 Mobile Safari/537.36 (compatible; Googlebot/2.1; +http://www.google.com/bot.html)"
66.249.79.228 - - [15/Jul/2026:15:43:20 +0000] "GET /?item/u12880306133934/ HTTP/1.1" 200 14841 "-" "Mozilla/5.0 (Linux; Android 6.0.1; Nexus 5X Build/MMB29P) AppleWebKit/537.36 (KHTML, like Gecko) Chrome/150.0.7871.114 Mobile Safari/537.36 (compatible; Googlebot/2.1; +http://www.google.com/bot.html)"
66.249.79.228 - - [15/Jul/2026:15:43:22 +0000] "GET /items/H142811335/ HTTP/1.1" 404 1251 "-" "Mozilla/5.0 (Linux; Android 6.0.1; Nexus 5X Build/MMB29P) AppleWebKit/537.36 (KHTML, like Gecko) Chrome/150.0.7871.114 Mobile Safari/537.36 (compatible; Googlebot/2.1; +http://www.google.com/bot.html)"
198.244.168.152 - - [15/Jul/2026:15:43:26 +0000] "GET /item/t4294541692/ HTTP/2" 404 1251 "-" "Mozilla/5.0 (compatible; AhrefsBot/7.0; +http://ahrefs.com/robot/)"
66.249.79.228 - - [15/Jul/2026:15:43:43 +0000] "GET /?item/m11469033702070/ HTTP/1.1" 200 14841 "-" "Mozilla/5.0 (Linux; Android 6.0.1; Nexus 5X Build/MMB29P) AppleWebKit/537.36 (KHTML, like Gecko) Chrome/150.0.7871.114 Mobile Safari/537.36 (compatible; Googlebot/2.1; +http://www.google.com/bot.html)"
198.244.168.53 - - [15/Jul/2026:15:43:49 +0000] "GET /item/q2533237768/ HTTP/2" 404 1251 "-" "Mozilla/5.0 (compatible; AhrefsBot/7.0; +http://ahrefs.com/robot/)"
66.249.79.228 - - [15/Jul/2026:15:43:51 +0000] "GET /items/T157786870/ HTTP/1.1" 404 1251 "-" "Mozilla/5.0 (Linux; Android 6.0.1; Nexus 5X Build/MMB29P) AppleWebKit/537.36 (KHTML, like Gecko) Chrome/150.0.7871.114 Mobile Safari/537.36 (compatible; Googlebot/2.1; +http://www.google.com/bot.html)"
209.42.17.20 - - [15/Jul/2026:15:43:53 +0000] "POST /wp-cron.php?doing_wp_cron=1784130232.8585200309753417968750 HTTP/1.1" 200 0 "-" "WordPress/7.0.1; https://basalehglobal.ng"
66.249.79.228 - - [15/Jul/2026:15:43:52 +0000] "GET /?item/y32524323301337/ HTTP/1.1" 200 14841 "-" "Mozilla/5.0 (Linux; Android 6.0.1; Nexus 5X Build/MMB29P) AppleWebKit/537.36 (KHTML, like Gecko) Chrome/150.0.7871.114 Mobile Safari/537.36 (compatible; Googlebot/2.1; +http://www.google.com/bot.html)"
66.249.79.230 - - [15/Jul/2026:15:44:03 +0000] "GET /items/C111093204/ HTTP/1.1" 404 1251 "-" "Mozilla/5.0 (Linux; Android 6.0.1; Nexus 5X Build/MMB29P) AppleWebKit/537.36 (KHTML, like Gecko) Chrome/150.0.7871.114 Mobile Safari/537.36 (compatible; Googlebot/2.1; +http://www.google.com/bot.html)"
198.244.240.170 - - [15/Jul/2026:15:44:11 +0000] "GET /item/n6653756433/ HTTP/2" 404 1251 "-" "Mozilla/5.0 (compatible; AhrefsBot/7.0; +http://ahrefs.com/robot/)"
66.249.79.228 - - [15/Jul/2026:15:44:24 +0000] "GET /wp-content/plugins/elementor/assets/css/conditionals/dialog.min.css?ver=4.1.4 HTTP/1.1" 200 1428 "https://basalehglobal.ng/?item/y32524323301337/" "Mozilla/5.0 (Linux; Android 6.0.1; Nexus 5X Build/MMB29P) AppleWebKit/537.36 (KHTML, like Gecko) Chrome/150.0.7871.114 Mobile Safari/537.36 (compatible; Googlebot/2.1; +http://www.google.com/bot.html)"
66.249.79.228 - - [15/Jul/2026:15:44:25 +0000] "GET /?item/a13840152669540/ HTTP/1.1" 200 14841 "-" "Mozilla/5.0 (Linux; Android 6.0.1; Nexus 5X Build/MMB29P) AppleWebKit/537.36 (KHTML, like Gecko) Chrome/150.0.7871.114 Mobile Safari/537.36 (compatible; Googlebot/2.1; +http://www.google.com/bot.html)"
51.89.129.56 - - [15/Jul/2026:15:44:31 +0000] "GET /item/n6184173990/ HTTP/2" 404 1251 "-" "Mozilla/5.0 (compatible; AhrefsBot/7.0; +http://ahrefs.com/robot/)"
66.249.79.228 - - [15/Jul/2026:15:44:34 +0000] "GET /?item/u10586755531195/ HTTP/1.1" 200 14841 "-" "Mozilla/5.0 (Linux; Android 6.0.1; Nexus 5X Build/MMB29P) AppleWebKit/537.36 (KHTML, like Gecko) Chrome/150.0.7871.114 Mobile Safari/537.36 (compatible; Googlebot/2.1; +http://www.google.com/bot.html)"
66.249.79.228 - - [15/Jul/2026:15:44:37 +0000] "GET /items/J82400062/ HTTP/1.1" 404 1251 "-" "Mozilla/5.0 (Linux; Android 6.0.1; Nexus 5X Build/MMB29P) AppleWebKit/537.36 (KHTML, like Gecko) Chrome/150.0.7871.114 Mobile Safari/537.36 (compatible; Googlebot/2.1; +http://www.google.com/bot.html)"
66.249.79.228 - - [15/Jul/2026:15:44:47 +0000] "GET /?item/x21556674744363/ HTTP/1.1" 200 14841 "-" "Mozilla/5.0 (Linux; Android 6.0.1; Nexus 5X Build/MMB29P) AppleWebKit/537.36 (KHTML, like Gecko) Chrome/150.0.7871.114 Mobile Safari/537.36 (compatible; Googlebot/2.1; +http://www.google.com/bot.html)"
66.249.79.228 - - [15/Jul/2026:15:44:52 +0000] "GET /items/H148092426/ HTTP/1.1" 404 1251 "-" "Mozilla/5.0 (Linux; Android 6.0.1; Nexus 5X Build/MMB29P) AppleWebKit/537.36 (KHTML, like Gecko) Chrome/150.0.7871.114 Mobile Safari/537.36 (compatible; Googlebot/2.1; +http://www.google.com/bot.html)"
198.244.183.241 - - [15/Jul/2026:15:44:52 +0000] "GET /item/q2112969176/ HTTP/2" 404 1251 "-" "Mozilla/5.0 (compatible; AhrefsBot/7.0; +http://ahrefs.com/robot/)"
66.249.79.228 - - [15/Jul/2026:15:44:58 +0000] "GET /?item/m25099263683205/ HTTP/1.1" 200 14841 "-" "Mozilla/5.0 (Linux; Android 6.0.1; Nexus 5X Build/MMB29P) AppleWebKit/537.36 (KHTML, like Gecko) Chrome/150.0.7871.114 Mobile Safari/537.36 (compatible; Googlebot/2.1; +http://www.google.com/bot.html)"
66.249.79.229 - - [15/Jul/2026:15:45:09 +0000] "GET /items/T99536850/ HTTP/1.1" 404 1251 "-" "Mozilla/5.0 (Linux; Android 6.0.1; Nexus 5X Build/MMB29P) AppleWebKit/537.36 (KHTML, like Gecko) Chrome/150.0.7871.114 Mobile Safari/537.36 (compatible; Googlebot/2.1; +http://www.google.com/bot.html)"
66.249.79.228 - - [15/Jul/2026:15:45:09 +0000] "GET /?item/d35985452825795/ HTTP/1.1" 200 14841 "-" "Mozilla/5.0 (Linux; Android 6.0.1; Nexus 5X Build/MMB29P) AppleWebKit/537.36 (KHTML, like Gecko) Chrome/150.0.7871.114 Mobile Safari/537.36 (compatible; Googlebot/2.1; +http://www.google.com/bot.html)"
66.249.79.229 - - [15/Jul/2026:15:45:13 +0000] "GET /items/V107770385/ HTTP/1.1" 404 1251 "-" "Mozilla/5.0 (Linux; Android 6.0.1; Nexus 5X Build/MMB29P) AppleWebKit/537.36 (KHTML, like Gecko) Chrome/150.0.7871.114 Mobile Safari/537.36 (compatible; Googlebot/2.1; +http://www.google.com/bot.html)"
54.38.147.138 - - [15/Jul/2026:15:45:14 +0000] "GET /item/m6906097302/ HTTP/2" 404 1251 "-" "Mozilla/5.0 (compatible; AhrefsBot/7.0; +http://ahrefs.com/robot/)"
40.77.167.30 - - [15/Jul/2026:15:45:28 +0000] "GET /items/B296082911/ HTTP/2" 404 1251 "-" "Mozilla/5.0 AppleWebKit/537.36 (KHTML, like Gecko; compatible; bingbot/2.0; +http://www.bing.com/bingbot.htm) Chrome/116.0.1938.76 Safari/537.36"
66.249.79.228 - - [15/Jul/2026:15:45:29 +0000] "GET /?item/a18039895985271/ HTTP/1.1" 200 14841 "-" "Mozilla/5.0 (Linux; Android 6.0.1; Nexus 5X Build/MMB29P) AppleWebKit/537.36 (KHTML, like Gecko) Chrome/150.0.7871.114 Mobile Safari/537.36 (compatible; Googlebot/2.1; +http://www.google.com/bot.html)"
44.202.229.12 - - [15/Jul/2026:15:45:32 +0000] "GET / HTTP/1.1" 200 16663 "-" "Mozilla/5.0 (X11; Linux x86_64) AppleWebKit/537.36 (KHTML, like Gecko) Chrome/93.0.4577.63 Safari/537.36"
198.244.183.149 - - [15/Jul/2026:15:45:35 +0000] "GET /item/j6045314549/ HTTP/2" 404 1251 "-" "Mozilla/5.0 (compatible; AhrefsBot/7.0; +http://ahrefs.com/robot/)"
66.249.79.228 - - [15/Jul/2026:15:45:36 +0000] "GET /items/B73323456/ HTTP/1.1" 404 1251 "-" "Mozilla/5.0 (Linux; Android 6.0.1; Nexus 5X Build/MMB29P) AppleWebKit/537.36 (KHTML, like Gecko) Chrome/150.0.7871.114 Mobile Safari/537.36 (compatible; Googlebot/2.1; +http://www.google.com/bot.html)"
209.42.17.20 - - [15/Jul/2026:15:45:51 +0000] "POST /wp-cron.php?doing_wp_cron=1784130351.4554030895233154296875 HTTP/1.1" 200 0 "-" "WordPress/7.0.1; https://basalehglobal.ng"
66.249.79.228 - - [15/Jul/2026:15:45:50 +0000] "GET /?item/m25100833984628/ HTTP/1.1" 200 14841 "-" "Mozilla/5.0 (Linux; Android 6.0.1; Nexus 5X Build/MMB29P) AppleWebKit/537.36 (KHTML, like Gecko) Chrome/150.0.7871.114 Mobile Safari/537.36 (compatible; Googlebot/2.1; +http://www.google.com/bot.html)"
198.244.242.234 - - [15/Jul/2026:15:45:56 +0000] "GET /item/z6743527065/ HTTP/2" 404 1251 "-" "Mozilla/5.0 (compatible; AhrefsBot/7.0; +http://ahrefs.com/robot/)"
66.249.79.229 - - [15/Jul/2026:15:46:05 +0000] "GET /items/Z168660789/ HTTP/1.1" 404 1251 "-" "Mozilla/5.0 (Linux; Android 6.0.1; Nexus 5X Build/MMB29P) AppleWebKit/537.36 (KHTML, like Gecko) Chrome/150.0.7871.114 Mobile Safari/537.36 (compatible; Googlebot/2.1; +http://www.google.com/bot.html)"
66.249.79.229 - - [15/Jul/2026:15:46:06 +0000] "GET /?item/z34668134303246/ HTTP/1.1" 200 14841 "-" "Mozilla/5.0 (Linux; Android 6.0.1; Nexus 5X Build/MMB29P) AppleWebKit/537.36 (KHTML, like Gecko) Chrome/150.0.7871.114 Mobile Safari/537.36 (compatible; Googlebot/2.1; +http://www.google.com/bot.html)"
66.249.79.228 - - [15/Jul/2026:15:46:16 +0000] "GET /items/Y113082759/ HTTP/1.1" 404 1251 "-" "Mozilla/5.0 (Linux; Android 6.0.1; Nexus 5X Build/MMB29P) AppleWebKit/537.36 (KHTML, like Gecko) Chrome/150.0.7871.114 Mobile Safari/537.36 (compatible; Googlebot/2.1; +http://www.google.com/bot.html)"
198.244.183.142 - - [15/Jul/2026:15:46:17 +0000] "GET /item/z6015771645/ HTTP/2" 404 1251 "-" "Mozilla/5.0 (compatible; AhrefsBot/7.0; +http://ahrefs.com/robot/)"
66.249.79.229 - - [15/Jul/2026:15:46:26 +0000] "GET /items/Z60195375/ HTTP/1.1" 404 1251 "-" "Mozilla/5.0 (Linux; Android 6.0.1; Nexus 5X Build/MMB29P) AppleWebKit/537.36 (KHTML, like Gecko) Chrome/150.0.7871.114 Mobile Safari/537.36 (compatible; Googlebot/2.1; +http://www.google.com/bot.html)"
66.249.79.228 - - [15/Jul/2026:15:46:30 +0000] "GET /items/M62908547/ HTTP/1.1" 404 1251 "-" "Mozilla/5.0 (Linux; Android 6.0.1; Nexus 5X Build/MMB29P) AppleWebKit/537.36 (KHTML, like Gecko) Chrome/150.0.7871.114 Mobile Safari/537.36 (compatible; Googlebot/2.1; +http://www.google.com/bot.html)"
198.244.226.174 - - [15/Jul/2026:15:46:38 +0000] "GET /item/p4694213800/ HTTP/2" 404 1251 "-" "Mozilla/5.0 (compatible; AhrefsBot/7.0; +http://ahrefs.com/robot/)"
66.249.79.228 - - [15/Jul/2026:15:46:38 +0000] "GET /?item/m21150725380744/ HTTP/1.1" 200 14841 "-" "Mozilla/5.0 (Linux; Android 6.0.1; Nexus 5X Build/MMB29P) AppleWebKit/537.36 (KHTML, like Gecko) Chrome/150.0.7871.114 Mobile Safari/537.36 (compatible; Googlebot/2.1; +http://www.google.com/bot.html)"
66.249.79.228 - - [15/Jul/2026:15:46:51 +0000] "GET /items/Q98998436/ HTTP/1.1" 404 1251 "-" "Mozilla/5.0 (Linux; Android 6.0.1; Nexus 5X Build/MMB29P) AppleWebKit/537.36 (KHTML, like Gecko) Chrome/150.0.7871.114 Mobile Safari/537.36 (compatible; Googlebot/2.1; +http://www.google.com/bot.html)"
54.38.147.12 - - [15/Jul/2026:15:46:59 +0000] "GET /item/z3274706096/ HTTP/2" 404 1251 "-" "Mozilla/5.0 (compatible; AhrefsBot/7.0; +http://ahrefs.com/robot/)"
209.42.17.20 - - [15/Jul/2026:15:47:03 +0000] "POST /wp-cron.php?doing_wp_cron=1784130423.4555249214172363281250 HTTP/1.1" 200 0 "-" "WordPress/7.0.1; https://basalehglobal.ng"
66.249.79.228 - - [15/Jul/2026:15:47:02 +0000] "GET /?item/m44904713094627/ HTTP/1.1" 200 14841 "-" "Mozilla/5.0 (Linux; Android 6.0.1; Nexus 5X Build/MMB29P) AppleWebKit/537.36 (KHTML, like Gecko) Chrome/150.0.7871.114 Mobile Safari/537.36 (compatible; Googlebot/2.1; +http://www.google.com/bot.html)"
66.249.79.228 - - [15/Jul/2026:15:47:15 +0000] "GET /items/X84983638/ HTTP/1.1" 404 1251 "-" "Mozilla/5.0 (Linux; Android 6.0.1; Nexus 5X Build/MMB29P) AppleWebKit/537.36 (KHTML, like Gecko) Chrome/150.0.7871.114 Mobile Safari/537.36 (compatible; Googlebot/2.1; +http://www.google.com/bot.html)"
198.244.168.244 - - [15/Jul/2026:15:47:21 +0000] "GET /item/y5813603235/ HTTP/2" 404 1251 "-" "Mozilla/5.0 (compatible; AhrefsBot/7.0; +http://ahrefs.com/robot/)"
66.249.79.228 - - [15/Jul/2026:15:47:28 +0000] "GET /items/M66178355/ HTTP/1.1" 404 1251 "-" "Mozilla/5.0 (Linux; Android 6.0.1; Nexus 5X Build/MMB29P) AppleWebKit/537.36 (KHTML, like Gecko) Chrome/150.0.7871.114 Mobile Safari/537.36 (compatible; Googlebot/2.1; +http://www.google.com/bot.html)"
51.195.215.146 - - [15/Jul/2026:15:47:42 +0000] "GET /item/j5574204658/ HTTP/2" 404 1251 "-" "Mozilla/5.0 (compatible; AhrefsBot/7.0; +http://ahrefs.com/robot/)"
66.249.79.228 - - [15/Jul/2026:15:47:43 +0000] "GET /items/A73745335/ HTTP/1.1" 404 1251 "-" "Mozilla/5.0 (Linux; Android 6.0.1; Nexus 5X Build/MMB29P) AppleWebKit/537.36 (KHTML, like Gecko) Chrome/150.0.7871.114 Mobile Safari/537.36 (compatible; Googlebot/2.1; +http://www.google.com/bot.html)"
66.249.79.228 - - [15/Jul/2026:15:47:50 +0000] "GET /items/O75563113/ HTTP/1.1" 404 1251 "-" "Mozilla/5.0 (Linux; Android 6.0.1; Nexus 5X Build/MMB29P) AppleWebKit/537.36 (KHTML, like Gecko) Chrome/150.0.7871.114 Mobile Safari/537.36 (compatible; Googlebot/2.1; +http://www.google.com/bot.html)"
51.195.244.119 - - [15/Jul/2026:15:48:03 +0000] "GET /item/y4205712015/ HTTP/2" 404 1251 "-" "Mozilla/5.0 (compatible; AhrefsBot/7.0; +http://ahrefs.com/robot/)"
66.249.79.228 - - [15/Jul/2026:15:48:04 +0000] "GET /items/Y100488830/ HTTP/1.1" 404 1251 "-" "Mozilla/5.0 (Linux; Android 6.0.1; Nexus 5X Build/MMB29P) AppleWebKit/537.36 (KHTML, like Gecko) Chrome/150.0.7871.114 Mobile Safari/537.36 (compatible; Googlebot/2.1; +http://www.google.com/bot.html)"
66.249.79.228 - - [15/Jul/2026:15:48:14 +0000] "GET /items/O99781547/ HTTP/1.1" 404 1251 "-" "Mozilla/5.0 (Linux; Android 6.0.1; Nexus 5X Build/MMB29P) AppleWebKit/537.36 (KHTML, like Gecko) Chrome/150.0.7871.114 Mobile Safari/537.36 (compatible; Googlebot/2.1; +http://www.google.com/bot.html)"
209.42.17.20 - - [15/Jul/2026:15:48:15 +0000] "POST /wp-cron.php?doing_wp_cron=1784130495.7718310356140136718750 HTTP/1.1" 200 0 "-" "WordPress/7.0.1; https://basalehglobal.ng"
66.249.79.228 - - [15/Jul/2026:15:48:15 +0000] "GET /?item/f41235985040097/ HTTP/1.1" 200 14841 "-" "Mozilla/5.0 (Linux; Android 6.0.1; Nexus 5X Build/MMB29P) AppleWebKit/537.36 (KHTML, like Gecko) Chrome/150.0.7871.114 Mobile Safari/537.36 (compatible; Googlebot/2.1; +http://www.google.com/bot.html)"
198.244.240.180 - - [15/Jul/2026:15:48:24 +0000] "GET /item/i5363157460/ HTTP/2" 404 1251 "-" "Mozilla/5.0 (compatible; AhrefsBot/7.0; +http://ahrefs.com/robot/)"
66.249.79.228 - - [15/Jul/2026:15:48:25 +0000] "GET /items/G24755961/ HTTP/1.1" 404 1251 "-" "Mozilla/5.0 (Linux; Android 6.0.1; Nexus 5X Build/MMB29P) AppleWebKit/537.36 (KHTML, like Gecko) Chrome/150.0.7871.114 Mobile Safari/537.36 (compatible; Googlebot/2.1; +http://www.google.com/bot.html)"
54.38.147.20 - - [15/Jul/2026:15:48:46 +0000] "GET /item/x6282843466/ HTTP/2" 404 1251 "-" "Mozilla/5.0 (compatible; AhrefsBot/7.0; +http://ahrefs.com/robot/)"
198.244.226.160 - - [15/Jul/2026:15:49:09 +0000] "GET /item/x5703450156/ HTTP/2" 404 1251 "-" "Mozilla/5.0 (compatible; AhrefsBot/7.0; +http://ahrefs.com/robot/)"
209.42.17.20 - - [15/Jul/2026:15:49:26 +0000] "POST /wp-cron.php?doing_wp_cron=1784130566.8002328872680664062500 HTTP/1.1" 200 0 "-" "WordPress/7.0.1; https://basalehglobal.ng"
66.249.79.228 - - [15/Jul/2026:15:49:26 +0000] "GET /?item/b16744596194477/ HTTP/1.1" 200 14841 "-" "Mozilla/5.0 (Linux; Android 6.0.1; Nexus 5X Build/MMB29P) AppleWebKit/537.36 (KHTML, like Gecko) Chrome/150.0.7871.114 Mobile Safari/537.36 (compatible; Googlebot/2.1; +http://www.google.com/bot.html)"
51.195.215.123 - - [15/Jul/2026:15:49:33 +0000] "GET /item/v8064923976/ HTTP/2" 404 1251 "-" "Mozilla/5.0 (compatible; AhrefsBot/7.0; +http://ahrefs.com/robot/)"
66.249.79.228 - - [15/Jul/2026:15:49:37 +0000] "GET /items/G70709961/ HTTP/1.1" 404 1251 "-" "Mozilla/5.0 (Linux; Android 6.0.1; Nexus 5X Build/MMB29P) AppleWebKit/537.36 (KHTML, like Gecko) Chrome/150.0.7871.114 Mobile Safari/537.36 (compatible; Googlebot/2.1; +http://www.google.com/bot.html)"
66.249.79.228 - - [15/Jul/2026:15:49:48 +0000] "GET /items/E108187325/ HTTP/1.1" 404 1251 "-" "Mozilla/5.0 (Linux; Android 6.0.1; Nexus 5X Build/MMB29P) AppleWebKit/537.36 (KHTML, like Gecko) Chrome/150.0.7871.114 Mobile Safari/537.36 (compatible; Googlebot/2.1; +http://www.google.com/bot.html)"
209.42.17.20 - - [15/Jul/2026:15:49:54 +0000] "POST /wp-cron.php?doing_wp_cron=1784130594.4428489208221435546875 HTTP/1.1" 200 0 "-" "WordPress/7.0.1; https://basalehglobal.ng"
66.249.79.228 - - [15/Jul/2026:15:49:53 +0000] "GET /?item/s42293385767050/ HTTP/1.1" 200 14841 "-" "Mozilla/5.0 (Linux; Android 6.0.1; Nexus 5X Build/MMB29P) AppleWebKit/537.36 (KHTML, like Gecko) Chrome/150.0.7871.114 Mobile Safari/537.36 (compatible; Googlebot/2.1; +http://www.google.com/bot.html)"
51.89.129.131 - - [15/Jul/2026:15:49:56 +0000] "GET /item/i1043920424/ HTTP/2" 404 1251 "-" "Mozilla/5.0 (compatible; AhrefsBot/7.0; +http://ahrefs.com/robot/)"
66.249.79.229 - - [15/Jul/2026:15:50:12 +0000] "GET /items/Z80106072/ HTTP/1.1" 404 1251 "-" "Mozilla/5.0 (Linux; Android 6.0.1; Nexus 5X Build/MMB29P) AppleWebKit/537.36 (KHTML, like Gecko) Chrome/150.0.7871.114 Mobile Safari/537.36 (compatible; Googlebot/2.1; +http://www.google.com/bot.html)"
198.244.183.236 - - [15/Jul/2026:15:50:19 +0000] "GET /item/v1256179327/ HTTP/2" 404 1251 "-" "Mozilla/5.0 (compatible; AhrefsBot/7.0; +http://ahrefs.com/robot/)"
66.249.79.229 - - [15/Jul/2026:15:50:23 +0000] "GET /items/M230907618/ HTTP/1.1" 404 1251 "-" "Mozilla/5.0 (Linux; Android 6.0.1; Nexus 5X Build/MMB29P) AppleWebKit/537.36 (KHTML, like Gecko) Chrome/150.0.7871.114 Mobile Safari/537.36 (compatible; Googlebot/2.1; +http://www.google.com/bot.html)"
66.249.79.228 - - [15/Jul/2026:15:50:23 +0000] "GET /?item/x30473853310453/ HTTP/1.1" 200 14841 "-" "Mozilla/5.0 (Linux; Android 6.0.1; Nexus 5X Build/MMB29P) AppleWebKit/537.36 (KHTML, like Gecko) Chrome/150.0.7871.114 Mobile Safari/537.36 (compatible; Googlebot/2.1; +http://www.google.com/bot.html)"
51.195.244.247 - - [15/Jul/2026:15:50:43 +0000] "GET /item/u7855027590/ HTTP/2" 404 1251 "-" "Mozilla/5.0 (compatible; AhrefsBot/7.0; +http://ahrefs.com/robot/)"
209.42.17.20 - - [15/Jul/2026:15:50:52 +0000] "POST /wp-cron.php?doing_wp_cron=1784130652.9855329990386962890625 HTTP/1.1" 200 0 "-" "WordPress/7.0.1; https://basalehglobal.ng"
66.249.79.228 - - [15/Jul/2026:15:50:52 +0000] "GET /?item/w41443932873564/ HTTP/1.1" 200 14841 "-" "Mozilla/5.0 (Linux; Android 6.0.1; Nexus 5X Build/MMB29P) AppleWebKit/537.36 (KHTML, like Gecko) Chrome/150.0.7871.114 Mobile Safari/537.36 (compatible; Googlebot/2.1; +http://www.google.com/bot.html)"
66.249.79.228 - - [15/Jul/2026:15:50:56 +0000] "GET /items/C42379870/ HTTP/1.1" 404 1251 "-" "Mozilla/5.0 (Linux; Android 6.0.1; Nexus 5X Build/MMB29P) AppleWebKit/537.36 (KHTML, like Gecko) Chrome/150.0.7871.114 Mobile Safari/537.36 (compatible; Googlebot/2.1; +http://www.google.com/bot.html)"
51.195.215.244 - - [15/Jul/2026:15:51:06 +0000] "GET /item/d3365227579/ HTTP/2" 404 1251 "-" "Mozilla/5.0 (compatible; AhrefsBot/7.0; +http://ahrefs.com/robot/)"
66.249.79.228 - - [15/Jul/2026:15:51:16 +0000] "GET /items/O91112527/ HTTP/1.1" 404 1251 "-" "Mozilla/5.0 (Linux; Android 6.0.1; Nexus 5X Build/MMB29P) AppleWebKit/537.36 (KHTML, like Gecko) Chrome/150.0.7871.114 Mobile Safari/537.36 (compatible; Googlebot/2.1; +http://www.google.com/bot.html)"
40.77.167.51 - - [15/Jul/2026:15:51:20 +0000] "GET /items/B246441618/ HTTP/2" 404 1251 "-" "Mozilla/5.0 AppleWebKit/537.36 (KHTML, like Gecko; compatible; bingbot/2.0; +http://www.bing.com/bingbot.htm) Chrome/116.0.1938.76 Safari/537.36"
52.167.144.203 - - [15/Jul/2026:15:51:25 +0000] "GET /items/F220524537/ HTTP/2" 404 1251 "-" "Mozilla/5.0 AppleWebKit/537.36 (KHTML, like Gecko; compatible; bingbot/2.0; +http://www.bing.com/bingbot.htm) Chrome/116.0.1938.76 Safari/537.36"
52.167.144.203 - - [15/Jul/2026:15:51:25 +0000] "GET /items/M23279284/ HTTP/2" 404 1251 "-" "Mozilla/5.0 AppleWebKit/537.36 (KHTML, like Gecko; compatible; bingbot/2.0; +http://www.bing.com/bingbot.htm) Chrome/116.0.1938.76 Safari/537.36"
66.249.79.228 - - [15/Jul/2026:15:51:28 +0000] "GET /items/Q85072052/ HTTP/1.1" 404 1251 "-" "Mozilla/5.0 (Linux; Android 6.0.1; Nexus 5X Build/MMB29P) AppleWebKit/537.36 (KHTML, like Gecko) Chrome/150.0.7871.114 Mobile Safari/537.36 (compatible; Googlebot/2.1; +http://www.google.com/bot.html)"
66.249.79.229 - - [15/Jul/2026:15:51:28 +0000] "GET /?item/d13883633812917/ HTTP/1.1" 200 14841 "-" "Mozilla/5.0 (Linux; Android 6.0.1; Nexus 5X Build/MMB29P) AppleWebKit/537.36 (KHTML, like Gecko) Chrome/150.0.7871.114 Mobile Safari/537.36 (compatible; Googlebot/2.1; +http://www.google.com/bot.html)"
198.244.168.54 - - [15/Jul/2026:15:51:32 +0000] "GET /item/u3413589542/ HTTP/2" 404 1251 "-" "Mozilla/5.0 (compatible; AhrefsBot/7.0; +http://ahrefs.com/robot/)"
66.249.79.228 - - [15/Jul/2026:15:51:43 +0000] "GET /items/R119769426/ HTTP/1.1" 404 1251 "-" "Mozilla/5.0 (Linux; Android 6.0.1; Nexus 5X Build/MMB29P) AppleWebKit/537.36 (KHTML, like Gecko) Chrome/150.0.7871.114 Mobile Safari/537.36 (compatible; Googlebot/2.1; +http://www.google.com/bot.html)"
51.89.129.157 - - [15/Jul/2026:15:51:55 +0000] "GET /item/s8615739327/ HTTP/2" 404 1251 "-" "Mozilla/5.0 (compatible; AhrefsBot/7.0; +http://ahrefs.com/robot/)"
66.249.79.228 - - [15/Jul/2026:15:52:05 +0000] "GET /items/S149909062/ HTTP/1.1" 404 1251 "-" "Mozilla/5.0 (Linux; Android 6.0.1; Nexus 5X Build/MMB29P) AppleWebKit/537.36 (KHTML, like Gecko) Chrome/150.0.7871.114 Mobile Safari/537.36 (compatible; Googlebot/2.1; +http://www.google.com/bot.html)"
51.195.244.157 - - [15/Jul/2026:15:52:18 +0000] "GET /item/o5822962773/ HTTP/2" 404 1251 "-" "Mozilla/5.0 (compatible; AhrefsBot/7.0; +http://ahrefs.com/robot/)"
209.42.17.20 - - [15/Jul/2026:15:52:24 +0000] "POST /wp-cron.php?doing_wp_cron=1784130744.7252039909362792968750 HTTP/1.1" 200 0 "-" "WordPress/7.0.1; https://basalehglobal.ng"
66.249.79.228 - - [15/Jul/2026:15:52:24 +0000] "GET /?item/a49738316109700/ HTTP/1.1" 200 14841 "-" "Mozilla/5.0 (Linux; Android 6.0.1; Nexus 5X Build/MMB29P) AppleWebKit/537.36 (KHTML, like Gecko) Chrome/150.0.7871.114 Mobile Safari/537.36 (compatible; Googlebot/2.1; +http://www.google.com/bot.html)"
66.249.79.228 - - [15/Jul/2026:15:52:24 +0000] "GET /?item/p30404055265252/ HTTP/1.1" 200 14841 "-" "Mozilla/5.0 (Linux; Android 6.0.1; Nexus 5X Build/MMB29P) AppleWebKit/537.36 (KHTML, like Gecko) Chrome/150.0.7871.114 Mobile Safari/537.36 (compatible; Googlebot/2.1; +http://www.google.com/bot.html)"
66.249.79.228 - - [15/Jul/2026:15:52:30 +0000] "GET /items/K82273274/ HTTP/1.1" 404 1251 "-" "Mozilla/5.0 (Linux; Android 6.0.1; Nexus 5X Build/MMB29P) AppleWebKit/537.36 (KHTML, like Gecko) Chrome/150.0.7871.114 Mobile Safari/537.36 (compatible; Googlebot/2.1; +http://www.google.com/bot.html)"
66.249.79.228 - - [15/Jul/2026:15:52:40 +0000] "GET /wp-content/themes/pixelpiernyc/vamtam/assets/css/dist/elementor/responsive/elementor-small.css?ver=7.0.1 HTTP/1.1" 200 669 "https://basalehglobal.ng/?item/k14145675057191/" "Mozilla/5.0 (Linux; Android 6.0.1; Nexus 5X Build/MMB29P) AppleWebKit/537.36 (KHTML, like Gecko) Chrome/150.0.7871.114 Mobile Safari/537.36 (compatible; Googlebot/2.1; +http://www.google.com/bot.html)"
51.195.215.181 - - [15/Jul/2026:15:52:42 +0000] "GET /item/s4323137830/ HTTP/2" 404 1251 "-" "Mozilla/5.0 (compatible; AhrefsBot/7.0; +http://ahrefs.com/robot/)"
66.249.79.228 - - [15/Jul/2026:15:52:48 +0000] "GET /items/O102912204/ HTTP/1.1" 404 1251 "-" "Mozilla/5.0 (Linux; Android 6.0.1; Nexus 5X Build/MMB29P) AppleWebKit/537.36 (KHTML, like Gecko) Chrome/150.0.7871.114 Mobile Safari/537.36 (compatible; Googlebot/2.1; +http://www.google.com/bot.html)"
66.249.79.228 - - [15/Jul/2026:15:52:53 +0000] "GET /items/F134145123/ HTTP/1.1" 404 1251 "-" "Mozilla/5.0 (Linux; Android 6.0.1; Nexus 5X Build/MMB29P) AppleWebKit/537.36 (KHTML, like Gecko) Chrome/150.0.7871.114 Mobile Safari/537.36 (compatible; Googlebot/2.1; +http://www.google.com/bot.html)"
209.42.17.20 - - [15/Jul/2026:15:52:54 +0000] "POST /wp-cron.php?doing_wp_cron=1784130774.8516569137573242187500 HTTP/1.1" 200 0 "-" "WordPress/7.0.1; https://basalehglobal.ng"
66.249.79.228 - - [15/Jul/2026:15:52:54 +0000] "GET /?item/q34725542827346/ HTTP/1.1" 200 14841 "-" "Mozilla/5.0 (Linux; Android 6.0.1; Nexus 5X Build/MMB29P) AppleWebKit/537.36 (KHTML, like Gecko) Chrome/150.0.7871.114 Mobile Safari/537.36 (compatible; Googlebot/2.1; +http://www.google.com/bot.html)"
198.244.183.202 - - [15/Jul/2026:15:53:03 +0000] "GET /item/q7982654848/ HTTP/2" 404 1251 "-" "Mozilla/5.0 (compatible; AhrefsBot/7.0; +http://ahrefs.com/robot/)"
66.249.79.229 - - [15/Jul/2026:15:53:09 +0000] "GET /items/R122073860/ HTTP/1.1" 404 1251 "-" "Mozilla/5.0 (Linux; Android 6.0.1; Nexus 5X Build/MMB29P) AppleWebKit/537.36 (KHTML, like Gecko) Chrome/150.0.7871.114 Mobile Safari/537.36 (compatible; Googlebot/2.1; +http://www.google.com/bot.html)"
66.249.79.228 - - [15/Jul/2026:15:53:27 +0000] "GET /items/U169355587/ HTTP/1.1" 404 1251 "-" "Mozilla/5.0 (Linux; Android 6.0.1; Nexus 5X Build/MMB29P) AppleWebKit/537.36 (KHTML, like Gecko) Chrome/150.0.7871.114 Mobile Safari/537.36 (compatible; Googlebot/2.1; +http://www.google.com/bot.html)"
51.195.215.252 - - [15/Jul/2026:15:53:28 +0000] "GET /item/q7933883252/ HTTP/2" 404 1251 "-" "Mozilla/5.0 (compatible; AhrefsBot/7.0; +http://ahrefs.com/robot/)"
66.249.79.228 - - [15/Jul/2026:15:53:40 +0000] "GET /wp-content/themes/pixelpiernyc/vamtam/assets/js/fallback.js?ver=7.0.1 HTTP/1.1" 200 1834 "https://basalehglobal.ng/?item/d13883633812917/" "Mozilla/5.0 (Linux; Android 6.0.1; Nexus 5X Build/MMB29P) AppleWebKit/537.36 (KHTML, like Gecko) Chrome/150.0.7871.114 Mobile Safari/537.36 (compatible; Googlebot/2.1; +http://www.google.com/bot.html)"
66.249.79.228 - - [15/Jul/2026:15:53:47 +0000] "GET /items/M100711921/ HTTP/1.1" 404 1251 "-" "Mozilla/5.0 (Linux; Android 6.0.1; Nexus 5X Build/MMB29P) AppleWebKit/537.36 (KHTML, like Gecko) Chrome/150.0.7871.114 Mobile Safari/537.36 (compatible; Googlebot/2.1; +http://www.google.com/bot.html)"
209.42.17.20 - - [15/Jul/2026:15:53:52 +0000] "POST /wp-cron.php?doing_wp_cron=1784130832.2174639701843261718750 HTTP/1.1" 200 0 "-" "WordPress/7.0.1; https://basalehglobal.ng"
66.249.79.229 - - [15/Jul/2026:15:53:51 +0000] "GET /?item/t13339422388338/ HTTP/1.1" 200 14841 "-" "Mozilla/5.0 (Linux; Android 6.0.1; Nexus 5X Build/MMB29P) AppleWebKit/537.36 (KHTML, like Gecko) Chrome/150.0.7871.114 Mobile Safari/537.36 (compatible; Googlebot/2.1; +http://www.google.com/bot.html)"
66.249.79.229 - - [15/Jul/2026:15:53:54 +0000] "GET /?item/r49690003036747/ HTTP/1.1" 200 14841 "-" "Mozilla/5.0 (Linux; Android 6.0.1; Nexus 5X Build/MMB29P) AppleWebKit/537.36 (KHTML, like Gecko) Chrome/150.0.7871.114 Mobile Safari/537.36 (compatible; Googlebot/2.1; +http://www.google.com/bot.html)"
51.195.244.95 - - [15/Jul/2026:15:53:58 +0000] "GET /item/a6684377602/ HTTP/2" 404 1251 "-" "Mozilla/5.0 (compatible; AhrefsBot/7.0; +http://ahrefs.com/robot/)"
66.249.79.228 - - [15/Jul/2026:15:54:05 +0000] "GET /items/B149407325/ HTTP/1.1" 404 1251 "-" "Mozilla/5.0 (Linux; Android 6.0.1; Nexus 5X Build/MMB29P) AppleWebKit/537.36 (KHTML, like Gecko) Chrome/150.0.7871.114 Mobile Safari/537.36 (compatible; Googlebot/2.1; +http://www.google.com/bot.html)"
66.249.79.228 - - [15/Jul/2026:15:54:22 +0000] "GET /items/V79385749/ HTTP/1.1" 404 1251 "-" "Mozilla/5.0 (Linux; Android 6.0.1; Nexus 5X Build/MMB29P) AppleWebKit/537.36 (KHTML, like Gecko) Chrome/150.0.7871.114 Mobile Safari/537.36 (compatible; Googlebot/2.1; +http://www.google.com/bot.html)"
198.244.226.153 - - [15/Jul/2026:15:54:25 +0000] "GET /item/p8443236311/ HTTP/2" 404 1251 "-" "Mozilla/5.0 (compatible; AhrefsBot/7.0; +http://ahrefs.com/robot/)"
66.249.79.228 - - [15/Jul/2026:15:54:41 +0000] "GET /items/V124676113/ HTTP/1.1" 404 1251 "-" "Mozilla/5.0 (Linux; Android 6.0.1; Nexus 5X Build/MMB29P) AppleWebKit/537.36 (KHTML, like Gecko) Chrome/150.0.7871.114 Mobile Safari/537.36 (compatible; Googlebot/2.1; +http://www.google.com/bot.html)"
51.89.129.47 - - [15/Jul/2026:15:54:47 +0000] "GET /item/p3735673436/ HTTP/2" 404 1251 "-" "Mozilla/5.0 (compatible; AhrefsBot/7.0; +http://ahrefs.com/robot/)"
198.244.168.87 - - [15/Jul/2026:15:55:09 +0000] "GET /item/o4162337820/ HTTP/2" 404 1251 "-" "Mozilla/5.0 (compatible; AhrefsBot/7.0; +http://ahrefs.com/robot/)"
66.249.79.230 - - [15/Jul/2026:15:55:25 +0000] "GET /items/S82019719/ HTTP/1.1" 404 1251 "-" "Mozilla/5.0 (Linux; Android 6.0.1; Nexus 5X Build/MMB29P) AppleWebKit/537.36 (KHTML, like Gecko) Chrome/150.0.7871.114 Mobile Safari/537.36 (compatible; Googlebot/2.1; +http://www.google.com/bot.html)"
198.244.226.135 - - [15/Jul/2026:15:55:39 +0000] "GET /item/o1355356151/ HTTP/2" 404 1251 "-" "Mozilla/5.0 (compatible; AhrefsBot/7.0; +http://ahrefs.com/robot/)"
66.249.79.228 - - [15/Jul/2026:15:55:47 +0000] "GET /items/X191025567/ HTTP/1.1" 404 1251 "-" "Mozilla/5.0 (Linux; Android 6.0.1; Nexus 5X Build/MMB29P) AppleWebKit/537.36 (KHTML, like Gecko) Chrome/150.0.7871.114 Mobile Safari/537.36 (compatible; Googlebot/2.1; +http://www.google.com/bot.html)"
198.244.168.137 - - [15/Jul/2026:15:56:02 +0000] "GET /item/n6124929937/ HTTP/2" 404 1251 "-" "Mozilla/5.0 (compatible; AhrefsBot/7.0; +http://ahrefs.com/robot/)"
66.249.79.230 - - [15/Jul/2026:15:56:05 +0000] "GET /items/S101129284/ HTTP/1.1" 404 1251 "-" "Mozilla/5.0 (Linux; Android 6.0.1; Nexus 5X Build/MMB29P) AppleWebKit/537.36 (KHTML, like Gecko) Chrome/150.0.7871.114 Mobile Safari/537.36 (compatible; Googlebot/2.1; +http://www.google.com/bot.html)"
66.249.79.228 - - [15/Jul/2026:15:56:23 +0000] "GET /items/R119684820/ HTTP/1.1" 404 1251 "-" "Mozilla/5.0 (Linux; Android 6.0.1; Nexus 5X Build/MMB29P) AppleWebKit/537.36 (KHTML, like Gecko) Chrome/150.0.7871.114 Mobile Safari/537.36 (compatible; Googlebot/2.1; +http://www.google.com/bot.html)"
51.195.183.133 - - [15/Jul/2026:15:56:23 +0000] "GET /item/n4874118649/ HTTP/2" 404 1251 "-" "Mozilla/5.0 (compatible; AhrefsBot/7.0; +http://ahrefs.com/robot/)"
52.167.144.203 - - [15/Jul/2026:15:56:25 +0000] "GET /items/X313106416/ HTTP/2" 404 1251 "-" "Mozilla/5.0 AppleWebKit/537.36 (KHTML, like Gecko; compatible; bingbot/2.0; +http://www.bing.com/bingbot.htm) Chrome/116.0.1938.76 Safari/537.36"
52.167.144.203 - - [15/Jul/2026:15:56:25 +0000] "GET /items/A220724002/ HTTP/2" 404 1251 "-" "Mozilla/5.0 AppleWebKit/537.36 (KHTML, like Gecko; compatible; bingbot/2.0; +http://www.bing.com/bingbot.htm) Chrome/116.0.1938.76 Safari/537.36"
66.249.79.228 - - [15/Jul/2026:15:56:39 +0000] "GET /items/V130127062/ HTTP/1.1" 404 1251 "-" "Mozilla/5.0 (Linux; Android 6.0.1; Nexus 5X Build/MMB29P) AppleWebKit/537.36 (KHTML, like Gecko) Chrome/150.0.7871.114 Mobile Safari/537.36 (compatible; Googlebot/2.1; +http://www.google.com/bot.html)"
198.244.168.177 - - [15/Jul/2026:15:56:45 +0000] "GET /item/n2913425531/ HTTP/2" 404 1251 "-" "Mozilla/5.0 (compatible; AhrefsBot/7.0; +http://ahrefs.com/robot/)"
66.249.79.228 - - [15/Jul/2026:15:56:53 +0000] "GET /items/V109405810/ HTTP/1.1" 404 1251 "-" "Mozilla/5.0 (Linux; Android 6.0.1; Nexus 5X Build/MMB29P) AppleWebKit/537.36 (KHTML, like Gecko) Chrome/150.0.7871.114 Mobile Safari/537.36 (compatible; Googlebot/2.1; +http://www.google.com/bot.html)"
66.249.79.229 - - [15/Jul/2026:15:57:02 +0000] "GET /items/N123789729/ HTTP/1.1" 404 1251 "-" "Mozilla/5.0 (Linux; Android 6.0.1; Nexus 5X Build/MMB29P) AppleWebKit/537.36 (KHTML, like Gecko) Chrome/150.0.7871.114 Mobile Safari/537.36 (compatible; Googlebot/2.1; +http://www.google.com/bot.html)"
66.249.79.228 - - [15/Jul/2026:15:57:07 +0000] "GET /items/R84551305/ HTTP/1.1" 404 1251 "-" "Mozilla/5.0 (Linux; Android 6.0.1; Nexus 5X Build/MMB29P) AppleWebKit/537.36 (KHTML, like Gecko) Chrome/150.0.7871.114 Mobile Safari/537.36 (compatible; Googlebot/2.1; +http://www.google.com/bot.html)"
198.244.226.37 - - [15/Jul/2026:15:57:08 +0000] "GET /item/l7753980974/ HTTP/2" 404 1251 "-" "Mozilla/5.0 (compatible; AhrefsBot/7.0; +http://ahrefs.com/robot/)"
209.42.17.20 - - [15/Jul/2026:15:57:22 +0000] "POST /wp-cron.php?doing_wp_cron=1784131042.8438189029693603515625 HTTP/1.1" 200 0 "-" "WordPress/7.0.1; https://basalehglobal.ng"
66.249.79.228 - - [15/Jul/2026:15:57:22 +0000] "GET /?item/o36514882833436/ HTTP/1.1" 200 14841 "-" "Mozilla/5.0 (Linux; Android 6.0.1; Nexus 5X Build/MMB29P) AppleWebKit/537.36 (KHTML, like Gecko) Chrome/150.0.7871.114 Mobile Safari/537.36 (compatible; Googlebot/2.1; +http://www.google.com/bot.html)"
66.249.79.228 - - [15/Jul/2026:15:57:24 +0000] "GET /items/K140050577/ HTTP/1.1" 404 1251 "-" "Mozilla/5.0 (Linux; Android 6.0.1; Nexus 5X Build/MMB29P) AppleWebKit/537.36 (KHTML, like Gecko) Chrome/150.0.7871.114 Mobile Safari/537.36 (compatible; Googlebot/2.1; +http://www.google.com/bot.html)"
51.195.183.53 - - [15/Jul/2026:15:57:30 +0000] "GET /item/l5153345367/ HTTP/2" 404 1251 "-" "Mozilla/5.0 (compatible; AhrefsBot/7.0; +http://ahrefs.com/robot/)"
66.249.79.228 - - [15/Jul/2026:15:57:30 +0000] "GET /?item/t48667633825286/ HTTP/1.1" 200 14841 "-" "Mozilla/5.0 (Linux; Android 6.0.1; Nexus 5X Build/MMB29P) AppleWebKit/537.36 (KHTML, like Gecko) Chrome/150.0.7871.114 Mobile Safari/537.36 (compatible; Googlebot/2.1; +http://www.google.com/bot.html)"
66.249.79.228 - - [15/Jul/2026:15:57:44 +0000] "GET /items/R114267618/ HTTP/1.1" 404 1251 "-" "Mozilla/5.0 (Linux; Android 6.0.1; Nexus 5X Build/MMB29P) AppleWebKit/537.36 (KHTML, like Gecko) Chrome/150.0.7871.114 Mobile Safari/537.36 (compatible; Googlebot/2.1; +http://www.google.com/bot.html)"
198.244.226.156 - - [15/Jul/2026:15:57:53 +0000] "GET /item/m4022355798/ HTTP/2" 404 1251 "-" "Mozilla/5.0 (compatible; AhrefsBot/7.0; +http://ahrefs.com/robot/)"
66.249.79.228 - - [15/Jul/2026:15:58:02 +0000] "GET /items/E138106466/ HTTP/1.1" 404 1251 "-" "Mozilla/5.0 (Linux; Android 6.0.1; Nexus 5X Build/MMB29P) AppleWebKit/537.36 (KHTML, like Gecko) Chrome/150.0.7871.114 Mobile Safari/537.36 (compatible; Googlebot/2.1; +http://www.google.com/bot.html)"
198.244.226.110 - - [15/Jul/2026:15:58:14 +0000] "GET /item/k6172527317/ HTTP/2" 404 1251 "-" "Mozilla/5.0 (compatible; AhrefsBot/7.0; +http://ahrefs.com/robot/)"
209.42.17.20 - - [15/Jul/2026:15:58:23 +0000] "POST /wp-cron.php?doing_wp_cron=1784131103.2651998996734619140625 HTTP/1.1" 200 0 "-" "WordPress/7.0.1; https://basalehglobal.ng"
66.249.79.228 - - [15/Jul/2026:15:58:22 +0000] "GET /?item/p15958824097993/ HTTP/1.1" 200 14841 "-" "Mozilla/5.0 (Linux; Android 6.0.1; Nexus 5X Build/MMB29P) AppleWebKit/537.36 (KHTML, like Gecko) Chrome/150.0.7871.114 Mobile Safari/537.36 (compatible; Googlebot/2.1; +http://www.google.com/bot.html)"
66.249.79.228 - - [15/Jul/2026:15:58:23 +0000] "GET /?item/q41224642830114/ HTTP/1.1" 200 14841 "-" "Mozilla/5.0 (Linux; Android 6.0.1; Nexus 5X Build/MMB29P) AppleWebKit/537.36 (KHTML, like Gecko) Chrome/150.0.7871.114 Mobile Safari/537.36 (compatible; Googlebot/2.1; +http://www.google.com/bot.html)"
66.249.79.228 - - [15/Jul/2026:15:58:25 +0000] "GET /?item/z14917784655251/ HTTP/1.1" 200 14841 "-" "Mozilla/5.0 (Linux; Android 6.0.1; Nexus 5X Build/MMB29P) AppleWebKit/537.36 (KHTML, like Gecko) Chrome/150.0.7871.114 Mobile Safari/537.36 (compatible; Googlebot/2.1; +http://www.google.com/bot.html)"
66.249.79.228 - - [15/Jul/2026:15:58:27 +0000] "GET /?item/l35573292437558/ HTTP/1.1" 200 14841 "-" "Mozilla/5.0 (Linux; Android 6.0.1; Nexus 5X Build/MMB29P) AppleWebKit/537.36 (KHTML, like Gecko) Chrome/150.0.7871.114 Mobile Safari/537.36 (compatible; Googlebot/2.1; +http://www.google.com/bot.html)"
66.249.79.228 - - [15/Jul/2026:15:58:28 +0000] "GET /?item/s44758264053312/ HTTP/1.1" 200 14841 "-" "Mozilla/5.0 (Linux; Android 6.0.1; Nexus 5X Build/MMB29P) AppleWebKit/537.36 (KHTML, like Gecko) Chrome/150.0.7871.114 Mobile Safari/537.36 (compatible; Googlebot/2.1; +http://www.google.com/bot.html)"
66.249.79.228 - - [15/Jul/2026:15:58:28 +0000] "GET /?item/s20603545785779/ HTTP/1.1" 200 14841 "-" "Mozilla/5.0 (Linux; Android 6.0.1; Nexus 5X Build/MMB29P) AppleWebKit/537.36 (KHTML, like Gecko) Chrome/150.0.7871.114 Mobile Safari/537.36 (compatible; Googlebot/2.1; +http://www.google.com/bot.html)"
66.249.79.228 - - [15/Jul/2026:15:58:31 +0000] "GET /?item/a49640346081017/ HTTP/1.1" 200 14841 "-" "Mozilla/5.0 (Linux; Android 6.0.1; Nexus 5X Build/MMB29P) AppleWebKit/537.36 (KHTML, like Gecko) Chrome/150.0.7871.114 Mobile Safari/537.36 (compatible; Googlebot/2.1; +http://www.google.com/bot.html)"
66.249.79.228 - - [15/Jul/2026:15:58:33 +0000] "GET /items/J16774214/ HTTP/1.1" 404 1251 "-" "Mozilla/5.0 (Linux; Android 6.0.1; Nexus 5X Build/MMB29P) AppleWebKit/537.36 (KHTML, like Gecko) Chrome/150.0.7871.114 Mobile Safari/537.36 (compatible; Googlebot/2.1; +http://www.google.com/bot.html)"
66.249.79.228 - - [15/Jul/2026:15:58:33 +0000] "GET /?item/l10172963670120/ HTTP/1.1" 200 14841 "-" "Mozilla/5.0 (Linux; Android 6.0.1; Nexus 5X Build/MMB29P) AppleWebKit/537.36 (KHTML, like Gecko) Chrome/150.0.7871.114 Mobile Safari/537.36 (compatible; Googlebot/2.1; +http://www.google.com/bot.html)"
198.244.183.205 - - [15/Jul/2026:15:58:36 +0000] "GET /item/l8564033835/ HTTP/2" 404 1251 "-" "Mozilla/5.0 (compatible; AhrefsBot/7.0; +http://ahrefs.com/robot/)"
66.249.79.228 - - [15/Jul/2026:15:58:37 +0000] "GET /?item/m14893743013965/ HTTP/1.1" 200 14841 "-" "Mozilla/5.0 (Linux; Android 6.0.1; Nexus 5X Build/MMB29P) AppleWebKit/537.36 (KHTML, like Gecko) Chrome/150.0.7871.114 Mobile Safari/537.36 (compatible; Googlebot/2.1; +http://www.google.com/bot.html)"
66.249.79.228 - - [15/Jul/2026:15:58:41 +0000] "GET /items/U111305254/ HTTP/1.1" 404 1251 "-" "Mozilla/5.0 (Linux; Android 6.0.1; Nexus 5X Build/MMB29P) AppleWebKit/537.36 (KHTML, like Gecko) Chrome/150.0.7871.114 Mobile Safari/537.36 (compatible; Googlebot/2.1; +http://www.google.com/bot.html)"
209.42.17.20 - - [15/Jul/2026:15:58:49 +0000] "POST /wp-cron.php?doing_wp_cron=1784131129.7551760673522949218750 HTTP/1.1" 200 0 "-" "WordPress/7.0.1; https://basalehglobal.ng"
66.249.79.229 - - [15/Jul/2026:15:58:49 +0000] "GET /?item/l11321605299300/ HTTP/1.1" 200 14841 "-" "Mozilla/5.0 (Linux; Android 6.0.1; Nexus 5X Build/MMB29P) AppleWebKit/537.36 (KHTML, like Gecko) Chrome/150.0.7871.114 Mobile Safari/537.36 (compatible; Googlebot/2.1; +http://www.google.com/bot.html)"
66.249.79.228 - - [15/Jul/2026:15:58:52 +0000] "GET /?item/l40397434949260/ HTTP/1.1" 200 14841 "-" "Mozilla/5.0 (Linux; Android 6.0.1; Nexus 5X Build/MMB29P) AppleWebKit/537.36 (KHTML, like Gecko) Chrome/150.0.7871.114 Mobile Safari/537.36 (compatible; Googlebot/2.1; +http://www.google.com/bot.html)"
198.244.226.180 - - [15/Jul/2026:15:58:59 +0000] "GET /item/k5014969107/ HTTP/2" 404 1251 "-" "Mozilla/5.0 (compatible; AhrefsBot/7.0; +http://ahrefs.com/robot/)"
66.249.79.229 - - [15/Jul/2026:15:59:02 +0000] "GET /items/F118161800/ HTTP/1.1" 404 1251 "-" "Mozilla/5.0 (Linux; Android 6.0.1; Nexus 5X Build/MMB29P) AppleWebKit/537.36 (KHTML, like Gecko) Chrome/150.0.7871.114 Mobile Safari/537.36 (compatible; Googlebot/2.1; +http://www.google.com/bot.html)"
66.249.79.228 - - [15/Jul/2026:15:59:13 +0000] "GET /items/E119084961/ HTTP/1.1" 404 1251 "-" "Mozilla/5.0 (Linux; Android 6.0.1; Nexus 5X Build/MMB29P) AppleWebKit/537.36 (KHTML, like Gecko) Chrome/150.0.7871.114 Mobile Safari/537.36 (compatible; Googlebot/2.1; +http://www.google.com/bot.html)"
198.244.242.18 - - [15/Jul/2026:15:59:23 +0000] "GET /item/k2893986664/ HTTP/2" 404 1251 "-" "Mozilla/5.0 (compatible; AhrefsBot/7.0; +http://ahrefs.com/robot/)"
66.249.79.228 - - [15/Jul/2026:15:59:29 +0000] "GET /?item/g19668422525921/ HTTP/1.1" 200 14841 "-" "Mozilla/5.0 (Linux; Android 6.0.1; Nexus 5X Build/MMB29P) AppleWebKit/537.36 (KHTML, like Gecko) Chrome/150.0.7871.114 Mobile Safari/537.36 (compatible; Googlebot/2.1; +http://www.google.com/bot.html)"
198.244.168.30 - - [15/Jul/2026:15:59:45 +0000] "GET /item/l4924227283/ HTTP/2" 404 1251 "-" "Mozilla/5.0 (compatible; AhrefsBot/7.0; +http://ahrefs.com/robot/)"
66.249.79.228 - - [15/Jul/2026:15:59:48 +0000] "GET /items/R125702779/ HTTP/1.1" 404 1251 "-" "Mozilla/5.0 (Linux; Android 6.0.1; Nexus 5X Build/MMB29P) AppleWebKit/537.36 (KHTML, like Gecko) Chrome/150.0.7871.114 Mobile Safari/537.36 (compatible; Googlebot/2.1; +http://www.google.com/bot.html)"
66.249.79.228 - - [15/Jul/2026:15:59:57 +0000] "GET /items/Z117295103/ HTTP/1.1" 404 1251 "-" "Mozilla/5.0 (Linux; Android 6.0.1; Nexus 5X Build/MMB29P) AppleWebKit/537.36 (KHTML, like Gecko) Chrome/150.0.7871.114 Mobile Safari/537.36 (compatible; Googlebot/2.1; +http://www.google.com/bot.html)"
51.195.244.18 - - [15/Jul/2026:16:00:07 +0000] "GET /item/j8845323292/ HTTP/2" 404 1251 "-" "Mozilla/5.0 (compatible; AhrefsBot/7.0; +http://ahrefs.com/robot/)"
66.249.79.229 - - [15/Jul/2026:16:00:07 +0000] "GET /items/X147906345/ HTTP/1.1" 404 1251 "-" "Mozilla/5.0 (Linux; Android 6.0.1; Nexus 5X Build/MMB29P) AppleWebKit/537.36 (KHTML, like Gecko) Chrome/150.0.7871.114 Mobile Safari/537.36 (compatible; Googlebot/2.1; +http://www.google.com/bot.html)"
66.249.79.228 - - [15/Jul/2026:16:00:20 +0000] "GET /item/k19811215725082/ HTTP/1.1" 404 1251 "-" "Mozilla/5.0 (Linux; Android 6.0.1; Nexus 5X Build/MMB29P) AppleWebKit/537.36 (KHTML, like Gecko) Chrome/150.0.7871.114 Mobile Safari/537.36 (compatible; Googlebot/2.1; +http://www.google.com/bot.html)"
66.249.79.228 - - [15/Jul/2026:16:00:22 +0000] "GET /items/Z132778022/ HTTP/1.1" 404 1251 "-" "Mozilla/5.0 (Linux; Android 6.0.1; Nexus 5X Build/MMB29P) AppleWebKit/537.36 (KHTML, like Gecko) Chrome/150.0.7871.114 Mobile Safari/537.36 (compatible; Googlebot/2.1; +http://www.google.com/bot.html)"
51.195.215.178 - - [15/Jul/2026:16:00:29 +0000] "GET /item/j5816074538/ HTTP/2" 404 1251 "-" "Mozilla/5.0 (compatible; AhrefsBot/7.0; +http://ahrefs.com/robot/)"
66.249.79.228 - - [15/Jul/2026:16:00:32 +0000] "GET /items/B132611173/ HTTP/1.1" 404 1251 "-" "Mozilla/5.0 (Linux; Android 6.0.1; Nexus 5X Build/MMB29P) AppleWebKit/537.36 (KHTML, like Gecko) Chrome/150.0.7871.114 Mobile Safari/537.36 (compatible; Googlebot/2.1; +http://www.google.com/bot.html)"
66.249.79.228 - - [15/Jul/2026:16:00:45 +0000] "GET /items/D135342567/ HTTP/1.1" 404 1251 "-" "Mozilla/5.0 (Linux; Android 6.0.1; Nexus 5X Build/MMB29P) AppleWebKit/537.36 (KHTML, like Gecko) Chrome/150.0.7871.114 Mobile Safari/537.36 (compatible; Googlebot/2.1; +http://www.google.com/bot.html)"
66.249.79.228 - - [15/Jul/2026:16:00:50 +0000] "GET /items/V123134416/ HTTP/1.1" 404 1251 "-" "Mozilla/5.0 (Linux; Android 6.0.1; Nexus 5X Build/MMB29P) AppleWebKit/537.36 (KHTML, like Gecko) Chrome/150.0.7871.114 Mobile Safari/537.36 (compatible; Googlebot/2.1; +http://www.google.com/bot.html)"
51.195.244.212 - - [15/Jul/2026:16:00:54 +0000] "GET /item/i6884466938/ HTTP/2" 404 1251 "-" "Mozilla/5.0 (compatible; AhrefsBot/7.0; +http://ahrefs.com/robot/)"
66.249.79.229 - - [15/Jul/2026:16:01:00 +0000] "GET /wp-content/plugins/elementor/assets/lib/animations/styles/fadeIn.min.css?ver=4.1.4 HTTP/1.1" 200 77 "https://basalehglobal.ng/?item/l33889244030911/" "Mozilla/5.0 (Linux; Android 6.0.1; Nexus 5X Build/MMB29P) AppleWebKit/537.36 (KHTML, like Gecko) Chrome/150.0.7871.114 Mobile Safari/537.36 (compatible; Googlebot/2.1; +http://www.google.com/bot.html)"
198.244.242.56 - - [15/Jul/2026:16:01:16 +0000] "GET /item/l1702877423/ HTTP/2" 404 1251 "-" "Mozilla/5.0 (compatible; AhrefsBot/7.0; +http://ahrefs.com/robot/)"
40.77.167.78 - - [15/Jul/2026:16:01:22 +0000] "GET /items/A97956123/ HTTP/2" 404 1251 "-" "Mozilla/5.0 AppleWebKit/537.36 (KHTML, like Gecko; compatible; bingbot/2.0; +http://www.bing.com/bingbot.htm) Chrome/116.0.1938.76 Safari/537.36"
40.77.167.78 - - [15/Jul/2026:16:01:22 +0000] "GET /items/B109384082/ HTTP/2" 404 1251 "-" "Mozilla/5.0 AppleWebKit/537.36 (KHTML, like Gecko; compatible; bingbot/2.0; +http://www.bing.com/bingbot.htm) Chrome/116.0.1938.76 Safari/537.36"
40.77.167.126 - - [15/Jul/2026:16:01:26 +0000] "GET /items/D54074032/ HTTP/2" 404 1251 "-" "Mozilla/5.0 AppleWebKit/537.36 (KHTML, like Gecko; compatible; bingbot/2.0; +http://www.bing.com/bingbot.htm) Chrome/116.0.1938.76 Safari/537.36"
51.89.129.252 - - [15/Jul/2026:16:01:39 +0000] "GET /item/i6282755218/ HTTP/2" 404 1251 "-" "Mozilla/5.0 (compatible; AhrefsBot/7.0; +http://ahrefs.com/robot/)"
209.42.17.20 - - [15/Jul/2026:16:01:54 +0000] "POST /wp-cron.php?doing_wp_cron=1784131314.4323439598083496093750 HTTP/1.1" 200 0 "-" "WordPress/7.0.1; https://basalehglobal.ng"
66.249.79.229 - - [15/Jul/2026:16:01:53 +0000] "GET /?item/x25837702974453/ HTTP/1.1" 200 14841 "-" "Mozilla/5.0 (Linux; Android 6.0.1; Nexus 5X Build/MMB29P) AppleWebKit/537.36 (KHTML, like Gecko) Chrome/150.0.7871.114 Mobile Safari/537.36 (compatible; Googlebot/2.1; +http://www.google.com/bot.html)"
54.38.147.140 - - [15/Jul/2026:16:02:16 +0000] "GET /item/i3605081057/ HTTP/2" 404 1251 "-" "Mozilla/5.0 (compatible; AhrefsBot/7.0; +http://ahrefs.com/robot/)"
66.249.79.230 - - [15/Jul/2026:16:02:39 +0000] "GET /?item/c37948185546490/ HTTP/1.1" 200 14841 "-" "Mozilla/5.0 (Linux; Android 6.0.1; Nexus 5X Build/MMB29P) AppleWebKit/537.36 (KHTML, like Gecko) Chrome/150.0.7871.114 Mobile Safari/537.36 (compatible; Googlebot/2.1; +http://www.google.com/bot.html)"
66.249.79.230 - - [15/Jul/2026:16:02:42 +0000] "GET /?item/n22257265775311/ HTTP/1.1" 200 14841 "-" "Mozilla/5.0 (Linux; Android 6.0.1; Nexus 5X Build/MMB29P) AppleWebKit/537.36 (KHTML, like Gecko) Chrome/150.0.7871.114 Mobile Safari/537.36 (compatible; Googlebot/2.1; +http://www.google.com/bot.html)"
66.249.79.228 - - [15/Jul/2026:16:02:44 +0000] "GET /shop/pg/67326513-4 HTTP/1.1" 404 1251 "-" "Mozilla/5.0 (Linux; Android 6.0.1; Nexus 5X Build/MMB29P) AppleWebKit/537.36 (KHTML, like Gecko) Chrome/150.0.7871.114 Mobile Safari/537.36 (compatible; Googlebot/2.1; +http://www.google.com/bot.html)"
66.249.79.228 - - [15/Jul/2026:16:02:44 +0000] "GET /?item/l16194572741132/ HTTP/1.1" 200 14841 "-" "Mozilla/5.0 (Linux; Android 6.0.1; Nexus 5X Build/MMB29P) AppleWebKit/537.36 (KHTML, like Gecko) Chrome/150.0.7871.114 Mobile Safari/537.36 (compatible; Googlebot/2.1; +http://www.google.com/bot.html)"
209.42.17.20 - - [15/Jul/2026:16:02:50 +0000] "POST /wp-cron.php?doing_wp_cron=1784131370.2036159038543701171875 HTTP/1.1" 200 0 "-" "WordPress/7.0.1; https://basalehglobal.ng"
66.249.79.228 - - [15/Jul/2026:16:02:49 +0000] "GET /?item/e30388102523826/ HTTP/1.1" 200 14841 "-" "Mozilla/5.0 (Linux; Android 6.0.1; Nexus 5X Build/MMB29P) AppleWebKit/537.36 (KHTML, like Gecko) Chrome/150.0.7871.114 Mobile Safari/537.36 (compatible; Googlebot/2.1; +http://www.google.com/bot.html)"
66.249.79.228 - - [15/Jul/2026:16:02:50 +0000] "GET /?item/m22353352999669/ HTTP/1.1" 200 14841 "-" "Mozilla/5.0 (Linux; Android 6.0.1; Nexus 5X Build/MMB29P) AppleWebKit/537.36 (KHTML, like Gecko) Chrome/150.0.7871.114 Mobile Safari/537.36 (compatible; Googlebot/2.1; +http://www.google.com/bot.html)"
198.244.226.195 - - [15/Jul/2026:16:02:56 +0000] "GET /item/i1705284838/ HTTP/2" 404 1251 "-" "Mozilla/5.0 (compatible; AhrefsBot/7.0; +http://ahrefs.com/robot/)"
66.249.79.228 - - [15/Jul/2026:16:02:59 +0000] "GET /?item/l34379575901688/ HTTP/1.1" 200 14841 "-" "Mozilla/5.0 (Linux; Android 6.0.1; Nexus 5X Build/MMB29P) AppleWebKit/537.36 (KHTML, like Gecko) Chrome/150.0.7871.114 Mobile Safari/537.36 (compatible; Googlebot/2.1; +http://www.google.com/bot.html)"
66.249.79.228 - - [15/Jul/2026:16:03:01 +0000] "GET /?item/o36605804791322/ HTTP/1.1" 200 14841 "-" "Mozilla/5.0 (Linux; Android 6.0.1; Nexus 5X Build/MMB29P) AppleWebKit/537.36 (KHTML, like Gecko) Chrome/150.0.7871.114 Mobile Safari/537.36 (compatible; Googlebot/2.1; +http://www.google.com/bot.html)"
66.249.79.228 - - [15/Jul/2026:16:03:02 +0000] "GET /?item/i26551554439665/ HTTP/1.1" 200 14841 "-" "Mozilla/5.0 (Linux; Android 6.0.1; Nexus 5X Build/MMB29P) AppleWebKit/537.36 (KHTML, like Gecko) Chrome/150.0.7871.114 Mobile Safari/537.36 (compatible; Googlebot/2.1; +http://www.google.com/bot.html)"
66.249.79.228 - - [15/Jul/2026:16:03:06 +0000] "GET /?item/c25754593658198/ HTTP/1.1" 200 14841 "-" "Mozilla/5.0 (Linux; Android 6.0.1; Nexus 5X Build/MMB29P) AppleWebKit/537.36 (KHTML, like Gecko) Chrome/150.0.7871.114 Mobile Safari/537.36 (compatible; Googlebot/2.1; +http://www.google.com/bot.html)"
66.249.79.228 - - [15/Jul/2026:16:03:07 +0000] "GET /?item/w15282985494036/ HTTP/1.1" 200 14841 "-" "Mozilla/5.0 (Linux; Android 6.0.1; Nexus 5X Build/MMB29P) AppleWebKit/537.36 (KHTML, like Gecko) Chrome/150.0.7871.114 Mobile Safari/537.36 (compatible; Googlebot/2.1; +http://www.google.com/bot.html)"
66.249.79.228 - - [15/Jul/2026:16:03:10 +0000] "GET /?item/j28169502375806/ HTTP/1.1" 200 14841 "-" "Mozilla/5.0 (Linux; Android 6.0.1; Nexus 5X Build/MMB29P) AppleWebKit/537.36 (KHTML, like Gecko) Chrome/150.0.7871.114 Mobile Safari/537.36 (compatible; Googlebot/2.1; +http://www.google.com/bot.html)"
66.249.79.228 - - [15/Jul/2026:16:03:10 +0000] "GET /?item/t42726275325015/ HTTP/1.1" 200 14841 "-" "Mozilla/5.0 (Linux; Android 6.0.1; Nexus 5X Build/MMB29P) AppleWebKit/537.36 (KHTML, like Gecko) Chrome/150.0.7871.114 Mobile Safari/537.36 (compatible; Googlebot/2.1; +http://www.google.com/bot.html)"
66.249.79.228 - - [15/Jul/2026:16:03:10 +0000] "GET /?item/k14962974204540/ HTTP/1.1" 200 14841 "-" "Mozilla/5.0 (Linux; Android 6.0.1; Nexus 5X Build/MMB29P) AppleWebKit/537.36 (KHTML, like Gecko) Chrome/150.0.7871.114 Mobile Safari/537.36 (compatible; Googlebot/2.1; +http://www.google.com/bot.html)"
66.249.79.228 - - [15/Jul/2026:16:03:13 +0000] "GET /?item/w25925764670903/ HTTP/1.1" 200 14841 "-" "Mozilla/5.0 (Linux; Android 6.0.1; Nexus 5X Build/MMB29P) AppleWebKit/537.36 (KHTML, like Gecko) Chrome/150.0.7871.114 Mobile Safari/537.36 (compatible; Googlebot/2.1; +http://www.google.com/bot.html)"
66.249.79.228 - - [15/Jul/2026:16:03:17 +0000] "GET /?item/x31323573889606/ HTTP/1.1" 200 14841 "-" "Mozilla/5.0 (Linux; Android 6.0.1; Nexus 5X Build/MMB29P) AppleWebKit/537.36 (KHTML, like Gecko) Chrome/150.0.7871.114 Mobile Safari/537.36 (compatible; Googlebot/2.1; +http://www.google.com/bot.html)"
