20.48.236.161 - - [16/Jul/2026:12:53:46 +0000] "GET /wp-content/themes/index.php HTTP/1.1" 401 36 "-" "-"
20.48.236.161 - - [16/Jul/2026:12:53:46 +0000] "GET /wp-blog.php HTTP/1.1" 401 36 "-" "-"
20.48.236.161 - - [16/Jul/2026:12:53:46 +0000] "GET /wp-includes/js/jquery/ HTTP/1.1" 401 36 "-" "-"
20.48.236.161 - - [16/Jul/2026:12:53:46 +0000] "GET /wp-content/admin.php HTTP/1.1" 401 36 "-" "-"
20.48.236.161 - - [16/Jul/2026:12:53:47 +0000] "GET /adminfuns.php HTTP/1.1" 401 36 "-" "-"
20.48.236.161 - - [16/Jul/2026:12:53:47 +0000] "GET /goods.php HTTP/1.1" 401 36 "-" "-"
20.48.236.161 - - [16/Jul/2026:12:53:47 +0000] "GET /ms-edit.php HTTP/1.1" 401 36 "-" "-"
20.48.236.161 - - [16/Jul/2026:12:53:47 +0000] "GET /222.php HTTP/1.1" 401 36 "-" "-"
20.48.236.161 - - [16/Jul/2026:12:53:48 +0000] "GET /cgi-bin/index.php HTTP/1.1" 401 36 "-" "-"
20.48.236.161 - - [16/Jul/2026:12:53:48 +0000] "GET /wp-includes/css/dist/ HTTP/1.1" 401 36 "-" "-"
20.48.236.161 - - [16/Jul/2026:12:53:48 +0000] "GET /BDKR28WP.php HTTP/1.1" 401 36 "-" "-"
20.48.236.161 - - [16/Jul/2026:12:53:48 +0000] "GET /wp-includes/l10n/ HTTP/1.1" 401 36 "-" "-"
20.48.236.161 - - [16/Jul/2026:12:53:48 +0000] "GET /wp-content/uploads/ HTTP/1.1" 401 36 "-" "-"
20.48.236.161 - - [16/Jul/2026:12:53:49 +0000] "GET /wp.php HTTP/1.1" 401 36 "-" "-"
20.48.236.161 - - [16/Jul/2026:12:53:49 +0000] "GET /abcd.php HTTP/1.1" 401 36 "-" "-"
20.48.236.161 - - [16/Jul/2026:12:53:49 +0000] "GET /a1.php HTTP/1.1" 401 36 "-" "-"
20.48.236.161 - - [16/Jul/2026:12:53:49 +0000] "GET /wp-includes/Text/Diff/Engine/about.php HTTP/1.1" 401 36 "-" "-"
20.48.236.161 - - [16/Jul/2026:12:53:50 +0000] "GET /cgi-bin/admin.php HTTP/1.1" 401 36 "-" "-"
20.48.236.161 - - [16/Jul/2026:12:53:50 +0000] "GET /gettest.php HTTP/1.1" 401 36 "-" "-"
20.48.236.161 - - [16/Jul/2026:12:53:50 +0000] "GET /wp-content/ HTTP/1.1" 401 36 "-" "-"
20.48.236.161 - - [16/Jul/2026:12:53:50 +0000] "GET /simple.php HTTP/1.1" 401 36 "-" "-"
20.48.236.161 - - [16/Jul/2026:12:53:50 +0000] "GET /xxx.php HTTP/1.1" 401 36 "-" "-"
20.48.236.161 - - [16/Jul/2026:12:53:51 +0000] "GET /hypo.php HTTP/1.1" 401 36 "-" "-"
20.48.236.161 - - [16/Jul/2026:12:53:51 +0000] "GET /wp-admin/css/colors/blue/ HTTP/1.1" 401 36 "-" "-"
20.48.236.161 - - [16/Jul/2026:12:53:51 +0000] "GET /chosen.php HTTP/1.1" 401 36 "-" "-"
20.48.236.161 - - [16/Jul/2026:12:53:51 +0000] "GET /wp-includes/block-bindings/ HTTP/1.1" 401 36 "-" "-"
20.48.236.161 - - [16/Jul/2026:12:53:51 +0000] "GET /als.php HTTP/1.1" 401 36 "-" "-"
20.48.236.161 - - [16/Jul/2026:12:53:52 +0000] "GET /pol.php HTTP/1.1" 401 36 "-" "-"
20.48.236.161 - - [16/Jul/2026:12:53:52 +0000] "GET /file5.php HTTP/1.1" 401 36 "-" "-"
20.48.236.161 - - [16/Jul/2026:12:53:52 +0000] "GET /file.php HTTP/1.1" 401 36 "-" "-"
20.48.236.161 - - [16/Jul/2026:12:53:52 +0000] "GET /cfile.php HTTP/1.1" 401 36 "-" "-"
20.48.236.161 - - [16/Jul/2026:12:53:53 +0000] "GET /admin.php HTTP/1.1" 401 36 "-" "-"
20.48.236.161 - - [16/Jul/2026:12:53:53 +0000] "GET /aa2.php HTTP/1.1" 401 36 "-" "-"
20.48.236.161 - - [16/Jul/2026:12:53:53 +0000] "GET /ccou.php HTTP/1.1" 401 36 "-" "-"
20.48.236.161 - - [16/Jul/2026:12:53:53 +0000] "GET /dr.php HTTP/1.1" 401 36 "-" "-"
20.48.236.161 - - [16/Jul/2026:12:53:54 +0000] "GET /xamp.php HTTP/1.1" 401 36 "-" "-"
20.48.236.161 - - [16/Jul/2026:12:53:54 +0000] "GET /bless.php HTTP/1.1" 401 36 "-" "-"
20.48.236.161 - - [16/Jul/2026:12:53:54 +0000] "GET /file25.php HTTP/1.1" 401 36 "-" "-"
20.48.236.161 - - [16/Jul/2026:12:53:54 +0000] "GET /file6.php HTTP/1.1" 401 36 "-" "-"
20.48.236.161 - - [16/Jul/2026:12:53:54 +0000] "GET /a2.php HTTP/1.1" 401 36 "-" "-"
20.48.236.161 - - [16/Jul/2026:12:53:55 +0000] "GET /file15.php HTTP/1.1" 401 36 "-" "-"
20.48.236.161 - - [16/Jul/2026:12:53:55 +0000] "GET /f35.php HTTP/1.1" 401 36 "-" "-"
20.48.236.161 - - [16/Jul/2026:12:53:55 +0000] "GET /wp-load.php HTTP/1.1" 401 36 "-" "-"
20.48.236.161 - - [16/Jul/2026:12:53:55 +0000] "GET /xwpg.php HTTP/1.1" 401 36 "-" "-"
20.48.236.161 - - [16/Jul/2026:12:53:56 +0000] "GET /wp-includes/assets/ HTTP/1.1" 401 36 "-" "-"
20.48.236.161 - - [16/Jul/2026:12:53:56 +0000] "GET /wp-admin/css/colors/sunrise/ HTTP/1.1" 401 36 "-" "-"
20.48.236.161 - - [16/Jul/2026:12:53:56 +0000] "GET /xstelth.php HTTP/1.1" 401 36 "-" "-"
20.48.236.161 - - [16/Jul/2026:12:53:56 +0000] "GET /wp-admin/network/plugins.php HTTP/1.1" 401 36 "-" "-"
20.48.236.161 - - [16/Jul/2026:12:53:56 +0000] "GET /aaa.php HTTP/1.1" 401 36 "-" "-"
20.48.236.161 - - [16/Jul/2026:12:53:57 +0000] "GET /gecko.php HTTP/1.1" 401 36 "-" "-"
20.48.236.161 - - [16/Jul/2026:12:53:57 +0000] "GET /sh3ll.php HTTP/1.1" 401 36 "-" "-"
20.48.236.161 - - [16/Jul/2026:12:53:57 +0000] "GET /wp-includes/Requests/library/ HTTP/1.1" 401 36 "-" "-"
20.48.236.161 - - [16/Jul/2026:12:53:57 +0000] "GET /pbck.php HTTP/1.1" 401 36 "-" "-"
20.48.236.161 - - [16/Jul/2026:12:53:58 +0000] "GET /xiugai.php HTTP/1.1" 401 36 "-" "-"
20.48.236.161 - - [16/Jul/2026:12:53:58 +0000] "GET /son1.php HTTP/1.1" 401 36 "-" "-"
20.48.236.161 - - [16/Jul/2026:12:53:58 +0000] "GET /e.php HTTP/1.1" 401 36 "-" "-"
20.48.236.161 - - [16/Jul/2026:12:53:58 +0000] "GET /hg.php HTTP/1.1" 401 36 "-" "-"
20.48.236.161 - - [16/Jul/2026:12:53:58 +0000] "GET /ah25.php HTTP/1.1" 401 36 "-" "-"
20.48.236.161 - - [16/Jul/2026:12:53:59 +0000] "GET /mg2.php HTTP/1.1" 401 36 "-" "-"
20.48.236.161 - - [16/Jul/2026:12:53:59 +0000] "GET /for.php HTTP/1.1" 401 36 "-" "-"
198.244.226.70 - - [16/Jul/2026:12:54:05 +0000] "GET /item/n4752691498/ HTTP/2" 404 1251 "-" "Mozilla/5.0 (compatible; AhrefsBot/7.0; +http://ahrefs.com/robot/)"
51.195.244.8 - - [16/Jul/2026:12:54:24 +0000] "GET /item/n4563090223/ HTTP/2" 404 1251 "-" "Mozilla/5.0 (compatible; AhrefsBot/7.0; +http://ahrefs.com/robot/)"
51.195.215.87 - - [16/Jul/2026:12:54:43 +0000] "GET /item/m6833982293/ HTTP/2" 404 1251 "-" "Mozilla/5.0 (compatible; AhrefsBot/7.0; +http://ahrefs.com/robot/)"
198.244.168.117 - - [16/Jul/2026:12:55:02 +0000] "GET /item/k7925618678/ HTTP/2" 404 1251 "-" "Mozilla/5.0 (compatible; AhrefsBot/7.0; +http://ahrefs.com/robot/)"
198.244.183.35 - - [16/Jul/2026:12:55:22 +0000] "GET /item/a6374779288/ HTTP/2" 404 1251 "-" "Mozilla/5.0 (compatible; AhrefsBot/7.0; +http://ahrefs.com/robot/)"
198.244.168.201 - - [16/Jul/2026:12:55:41 +0000] "GET /item/h7124724223/ HTTP/2" 404 1251 "-" "Mozilla/5.0 (compatible; AhrefsBot/7.0; +http://ahrefs.com/robot/)"
198.244.183.192 - - [16/Jul/2026:12:56:06 +0000] "GET /item/h2225839844/ HTTP/2" 404 1251 "-" "Mozilla/5.0 (compatible; AhrefsBot/7.0; +http://ahrefs.com/robot/)"
51.195.183.123 - - [16/Jul/2026:12:56:25 +0000] "GET /item/a7435504147/ HTTP/2" 404 1251 "-" "Mozilla/5.0 (compatible; AhrefsBot/7.0; +http://ahrefs.com/robot/)"
198.244.226.86 - - [16/Jul/2026:12:56:50 +0000] "GET /item/a1915183568/ HTTP/2" 404 1251 "-" "Mozilla/5.0 (compatible; AhrefsBot/7.0; +http://ahrefs.com/robot/)"
54.38.147.103 - - [16/Jul/2026:12:57:29 +0000] "GET /item/g2573733940/ HTTP/2" 404 1251 "-" "Mozilla/5.0 (compatible; AhrefsBot/7.0; +http://ahrefs.com/robot/)"
66.249.79.230 - - [16/Jul/2026:12:57:38 +0000] "GET /items/L78752032/ HTTP/1.1" 404 1251 "-" "Mozilla/5.0 (Linux; Android 6.0.1; Nexus 5X Build/MMB29P) AppleWebKit/537.36 (KHTML, like Gecko) Chrome/150.0.7871.124 Mobile Safari/537.36 (compatible; Googlebot/2.1; +http://www.google.com/bot.html)"
66.249.79.228 - - [16/Jul/2026:12:58:15 +0000] "GET /items/D110958315/ HTTP/1.1" 404 1251 "-" "Mozilla/5.0 (Linux; Android 6.0.1; Nexus 5X Build/MMB29P) AppleWebKit/537.36 (KHTML, like Gecko) Chrome/150.0.7871.124 Mobile Safari/537.36 (compatible; Googlebot/2.1; +http://www.google.com/bot.html)"
66.249.79.229 - - [16/Jul/2026:12:58:24 +0000] "GET /item/j32698643997109/ HTTP/1.1" 404 1251 "-" "Mozilla/5.0 (Linux; Android 6.0.1; Nexus 5X Build/MMB29P) AppleWebKit/537.36 (KHTML, like Gecko) Chrome/150.0.7871.124 Mobile Safari/537.36 (compatible; Googlebot/2.1; +http://www.google.com/bot.html)"
66.249.79.228 - - [16/Jul/2026:12:58:37 +0000] "GET /shop/pg/61212171-3 HTTP/1.1" 404 1251 "-" "Mozilla/5.0 (Linux; Android 6.0.1; Nexus 5X Build/MMB29P) AppleWebKit/537.36 (KHTML, like Gecko) Chrome/150.0.7871.124 Mobile Safari/537.36 (compatible; Googlebot/2.1; +http://www.google.com/bot.html)"
51.195.215.169 - - [16/Jul/2026:12:59:23 +0000] "GET /item/d5165753322/ HTTP/2" 404 1251 "-" "Mozilla/5.0 (compatible; AhrefsBot/7.0; +http://ahrefs.com/robot/)"
66.249.79.230 - - [16/Jul/2026:12:59:58 +0000] "GET /items/E47940315/ HTTP/1.1" 404 1251 "-" "Mozilla/5.0 (Linux; Android 6.0.1; Nexus 5X Build/MMB29P) AppleWebKit/537.36 (KHTML, like Gecko) Chrome/150.0.7871.124 Mobile Safari/537.36 (compatible; Googlebot/2.1; +http://www.google.com/bot.html)"
54.38.147.97 - - [16/Jul/2026:13:00:10 +0000] "GET /item/b7895065609/ HTTP/2" 404 1251 "-" "Mozilla/5.0 (compatible; AhrefsBot/7.0; +http://ahrefs.com/robot/)"
198.244.240.109 - - [16/Jul/2026:13:00:48 +0000] "GET /item/b7442695404/ HTTP/2" 404 1251 "-" "Mozilla/5.0 (compatible; AhrefsBot/7.0; +http://ahrefs.com/robot/)"
209.42.17.20 - - [16/Jul/2026:13:00:58 +0000] "POST /wp-cron.php?doing_wp_cron=1784206858.9828650951385498046875 HTTP/1.1" 200 0 "-" "WordPress/7.0.1; https://basalehglobal.ng"
66.249.79.230 - - [16/Jul/2026:13:00:58 +0000] "GET /?item/h20230103700967/ HTTP/1.1" 200 14841 "-" "Mozilla/5.0 (Linux; Android 6.0.1; Nexus 5X Build/MMB29P) AppleWebKit/537.36 (KHTML, like Gecko) Chrome/150.0.7871.124 Mobile Safari/537.36 (compatible; Googlebot/2.1; +http://www.google.com/bot.html)"
198.244.183.17 - - [16/Jul/2026:13:01:07 +0000] "GET /item/z7055773284/ HTTP/2" 404 1251 "-" "Mozilla/5.0 (compatible; AhrefsBot/7.0; +http://ahrefs.com/robot/)"
66.249.79.228 - - [16/Jul/2026:13:01:06 +0000] "GET /?item/e15509592499296/ HTTP/1.1" 200 14841 "-" "Mozilla/5.0 (Linux; Android 6.0.1; Nexus 5X Build/MMB29P) AppleWebKit/537.36 (KHTML, like Gecko) Chrome/150.0.7871.124 Mobile Safari/537.36 (compatible; Googlebot/2.1; +http://www.google.com/bot.html)"
66.249.79.228 - - [16/Jul/2026:13:01:08 +0000] "GET /?item/b36690642783089/ HTTP/1.1" 200 14841 "-" "Mozilla/5.0 (Linux; Android 6.0.1; Nexus 5X Build/MMB29P) AppleWebKit/537.36 (KHTML, like Gecko) Chrome/150.0.7871.124 Mobile Safari/537.36 (compatible; Googlebot/2.1; +http://www.google.com/bot.html)"
66.249.79.230 - - [16/Jul/2026:13:01:09 +0000] "GET /?item/f23089853982008/ HTTP/1.1" 200 14841 "-" "Mozilla/5.0 (Linux; Android 6.0.1; Nexus 5X Build/MMB29P) AppleWebKit/537.36 (KHTML, like Gecko) Chrome/150.0.7871.124 Mobile Safari/537.36 (compatible; Googlebot/2.1; +http://www.google.com/bot.html)"
198.244.240.228 - - [16/Jul/2026:13:01:27 +0000] "GET /item/z6492727177/ HTTP/2" 404 1251 "-" "Mozilla/5.0 (compatible; AhrefsBot/7.0; +http://ahrefs.com/robot/)"
66.249.79.228 - - [16/Jul/2026:13:01:27 +0000] "GET /?item/a46751675660949/ HTTP/1.1" 200 14841 "-" "Mozilla/5.0 (Linux; Android 6.0.1; Nexus 5X Build/MMB29P) AppleWebKit/537.36 (KHTML, like Gecko) Chrome/150.0.7871.124 Mobile Safari/537.36 (compatible; Googlebot/2.1; +http://www.google.com/bot.html)"
66.249.79.229 - - [16/Jul/2026:13:01:29 +0000] "GET /items/M95920769/ HTTP/1.1" 404 1251 "-" "Mozilla/5.0 (Linux; Android 6.0.1; Nexus 5X Build/MMB29P) AppleWebKit/537.36 (KHTML, like Gecko) Chrome/150.0.7871.124 Mobile Safari/537.36 (compatible; Googlebot/2.1; +http://www.google.com/bot.html)"
66.249.79.228 - - [16/Jul/2026:13:01:31 +0000] "GET /?item/k43179742503785/ HTTP/1.1" 200 14841 "-" "Mozilla/5.0 (Linux; Android 6.0.1; Nexus 5X Build/MMB29P) AppleWebKit/537.36 (KHTML, like Gecko) Chrome/150.0.7871.124 Mobile Safari/537.36 (compatible; Googlebot/2.1; +http://www.google.com/bot.html)"
66.249.79.228 - - [16/Jul/2026:13:01:34 +0000] "GET /?item/w47123764380553/ HTTP/1.1" 200 14841 "-" "Mozilla/5.0 (Linux; Android 6.0.1; Nexus 5X Build/MMB29P) AppleWebKit/537.36 (KHTML, like Gecko) Chrome/150.0.7871.124 Mobile Safari/537.36 (compatible; Googlebot/2.1; +http://www.google.com/bot.html)"
66.249.79.228 - - [16/Jul/2026:13:01:35 +0000] "GET /?item/s33295642404755/ HTTP/1.1" 200 14841 "-" "Mozilla/5.0 (Linux; Android 6.0.1; Nexus 5X Build/MMB29P) AppleWebKit/537.36 (KHTML, like Gecko) Chrome/150.0.7871.124 Mobile Safari/537.36 (compatible; Googlebot/2.1; +http://www.google.com/bot.html)"
66.249.79.228 - - [16/Jul/2026:13:01:38 +0000] "GET /?item/v21541793448686/ HTTP/1.1" 200 14841 "-" "Mozilla/5.0 (Linux; Android 6.0.1; Nexus 5X Build/MMB29P) AppleWebKit/537.36 (KHTML, like Gecko) Chrome/150.0.7871.124 Mobile Safari/537.36 (compatible; Googlebot/2.1; +http://www.google.com/bot.html)"
66.249.79.228 - - [16/Jul/2026:13:01:47 +0000] "GET /items/V164840284/ HTTP/1.1" 404 1251 "-" "Mozilla/5.0 (Linux; Android 6.0.1; Nexus 5X Build/MMB29P) AppleWebKit/537.36 (KHTML, like Gecko) Chrome/150.0.7871.124 Mobile Safari/537.36 (compatible; Googlebot/2.1; +http://www.google.com/bot.html)"
198.244.168.56 - - [16/Jul/2026:13:01:56 +0000] "GET /item/y6976177256/ HTTP/2" 404 1251 "-" "Mozilla/5.0 (compatible; AhrefsBot/7.0; +http://ahrefs.com/robot/)"
51.89.129.35 - - [16/Jul/2026:13:02:15 +0000] "GET /item/x5195474598/ HTTP/2" 404 1251 "-" "Mozilla/5.0 (compatible; AhrefsBot/7.0; +http://ahrefs.com/robot/)"
209.42.17.20 - - [16/Jul/2026:13:02:29 +0000] "POST /wp-cron.php?doing_wp_cron=1784206949.3179659843444824218750 HTTP/1.1" 200 0 "-" "WordPress/7.0.1; https://basalehglobal.ng"
66.249.79.230 - - [16/Jul/2026:13:02:28 +0000] "GET /?item/b25870533628565/ HTTP/1.1" 200 14841 "-" "Mozilla/5.0 (Linux; Android 6.0.1; Nexus 5X Build/MMB29P) AppleWebKit/537.36 (KHTML, like Gecko) Chrome/150.0.7871.124 Mobile Safari/537.36 (compatible; Googlebot/2.1; +http://www.google.com/bot.html)"
198.244.240.167 - - [16/Jul/2026:13:02:34 +0000] "GET /item/z5435643300/ HTTP/2" 404 1251 "-" "Mozilla/5.0 (compatible; AhrefsBot/7.0; +http://ahrefs.com/robot/)"
66.249.79.229 - - [16/Jul/2026:13:02:46 +0000] "GET /items/P49002537/ HTTP/1.1" 404 1251 "-" "Mozilla/5.0 (Linux; Android 6.0.1; Nexus 5X Build/MMB29P) AppleWebKit/537.36 (KHTML, like Gecko) Chrome/150.0.7871.124 Mobile Safari/537.36 (compatible; Googlebot/2.1; +http://www.google.com/bot.html)"
209.42.17.20 - - [16/Jul/2026:13:02:47 +0000] "POST /wp-cron.php?doing_wp_cron=1784206967.2190840244293212890625 HTTP/1.1" 200 0 "-" "WordPress/7.0.1; https://basalehglobal.ng"
66.249.79.228 - - [16/Jul/2026:13:02:46 +0000] "GET /?item/a41318505810172/ HTTP/1.1" 200 14841 "-" "Mozilla/5.0 (Linux; Android 6.0.1; Nexus 5X Build/MMB29P) AppleWebKit/537.36 (KHTML, like Gecko) Chrome/150.0.7871.124 Mobile Safari/537.36 (compatible; Googlebot/2.1; +http://www.google.com/bot.html)"
66.249.79.229 - - [16/Jul/2026:13:02:47 +0000] "GET /?item/s29075615512196/ HTTP/1.1" 200 14841 "-" "Mozilla/5.0 (Linux; Android 6.0.1; Nexus 5X Build/MMB29P) AppleWebKit/537.36 (KHTML, like Gecko) Chrome/150.0.7871.124 Mobile Safari/537.36 (compatible; Googlebot/2.1; +http://www.google.com/bot.html)"
66.249.79.228 - - [16/Jul/2026:13:02:51 +0000] "GET /?item/v22557702720238/ HTTP/1.1" 200 14841 "-" "Mozilla/5.0 (Linux; Android 6.0.1; Nexus 5X Build/MMB29P) AppleWebKit/537.36 (KHTML, like Gecko) Chrome/150.0.7871.124 Mobile Safari/537.36 (compatible; Googlebot/2.1; +http://www.google.com/bot.html)"
66.249.79.228 - - [16/Jul/2026:13:02:52 +0000] "GET /item/t36384084976708/ HTTP/1.1" 404 1251 "-" "Mozilla/5.0 (Linux; Android 6.0.1; Nexus 5X Build/MMB29P) AppleWebKit/537.36 (KHTML, like Gecko) Chrome/150.0.7871.124 Mobile Safari/537.36 (compatible; Googlebot/2.1; +http://www.google.com/bot.html)"
198.244.226.61 - - [16/Jul/2026:13:02:54 +0000] "GET /item/x4116168760/ HTTP/2" 404 1251 "-" "Mozilla/5.0 (compatible; AhrefsBot/7.0; +http://ahrefs.com/robot/)"
66.249.79.230 - - [16/Jul/2026:13:03:10 +0000] "GET /items/A110592800/ HTTP/1.1" 404 1251 "-" "Mozilla/5.0 (Linux; Android 6.0.1; Nexus 5X Build/MMB29P) AppleWebKit/537.36 (KHTML, like Gecko) Chrome/150.0.7871.124 Mobile Safari/537.36 (compatible; Googlebot/2.1; +http://www.google.com/bot.html)"
51.195.183.188 - - [16/Jul/2026:13:03:13 +0000] "GET /item/w2064182636/ HTTP/2" 404 1251 "-" "Mozilla/5.0 (compatible; AhrefsBot/7.0; +http://ahrefs.com/robot/)"
51.89.129.55 - - [16/Jul/2026:13:03:38 +0000] "GET /item/v5945217479/ HTTP/2" 404 1251 "-" "Mozilla/5.0 (compatible; AhrefsBot/7.0; +http://ahrefs.com/robot/)"
209.42.17.20 - - [16/Jul/2026:13:03:52 +0000] "POST /wp-cron.php?doing_wp_cron=1784207032.7717030048370361328125 HTTP/1.1" 200 0 "-" "WordPress/7.0.1; https://basalehglobal.ng"
66.249.79.228 - - [16/Jul/2026:13:03:52 +0000] "GET /?item/v44984785906183/ HTTP/1.1" 200 14841 "-" "Mozilla/5.0 (Linux; Android 6.0.1; Nexus 5X Build/MMB29P) AppleWebKit/537.36 (KHTML, like Gecko) Chrome/150.0.7871.124 Mobile Safari/537.36 (compatible; Googlebot/2.1; +http://www.google.com/bot.html)"
66.249.79.228 - - [16/Jul/2026:13:03:57 +0000] "GET /item/g42769822369587/ HTTP/1.1" 404 1251 "-" "Mozilla/5.0 (Linux; Android 6.0.1; Nexus 5X Build/MMB29P) AppleWebKit/537.36 (KHTML, like Gecko) Chrome/150.0.7871.124 Mobile Safari/537.36 (compatible; Googlebot/2.1; +http://www.google.com/bot.html)"
198.244.168.90 - - [16/Jul/2026:13:04:01 +0000] "GET /item/v5162578256/ HTTP/2" 404 1251 "-" "Mozilla/5.0 (compatible; AhrefsBot/7.0; +http://ahrefs.com/robot/)"
66.249.79.229 - - [16/Jul/2026:13:04:17 +0000] "GET /items/H96572719/ HTTP/1.1" 404 1251 "-" "Mozilla/5.0 (Linux; Android 6.0.1; Nexus 5X Build/MMB29P) AppleWebKit/537.36 (KHTML, like Gecko) Chrome/150.0.7871.124 Mobile Safari/537.36 (compatible; Googlebot/2.1; +http://www.google.com/bot.html)"
198.244.242.179 - - [16/Jul/2026:13:04:29 +0000] "GET /item/v1505074092/ HTTP/2" 404 1251 "-" "Mozilla/5.0 (compatible; AhrefsBot/7.0; +http://ahrefs.com/robot/)"
198.244.226.191 - - [16/Jul/2026:13:04:55 +0000] "GET /item/z3725583084/ HTTP/2" 404 1251 "-" "Mozilla/5.0 (compatible; AhrefsBot/7.0; +http://ahrefs.com/robot/)"
66.249.79.228 - - [16/Jul/2026:13:05:06 +0000] "GET /?item/v18847122803189/ HTTP/1.1" 200 14841 "-" "Mozilla/5.0 (Linux; Android 6.0.1; Nexus 5X Build/MMB29P) AppleWebKit/537.36 (KHTML, like Gecko) Chrome/150.0.7871.124 Mobile Safari/537.36 (compatible; Googlebot/2.1; +http://www.google.com/bot.html)"
51.195.215.85 - - [16/Jul/2026:13:05:19 +0000] "GET /item/u7084832842/ HTTP/2" 404 1251 "-" "Mozilla/5.0 (compatible; AhrefsBot/7.0; +http://ahrefs.com/robot/)"
66.249.79.229 - - [16/Jul/2026:13:05:29 +0000] "GET /items/J119456901/ HTTP/1.1" 404 1251 "-" "Mozilla/5.0 (Linux; Android 6.0.1; Nexus 5X Build/MMB29P) AppleWebKit/537.36 (KHTML, like Gecko) Chrome/150.0.7871.124 Mobile Safari/537.36 (compatible; Googlebot/2.1; +http://www.google.com/bot.html)"
198.244.168.53 - - [16/Jul/2026:13:05:42 +0000] "GET /item/u2213499149/ HTTP/2" 404 1251 "-" "Mozilla/5.0 (compatible; AhrefsBot/7.0; +http://ahrefs.com/robot/)"
198.244.168.87 - - [16/Jul/2026:13:06:02 +0000] "GET /item/t7143442432/ HTTP/2" 404 1251 "-" "Mozilla/5.0 (compatible; AhrefsBot/7.0; +http://ahrefs.com/robot/)"
209.42.17.20 - - [16/Jul/2026:13:06:13 +0000] "POST /wp-cron.php?doing_wp_cron=1784207173.9749920368194580078125 HTTP/1.1" 200 0 "-" "WordPress/7.0.1; https://basalehglobal.ng"
66.249.79.229 - - [16/Jul/2026:13:06:13 +0000] "GET /?item/v39995232400596/ HTTP/1.1" 200 14841 "-" "Mozilla/5.0 (Linux; Android 6.0.1; Nexus 5X Build/MMB29P) AppleWebKit/537.36 (KHTML, like Gecko) Chrome/150.0.7871.124 Mobile Safari/537.36 (compatible; Googlebot/2.1; +http://www.google.com/bot.html)"
51.89.129.231 - - [16/Jul/2026:13:06:23 +0000] "GET /item/t2824414653/ HTTP/2" 404 1251 "-" "Mozilla/5.0 (compatible; AhrefsBot/7.0; +http://ahrefs.com/robot/)"
66.249.79.229 - - [16/Jul/2026:13:06:23 +0000] "GET /?item/r21431535123989/ HTTP/1.1" 200 14841 "-" "Mozilla/5.0 (Linux; Android 6.0.1; Nexus 5X Build/MMB29P) AppleWebKit/537.36 (KHTML, like Gecko) Chrome/150.0.7871.124 Mobile Safari/537.36 (compatible; Googlebot/2.1; +http://www.google.com/bot.html)"
66.249.79.228 - - [16/Jul/2026:13:06:33 +0000] "GET /items/A44741820/ HTTP/1.1" 404 1251 "-" "Mozilla/5.0 (Linux; Android 6.0.1; Nexus 5X Build/MMB29P) AppleWebKit/537.36 (KHTML, like Gecko) Chrome/150.0.7871.124 Mobile Safari/537.36 (compatible; Googlebot/2.1; +http://www.google.com/bot.html)"
198.244.183.99 - - [16/Jul/2026:13:06:48 +0000] "GET /item/z1795249517/ HTTP/2" 404 1251 "-" "Mozilla/5.0 (compatible; AhrefsBot/7.0; +http://ahrefs.com/robot/)"
51.195.183.36 - - [16/Jul/2026:13:07:03 +0000] "GET /item/r7543099164/ HTTP/2" 404 1251 "-" "Mozilla/5.0 (compatible; AhrefsBot/7.0; +http://ahrefs.com/robot/)"
209.42.17.20 - - [16/Jul/2026:13:07:19 +0000] "POST /wp-cron.php?doing_wp_cron=1784207239.1121830940246582031250 HTTP/1.1" 200 0 "-" "WordPress/7.0.1; https://basalehglobal.ng"
104.234.19.99 - - [16/Jul/2026:13:07:18 +0000] "POST /wp-login.php HTTP/1.1" 200 2319 "-" "Mozilla/5.0 (Macintosh; Intel Mac OS X 10_15_7) AppleWebKit/605.1.15 Version/17.0 Safari/605.1.15"
51.195.244.79 - - [16/Jul/2026:13:07:23 +0000] "GET /item/r2806159199/ HTTP/2" 404 1251 "-" "Mozilla/5.0 (compatible; AhrefsBot/7.0; +http://ahrefs.com/robot/)"
66.249.79.229 - - [16/Jul/2026:13:07:26 +0000] "GET /items/I92991153/ HTTP/1.1" 404 1251 "-" "Mozilla/5.0 (Linux; Android 6.0.1; Nexus 5X Build/MMB29P) AppleWebKit/537.36 (KHTML, like Gecko) Chrome/150.0.7871.124 Mobile Safari/537.36 (compatible; Googlebot/2.1; +http://www.google.com/bot.html)"
198.244.226.4 - - [16/Jul/2026:13:07:43 +0000] "GET /item/r1984317499/ HTTP/2" 404 1251 "-" "Mozilla/5.0 (compatible; AhrefsBot/7.0; +http://ahrefs.com/robot/)"
51.195.215.239 - - [16/Jul/2026:13:08:06 +0000] "GET /item/q5504392586/ HTTP/2" 404 1251 "-" "Mozilla/5.0 (compatible; AhrefsBot/7.0; +http://ahrefs.com/robot/)"
66.249.79.230 - - [16/Jul/2026:13:08:13 +0000] "GET /items/J82691335/ HTTP/1.1" 404 1251 "-" "Mozilla/5.0 (Linux; Android 6.0.1; Nexus 5X Build/MMB29P) AppleWebKit/537.36 (KHTML, like Gecko) Chrome/150.0.7871.124 Mobile Safari/537.36 (compatible; Googlebot/2.1; +http://www.google.com/bot.html)"
198.244.226.220 - - [16/Jul/2026:13:08:32 +0000] "GET /item/y6182848736/ HTTP/2" 404 1251 "-" "Mozilla/5.0 (compatible; AhrefsBot/7.0; +http://ahrefs.com/robot/)"
198.244.226.146 - - [16/Jul/2026:13:08:52 +0000] "GET /item/q2165682614/ HTTP/2" 404 1251 "-" "Mozilla/5.0 (compatible; AhrefsBot/7.0; +http://ahrefs.com/robot/)"
66.249.79.230 - - [16/Jul/2026:13:09:04 +0000] "GET /items/S288074032/ HTTP/1.1" 404 1251 "-" "Mozilla/5.0 (Linux; Android 6.0.1; Nexus 5X Build/MMB29P) AppleWebKit/537.36 (KHTML, like Gecko) Chrome/150.0.7871.124 Mobile Safari/537.36 (compatible; Googlebot/2.1; +http://www.google.com/bot.html)"
198.244.240.73 - - [16/Jul/2026:13:09:13 +0000] "GET /item/p2244105461/ HTTP/2" 404 1251 "-" "Mozilla/5.0 (compatible; AhrefsBot/7.0; +http://ahrefs.com/robot/)"
198.244.240.199 - - [16/Jul/2026:13:09:32 +0000] "GET /item/o7942947994/ HTTP/2" 404 1251 "-" "Mozilla/5.0 (compatible; AhrefsBot/7.0; +http://ahrefs.com/robot/)"
66.249.79.229 - - [16/Jul/2026:13:09:42 +0000] "GET /items/C74074739/ HTTP/1.1" 404 1251 "-" "Mozilla/5.0 (Linux; Android 6.0.1; Nexus 5X Build/MMB29P) AppleWebKit/537.36 (KHTML, like Gecko) Chrome/150.0.7871.124 Mobile Safari/537.36 (compatible; Googlebot/2.1; +http://www.google.com/bot.html)"
198.244.183.118 - - [16/Jul/2026:13:09:55 +0000] "GET /item/o7415356714/ HTTP/2" 404 1251 "-" "Mozilla/5.0 (compatible; AhrefsBot/7.0; +http://ahrefs.com/robot/)"
66.249.79.230 - - [16/Jul/2026:13:10:09 +0000] "GET /items/D146455658/ HTTP/1.1" 404 1251 "-" "Mozilla/5.0 (Linux; Android 6.0.1; Nexus 5X Build/MMB29P) AppleWebKit/537.36 (KHTML, like Gecko) Chrome/150.0.7871.124 Mobile Safari/537.36 (compatible; Googlebot/2.1; +http://www.google.com/bot.html)"
66.249.79.228 - - [16/Jul/2026:13:10:17 +0000] "GET /items/P165406951/ HTTP/1.1" 404 1251 "-" "Mozilla/5.0 (Linux; Android 6.0.1; Nexus 5X Build/MMB29P) AppleWebKit/537.36 (KHTML, like Gecko) Chrome/150.0.7871.124 Mobile Safari/537.36 (compatible; Googlebot/2.1; +http://www.google.com/bot.html)"
198.244.168.77 - - [16/Jul/2026:13:10:20 +0000] "GET /item/o1162568729/ HTTP/2" 404 1251 "-" "Mozilla/5.0 (compatible; AhrefsBot/7.0; +http://ahrefs.com/robot/)"
51.89.129.211 - - [16/Jul/2026:13:10:41 +0000] "GET /item/n7744134289/ HTTP/2" 404 1251 "-" "Mozilla/5.0 (compatible; AhrefsBot/7.0; +http://ahrefs.com/robot/)"
66.249.79.228 - - [16/Jul/2026:13:10:48 +0000] "GET /items/A101588062/ HTTP/1.1" 404 1251 "-" "Mozilla/5.0 (Linux; Android 6.0.1; Nexus 5X Build/MMB29P) AppleWebKit/537.36 (KHTML, like Gecko) Chrome/150.0.7871.124 Mobile Safari/537.36 (compatible; Googlebot/2.1; +http://www.google.com/bot.html)"
52.167.144.220 - - [16/Jul/2026:13:10:51 +0000] "GET /items/D111307517/ HTTP/2" 404 1251 "-" "Mozilla/5.0 AppleWebKit/537.36 (KHTML, like Gecko; compatible; bingbot/2.0; +http://www.bing.com/bingbot.htm) Chrome/116.0.1938.76 Safari/537.36"
66.249.79.228 - - [16/Jul/2026:13:10:58 +0000] "GET /items/B160056123/ HTTP/1.1" 404 1251 "-" "Mozilla/5.0 (Linux; Android 6.0.1; Nexus 5X Build/MMB29P) AppleWebKit/537.36 (KHTML, like Gecko) Chrome/150.0.7871.124 Mobile Safari/537.36 (compatible; Googlebot/2.1; +http://www.google.com/bot.html)"
51.89.129.69 - - [16/Jul/2026:13:11:04 +0000] "GET /item/x1125483349/ HTTP/2" 404 1251 "-" "Mozilla/5.0 (compatible; AhrefsBot/7.0; +http://ahrefs.com/robot/)"
66.249.79.230 - - [16/Jul/2026:13:11:24 +0000] "GET /items/K63905749/ HTTP/1.1" 404 1251 "-" "Mozilla/5.0 (Linux; Android 6.0.1; Nexus 5X Build/MMB29P) AppleWebKit/537.36 (KHTML, like Gecko) Chrome/150.0.7871.124 Mobile Safari/537.36 (compatible; Googlebot/2.1; +http://www.google.com/bot.html)"
198.244.242.137 - - [16/Jul/2026:13:11:25 +0000] "GET /item/m8615225516/ HTTP/2" 404 1251 "-" "Mozilla/5.0 (compatible; AhrefsBot/7.0; +http://ahrefs.com/robot/)"
54.38.147.243 - - [16/Jul/2026:13:11:48 +0000] "GET /item/m5582847091/ HTTP/2" 404 1251 "-" "Mozilla/5.0 (compatible; AhrefsBot/7.0; +http://ahrefs.com/robot/)"
52.167.144.220 - - [16/Jul/2026:13:12:09 +0000] "GET /items/F58110537/ HTTP/2" 404 1251 "-" "Mozilla/5.0 AppleWebKit/537.36 (KHTML, like Gecko; compatible; bingbot/2.0; +http://www.bing.com/bingbot.htm) Chrome/116.0.1938.76 Safari/537.36"
51.195.183.168 - - [16/Jul/2026:13:12:09 +0000] "GET /item/m1773444713/ HTTP/2" 404 1251 "-" "Mozilla/5.0 (compatible; AhrefsBot/7.0; +http://ahrefs.com/robot/)"
66.249.79.228 - - [16/Jul/2026:13:12:20 +0000] "GET /items/H57982739/ HTTP/1.1" 404 1251 "-" "Mozilla/5.0 (Linux; Android 6.0.1; Nexus 5X Build/MMB29P) AppleWebKit/537.36 (KHTML, like Gecko) Chrome/150.0.7871.124 Mobile Safari/537.36 (compatible; Googlebot/2.1; +http://www.google.com/bot.html)"
51.195.244.219 - - [16/Jul/2026:13:12:33 +0000] "GET /item/l8823468115/ HTTP/2" 404 1251 "-" "Mozilla/5.0 (compatible; AhrefsBot/7.0; +http://ahrefs.com/robot/)"
209.42.17.20 - - [16/Jul/2026:13:12:46 +0000] "POST /wp-cron.php?doing_wp_cron=1784207566.3015680313110351562500 HTTP/1.1" 200 0 "-" "WordPress/7.0.1; https://basalehglobal.ng"
66.249.79.229 - - [16/Jul/2026:13:12:45 +0000] "GET /?item/p45096263215167// HTTP/1.1" 200 14841 "-" "Mozilla/5.0 (Linux; Android 6.0.1; Nexus 5X Build/MMB29P) AppleWebKit/537.36 (KHTML, like Gecko) Chrome/150.0.7871.124 Mobile Safari/537.36 (compatible; Googlebot/2.1; +http://www.google.com/bot.html)"
66.249.79.228 - - [16/Jul/2026:13:12:51 +0000] "GET /items/L123888375/ HTTP/1.1" 404 1251 "-" "Mozilla/5.0 (Linux; Android 6.0.1; Nexus 5X Build/MMB29P) AppleWebKit/537.36 (KHTML, like Gecko) Chrome/150.0.7871.124 Mobile Safari/537.36 (compatible; Googlebot/2.1; +http://www.google.com/bot.html)"
198.244.168.131 - - [16/Jul/2026:13:12:52 +0000] "GET /item/w5905815736/ HTTP/2" 404 1251 "-" "Mozilla/5.0 (compatible; AhrefsBot/7.0; +http://ahrefs.com/robot/)"
51.195.183.173 - - [16/Jul/2026:13:13:14 +0000] "GET /item/l7892584413/ HTTP/2" 404 1251 "-" "Mozilla/5.0 (compatible; AhrefsBot/7.0; +http://ahrefs.com/robot/)"
51.195.183.242 - - [16/Jul/2026:13:13:36 +0000] "GET /item/k7093299745/ HTTP/2" 404 1251 "-" "Mozilla/5.0 (compatible; AhrefsBot/7.0; +http://ahrefs.com/robot/)"
51.89.129.217 - - [16/Jul/2026:13:13:56 +0000] "GET /item/k6984471764/ HTTP/2" 404 1251 "-" "Mozilla/5.0 (compatible; AhrefsBot/7.0; +http://ahrefs.com/robot/)"
198.244.183.207 - - [16/Jul/2026:13:14:17 +0000] "GET /item/w2074378553/ HTTP/2" 404 1251 "-" "Mozilla/5.0 (compatible; AhrefsBot/7.0; +http://ahrefs.com/robot/)"
66.249.79.230 - - [16/Jul/2026:13:14:21 +0000] "GET /items/N79539648/ HTTP/1.1" 404 1251 "-" "Mozilla/5.0 (Linux; Android 6.0.1; Nexus 5X Build/MMB29P) AppleWebKit/537.36 (KHTML, like Gecko) Chrome/150.0.7871.124 Mobile Safari/537.36 (compatible; Googlebot/2.1; +http://www.google.com/bot.html)"
54.38.147.62 - - [16/Jul/2026:13:14:38 +0000] "GET /item/k5305249090/ HTTP/2" 404 1251 "-" "Mozilla/5.0 (compatible; AhrefsBot/7.0; +http://ahrefs.com/robot/)"
198.244.242.42 - - [16/Jul/2026:13:14:50 +0000] "GET /item/k4443518262/ HTTP/2" 404 1251 "-" "Mozilla/5.0 (compatible; AhrefsBot/7.0; +http://ahrefs.com/robot/)"
51.195.244.50 - - [16/Jul/2026:13:15:03 +0000] "GET /item/z3735897979/ HTTP/2" 404 1251 "-" "Mozilla/5.0 (compatible; AhrefsBot/7.0; +http://ahrefs.com/robot/)"
198.244.168.66 - - [16/Jul/2026:13:15:16 +0000] "GET /item/k1804022007/ HTTP/2" 404 1251 "-" "Mozilla/5.0 (compatible; AhrefsBot/7.0; +http://ahrefs.com/robot/)"
198.244.242.141 - - [16/Jul/2026:13:15:29 +0000] "GET /item/i4224584811/ HTTP/2" 404 1251 "-" "Mozilla/5.0 (compatible; AhrefsBot/7.0; +http://ahrefs.com/robot/)"
51.89.129.64 - - [16/Jul/2026:13:15:41 +0000] "GET /item/h5365369235/ HTTP/2" 404 1251 "-" "Mozilla/5.0 (compatible; AhrefsBot/7.0; +http://ahrefs.com/robot/)"
51.195.215.163 - - [16/Jul/2026:13:15:55 +0000] "GET /item/z3405864825/ HTTP/2" 404 1251 "-" "Mozilla/5.0 (compatible; AhrefsBot/7.0; +http://ahrefs.com/robot/)"
51.195.244.251 - - [16/Jul/2026:13:16:07 +0000] "GET /item/h1805840345/ HTTP/2" 404 1251 "-" "Mozilla/5.0 (compatible; AhrefsBot/7.0; +http://ahrefs.com/robot/)"
198.244.240.52 - - [16/Jul/2026:13:16:20 +0000] "GET /item/g8533317352/ HTTP/2" 404 1251 "-" "Mozilla/5.0 (compatible; AhrefsBot/7.0; +http://ahrefs.com/robot/)"
66.249.79.228 - - [16/Jul/2026:13:16:29 +0000] "GET /item/r42330094143716/ HTTP/1.1" 404 1251 "-" "Mozilla/5.0 (Linux; Android 6.0.1; Nexus 5X Build/MMB29P) AppleWebKit/537.36 (KHTML, like Gecko) Chrome/150.0.7871.124 Mobile Safari/537.36 (compatible; Googlebot/2.1; +http://www.google.com/bot.html)"
198.244.168.210 - - [16/Jul/2026:13:16:33 +0000] "GET /item/x6525234213/ HTTP/2" 404 1251 "-" "Mozilla/5.0 (compatible; AhrefsBot/7.0; +http://ahrefs.com/robot/)"
198.244.226.16 - - [16/Jul/2026:13:16:46 +0000] "GET /item/g5575424929/ HTTP/2" 404 1251 "-" "Mozilla/5.0 (compatible; AhrefsBot/7.0; +http://ahrefs.com/robot/)"
51.195.244.0 - - [16/Jul/2026:13:16:58 +0000] "GET /item/v8394363553/ HTTP/2" 404 1251 "-" "Mozilla/5.0 (compatible; AhrefsBot/7.0; +http://ahrefs.com/robot/)"
20.63.63.128 - - [16/Jul/2026:13:17:01 +0000] "GET /wp-content/plugins/hellopress/wp_filemanager.php HTTP/1.1" 401 36 "-" "-"
20.63.63.128 - - [16/Jul/2026:13:17:01 +0000] "GET /this_is_a_new_hello_world.php HTTP/1.1" 401 36 "-" "-"
20.63.63.128 - - [16/Jul/2026:13:17:01 +0000] "GET /wp-der.php HTTP/1.1" 401 36 "-" "-"
20.63.63.128 - - [16/Jul/2026:13:17:02 +0000] "GET /wp-slss.php HTTP/1.1" 401 36 "-" "-"
20.63.63.128 - - [16/Jul/2026:13:17:02 +0000] "GET /min.php HTTP/1.1" 401 36 "-" "-"
20.63.63.128 - - [16/Jul/2026:13:17:02 +0000] "GET /wp-thi.php HTTP/1.1" 401 36 "-" "-"
20.63.63.128 - - [16/Jul/2026:13:17:02 +0000] "GET /noe.php HTTP/1.1" 401 36 "-" "-"
20.63.63.128 - - [16/Jul/2026:13:17:03 +0000] "GET /wp-file.php HTTP/1.1" 401 36 "-" "-"
20.63.63.128 - - [16/Jul/2026:13:17:03 +0000] "GET /edit-tags.php HTTP/1.1" 401 36 "-" "-"
20.63.63.128 - - [16/Jul/2026:13:17:03 +0000] "GET /wp-b0rk5oy.php HTTP/1.1" 401 36 "-" "-"
20.63.63.128 - - [16/Jul/2026:13:17:03 +0000] "GET /bless24.php HTTP/1.1" 401 36 "-" "-"
20.63.63.128 - - [16/Jul/2026:13:17:04 +0000] "GET /punah.php HTTP/1.1" 401 36 "-" "-"
20.63.63.128 - - [16/Jul/2026:13:17:04 +0000] "GET /min.php HTTP/1.1" 401 36 "-" "-"
20.63.63.128 - - [16/Jul/2026:13:17:04 +0000] "GET /dass.php HTTP/1.1" 401 36 "-" "-"
20.63.63.128 - - [16/Jul/2026:13:17:04 +0000] "GET /wander.php HTTP/1.1" 401 36 "-" "-"
20.63.63.128 - - [16/Jul/2026:13:17:04 +0000] "GET /cc13.php HTTP/1.1" 401 36 "-" "-"
20.63.63.128 - - [16/Jul/2026:13:17:05 +0000] "GET /des.php HTTP/1.1" 401 36 "-" "-"
20.63.63.128 - - [16/Jul/2026:13:17:05 +0000] "GET /avcqlevnbk.php HTTP/1.1" 401 36 "-" "-"
20.63.63.128 - - [16/Jul/2026:13:17:05 +0000] "GET /wp-ppoxua4.php HTTP/1.1" 401 36 "-" "-"
20.63.63.128 - - [16/Jul/2026:13:17:05 +0000] "GET /drykl.php HTTP/1.1" 401 36 "-" "-"
20.63.63.128 - - [16/Jul/2026:13:17:06 +0000] "GET /f35.php HTTP/1.1" 401 36 "-" "-"
20.63.63.128 - - [16/Jul/2026:13:17:06 +0000] "GET /wp-link-szoppm.php HTTP/1.1" 401 36 "-" "-"
20.63.63.128 - - [16/Jul/2026:13:17:06 +0000] "GET /x.php HTTP/1.1" 401 36 "-" "-"
20.63.63.128 - - [16/Jul/2026:13:17:06 +0000] "GET /xa.php HTTP/1.1" 401 36 "-" "-"
20.63.63.128 - - [16/Jul/2026:13:17:07 +0000] "GET /ms-edit.php HTTP/1.1" 401 36 "-" "-"
20.63.63.128 - - [16/Jul/2026:13:17:07 +0000] "GET /as.php HTTP/1.1" 401 36 "-" "-"
20.63.63.128 - - [16/Jul/2026:13:17:07 +0000] "GET /wen.php HTTP/1.1" 401 36 "-" "-"
20.63.63.128 - - [16/Jul/2026:13:17:07 +0000] "GET /dex.php HTTP/1.1" 401 36 "-" "-"
20.63.63.128 - - [16/Jul/2026:13:17:07 +0000] "GET /f.php HTTP/1.1" 401 36 "-" "-"
20.63.63.128 - - [16/Jul/2026:13:17:08 +0000] "GET /shell.php HTTP/1.1" 401 36 "-" "-"
20.63.63.128 - - [16/Jul/2026:13:17:08 +0000] "GET /333.php HTTP/1.1" 401 36 "-" "-"
20.63.63.128 - - [16/Jul/2026:13:17:08 +0000] "GET /a4.php HTTP/1.1" 401 36 "-" "-"
20.63.63.128 - - [16/Jul/2026:13:17:08 +0000] "GET /wp-the.php HTTP/1.1" 401 36 "-" "-"
20.63.63.128 - - [16/Jul/2026:13:17:09 +0000] "GET /classwithtostring.php HTTP/1.1" 401 36 "-" "-"
20.63.63.128 - - [16/Jul/2026:13:17:09 +0000] "GET /fun.php HTTP/1.1" 401 36 "-" "-"
20.63.63.128 - - [16/Jul/2026:13:17:09 +0000] "GET /wp-content/languages/index.php HTTP/1.1" 401 36 "-" "-"
20.63.63.128 - - [16/Jul/2026:13:17:09 +0000] "GET /file.php HTTP/1.1" 401 36 "-" "-"
20.63.63.128 - - [16/Jul/2026:13:17:10 +0000] "GET /pass4.php HTTP/1.1" 401 36 "-" "-"
20.63.63.128 - - [16/Jul/2026:13:17:10 +0000] "GET /666.php HTTP/1.1" 401 36 "-" "-"
20.63.63.128 - - [16/Jul/2026:13:17:10 +0000] "GET /wp-access.php HTTP/1.1" 401 36 "-" "-"
20.63.63.128 - - [16/Jul/2026:13:17:10 +0000] "GET /jj.php HTTP/1.1" 401 36 "-" "-"
20.63.63.128 - - [16/Jul/2026:13:17:10 +0000] "GET /wp-x7.php HTTP/1.1" 401 36 "-" "-"
198.244.183.232 - - [16/Jul/2026:13:17:11 +0000] "GET /item/g4473703521/ HTTP/2" 404 1251 "-" "Mozilla/5.0 (compatible; AhrefsBot/7.0; +http://ahrefs.com/robot/)"
20.63.63.128 - - [16/Jul/2026:13:17:11 +0000] "GET /wpxml.php HTTP/1.1" 401 36 "-" "-"
20.63.63.128 - - [16/Jul/2026:13:17:11 +0000] "GET /inputs.php HTTP/1.1" 401 36 "-" "-"
66.249.79.229 - - [16/Jul/2026:13:17:11 +0000] "GET /items/Z63074254/ HTTP/1.1" 404 1251 "-" "Mozilla/5.0 (Linux; Android 6.0.1; Nexus 5X Build/MMB29P) AppleWebKit/537.36 (KHTML, like Gecko) Chrome/150.0.7871.124 Mobile Safari/537.36 (compatible; Googlebot/2.1; +http://www.google.com/bot.html)"
20.63.63.128 - - [16/Jul/2026:13:17:11 +0000] "GET /file4.php HTTP/1.1" 401 36 "-" "-"
20.63.63.128 - - [16/Jul/2026:13:17:11 +0000] "GET /wp-firewall.php HTTP/1.1" 401 36 "-" "-"
20.63.63.128 - - [16/Jul/2026:13:17:12 +0000] "GET /data.php HTTP/1.1" 401 36 "-" "-"
20.63.63.128 - - [16/Jul/2026:13:17:12 +0000] "GET /wp-wpbak.php HTTP/1.1" 401 36 "-" "-"
20.63.63.128 - - [16/Jul/2026:13:17:12 +0000] "GET /002.php HTTP/1.1" 401 36 "-" "-"
20.63.63.128 - - [16/Jul/2026:13:17:12 +0000] "GET /class-t.api.php HTTP/1.1" 401 36 "-" "-"
20.63.63.128 - - [16/Jul/2026:13:17:12 +0000] "GET /file5.php HTTP/1.1" 401 36 "-" "-"
20.63.63.128 - - [16/Jul/2026:13:17:13 +0000] "GET /cache.php HTTP/1.1" 401 36 "-" "-"
20.63.63.128 - - [16/Jul/2026:13:17:13 +0000] "GET /error.php HTTP/1.1" 401 36 "-" "-"
20.63.63.128 - - [16/Jul/2026:13:17:13 +0000] "GET /wp-content/themes/about.php HTTP/1.1" 401 36 "-" "-"
20.63.63.128 - - [16/Jul/2026:13:17:13 +0000] "GET /wp-conflg.php HTTP/1.1" 401 36 "-" "-"
20.63.63.128 - - [16/Jul/2026:13:17:14 +0000] "GET /f35.php HTTP/1.1" 401 36 "-" "-"
20.63.63.128 - - [16/Jul/2026:13:17:14 +0000] "GET /test.php HTTP/1.1" 401 36 "-" "-"
20.63.63.128 - - [16/Jul/2026:13:17:14 +0000] "GET /plugins.php HTTP/1.1" 401 36 "-" "-"
20.63.63.128 - - [16/Jul/2026:13:17:14 +0000] "GET /wp-signup.php HTTP/1.1" 401 36 "-" "-"
20.63.63.128 - - [16/Jul/2026:13:17:15 +0000] "GET /la.php HTTP/1.1" 401 36 "-" "-"
20.63.63.128 - - [16/Jul/2026:13:17:15 +0000] "GET /yas.php HTTP/1.1" 401 36 "-" "-"
20.63.63.128 - - [16/Jul/2026:13:17:15 +0000] "GET /system.php HTTP/1.1" 401 36 "-" "-"
20.63.63.128 - - [16/Jul/2026:13:17:15 +0000] "GET /wp-fileesx-449.php HTTP/1.1" 401 36 "-" "-"
20.63.63.128 - - [16/Jul/2026:13:17:16 +0000] "GET /wp-good.php HTTP/1.1" 401 36 "-" "-"
20.63.63.128 - - [16/Jul/2026:13:17:16 +0000] "GET /shx.php HTTP/1.1" 401 36 "-" "-"
20.63.63.128 - - [16/Jul/2026:13:17:16 +0000] "GET /dropdown.php HTTP/1.1" 401 36 "-" "-"
20.63.63.128 - - [16/Jul/2026:13:17:16 +0000] "GET /revealability.php HTTP/1.1" 401 36 "-" "-"
20.63.63.128 - - [16/Jul/2026:13:17:16 +0000] "GET /wp.php HTTP/1.1" 401 36 "-" "-"
20.63.63.128 - - [16/Jul/2026:13:17:17 +0000] "GET /wp-wz.php HTTP/1.1" 401 36 "-" "-"
20.63.63.128 - - [16/Jul/2026:13:17:17 +0000] "GET /06.php HTTP/1.1" 401 36 "-" "-"
20.63.63.128 - - [16/Jul/2026:13:17:17 +0000] "GET /chomu.php HTTP/1.1" 401 36 "-" "-"
20.63.63.128 - - [16/Jul/2026:13:17:17 +0000] "GET /ff.php HTTP/1.1" 401 36 "-" "-"
20.63.63.128 - - [16/Jul/2026:13:17:18 +0000] "GET /xex.php HTTP/1.1" 401 36 "-" "-"
20.63.63.128 - - [16/Jul/2026:13:17:18 +0000] "GET /wp-sing.php HTTP/1.1" 401 36 "-" "-"
20.63.63.128 - - [16/Jul/2026:13:17:18 +0000] "GET /txets.php HTTP/1.1" 401 36 "-" "-"
20.63.63.128 - - [16/Jul/2026:13:17:18 +0000] "GET /xml.php HTTP/1.1" 401 36 "-" "-"
20.63.63.128 - - [16/Jul/2026:13:17:19 +0000] "GET /bgymj.php HTTP/1.1" 401 36 "-" "-"
20.63.63.128 - - [16/Jul/2026:13:17:19 +0000] "GET /t.php HTTP/1.1" 401 36 "-" "-"
20.63.63.128 - - [16/Jul/2026:13:17:19 +0000] "GET /wp.php HTTP/1.1" 401 36 "-" "-"
20.63.63.128 - - [16/Jul/2026:13:17:19 +0000] "GET /mini.php HTTP/1.1" 401 36 "-" "-"
20.63.63.128 - - [16/Jul/2026:13:17:19 +0000] "GET /19.php HTTP/1.1" 401 36 "-" "-"
20.63.63.128 - - [16/Jul/2026:13:17:20 +0000] "GET /db.php HTTP/1.1" 401 36 "-" "-"
20.63.63.128 - - [16/Jul/2026:13:17:20 +0000] "GET /wmore1.php HTTP/1.1" 401 36 "-" "-"
20.63.63.128 - - [16/Jul/2026:13:17:20 +0000] "GET /amax.php HTTP/1.1" 401 36 "-" "-"
20.63.63.128 - - [16/Jul/2026:13:17:20 +0000] "GET /wp-admin/index.php HTTP/1.1" 401 36 "-" "-"
20.63.63.128 - - [16/Jul/2026:13:17:21 +0000] "GET /b.php HTTP/1.1" 401 36 "-" "-"
20.63.63.128 - - [16/Jul/2026:13:17:21 +0000] "GET /8.php HTTP/1.1" 401 36 "-" "-"
20.63.63.128 - - [16/Jul/2026:13:17:21 +0000] "GET /wp-is.php HTTP/1.1" 401 36 "-" "-"
20.63.63.128 - - [16/Jul/2026:13:17:22 +0000] "GET /wp-rss2.php HTTP/1.1" 401 36 "-" "-"
20.63.63.128 - - [16/Jul/2026:13:17:22 +0000] "GET /yanz.php HTTP/1.1" 401 36 "-" "-"
20.63.63.128 - - [16/Jul/2026:13:17:22 +0000] "GET /term.php HTTP/1.1" 401 36 "-" "-"
20.63.63.128 - - [16/Jul/2026:13:17:22 +0000] "GET /wp-block.php HTTP/1.1" 401 36 "-" "-"
20.63.63.128 - - [16/Jul/2026:13:17:22 +0000] "GET /file88.php HTTP/1.1" 401 36 "-" "-"
209.42.17.20 - - [16/Jul/2026:13:17:23 +0000] "POST /wp-cron.php?doing_wp_cron=1784207843.1772398948669433593750 HTTP/1.1" 200 0 "-" "WordPress/7.0.1; https://basalehglobal.ng"
20.63.63.128 - - [16/Jul/2026:13:17:23 +0000] "GET /wp-content/uploads/admin.php HTTP/1.1" 401 36 "-" "-"
66.249.79.228 - - [16/Jul/2026:13:17:22 +0000] "GET /?item/q12166212963222/ HTTP/1.1" 200 14841 "-" "Mozilla/5.0 (Linux; Android 6.0.1; Nexus 5X Build/MMB29P) AppleWebKit/537.36 (KHTML, like Gecko) Chrome/150.0.7871.124 Mobile Safari/537.36 (compatible; Googlebot/2.1; +http://www.google.com/bot.html)"
20.63.63.128 - - [16/Jul/2026:13:17:23 +0000] "GET /sid3.php HTTP/1.1" 401 36 "-" "-"
20.63.63.128 - - [16/Jul/2026:13:17:23 +0000] "GET /wp-blink.php HTTP/1.1" 401 36 "-" "-"
20.63.63.128 - - [16/Jul/2026:13:17:23 +0000] "GET /i.php HTTP/1.1" 401 36 "-" "-"
54.38.147.158 - - [16/Jul/2026:13:17:24 +0000] "GET /item/e8235366716/ HTTP/2" 404 1251 "-" "Mozilla/5.0 (compatible; AhrefsBot/7.0; +http://ahrefs.com/robot/)"
20.63.63.128 - - [16/Jul/2026:13:17:24 +0000] "GET /wp-admin/zoko.php HTTP/1.1" 401 36 "-" "-"
20.63.63.128 - - [16/Jul/2026:13:17:24 +0000] "GET /wp-tivate.php HTTP/1.1" 401 36 "-" "-"
20.63.63.128 - - [16/Jul/2026:13:17:24 +0000] "GET /samll.php HTTP/1.1" 401 36 "-" "-"
20.63.63.128 - - [16/Jul/2026:13:17:24 +0000] "GET /new.php HTTP/1.1" 401 36 "-" "-"
20.63.63.128 - - [16/Jul/2026:13:17:24 +0000] "GET /lp6.php HTTP/1.1" 401 36 "-" "-"
20.63.63.128 - - [16/Jul/2026:13:17:25 +0000] "GET /dex.php HTTP/1.1" 401 36 "-" "-"
20.63.63.128 - - [16/Jul/2026:13:17:25 +0000] "GET /wp-term.php HTTP/1.1" 401 36 "-" "-"
20.63.63.128 - - [16/Jul/2026:13:17:25 +0000] "GET /wp-xx.php HTTP/1.1" 401 36 "-" "-"
20.63.63.128 - - [16/Jul/2026:13:17:25 +0000] "GET /cilus.php HTTP/1.1" 401 36 "-" "-"
20.63.63.128 - - [16/Jul/2026:13:17:26 +0000] "GET /ccou.php HTTP/1.1" 401 36 "-" "-"
20.63.63.128 - - [16/Jul/2026:13:17:26 +0000] "GET /edit.php HTTP/1.1" 401 36 "-" "-"
20.63.63.128 - - [16/Jul/2026:13:17:26 +0000] "GET /shell20211028.php HTTP/1.1" 401 36 "-" "-"
20.63.63.128 - - [16/Jul/2026:13:17:26 +0000] "GET /ccc.php HTTP/1.1" 401 36 "-" "-"
20.63.63.128 - - [16/Jul/2026:13:17:27 +0000] "GET /wp-links-opml.php HTTP/1.1" 401 36 "-" "-"
20.63.63.128 - - [16/Jul/2026:13:17:27 +0000] "GET /atkno.php HTTP/1.1" 401 36 "-" "-"
20.63.63.128 - - [16/Jul/2026:13:17:27 +0000] "GET /1.php HTTP/1.1" 401 36 "-" "-"
20.63.63.128 - - [16/Jul/2026:13:17:27 +0000] "GET /sql.php HTTP/1.1" 401 36 "-" "-"
20.63.63.128 - - [16/Jul/2026:13:17:27 +0000] "GET /xxx.php HTTP/1.1" 401 36 "-" "-"
20.63.63.128 - - [16/Jul/2026:13:17:28 +0000] "GET /shell.php HTTP/1.1" 401 36 "-" "-"
20.63.63.128 - - [16/Jul/2026:13:17:28 +0000] "GET /r.php HTTP/1.1" 401 36 "-" "-"
20.63.63.128 - - [16/Jul/2026:13:17:28 +0000] "GET /wso.php HTTP/1.1" 401 36 "-" "-"
20.63.63.128 - - [16/Jul/2026:13:17:28 +0000] "GET /wp-ws68.php HTTP/1.1" 401 36 "-" "-"
20.63.63.128 - - [16/Jul/2026:13:17:29 +0000] "GET /x.php HTTP/1.1" 401 36 "-" "-"
20.63.63.128 - - [16/Jul/2026:13:17:29 +0000] "GET /v2.php HTTP/1.1" 401 36 "-" "-"
20.63.63.128 - - [16/Jul/2026:13:17:29 +0000] "GET /atomlib.php HTTP/1.1" 401 36 "-" "-"
20.63.63.128 - - [16/Jul/2026:13:17:29 +0000] "GET /wp-ver.php HTTP/1.1" 401 36 "-" "-"
20.63.63.128 - - [16/Jul/2026:13:17:30 +0000] "GET /z.php HTTP/1.1" 401 36 "-" "-"
20.63.63.128 - - [16/Jul/2026:13:17:30 +0000] "GET /thoms.php HTTP/1.1" 401 36 "-" "-"
20.63.63.128 - - [16/Jul/2026:13:17:30 +0000] "GET /bthil.php HTTP/1.1" 401 36 "-" "-"
20.63.63.128 - - [16/Jul/2026:13:17:30 +0000] "GET /crgio.php HTTP/1.1" 401 36 "-" "-"
20.63.63.128 - - [16/Jul/2026:13:17:30 +0000] "GET /file11.php HTTP/1.1" 401 36 "-" "-"
198.244.240.62 - - [16/Jul/2026:13:17:36 +0000] "GET /item/e1103286608/ HTTP/2" 404 1251 "-" "Mozilla/5.0 (compatible; AhrefsBot/7.0; +http://ahrefs.com/robot/)"
51.195.215.75 - - [16/Jul/2026:13:17:49 +0000] "GET /item/w7135922946/ HTTP/2" 404 1251 "-" "Mozilla/5.0 (compatible; AhrefsBot/7.0; +http://ahrefs.com/robot/)"
198.244.183.137 - - [16/Jul/2026:13:18:02 +0000] "GET /item/c8713588547/ HTTP/2" 404 1251 "-" "Mozilla/5.0 (compatible; AhrefsBot/7.0; +http://ahrefs.com/robot/)"
51.195.215.91 - - [16/Jul/2026:13:18:15 +0000] "GET /item/v1725097426/ HTTP/2" 404 1251 "-" "Mozilla/5.0 (compatible; AhrefsBot/7.0; +http://ahrefs.com/robot/)"
198.244.240.67 - - [16/Jul/2026:13:18:28 +0000] "GET /item/c4572540453/ HTTP/2" 404 1251 "-" "Mozilla/5.0 (compatible; AhrefsBot/7.0; +http://ahrefs.com/robot/)"
209.42.17.20 - - [16/Jul/2026:13:18:31 +0000] "POST /wp-cron.php?doing_wp_cron=1784207911.6960909366607666015625 HTTP/1.1" 200 0 "-" "WordPress/7.0.1; https://basalehglobal.ng"
66.249.79.229 - - [16/Jul/2026:13:18:30 +0000] "GET /?item/g37410795809690/ HTTP/1.1" 200 14841 "-" "Mozilla/5.0 (Linux; Android 6.0.1; Nexus 5X Build/MMB29P) AppleWebKit/537.36 (KHTML, like Gecko) Chrome/150.0.7871.124 Mobile Safari/537.36 (compatible; Googlebot/2.1; +http://www.google.com/bot.html)"
51.195.244.69 - - [16/Jul/2026:13:18:40 +0000] "GET /item/c2953059974/ HTTP/2" 404 1251 "-" "Mozilla/5.0 (compatible; AhrefsBot/7.0; +http://ahrefs.com/robot/)"
209.42.17.20 - - [16/Jul/2026:13:18:49 +0000] "POST /wp-cron.php?doing_wp_cron=1784207929.0620019435882568359375 HTTP/1.1" 200 0 "-" "WordPress/7.0.1; https://basalehglobal.ng"
66.249.79.229 - - [16/Jul/2026:13:18:47 +0000] "GET /?item/c40126605862548/ HTTP/1.1" 200 14841 "-" "Mozilla/5.0 (Linux; Android 6.0.1; Nexus 5X Build/MMB29P) AppleWebKit/537.36 (KHTML, like Gecko) Chrome/150.0.7871.124 Mobile Safari/537.36 (compatible; Googlebot/2.1; +http://www.google.com/bot.html)"
52.167.144.182 - - [16/Jul/2026:13:18:51 +0000] "GET /items/F253601880/ HTTP/2" 404 1251 "-" "Mozilla/5.0 AppleWebKit/537.36 (KHTML, like Gecko; compatible; bingbot/2.0; +http://www.bing.com/bingbot.htm) Chrome/116.0.1938.76 Safari/537.36"
51.89.129.192 - - [16/Jul/2026:13:18:53 +0000] "GET /item/v6736106612/ HTTP/2" 404 1251 "-" "Mozilla/5.0 (compatible; AhrefsBot/7.0; +http://ahrefs.com/robot/)"
198.244.240.241 - - [16/Jul/2026:13:19:07 +0000] "GET /item/a6754093854/ HTTP/2" 404 1251 "-" "Mozilla/5.0 (compatible; AhrefsBot/7.0; +http://ahrefs.com/robot/)"
51.195.215.86 - - [16/Jul/2026:13:19:19 +0000] "GET /item/a4043840027/ HTTP/2" 404 1251 "-" "Mozilla/5.0 (compatible; AhrefsBot/7.0; +http://ahrefs.com/robot/)"
66.249.79.229 - - [16/Jul/2026:13:19:30 +0000] "GET /?item/m20788034372737/ HTTP/1.1" 200 14841 "-" "Mozilla/5.0 (Linux; Android 6.0.1; Nexus 5X Build/MMB29P) AppleWebKit/537.36 (KHTML, like Gecko) Chrome/150.0.7871.124 Mobile Safari/537.36 (compatible; Googlebot/2.1; +http://www.google.com/bot.html)"
51.195.215.213 - - [16/Jul/2026:13:19:31 +0000] "GET /item/u6435701295/ HTTP/2" 404 1251 "-" "Mozilla/5.0 (compatible; AhrefsBot/7.0; +http://ahrefs.com/robot/)"
51.89.129.239 - - [16/Jul/2026:13:19:44 +0000] "GET /item/t2384797579/ HTTP/2" 404 1251 "-" "Mozilla/5.0 (compatible; AhrefsBot/7.0; +http://ahrefs.com/robot/)"
198.244.242.147 - - [16/Jul/2026:13:19:57 +0000] "GET /item/u5852724980/ HTTP/2" 404 1251 "-" "Mozilla/5.0 (compatible; AhrefsBot/7.0; +http://ahrefs.com/robot/)"
66.249.79.229 - - [16/Jul/2026:13:20:05 +0000] "GET /items/K22968123/ HTTP/1.1" 404 1251 "-" "Mozilla/5.0 (Linux; Android 6.0.1; Nexus 5X Build/MMB29P) AppleWebKit/537.36 (KHTML, like Gecko) Chrome/150.0.7871.124 Mobile Safari/537.36 (compatible; Googlebot/2.1; +http://www.google.com/bot.html)"
51.195.183.33 - - [16/Jul/2026:13:20:10 +0000] "GET /item/s8134478555/ HTTP/2" 404 1251 "-" "Mozilla/5.0 (compatible; AhrefsBot/7.0; +http://ahrefs.com/robot/)"
66.249.79.229 - - [16/Jul/2026:13:20:13 +0000] "GET /item/d42727506022493/ HTTP/1.1" 404 1251 "-" "Mozilla/5.0 (Linux; Android 6.0.1; Nexus 5X Build/MMB29P) AppleWebKit/537.36 (KHTML, like Gecko) Chrome/150.0.7871.124 Mobile Safari/537.36 (compatible; Googlebot/2.1; +http://www.google.com/bot.html)"
66.249.79.228 - - [16/Jul/2026:13:20:14 +0000] "GET /item/i49146043964620/ HTTP/1.1" 404 1251 "-" "Mozilla/5.0 (Linux; Android 6.0.1; Nexus 5X Build/MMB29P) AppleWebKit/537.36 (KHTML, like Gecko) Chrome/150.0.7871.124 Mobile Safari/537.36 (compatible; Googlebot/2.1; +http://www.google.com/bot.html)"
198.244.226.94 - - [16/Jul/2026:13:20:23 +0000] "GET /item/s5473013469/ HTTP/2" 404 1251 "-" "Mozilla/5.0 (compatible; AhrefsBot/7.0; +http://ahrefs.com/robot/)"
209.42.17.20 - - [16/Jul/2026:13:20:24 +0000] "POST /wp-cron.php?doing_wp_cron=1784208024.0330619812011718750000 HTTP/1.1" 200 0 "-" "WordPress/7.0.1; https://basalehglobal.ng"
66.249.79.228 - - [16/Jul/2026:13:20:21 +0000] "GET /?item/j15208675021785/ HTTP/1.1" 200 14837 "-" "Mozilla/5.0 (Linux; Android 6.0.1; Nexus 5X Build/MMB29P) AppleWebKit/537.36 (KHTML, like Gecko) Chrome/150.0.7871.124 Mobile Safari/537.36 (compatible; Googlebot/2.1; +http://www.google.com/bot.html)"
54.38.147.102 - - [16/Jul/2026:13:20:35 +0000] "GET /item/u5134654259/ HTTP/2" 404 1251 "-" "Mozilla/5.0 (compatible; AhrefsBot/7.0; +http://ahrefs.com/robot/)"
198.244.168.203 - - [16/Jul/2026:13:20:48 +0000] "GET /item/q6724736439/ HTTP/2" 404 1251 "-" "Mozilla/5.0 (compatible; AhrefsBot/7.0; +http://ahrefs.com/robot/)"
66.249.79.228 - - [16/Jul/2026:13:20:55 +0000] "GET /item/k21913742570147/ HTTP/1.1" 404 1251 "-" "Mozilla/5.0 (Linux; Android 6.0.1; Nexus 5X Build/MMB29P) AppleWebKit/537.36 (KHTML, like Gecko) Chrome/150.0.7871.124 Mobile Safari/537.36 (compatible; Googlebot/2.1; +http://www.google.com/bot.html)"
51.195.244.192 - - [16/Jul/2026:13:21:01 +0000] "GET /item/p5025917819/ HTTP/2" 404 1251 "-" "Mozilla/5.0 (compatible; AhrefsBot/7.0; +http://ahrefs.com/robot/)"
209.42.17.20 - - [16/Jul/2026:13:21:03 +0000] "POST /wp-cron.php?doing_wp_cron=1784208063.8177270889282226562500 HTTP/1.1" 200 0 "-" "WordPress/7.0.1; https://basalehglobal.ng"
216.24.219.115 - - [16/Jul/2026:13:21:01 +0000] "POST /wp-login.php HTTP/1.1" 200 2319 "-" "Mozilla/5.0 (Windows NT 10.0; Win64; x64) AppleWebKit/537.36 Chrome/129.0.0.0 Safari/537.36"
66.249.79.230 - - [16/Jul/2026:13:21:01 +0000] "GET /?item/u16564453795787/ HTTP/1.1" 200 14837 "-" "Mozilla/5.0 (Linux; Android 6.0.1; Nexus 5X Build/MMB29P) AppleWebKit/537.36 (KHTML, like Gecko) Chrome/150.0.7871.124 Mobile Safari/537.36 (compatible; Googlebot/2.1; +http://www.google.com/bot.html)"
