209.42.17.20 - - [16/Jul/2026:15:40:33 +0000] "POST /wp-cron.php?doing_wp_cron=1784216433.5781800746917724609375 HTTP/1.1" 200 0 "-" "WordPress/7.0.1; https://oas.com.ng"
20.104.96.117 - - [16/Jul/2026:15:40:32 +0000] "GET /ops.php HTTP/1.1" 200 2215 "-" "-"
66.249.79.233 - - [16/Jul/2026:15:40:32 +0000] "GET /product/25098632054645 HTTP/1.1" 200 680 "-" "Mozilla/5.0 (Linux; Android 6.0.1; Nexus 5X Build/MMB29P) AppleWebKit/537.36 (KHTML, like Gecko) Chrome/150.0.7871.124 Mobile Safari/537.36 (compatible; Googlebot/2.1; +http://www.google.com/bot.html)"
20.104.96.117 - - [16/Jul/2026:15:40:33 +0000] "GET /file31.php HTTP/1.1" 200 2215 "-" "-"
66.249.79.161 - - [16/Jul/2026:15:40:34 +0000] "GET /product/43594952801080 HTTP/1.1" 200 680 "-" "Mozilla/5.0 (Linux; Android 6.0.1; Nexus 5X Build/MMB29P) AppleWebKit/537.36 (KHTML, like Gecko) Chrome/150.0.7871.124 Mobile Safari/537.36 (compatible; Googlebot/2.1; +http://www.google.com/bot.html)"
20.104.96.117 - - [16/Jul/2026:15:40:34 +0000] "GET /file6.php HTTP/1.1" 200 2215 "-" "-"
20.104.96.117 - - [16/Jul/2026:15:40:36 +0000] "GET //wp-includes/assets/ HTTP/1.1" 404 1251 "-" "-"
20.104.96.117 - - [16/Jul/2026:15:40:36 +0000] "GET //adminfuns.php HTTP/1.1" 200 2215 "-" "-"
20.104.96.117 - - [16/Jul/2026:15:40:37 +0000] "GET /goods.php HTTP/1.1" 200 2215 "-" "-"
66.249.79.233 - - [16/Jul/2026:15:40:38 +0000] "GET /product/26897635161514 HTTP/1.1" 200 680 "-" "Mozilla/5.0 (Linux; Android 6.0.1; Nexus 5X Build/MMB29P) AppleWebKit/537.36 (KHTML, like Gecko) Chrome/150.0.7871.124 Mobile Safari/537.36 (compatible; Googlebot/2.1; +http://www.google.com/bot.html)"
20.104.96.117 - - [16/Jul/2026:15:40:38 +0000] "GET /100.php HTTP/1.1" 200 2215 "-" "-"
20.104.96.117 - - [16/Jul/2026:15:40:40 +0000] "GET /about.php HTTP/1.1" 200 2215 "-" "-"
66.249.79.161 - - [16/Jul/2026:15:40:40 +0000] "GET /product/11835025618890 HTTP/1.1" 200 680 "-" "Mozilla/5.0 (Linux; Android 6.0.1; Nexus 5X Build/MMB29P) AppleWebKit/537.36 (KHTML, like Gecko) Chrome/150.0.7871.124 Mobile Safari/537.36 (compatible; Googlebot/2.1; +http://www.google.com/bot.html)"
20.104.96.117 - - [16/Jul/2026:15:40:41 +0000] "GET /about.php HTTP/1.1" 200 2215 "-" "-"
20.104.96.117 - - [16/Jul/2026:15:40:42 +0000] "GET /admin.php HTTP/1.1" 200 2215 "-" "-"
20.104.96.117 - - [16/Jul/2026:15:40:43 +0000] "GET //admin.php HTTP/1.1" 200 2215 "-" "-"
20.104.96.117 - - [16/Jul/2026:15:40:44 +0000] "GET //themes.php HTTP/1.1" 200 2215 "-" "-"
20.104.96.117 - - [16/Jul/2026:15:40:45 +0000] "GET /wp-includes/blocks/details/ HTTP/1.1" 404 1251 "-" "-"
66.249.79.233 - - [16/Jul/2026:15:40:45 +0000] "GET /product/49350715240863 HTTP/1.1" 200 680 "-" "Mozilla/5.0 (Linux; Android 6.0.1; Nexus 5X Build/MMB29P) AppleWebKit/537.36 (KHTML, like Gecko) Chrome/150.0.7871.124 Mobile Safari/537.36 (compatible; Googlebot/2.1; +http://www.google.com/bot.html)"
161.118.251.181 - - [16/Jul/2026:15:39:51 +0000] "POST //wp-login.php HTTP/1.1" 200 6694 "https://pctm.gov.ng//wp-login.php" "Mozilla/5.0 (Windows NT 10.0; Win64; x64) AppleWebKit/537.36 (KHTML, like Gecko) Chrome/88.0.4240.193 Safari/537.36"
20.104.96.117 - - [16/Jul/2026:15:40:45 +0000] "GET /wp-includes/blocks/audi/ HTTP/1.1" 200 2215 "-" "-"
161.118.251.181 - - [16/Jul/2026:15:39:52 +0000] "POST //wp-login.php HTTP/1.1" 200 6694 "https://pctm.gov.ng//wp-login.php" "Mozilla/5.0 (Windows NT 10.0; Win64; x64) AppleWebKit/537.36 (KHTML, like Gecko) Chrome/88.0.4240.193 Safari/537.36"
66.249.79.161 - - [16/Jul/2026:15:40:48 +0000] "GET /product/11925235311565 HTTP/1.1" 200 680 "-" "Mozilla/5.0 (Linux; Android 6.0.1; Nexus 5X Build/MMB29P) AppleWebKit/537.36 (KHTML, like Gecko) Chrome/150.0.7871.124 Mobile Safari/537.36 (compatible; Googlebot/2.1; +http://www.google.com/bot.html)"
20.104.96.117 - - [16/Jul/2026:15:40:51 +0000] "GET /.well-known/about.php HTTP/1.1" 200 2215 "-" "-"
20.104.96.117 - - [16/Jul/2026:15:40:57 +0000] "GET /wp-includes/ID3/about.php HTTP/1.1" 200 2215 "-" "-"
66.249.79.163 - - [16/Jul/2026:15:41:02 +0000] "GET /product/44530143475964 HTTP/1.1" 200 680 "-" "Mozilla/5.0 (Linux; Android 6.0.1; Nexus 5X Build/MMB29P) AppleWebKit/537.36 (KHTML, like Gecko) Chrome/150.0.7871.124 Mobile Safari/537.36 (compatible; Googlebot/2.1; +http://www.google.com/bot.html)"
66.249.79.234 - - [16/Jul/2026:15:41:02 +0000] "GET /product/24338984004367 HTTP/1.1" 200 680 "-" "Mozilla/5.0 (Linux; Android 6.0.1; Nexus 5X Build/MMB29P) AppleWebKit/537.36 (KHTML, like Gecko) Chrome/150.0.7871.124 Mobile Safari/537.36 (compatible; Googlebot/2.1; +http://www.google.com/bot.html)"
20.104.96.117 - - [16/Jul/2026:15:41:03 +0000] "GET /wefile.php HTTP/1.1" 200 2215 "-" "-"
20.104.96.117 - - [16/Jul/2026:15:41:08 +0000] "GET /modules/mod_simplefileuploadv1.3/elements/filemanager.php?p= HTTP/1.1" 200 2215 "-" "-"
20.104.96.117 - - [16/Jul/2026:15:41:14 +0000] "GET /wp-includes/blocks/post-comments-form/ HTTP/1.1" 404 1251 "-" "-"
20.104.96.117 - - [16/Jul/2026:15:41:14 +0000] "GET /wp-admin/js/ HTTP/1.1" 404 1251 "-" "-"
66.249.79.233 - - [16/Jul/2026:15:41:09 +0000] "GET /product/12914894992866 HTTP/1.1" 200 680 "-" "Mozilla/5.0 (Linux; Android 6.0.1; Nexus 5X Build/MMB29P) AppleWebKit/537.36 (KHTML, like Gecko) Chrome/150.0.7871.124 Mobile Safari/537.36 (compatible; Googlebot/2.1; +http://www.google.com/bot.html)"
66.249.79.161 - - [16/Jul/2026:15:41:10 +0000] "GET /product/16103305111610 HTTP/1.1" 200 680 "-" "Mozilla/5.0 (Linux; Android 6.0.1; Nexus 5X Build/MMB29P) AppleWebKit/537.36 (KHTML, like Gecko) Chrome/150.0.7871.124 Mobile Safari/537.36 (compatible; Googlebot/2.1; +http://www.google.com/bot.html)"
223.25.252.120 - - [16/Jul/2026:15:41:11 +0000] "GET /product/45058165225526 HTTP/1.1" 200 680 "https://oas.com.ng/sitemap-3.xml" "Mozilla/5.0 (Linux; Android 15; V2186) AppleWebKit/537.36 (KHTML, like Gecko) Chrome/143.0.5091.16 Mobile Safari/537.36 MicroMessenger/8.0.31(0x18001B3F) NetType/WIFI Language/zh_CN"
20.104.96.117 - - [16/Jul/2026:15:41:15 +0000] "GET /wp-admin/css/colour.php HTTP/1.1" 200 2215 "-" "-"
66.249.68.168 - - [16/Jul/2026:15:41:15 +0000] "GET /product/39023604065498 HTTP/1.1" 200 680 "-" "Mozilla/5.0 (Linux; Android 6.0.1; Nexus 5X Build/MMB29P) AppleWebKit/537.36 (KHTML, like Gecko) Chrome/150.0.7871.124 Mobile Safari/537.36 (compatible; Googlebot/2.1; +http://www.google.com/bot.html)"
66.249.79.161 - - [16/Jul/2026:15:41:16 +0000] "GET /prizes/100728977 HTTP/1.1" 200 680 "-" "Mozilla/5.0 (Linux; Android 6.0.1; Nexus 5X Build/MMB29P) AppleWebKit/537.36 (KHTML, like Gecko) Chrome/150.0.7871.124 Mobile Safari/537.36 (compatible; Googlebot/2.1; +http://www.google.com/bot.html)"
66.249.79.233 - - [16/Jul/2026:15:41:16 +0000] "GET /product/29117294583883 HTTP/1.1" 200 680 "-" "Mozilla/5.0 (Linux; Android 6.0.1; Nexus 5X Build/MMB29P) AppleWebKit/537.36 (KHTML, like Gecko) Chrome/150.0.7871.124 Mobile Safari/537.36 (compatible; Googlebot/2.1; +http://www.google.com/bot.html)"
66.249.79.233 - - [16/Jul/2026:15:41:17 +0000] "GET /product/44147092306651 HTTP/1.1" 200 680 "-" "Mozilla/5.0 (Linux; Android 6.0.1; Nexus 5X Build/MMB29P) AppleWebKit/537.36 (KHTML, like Gecko) Chrome/150.0.7871.124 Mobile Safari/537.36 (compatible; Googlebot/2.1; +http://www.google.com/bot.html)"
66.249.79.161 - - [16/Jul/2026:15:41:22 +0000] "GET /product/42796344289479 HTTP/1.1" 200 680 "-" "Mozilla/5.0 (Linux; Android 6.0.1; Nexus 5X Build/MMB29P) AppleWebKit/537.36 (KHTML, like Gecko) Chrome/150.0.7871.124 Mobile Safari/537.36 (compatible; Googlebot/2.1; +http://www.google.com/bot.html)"
20.104.96.117 - - [16/Jul/2026:15:41:24 +0000] "GET /8.php HTTP/1.1" 200 2215 "-" "-"
66.249.79.233 - - [16/Jul/2026:15:41:25 +0000] "GET /product/28445633702504 HTTP/1.1" 200 680 "-" "Mozilla/5.0 (Linux; Android 6.0.1; Nexus 5X Build/MMB29P) AppleWebKit/537.36 (KHTML, like Gecko) Chrome/150.0.7871.124 Mobile Safari/537.36 (compatible; Googlebot/2.1; +http://www.google.com/bot.html)"
66.249.79.161 - - [16/Jul/2026:15:41:25 +0000] "GET /product/36489563932642 HTTP/1.1" 200 680 "-" "Mozilla/5.0 (Linux; Android 6.0.1; Nexus 5X Build/MMB29P) AppleWebKit/537.36 (KHTML, like Gecko) Chrome/150.0.7871.124 Mobile Safari/537.36 (compatible; Googlebot/2.1; +http://www.google.com/bot.html)"
66.249.79.161 - - [16/Jul/2026:15:41:27 +0000] "GET /product/23651032990851 HTTP/1.1" 200 680 "-" "Mozilla/5.0 (Linux; Android 6.0.1; Nexus 5X Build/MMB29P) AppleWebKit/537.36 (KHTML, like Gecko) Chrome/150.0.7871.124 Mobile Safari/537.36 (compatible; Googlebot/2.1; +http://www.google.com/bot.html)"
66.249.79.161 - - [16/Jul/2026:15:41:28 +0000] "GET /product/33061294006041 HTTP/1.1" 200 680 "-" "Mozilla/5.0 (Linux; Android 6.0.1; Nexus 5X Build/MMB29P) AppleWebKit/537.36 (KHTML, like Gecko) Chrome/150.0.7871.124 Mobile Safari/537.36 (compatible; Googlebot/2.1; +http://www.google.com/bot.html)"
209.42.17.20 - - [16/Jul/2026:15:41:34 +0000] "POST /wp-cron.php?doing_wp_cron=1784216494.6351120471954345703125 HTTP/1.1" 200 0 "-" "WordPress/7.0.1; https://oas.com.ng"
66.249.79.233 - - [16/Jul/2026:15:41:30 +0000] "GET /shop/pg/52245930-4 HTTP/1.1" 200 680 "-" "Mozilla/5.0 (Linux; Android 6.0.1; Nexus 5X Build/MMB29P) AppleWebKit/537.36 (KHTML, like Gecko) Chrome/150.0.7871.124 Mobile Safari/537.36 (compatible; Googlebot/2.1; +http://www.google.com/bot.html)"
20.104.96.117 - - [16/Jul/2026:15:41:31 +0000] "GET /wp-content/admin.php HTTP/1.1" 200 2215 "-" "-"
66.249.79.233 - - [16/Jul/2026:15:41:33 +0000] "GET /product/39358582553788 HTTP/1.1" 200 680 "-" "Mozilla/5.0 (Linux; Android 6.0.1; Nexus 5X Build/MMB29P) AppleWebKit/537.36 (KHTML, like Gecko) Chrome/150.0.7871.124 Mobile Safari/537.36 (compatible; Googlebot/2.1; +http://www.google.com/bot.html)"
66.249.79.233 - - [16/Jul/2026:15:41:35 +0000] "GET /product/33226734139866 HTTP/1.1" 200 680 "-" "Mozilla/5.0 (Linux; Android 6.0.1; Nexus 5X Build/MMB29P) AppleWebKit/537.36 (KHTML, like Gecko) Chrome/150.0.7871.124 Mobile Safari/537.36 (compatible; Googlebot/2.1; +http://www.google.com/bot.html)"
66.249.79.233 - - [16/Jul/2026:15:41:35 +0000] "GET /shop/pg/96512403-2 HTTP/1.1" 200 680 "-" "Mozilla/5.0 (Linux; Android 6.0.1; Nexus 5X Build/MMB29P) AppleWebKit/537.36 (KHTML, like Gecko) Chrome/150.0.7871.124 Mobile Safari/537.36 (compatible; Googlebot/2.1; +http://www.google.com/bot.html)"
20.104.96.117 - - [16/Jul/2026:15:41:37 +0000] "GET //f6.php HTTP/1.1" 200 2215 "-" "-"
66.249.79.161 - - [16/Jul/2026:15:41:41 +0000] "GET /product/46552163029033 HTTP/1.1" 200 680 "-" "Mozilla/5.0 (Linux; Android 6.0.1; Nexus 5X Build/MMB29P) AppleWebKit/537.36 (KHTML, like Gecko) Chrome/150.0.7871.124 Mobile Safari/537.36 (compatible; Googlebot/2.1; +http://www.google.com/bot.html)"
20.104.96.117 - - [16/Jul/2026:15:41:43 +0000] "GET /inputs.php HTTP/1.1" 200 2215 "-" "-"
66.249.79.233 - - [16/Jul/2026:15:41:44 +0000] "GET /product/14463184478448 HTTP/1.1" 200 680 "-" "Mozilla/5.0 (Linux; Android 6.0.1; Nexus 5X Build/MMB29P) AppleWebKit/537.36 (KHTML, like Gecko) Chrome/150.0.7871.124 Mobile Safari/537.36 (compatible; Googlebot/2.1; +http://www.google.com/bot.html)"
66.249.79.161 - - [16/Jul/2026:15:41:45 +0000] "GET /product/45154443285563 HTTP/1.1" 200 680 "-" "Mozilla/5.0 (Linux; Android 6.0.1; Nexus 5X Build/MMB29P) AppleWebKit/537.36 (KHTML, like Gecko) Chrome/150.0.7871.124 Mobile Safari/537.36 (compatible; Googlebot/2.1; +http://www.google.com/bot.html)"
161.118.251.181 - - [16/Jul/2026:15:40:49 +0000] "POST //wp-login.php HTTP/1.1" 200 6694 "https://pctm.gov.ng//wp-login.php" "Mozilla/5.0 (Windows NT 10.0; Win64; x64) AppleWebKit/537.36 (KHTML, like Gecko) Chrome/88.0.4240.193 Safari/537.36"
161.118.251.181 - - [16/Jul/2026:15:40:50 +0000] "POST //wp-login.php HTTP/1.1" 200 6694 "https://pctm.gov.ng//wp-login.php" "Mozilla/5.0 (Windows NT 10.0; Win64; x64) AppleWebKit/537.36 (KHTML, like Gecko) Chrome/88.0.4240.193 Safari/537.36"
66.249.79.233 - - [16/Jul/2026:15:41:49 +0000] "GET /product/15152341597891 HTTP/1.1" 200 680 "-" "Mozilla/5.0 (Linux; Android 6.0.1; Nexus 5X Build/MMB29P) AppleWebKit/537.36 (KHTML, like Gecko) Chrome/150.0.7871.124 Mobile Safari/537.36 (compatible; Googlebot/2.1; +http://www.google.com/bot.html)"
20.104.96.117 - - [16/Jul/2026:15:41:49 +0000] "GET /inputs.php HTTP/1.1" 200 2215 "-" "-"
66.249.79.161 - - [16/Jul/2026:15:41:51 +0000] "GET /product/39229536577483 HTTP/1.1" 200 680 "-" "Mozilla/5.0 (Linux; Android 6.0.1; Nexus 5X Build/MMB29P) AppleWebKit/537.36 (KHTML, like Gecko) Chrome/150.0.7871.124 Mobile Safari/537.36 (compatible; Googlebot/2.1; +http://www.google.com/bot.html)"
66.249.79.233 - - [16/Jul/2026:15:41:52 +0000] "GET /product/38447572873913 HTTP/1.1" 200 680 "-" "Mozilla/5.0 (Linux; Android 6.0.1; Nexus 5X Build/MMB29P) AppleWebKit/537.36 (KHTML, like Gecko) Chrome/150.0.7871.124 Mobile Safari/537.36 (compatible; Googlebot/2.1; +http://www.google.com/bot.html)"
66.249.79.161 - - [16/Jul/2026:15:41:56 +0000] "GET /product/18076113898915 HTTP/1.1" 200 680 "-" "Mozilla/5.0 (Linux; Android 6.0.1; Nexus 5X Build/MMB29P) AppleWebKit/537.36 (KHTML, like Gecko) Chrome/150.0.7871.124 Mobile Safari/537.36 (compatible; Googlebot/2.1; +http://www.google.com/bot.html)"
20.104.96.117 - - [16/Jul/2026:15:41:57 +0000] "GET /classwithtostring.php?p= HTTP/1.1" 200 2215 "-" "-"
20.104.96.117 - - [16/Jul/2026:15:42:02 +0000] "GET /wp-content/themes/index.php HTTP/1.1" 200 0 "-" "-"
66.249.79.161 - - [16/Jul/2026:15:41:58 +0000] "GET /product/10180825349794 HTTP/1.1" 200 680 "-" "Mozilla/5.0 (Linux; Android 6.0.1; Nexus 5X Build/MMB29P) AppleWebKit/537.36 (KHTML, like Gecko) Chrome/150.0.7871.124 Mobile Safari/537.36 (compatible; Googlebot/2.1; +http://www.google.com/bot.html)"
66.249.79.233 - - [16/Jul/2026:15:41:58 +0000] "GET /product/26859383640877 HTTP/1.1" 200 680 "-" "Mozilla/5.0 (Linux; Android 6.0.1; Nexus 5X Build/MMB29P) AppleWebKit/537.36 (KHTML, like Gecko) Chrome/150.0.7871.124 Mobile Safari/537.36 (compatible; Googlebot/2.1; +http://www.google.com/bot.html)"
20.104.96.117 - - [16/Jul/2026:15:42:03 +0000] "GET /wp-blog.php HTTP/1.1" 200 2215 "-" "-"
20.104.96.117 - - [16/Jul/2026:15:42:08 +0000] "GET //wp-includes/js/jquery/ HTTP/1.1" 404 1251 "-" "-"
66.249.79.161 - - [16/Jul/2026:15:42:03 +0000] "GET /product/38373413549700 HTTP/1.1" 200 680 "-" "Mozilla/5.0 (Linux; Android 6.0.1; Nexus 5X Build/MMB29P) AppleWebKit/537.36 (KHTML, like Gecko) Chrome/150.0.7871.124 Mobile Safari/537.36 (compatible; Googlebot/2.1; +http://www.google.com/bot.html)"
66.249.79.235 - - [16/Jul/2026:15:42:03 +0000] "GET /product/13360741705332 HTTP/1.1" 200 680 "-" "Mozilla/5.0 (Linux; Android 6.0.1; Nexus 5X Build/MMB29P) AppleWebKit/537.36 (KHTML, like Gecko) Chrome/150.0.7871.124 Mobile Safari/537.36 (compatible; Googlebot/2.1; +http://www.google.com/bot.html)"
66.249.79.234 - - [16/Jul/2026:15:42:06 +0000] "GET /product/10037821682294 HTTP/1.1" 200 680 "-" "Mozilla/5.0 (Linux; Android 6.0.1; Nexus 5X Build/MMB29P) AppleWebKit/537.36 (KHTML, like Gecko) Chrome/150.0.7871.124 Mobile Safari/537.36 (compatible; Googlebot/2.1; +http://www.google.com/bot.html)"
20.104.96.117 - - [16/Jul/2026:15:42:08 +0000] "GET //wp-content/admin.php HTTP/1.1" 200 2215 "-" "-"
66.249.79.161 - - [16/Jul/2026:15:42:08 +0000] "GET /product/35657574347228 HTTP/1.1" 200 680 "-" "Mozilla/5.0 (Linux; Android 6.0.1; Nexus 5X Build/MMB29P) AppleWebKit/537.36 (KHTML, like Gecko) Chrome/150.0.7871.124 Mobile Safari/537.36 (compatible; Googlebot/2.1; +http://www.google.com/bot.html)"
66.249.79.161 - - [16/Jul/2026:15:42:11 +0000] "GET /product/15334446671033 HTTP/1.1" 200 680 "-" "Mozilla/5.0 (Linux; Android 6.0.1; Nexus 5X Build/MMB29P) AppleWebKit/537.36 (KHTML, like Gecko) Chrome/150.0.7871.124 Mobile Safari/537.36 (compatible; Googlebot/2.1; +http://www.google.com/bot.html)"
66.249.79.233 - - [16/Jul/2026:15:42:12 +0000] "GET /product/37125974016932 HTTP/1.1" 200 680 "-" "Mozilla/5.0 (Linux; Android 6.0.1; Nexus 5X Build/MMB29P) AppleWebKit/537.36 (KHTML, like Gecko) Chrome/150.0.7871.124 Mobile Safari/537.36 (compatible; Googlebot/2.1; +http://www.google.com/bot.html)"
66.249.79.161 - - [16/Jul/2026:15:42:13 +0000] "GET /product/37584395531262 HTTP/1.1" 200 680 "-" "Mozilla/5.0 (Linux; Android 6.0.1; Nexus 5X Build/MMB29P) AppleWebKit/537.36 (KHTML, like Gecko) Chrome/150.0.7871.124 Mobile Safari/537.36 (compatible; Googlebot/2.1; +http://www.google.com/bot.html)"
20.104.96.117 - - [16/Jul/2026:15:42:13 +0000] "GET /ms-edit.php HTTP/1.1" 200 2215 "-" "-"
20.104.96.117 - - [16/Jul/2026:15:42:19 +0000] "GET //cgi-bin/index.php HTTP/1.1" 404 1251 "-" "-"
20.104.96.117 - - [16/Jul/2026:15:42:19 +0000] "GET //wp-includes/css/dist/ HTTP/1.1" 404 1251 "-" "-"
66.249.79.233 - - [16/Jul/2026:15:42:17 +0000] "GET /product/38203873453004 HTTP/1.1" 200 680 "-" "Mozilla/5.0 (Linux; Android 6.0.1; Nexus 5X Build/MMB29P) AppleWebKit/537.36 (KHTML, like Gecko) Chrome/150.0.7871.124 Mobile Safari/537.36 (compatible; Googlebot/2.1; +http://www.google.com/bot.html)"
66.249.79.161 - - [16/Jul/2026:15:42:18 +0000] "GET /product/10613622862108 HTTP/1.1" 200 680 "-" "Mozilla/5.0 (Linux; Android 6.0.1; Nexus 5X Build/MMB29P) AppleWebKit/537.36 (KHTML, like Gecko) Chrome/150.0.7871.124 Mobile Safari/537.36 (compatible; Googlebot/2.1; +http://www.google.com/bot.html)"
66.249.79.161 - - [16/Jul/2026:15:42:18 +0000] "GET /product/41984193686210 HTTP/1.1" 200 680 "-" "Mozilla/5.0 (Linux; Android 6.0.1; Nexus 5X Build/MMB29P) AppleWebKit/537.36 (KHTML, like Gecko) Chrome/150.0.7871.124 Mobile Safari/537.36 (compatible; Googlebot/2.1; +http://www.google.com/bot.html)"
20.104.96.117 - - [16/Jul/2026:15:42:19 +0000] "GET /BDKR28WP.php HTTP/1.1" 200 2215 "-" "-"
20.104.96.117 - - [16/Jul/2026:15:42:23 +0000] "GET //wp-includes/l10n/ HTTP/1.1" 404 1251 "-" "-"
20.104.96.117 - - [16/Jul/2026:15:42:23 +0000] "GET /wp-content/uploads/ HTTP/1.1" 404 1251 "-" "-"
20.104.96.117 - - [16/Jul/2026:15:42:24 +0000] "GET //abcd.php HTTP/1.1" 200 2215 "-" "-"
66.249.79.233 - - [16/Jul/2026:15:42:24 +0000] "GET /product/46773815056556 HTTP/1.1" 200 680 "-" "Mozilla/5.0 (Linux; Android 6.0.1; Nexus 5X Build/MMB29P) AppleWebKit/537.36 (KHTML, like Gecko) Chrome/150.0.7871.124 Mobile Safari/537.36 (compatible; Googlebot/2.1; +http://www.google.com/bot.html)"
66.249.79.233 - - [16/Jul/2026:15:42:25 +0000] "GET /product/48537202379108 HTTP/1.1" 200 680 "-" "Mozilla/5.0 (Linux; Android 6.0.1; Nexus 5X Build/MMB29P) AppleWebKit/537.36 (KHTML, like Gecko) Chrome/150.0.7871.124 Mobile Safari/537.36 (compatible; Googlebot/2.1; +http://www.google.com/bot.html)"
66.249.79.161 - - [16/Jul/2026:15:42:25 +0000] "GET /product/20648116121201 HTTP/1.1" 200 680 "-" "Mozilla/5.0 (Linux; Android 6.0.1; Nexus 5X Build/MMB29P) AppleWebKit/537.36 (KHTML, like Gecko) Chrome/150.0.7871.124 Mobile Safari/537.36 (compatible; Googlebot/2.1; +http://www.google.com/bot.html)"
20.104.96.117 - - [16/Jul/2026:15:42:26 +0000] "GET /file15.php HTTP/1.1" 200 2215 "-" "-"
66.249.79.233 - - [16/Jul/2026:15:42:29 +0000] "GET /product/36756631676993 HTTP/1.1" 200 680 "-" "Mozilla/5.0 (Linux; Android 6.0.1; Nexus 5X Build/MMB29P) AppleWebKit/537.36 (KHTML, like Gecko) Chrome/150.0.7871.124 Mobile Safari/537.36 (compatible; Googlebot/2.1; +http://www.google.com/bot.html)"
103.229.255.225 - - [16/Jul/2026:15:42:34 +0000] "GET /product/45047485648416 HTTP/1.1" 200 680 "https://oas.com.ng/sitemap-7.xml" "Mozilla/5.0 (Linux; Android 14; V2186) AppleWebKit/537.36 (KHTML, like Gecko) Chrome/143.0.5576.56 Mobile Safari/537.36 MicroMessenger/8.0.37(0x18001B3F) NetType/WIFI Language/zh_CN"
66.249.79.233 - - [16/Jul/2026:15:42:34 +0000] "GET /product/15064882325383 HTTP/1.1" 200 680 "-" "Mozilla/5.0 (Linux; Android 6.0.1; Nexus 5X Build/MMB29P) AppleWebKit/537.36 (KHTML, like Gecko) Chrome/150.0.7871.124 Mobile Safari/537.36 (compatible; Googlebot/2.1; +http://www.google.com/bot.html)"
66.249.79.161 - - [16/Jul/2026:15:42:35 +0000] "GET /product/34399245119101 HTTP/1.1" 200 680 "-" "Mozilla/5.0 (Linux; Android 6.0.1; Nexus 5X Build/MMB29P) AppleWebKit/537.36 (KHTML, like Gecko) Chrome/150.0.7871.124 Mobile Safari/537.36 (compatible; Googlebot/2.1; +http://www.google.com/bot.html)"
20.104.96.117 - - [16/Jul/2026:15:42:38 +0000] "GET /jp.php HTTP/1.1" 200 2215 "-" "-"
66.249.79.233 - - [16/Jul/2026:15:42:38 +0000] "GET /product/45427182724602 HTTP/1.1" 200 680 "-" "Mozilla/5.0 (Linux; Android 6.0.1; Nexus 5X Build/MMB29P) AppleWebKit/537.36 (KHTML, like Gecko) Chrome/150.0.7871.124 Mobile Safari/537.36 (compatible; Googlebot/2.1; +http://www.google.com/bot.html)"
66.249.79.233 - - [16/Jul/2026:15:42:42 +0000] "GET /product/44754984241168 HTTP/1.1" 200 680 "-" "Mozilla/5.0 (Linux; Android 6.0.1; Nexus 5X Build/MMB29P) AppleWebKit/537.36 (KHTML, like Gecko) Chrome/150.0.7871.124 Mobile Safari/537.36 (compatible; Googlebot/2.1; +http://www.google.com/bot.html)"
66.249.79.161 - - [16/Jul/2026:15:42:43 +0000] "GET /product/41383516064203 HTTP/1.1" 200 680 "-" "Mozilla/5.0 (Linux; Android 6.0.1; Nexus 5X Build/MMB29P) AppleWebKit/537.36 (KHTML, like Gecko) Chrome/150.0.7871.124 Mobile Safari/537.36 (compatible; Googlebot/2.1; +http://www.google.com/bot.html)"
20.104.96.117 - - [16/Jul/2026:15:42:44 +0000] "GET /f35.php HTTP/1.1" 200 2215 "-" "-"
66.249.79.233 - - [16/Jul/2026:15:42:45 +0000] "GET /product/22919822507857 HTTP/1.1" 200 680 "-" "Mozilla/5.0 (Linux; Android 6.0.1; Nexus 5X Build/MMB29P) AppleWebKit/537.36 (KHTML, like Gecko) Chrome/150.0.7871.124 Mobile Safari/537.36 (compatible; Googlebot/2.1; +http://www.google.com/bot.html)"
161.118.251.181 - - [16/Jul/2026:15:41:51 +0000] "POST //wp-login.php HTTP/1.1" 200 6694 "https://pctm.gov.ng//wp-login.php" "Mozilla/5.0 (Windows NT 10.0; Win64; x64) AppleWebKit/537.36 (KHTML, like Gecko) Chrome/88.0.4240.193 Safari/537.36"
161.118.251.181 - - [16/Jul/2026:15:41:52 +0000] "POST //wp-login.php HTTP/1.1" 200 6694 "https://pctm.gov.ng//wp-login.php" "Mozilla/5.0 (Windows NT 10.0; Win64; x64) AppleWebKit/537.36 (KHTML, like Gecko) Chrome/88.0.4240.193 Safari/537.36"
20.104.96.117 - - [16/Jul/2026:15:42:50 +0000] "GET /wp-load.php HTTP/1.1" 200 0 "-" "-"
66.249.79.161 - - [16/Jul/2026:15:42:52 +0000] "GET /product/29442784333850 HTTP/1.1" 200 680 "-" "Mozilla/5.0 (Linux; Android 6.0.1; Nexus 5X Build/MMB29P) AppleWebKit/537.36 (KHTML, like Gecko) Chrome/150.0.7871.124 Mobile Safari/537.36 (compatible; Googlebot/2.1; +http://www.google.com/bot.html)"
66.249.79.233 - - [16/Jul/2026:15:42:52 +0000] "GET /product/46065413117403 HTTP/1.1" 200 680 "-" "Mozilla/5.0 (Linux; Android 6.0.1; Nexus 5X Build/MMB29P) AppleWebKit/537.36 (KHTML, like Gecko) Chrome/150.0.7871.124 Mobile Safari/537.36 (compatible; Googlebot/2.1; +http://www.google.com/bot.html)"
66.249.79.233 - - [16/Jul/2026:15:42:53 +0000] "GET /product/43701512216094 HTTP/1.1" 200 680 "-" "Mozilla/5.0 (Linux; Android 6.0.1; Nexus 5X Build/MMB29P) AppleWebKit/537.36 (KHTML, like Gecko) Chrome/150.0.7871.124 Mobile Safari/537.36 (compatible; Googlebot/2.1; +http://www.google.com/bot.html)"
66.249.79.161 - - [16/Jul/2026:15:42:54 +0000] "GET /product/34541803278739 HTTP/1.1" 200 680 "-" "Mozilla/5.0 (Linux; Android 6.0.1; Nexus 5X Build/MMB29P) AppleWebKit/537.36 (KHTML, like Gecko) Chrome/150.0.7871.124 Mobile Safari/537.36 (compatible; Googlebot/2.1; +http://www.google.com/bot.html)"
20.104.96.117 - - [16/Jul/2026:15:42:55 +0000] "GET /xyn.php HTTP/1.1" 200 2215 "-" "-"
66.249.79.161 - - [16/Jul/2026:15:42:59 +0000] "GET /product/19962643360260 HTTP/1.1" 200 680 "-" "Mozilla/5.0 (Linux; Android 6.0.1; Nexus 5X Build/MMB29P) AppleWebKit/537.36 (KHTML, like Gecko) Chrome/150.0.7871.124 Mobile Safari/537.36 (compatible; Googlebot/2.1; +http://www.google.com/bot.html)"
66.249.79.233 - - [16/Jul/2026:15:42:59 +0000] "GET /product/41331274733755 HTTP/1.1" 200 680 "-" "Mozilla/5.0 (Linux; Android 6.0.1; Nexus 5X Build/MMB29P) AppleWebKit/537.36 (KHTML, like Gecko) Chrome/150.0.7871.124 Mobile Safari/537.36 (compatible; Googlebot/2.1; +http://www.google.com/bot.html)"
66.249.79.233 - - [16/Jul/2026:15:43:02 +0000] "GET /product/36431803542481 HTTP/1.1" 200 680 "-" "Mozilla/5.0 (Linux; Android 6.0.1; Nexus 5X Build/MMB29P) AppleWebKit/537.36 (KHTML, like Gecko) Chrome/150.0.7871.124 Mobile Safari/537.36 (compatible; Googlebot/2.1; +http://www.google.com/bot.html)"
20.104.96.117 - - [16/Jul/2026:15:43:08 +0000] "GET //wp-includes/assets/ HTTP/1.1" 404 1251 "-" "-"
20.104.96.117 - - [16/Jul/2026:15:43:08 +0000] "GET /wp-admin/css/colors/sunrise/ HTTP/1.1" 404 1251 "-" "-"
66.249.79.161 - - [16/Jul/2026:15:43:04 +0000] "GET /product/33997184597181 HTTP/1.1" 200 680 "-" "Mozilla/5.0 (Linux; Android 6.0.1; Nexus 5X Build/MMB29P) AppleWebKit/537.36 (KHTML, like Gecko) Chrome/150.0.7871.124 Mobile Safari/537.36 (compatible; Googlebot/2.1; +http://www.google.com/bot.html)"
20.104.96.117 - - [16/Jul/2026:15:43:09 +0000] "GET /ccc.php HTTP/1.1" 200 2215 "-" "-"
66.249.79.233 - - [16/Jul/2026:15:43:10 +0000] "GET /product/26588842180009 HTTP/1.1" 200 680 "-" "Mozilla/5.0 (Linux; Android 6.0.1; Nexus 5X Build/MMB29P) AppleWebKit/537.36 (KHTML, like Gecko) Chrome/150.0.7871.124 Mobile Safari/537.36 (compatible; Googlebot/2.1; +http://www.google.com/bot.html)"
20.104.96.117 - - [16/Jul/2026:15:43:14 +0000] "GET /w.php HTTP/1.1" 200 2215 "-" "-"
66.249.79.233 - - [16/Jul/2026:15:43:14 +0000] "GET /shop/pg/21596690-1 HTTP/1.1" 200 680 "-" "Mozilla/5.0 (Linux; Android 6.0.1; Nexus 5X Build/MMB29P) AppleWebKit/537.36 (KHTML, like Gecko) Chrome/150.0.7871.124 Mobile Safari/537.36 (compatible; Googlebot/2.1; +http://www.google.com/bot.html)"
20.104.96.117 - - [16/Jul/2026:15:43:19 +0000] "GET /4PJcpMFsD8B.php HTTP/1.1" 200 2215 "-" "-"
66.249.79.161 - - [16/Jul/2026:15:43:20 +0000] "GET /product/27026195885451 HTTP/1.1" 200 680 "-" "Mozilla/5.0 (Linux; Android 6.0.1; Nexus 5X Build/MMB29P) AppleWebKit/537.36 (KHTML, like Gecko) Chrome/150.0.7871.124 Mobile Safari/537.36 (compatible; Googlebot/2.1; +http://www.google.com/bot.html)"
66.249.79.233 - - [16/Jul/2026:15:43:21 +0000] "GET /product/11196004648405 HTTP/1.1" 200 680 "-" "Mozilla/5.0 (Linux; Android 6.0.1; Nexus 5X Build/MMB29P) AppleWebKit/537.36 (KHTML, like Gecko) Chrome/150.0.7871.124 Mobile Safari/537.36 (compatible; Googlebot/2.1; +http://www.google.com/bot.html)"
66.249.79.161 - - [16/Jul/2026:15:43:22 +0000] "GET /product/13296193848748 HTTP/1.1" 200 680 "-" "Mozilla/5.0 (Linux; Android 6.0.1; Nexus 5X Build/MMB29P) AppleWebKit/537.36 (KHTML, like Gecko) Chrome/150.0.7871.124 Mobile Safari/537.36 (compatible; Googlebot/2.1; +http://www.google.com/bot.html)"
20.104.96.117 - - [16/Jul/2026:15:43:24 +0000] "GET /set.php HTTP/1.1" 200 2215 "-" "-"
66.249.79.161 - - [16/Jul/2026:15:43:25 +0000] "GET /product/22536943693307 HTTP/1.1" 200 680 "-" "Mozilla/5.0 (Linux; Android 6.0.1; Nexus 5X Build/MMB29P) AppleWebKit/537.36 (KHTML, like Gecko) Chrome/150.0.7871.124 Mobile Safari/537.36 (compatible; Googlebot/2.1; +http://www.google.com/bot.html)"
209.42.17.20 - - [16/Jul/2026:15:43:35 +0000] "POST /wp-cron.php?doing_wp_cron=1784216615.8369319438934326171875 HTTP/1.1" 200 0 "-" "WordPress/7.0.1; https://oas.com.ng"
20.104.96.117 - - [16/Jul/2026:15:43:30 +0000] "GET /FWAZ.php HTTP/1.1" 200 2215 "-" "-"
20.104.96.117 - - [16/Jul/2026:15:43:36 +0000] "GET /miru1.php HTTP/1.1" 200 2215 "-" "-"
66.249.79.233 - - [16/Jul/2026:15:43:37 +0000] "GET /product/34428903552057 HTTP/1.1" 200 680 "-" "Mozilla/5.0 (Linux; Android 6.0.1; Nexus 5X Build/MMB29P) AppleWebKit/537.36 (KHTML, like Gecko) Chrome/150.0.7871.124 Mobile Safari/537.36 (compatible; Googlebot/2.1; +http://www.google.com/bot.html)"
66.249.79.233 - - [16/Jul/2026:15:43:37 +0000] "GET /product/38296721912653 HTTP/1.1" 200 680 "-" "Mozilla/5.0 (Linux; Android 6.0.1; Nexus 5X Build/MMB29P) AppleWebKit/537.36 (KHTML, like Gecko) Chrome/150.0.7871.124 Mobile Safari/537.36 (compatible; Googlebot/2.1; +http://www.google.com/bot.html)"
20.104.96.117 - - [16/Jul/2026:15:43:42 +0000] "GET //aa.php HTTP/1.1" 200 2215 "-" "-"
161.118.251.181 - - [16/Jul/2026:15:42:51 +0000] "POST //wp-login.php HTTP/1.1" 200 6694 "https://pctm.gov.ng//wp-login.php" "Mozilla/5.0 (Windows NT 10.0; Win64; x64) AppleWebKit/537.36 (KHTML, like Gecko) Chrome/88.0.4240.193 Safari/537.36"
161.118.251.181 - - [16/Jul/2026:15:42:51 +0000] "POST //wp-login.php HTTP/1.1" 200 6694 "https://pctm.gov.ng//wp-login.php" "Mozilla/5.0 (Windows NT 10.0; Win64; x64) AppleWebKit/537.36 (KHTML, like Gecko) Chrome/88.0.4240.193 Safari/537.36"
66.249.79.161 - - [16/Jul/2026:15:43:48 +0000] "GET /product/18991744436907 HTTP/1.1" 200 680 "-" "Mozilla/5.0 (Linux; Android 6.0.1; Nexus 5X Build/MMB29P) AppleWebKit/537.36 (KHTML, like Gecko) Chrome/150.0.7871.124 Mobile Safari/537.36 (compatible; Googlebot/2.1; +http://www.google.com/bot.html)"
20.104.96.117 - - [16/Jul/2026:15:43:49 +0000] "GET /122.php HTTP/1.1" 200 2215 "-" "-"
66.249.79.161 - - [16/Jul/2026:15:43:51 +0000] "GET /product/29407873143491 HTTP/1.1" 200 680 "-" "Mozilla/5.0 (Linux; Android 6.0.1; Nexus 5X Build/MMB29P) AppleWebKit/537.36 (KHTML, like Gecko) Chrome/150.0.7871.124 Mobile Safari/537.36 (compatible; Googlebot/2.1; +http://www.google.com/bot.html)"
20.104.96.117 - - [16/Jul/2026:15:43:56 +0000] "GET /get.php HTTP/1.1" 200 2215 "-" "-"
200.8.235.251 - - [16/Jul/2026:15:43:58 +0000] "GET /product/45043673297355 HTTP/1.1" 200 680 "https://oas.com.ng/sitemap-7.xml" "Mozilla/5.0 (Linux; Android 12; V2185) AppleWebKit/537.36 (KHTML, like Gecko) Chrome/145.0.5050.122 Mobile Safari/537.36 MicroMessenger/8.0.46(0x18001B3F) NetType/WIFI Language/zh_CN"
20.104.96.117 - - [16/Jul/2026:15:44:00 +0000] "GET /as.php HTTP/1.1" 200 2215 "-" "-"
20.104.96.117 - - [16/Jul/2026:15:44:06 +0000] "GET /ccou.php HTTP/1.1" 200 2215 "-" "-"
20.104.96.117 - - [16/Jul/2026:15:44:12 +0000] "GET /w3lls.php HTTP/1.1" 200 2215 "-" "-"
20.104.96.117 - - [16/Jul/2026:15:44:18 +0000] "GET /test1.php HTTP/1.1" 200 2215 "-" "-"
66.249.79.234 - - [16/Jul/2026:15:44:22 +0000] "GET /product/39067061535003 HTTP/1.1" 200 680 "-" "Mozilla/5.0 (Linux; Android 6.0.1; Nexus 5X Build/MMB29P) AppleWebKit/537.36 (KHTML, like Gecko) Chrome/150.0.7871.124 Mobile Safari/537.36 (compatible; Googlebot/2.1; +http://www.google.com/bot.html)"
20.104.96.117 - - [16/Jul/2026:15:44:25 +0000] "GET /database.php HTTP/1.1" 200 2215 "-" "-"
209.42.17.20 - - [16/Jul/2026:15:44:37 +0000] "POST /wp-cron.php?doing_wp_cron=1784216677.5172379016876220703125 HTTP/1.1" 200 0 "-" "WordPress/7.0.1; https://oas.com.ng"
20.104.96.117 - - [16/Jul/2026:15:44:31 +0000] "GET /file.php HTTP/1.1" 200 2215 "-" "-"
20.104.96.117 - - [16/Jul/2026:15:44:38 +0000] "GET /file.php HTTP/1.1" 200 2215 "-" "-"
66.249.79.162 - - [16/Jul/2026:15:44:44 +0000] "GET /product/12238433331934 HTTP/1.1" 200 680 "-" "Mozilla/5.0 (Linux; Android 6.0.1; Nexus 5X Build/MMB29P) AppleWebKit/537.36 (KHTML, like Gecko) Chrome/150.0.7871.124 Mobile Safari/537.36 (compatible; Googlebot/2.1; +http://www.google.com/bot.html)"
20.104.96.117 - - [16/Jul/2026:15:44:45 +0000] "GET /777.php HTTP/1.1" 200 2215 "-" "-"
161.118.251.181 - - [16/Jul/2026:15:43:51 +0000] "POST //wp-login.php HTTP/1.1" 200 6694 "https://pctm.gov.ng//wp-login.php" "Mozilla/5.0 (Windows NT 10.0; Win64; x64) AppleWebKit/537.36 (KHTML, like Gecko) Chrome/88.0.4240.193 Safari/537.36"
161.118.251.181 - - [16/Jul/2026:15:43:51 +0000] "POST //wp-login.php HTTP/1.1" 200 6694 "https://pctm.gov.ng//wp-login.php" "Mozilla/5.0 (Windows NT 10.0; Win64; x64) AppleWebKit/537.36 (KHTML, like Gecko) Chrome/88.0.4240.193 Safari/537.36"
66.249.79.163 - - [16/Jul/2026:15:44:46 +0000] "GET /product/34599366228625 HTTP/1.1" 200 680 "-" "Mozilla/5.0 (Linux; Android 6.0.1; Nexus 5X Build/MMB29P) AppleWebKit/537.36 (KHTML, like Gecko) Chrome/150.0.7871.124 Mobile Safari/537.36 (compatible; Googlebot/2.1; +http://www.google.com/bot.html)"
20.104.96.117 - - [16/Jul/2026:15:44:51 +0000] "GET /ssixta.php HTTP/1.1" 200 2215 "-" "-"
20.104.96.117 - - [16/Jul/2026:15:44:59 +0000] "GET /1c.php HTTP/1.1" 200 2215 "-" "-"
20.104.96.117 - - [16/Jul/2026:15:45:07 +0000] "GET /test2.php HTTP/1.1" 200 2215 "-" "-"
66.249.68.168 - - [16/Jul/2026:15:45:08 +0000] "GET /product/20780436269080 HTTP/1.1" 200 680 "-" "Mozilla/5.0 (Linux; Android 6.0.1; Nexus 5X Build/MMB29P) AppleWebKit/537.36 (KHTML, like Gecko) Chrome/150.0.7871.124 Mobile Safari/537.36 (compatible; Googlebot/2.1; +http://www.google.com/bot.html)"
20.104.96.117 - - [16/Jul/2026:15:45:14 +0000] "GET /buy.php HTTP/1.1" 200 2215 "-" "-"
66.249.79.162 - - [16/Jul/2026:15:45:15 +0000] "GET /product/38593066296568 HTTP/1.1" 200 680 "-" "Mozilla/5.0 (Linux; Android 6.0.1; Nexus 5X Build/MMB29P) AppleWebKit/537.36 (KHTML, like Gecko) Chrome/150.0.7871.124 Mobile Safari/537.36 (compatible; Googlebot/2.1; +http://www.google.com/bot.html)"
84.54.80.14 - - [16/Jul/2026:15:45:22 +0000] "GET /product/45042284782959 HTTP/1.1" 200 680 "https://oas.com.ng/sitemap-7.xml" "Mozilla/5.0 (iPhone; CPU iPhone OS 16_3 like Mac OS X) AppleWebKit/605.1.15 (KHTML, like Gecko) Version/16.3 Mobile/15E148 Safari/604.1"
20.104.96.117 - - [16/Jul/2026:15:45:22 +0000] "GET /ssend.php HTTP/1.1" 200 2215 "-" "-"
66.249.79.233 - - [16/Jul/2026:15:45:23 +0000] "GET /product/22652952868611 HTTP/1.1" 200 680 "-" "Mozilla/5.0 (Linux; Android 6.0.1; Nexus 5X Build/MMB29P) AppleWebKit/537.36 (KHTML, like Gecko) Chrome/150.0.7871.124 Mobile Safari/537.36 (compatible; Googlebot/2.1; +http://www.google.com/bot.html)"
66.249.79.235 - - [16/Jul/2026:15:45:25 +0000] "GET /product/10247985047677 HTTP/1.1" 200 680 "-" "Mozilla/5.0 (Linux; Android 6.0.1; Nexus 5X Build/MMB29P) AppleWebKit/537.36 (KHTML, like Gecko) Chrome/150.0.7871.124 Mobile Safari/537.36 (compatible; Googlebot/2.1; +http://www.google.com/bot.html)"
209.42.17.20 - - [16/Jul/2026:15:45:33 +0000] "POST /wp-cron.php?doing_wp_cron=1784216733.6347770690917968750000 HTTP/1.1" 200 0 "-" "WordPress/7.0.1; https://oas.com.ng"
20.104.96.117 - - [16/Jul/2026:15:45:29 +0000] "GET /item.php HTTP/1.1" 200 2215 "-" "-"
20.104.96.117 - - [16/Jul/2026:15:45:34 +0000] "GET /ss.php HTTP/1.1" 200 19700 "-" "-"
20.104.96.117 - - [16/Jul/2026:15:45:35 +0000] "GET /hypo.php HTTP/1.1" 200 2215 "-" "-"
66.249.79.161 - - [16/Jul/2026:15:45:36 +0000] "GET /product/42122785987499 HTTP/1.1" 200 680 "-" "Mozilla/5.0 (Linux; Android 6.0.1; Nexus 5X Build/MMB29P) AppleWebKit/537.36 (KHTML, like Gecko) Chrome/150.0.7871.124 Mobile Safari/537.36 (compatible; Googlebot/2.1; +http://www.google.com/bot.html)"
20.104.96.117 - - [16/Jul/2026:15:45:43 +0000] "GET /users.php HTTP/1.1" 200 2215 "-" "-"
161.118.251.181 - - [16/Jul/2026:15:44:52 +0000] "POST //wp-login.php HTTP/1.1" 200 6694 "https://pctm.gov.ng//wp-login.php" "Mozilla/5.0 (Windows NT 10.0; Win64; x64) AppleWebKit/537.36 (KHTML, like Gecko) Chrome/88.0.4240.193 Safari/537.36"
161.118.251.181 - - [16/Jul/2026:15:44:52 +0000] "POST //wp-login.php HTTP/1.1" 200 6694 "https://pctm.gov.ng//wp-login.php" "Mozilla/5.0 (Windows NT 10.0; Win64; x64) AppleWebKit/537.36 (KHTML, like Gecko) Chrome/88.0.4240.193 Safari/537.36"
20.104.96.117 - - [16/Jul/2026:15:45:51 +0000] "GET /177.php HTTP/1.1" 200 2215 "-" "-"
20.104.96.117 - - [16/Jul/2026:15:45:56 +0000] "GET /config.php HTTP/1.1" 200 2215 "-" "-"
20.104.96.117 - - [16/Jul/2026:15:46:02 +0000] "GET /0d.php HTTP/1.1" 200 2215 "-" "-"
66.249.79.162 - - [16/Jul/2026:15:46:03 +0000] "GET /product/46956002765406 HTTP/1.1" 200 680 "-" "Mozilla/5.0 (Linux; Android 6.0.1; Nexus 5X Build/MMB29P) AppleWebKit/537.36 (KHTML, like Gecko) Chrome/150.0.7871.124 Mobile Safari/537.36 (compatible; Googlebot/2.1; +http://www.google.com/bot.html)"
66.249.79.233 - - [16/Jul/2026:15:46:05 +0000] "GET /product/37088852547549 HTTP/1.1" 200 680 "-" "Mozilla/5.0 (Linux; Android 6.0.1; Nexus 5X Build/MMB29P) AppleWebKit/537.36 (KHTML, like Gecko) Chrome/150.0.7871.124 Mobile Safari/537.36 (compatible; Googlebot/2.1; +http://www.google.com/bot.html)"
66.249.79.162 - - [16/Jul/2026:15:46:06 +0000] "GET /product/28309554927556 HTTP/1.1" 200 680 "-" "Mozilla/5.0 (Linux; Android 6.0.1; Nexus 5X Build/MMB29P) AppleWebKit/537.36 (KHTML, like Gecko) Chrome/150.0.7871.124 Mobile Safari/537.36 (compatible; Googlebot/2.1; +http://www.google.com/bot.html)"
66.249.79.233 - - [16/Jul/2026:15:46:07 +0000] "GET /product/34647321963184 HTTP/1.1" 200 680 "-" "Mozilla/5.0 (Linux; Android 6.0.1; Nexus 5X Build/MMB29P) AppleWebKit/537.36 (KHTML, like Gecko) Chrome/150.0.7871.124 Mobile Safari/537.36 (compatible; Googlebot/2.1; +http://www.google.com/bot.html)"
20.104.96.117 - - [16/Jul/2026:15:46:10 +0000] "GET /gettest.php HTTP/1.1" 200 2215 "-" "-"
66.249.79.162 - - [16/Jul/2026:15:46:13 +0000] "GET /product/47403794572405 HTTP/1.1" 200 680 "-" "Mozilla/5.0 (Linux; Android 6.0.1; Nexus 5X Build/MMB29P) AppleWebKit/537.36 (KHTML, like Gecko) Chrome/150.0.7871.124 Mobile Safari/537.36 (compatible; Googlebot/2.1; +http://www.google.com/bot.html)"
66.249.79.234 - - [16/Jul/2026:15:46:20 +0000] "GET /product/18604381790127 HTTP/1.1" 200 680 "-" "Mozilla/5.0 (Linux; Android 6.0.1; Nexus 5X Build/MMB29P) AppleWebKit/537.36 (KHTML, like Gecko) Chrome/150.0.7871.124 Mobile Safari/537.36 (compatible; Googlebot/2.1; +http://www.google.com/bot.html)"
20.104.96.117 - - [16/Jul/2026:15:46:22 +0000] "GET /min.php HTTP/1.1" 200 2215 "-" "-"
66.249.79.161 - - [16/Jul/2026:15:46:26 +0000] "GET /product/23027824802459 HTTP/1.1" 200 680 "-" "Mozilla/5.0 (Linux; Android 6.0.1; Nexus 5X Build/MMB29P) AppleWebKit/537.36 (KHTML, like Gecko) Chrome/150.0.7871.124 Mobile Safari/537.36 (compatible; Googlebot/2.1; +http://www.google.com/bot.html)"
20.104.96.117 - - [16/Jul/2026:15:46:29 +0000] "GET /3PJcpMFsD8B.php HTTP/1.1" 200 2215 "-" "-"
209.42.17.20 - - [16/Jul/2026:15:46:34 +0000] "POST /wp-cron.php?doing_wp_cron=1784216794.3224060535430908203125 HTTP/1.1" 200 0 "-" "WordPress/7.0.1; https://oas.com.ng"
66.249.68.65 - - [16/Jul/2026:15:46:29 +0000] "GET /prizes/134028668 HTTP/1.1" 200 680 "-" "Mozilla/5.0 (Linux; Android 6.0.1; Nexus 5X Build/MMB29P) AppleWebKit/537.36 (KHTML, like Gecko) Chrome/150.0.7871.124 Mobile Safari/537.36 (compatible; Googlebot/2.1; +http://www.google.com/bot.html)"
66.249.79.233 - - [16/Jul/2026:15:46:33 +0000] "GET /product/28533712164499 HTTP/1.1" 200 680 "-" "Mozilla/5.0 (Linux; Android 6.0.1; Nexus 5X Build/MMB29P) AppleWebKit/537.36 (KHTML, like Gecko) Chrome/150.0.7871.124 Mobile Safari/537.36 (compatible; Googlebot/2.1; +http://www.google.com/bot.html)"
66.249.79.161 - - [16/Jul/2026:15:46:33 +0000] "GET /product/22003886476881 HTTP/1.1" 200 680 "-" "Mozilla/5.0 (Linux; Android 6.0.1; Nexus 5X Build/MMB29P) AppleWebKit/537.36 (KHTML, like Gecko) Chrome/150.0.7871.124 Mobile Safari/537.36 (compatible; Googlebot/2.1; +http://www.google.com/bot.html)"
20.104.96.117 - - [16/Jul/2026:15:46:35 +0000] "GET /dvjul.php HTTP/1.1" 200 2215 "-" "-"
66.249.79.161 - - [16/Jul/2026:15:46:35 +0000] "GET /product/36934206126594 HTTP/1.1" 200 680 "-" "Mozilla/5.0 (Linux; Android 6.0.1; Nexus 5X Build/MMB29P) AppleWebKit/537.36 (KHTML, like Gecko) Chrome/150.0.7871.124 Mobile Safari/537.36 (compatible; Googlebot/2.1; +http://www.google.com/bot.html)"
66.249.79.161 - - [16/Jul/2026:15:46:37 +0000] "GET /product/34562674433501 HTTP/1.1" 200 680 "-" "Mozilla/5.0 (Linux; Android 6.0.1; Nexus 5X Build/MMB29P) AppleWebKit/537.36 (KHTML, like Gecko) Chrome/150.0.7871.124 Mobile Safari/537.36 (compatible; Googlebot/2.1; +http://www.google.com/bot.html)"
66.249.79.233 - - [16/Jul/2026:15:46:42 +0000] "GET /product/37979851431636 HTTP/1.1" 200 680 "-" "Mozilla/5.0 (Linux; Android 6.0.1; Nexus 5X Build/MMB29P) AppleWebKit/537.36 (KHTML, like Gecko) Chrome/150.0.7871.124 Mobile Safari/537.36 (compatible; Googlebot/2.1; +http://www.google.com/bot.html)"
20.104.96.117 - - [16/Jul/2026:15:46:42 +0000] "GET /biufile.php HTTP/1.1" 200 2215 "-" "-"
66.249.79.161 - - [16/Jul/2026:15:46:43 +0000] "GET /product/26428894925135 HTTP/1.1" 200 680 "-" "Mozilla/5.0 (Linux; Android 6.0.1; Nexus 5X Build/MMB29P) AppleWebKit/537.36 (KHTML, like Gecko) Chrome/150.0.7871.124 Mobile Safari/537.36 (compatible; Googlebot/2.1; +http://www.google.com/bot.html)"
66.249.79.233 - - [16/Jul/2026:15:46:44 +0000] "GET /product/35523921807428 HTTP/1.1" 200 680 "-" "Mozilla/5.0 (Linux; Android 6.0.1; Nexus 5X Build/MMB29P) AppleWebKit/537.36 (KHTML, like Gecko) Chrome/150.0.7871.124 Mobile Safari/537.36 (compatible; Googlebot/2.1; +http://www.google.com/bot.html)"
161.118.251.181 - - [16/Jul/2026:15:45:50 +0000] "POST //wp-login.php HTTP/1.1" 200 6694 "https://pctm.gov.ng//wp-login.php" "Mozilla/5.0 (Windows NT 10.0; Win64; x64) AppleWebKit/537.36 (KHTML, like Gecko) Chrome/88.0.4240.193 Safari/537.36"
161.118.251.181 - - [16/Jul/2026:15:45:50 +0000] "POST //wp-login.php HTTP/1.1" 200 6694 "https://pctm.gov.ng//wp-login.php" "Mozilla/5.0 (Windows NT 10.0; Win64; x64) AppleWebKit/537.36 (KHTML, like Gecko) Chrome/88.0.4240.193 Safari/537.36"
144.124.196.53 - - [16/Jul/2026:15:46:46 +0000] "GET /product/45039474541314 HTTP/1.1" 200 680 "https://oas.com.ng/sitemap-7.xml" "Mozilla/5.0 (Linux; Android 14; M2102J20) AppleWebKit/537.36 (KHTML, like Gecko) Chrome/153.0.5565.80 Mobile Safari/537.36"
20.104.96.117 - - [16/Jul/2026:15:46:48 +0000] "GET //av.php HTTP/1.1" 200 2215 "-" "-"
66.249.79.233 - - [16/Jul/2026:15:46:50 +0000] "GET /product/12234553238795 HTTP/1.1" 200 680 "-" "Mozilla/5.0 (Linux; Android 6.0.1; Nexus 5X Build/MMB29P) AppleWebKit/537.36 (KHTML, like Gecko) Chrome/150.0.7871.124 Mobile Safari/537.36 (compatible; Googlebot/2.1; +http://www.google.com/bot.html)"
66.249.79.161 - - [16/Jul/2026:15:46:51 +0000] "GET /product/49791294083785 HTTP/1.1" 200 680 "-" "Mozilla/5.0 (Linux; Android 6.0.1; Nexus 5X Build/MMB29P) AppleWebKit/537.36 (KHTML, like Gecko) Chrome/150.0.7871.124 Mobile Safari/537.36 (compatible; Googlebot/2.1; +http://www.google.com/bot.html)"
66.249.79.233 - - [16/Jul/2026:15:46:53 +0000] "GET /product/20862504950484 HTTP/1.1" 200 680 "-" "Mozilla/5.0 (Linux; Android 6.0.1; Nexus 5X Build/MMB29P) AppleWebKit/537.36 (KHTML, like Gecko) Chrome/150.0.7871.124 Mobile Safari/537.36 (compatible; Googlebot/2.1; +http://www.google.com/bot.html)"
20.104.96.117 - - [16/Jul/2026:15:46:55 +0000] "GET /coffexium.php HTTP/1.1" 200 2215 "-" "-"
66.249.79.161 - - [16/Jul/2026:15:46:56 +0000] "GET /product/37070833654539 HTTP/1.1" 200 680 "-" "Mozilla/5.0 (Linux; Android 6.0.1; Nexus 5X Build/MMB29P) AppleWebKit/537.36 (KHTML, like Gecko) Chrome/150.0.7871.124 Mobile Safari/537.36 (compatible; Googlebot/2.1; +http://www.google.com/bot.html)"
20.104.96.117 - - [16/Jul/2026:15:47:01 +0000] "GET /app.php HTTP/1.1" 200 2215 "-" "-"
66.249.79.234 - - [16/Jul/2026:15:47:01 +0000] "GET /product/49743812451514 HTTP/1.1" 200 680 "-" "Mozilla/5.0 (Linux; Android 6.0.1; Nexus 5X Build/MMB29P) AppleWebKit/537.36 (KHTML, like Gecko) Chrome/150.0.7871.124 Mobile Safari/537.36 (compatible; Googlebot/2.1; +http://www.google.com/bot.html)"
66.249.79.161 - - [16/Jul/2026:15:47:02 +0000] "GET /product/46357465500718 HTTP/1.1" 200 680 "-" "Mozilla/5.0 (Linux; Android 6.0.1; Nexus 5X Build/MMB29P) AppleWebKit/537.36 (KHTML, like Gecko) Chrome/150.0.7871.124 Mobile Safari/537.36 (compatible; Googlebot/2.1; +http://www.google.com/bot.html)"
20.104.96.117 - - [16/Jul/2026:15:47:08 +0000] "GET /core.php HTTP/1.1" 200 2215 "-" "-"
66.249.79.161 - - [16/Jul/2026:15:47:10 +0000] "GET /product/18457415521478 HTTP/1.1" 200 680 "-" "Mozilla/5.0 (Linux; Android 6.0.1; Nexus 5X Build/MMB29P) AppleWebKit/537.36 (KHTML, like Gecko) Chrome/150.0.7871.124 Mobile Safari/537.36 (compatible; Googlebot/2.1; +http://www.google.com/bot.html)"
66.249.79.234 - - [16/Jul/2026:15:47:10 +0000] "GET /product/29228251963161 HTTP/1.1" 200 680 "-" "Mozilla/5.0 (Linux; Android 6.0.1; Nexus 5X Build/MMB29P) AppleWebKit/537.36 (KHTML, like Gecko) Chrome/150.0.7871.124 Mobile Safari/537.36 (compatible; Googlebot/2.1; +http://www.google.com/bot.html)"
20.104.96.117 - - [16/Jul/2026:15:47:15 +0000] "GET /header.php HTTP/1.1" 200 2215 "-" "-"
66.249.79.233 - - [16/Jul/2026:15:47:16 +0000] "GET /product/37960272934944 HTTP/1.1" 200 680 "-" "Mozilla/5.0 (Linux; Android 6.0.1; Nexus 5X Build/MMB29P) AppleWebKit/537.36 (KHTML, like Gecko) Chrome/150.0.7871.124 Mobile Safari/537.36 (compatible; Googlebot/2.1; +http://www.google.com/bot.html)"
66.249.79.233 - - [16/Jul/2026:15:47:19 +0000] "GET /product/49855862899245 HTTP/1.1" 200 680 "-" "Mozilla/5.0 (Linux; Android 6.0.1; Nexus 5X Build/MMB29P) AppleWebKit/537.36 (KHTML, like Gecko) Chrome/150.0.7871.124 Mobile Safari/537.36 (compatible; Googlebot/2.1; +http://www.google.com/bot.html)"
66.249.79.161 - - [16/Jul/2026:15:47:19 +0000] "GET /product/44263245670191 HTTP/1.1" 200 680 "-" "Mozilla/5.0 (Linux; Android 6.0.1; Nexus 5X Build/MMB29P) AppleWebKit/537.36 (KHTML, like Gecko) Chrome/150.0.7871.124 Mobile Safari/537.36 (compatible; Googlebot/2.1; +http://www.google.com/bot.html)"
20.104.96.117 - - [16/Jul/2026:15:47:20 +0000] "GET /als.php HTTP/1.1" 200 2215 "-" "-"
66.249.79.233 - - [16/Jul/2026:15:47:26 +0000] "GET /product/41330341830870 HTTP/1.1" 200 680 "-" "Mozilla/5.0 (Linux; Android 6.0.1; Nexus 5X Build/MMB29P) AppleWebKit/537.36 (KHTML, like Gecko) Chrome/150.0.7871.124 Mobile Safari/537.36 (compatible; Googlebot/2.1; +http://www.google.com/bot.html)"
66.249.79.233 - - [16/Jul/2026:15:47:27 +0000] "GET /product/49037222017338 HTTP/1.1" 200 680 "-" "Mozilla/5.0 (Linux; Android 6.0.1; Nexus 5X Build/MMB29P) AppleWebKit/537.36 (KHTML, like Gecko) Chrome/150.0.7871.124 Mobile Safari/537.36 (compatible; Googlebot/2.1; +http://www.google.com/bot.html)"
66.249.79.161 - - [16/Jul/2026:15:47:27 +0000] "GET /product/37049714375541 HTTP/1.1" 200 680 "-" "Mozilla/5.0 (Linux; Android 6.0.1; Nexus 5X Build/MMB29P) AppleWebKit/537.36 (KHTML, like Gecko) Chrome/150.0.7871.124 Mobile Safari/537.36 (compatible; Googlebot/2.1; +http://www.google.com/bot.html)"
209.42.17.20 - - [16/Jul/2026:15:47:35 +0000] "POST /wp-cron.php?doing_wp_cron=1784216855.8154089450836181640625 HTTP/1.1" 200 0 "-" "WordPress/7.0.1; https://oas.com.ng"
20.104.96.117 - - [16/Jul/2026:15:47:30 +0000] "GET /simple.php HTTP/1.1" 200 2215 "-" "-"
66.249.79.161 - - [16/Jul/2026:15:47:33 +0000] "GET /product/46986165677508 HTTP/1.1" 200 680 "-" "Mozilla/5.0 (Linux; Android 6.0.1; Nexus 5X Build/MMB29P) AppleWebKit/537.36 (KHTML, like Gecko) Chrome/150.0.7871.124 Mobile Safari/537.36 (compatible; Googlebot/2.1; +http://www.google.com/bot.html)"
66.249.79.233 - - [16/Jul/2026:15:47:34 +0000] "GET /product/17942263109846 HTTP/1.1" 200 680 "-" "Mozilla/5.0 (Linux; Android 6.0.1; Nexus 5X Build/MMB29P) AppleWebKit/537.36 (KHTML, like Gecko) Chrome/150.0.7871.124 Mobile Safari/537.36 (compatible; Googlebot/2.1; +http://www.google.com/bot.html)"
66.249.79.161 - - [16/Jul/2026:15:47:35 +0000] "GET /product/25488825803216 HTTP/1.1" 200 680 "-" "Mozilla/5.0 (Linux; Android 6.0.1; Nexus 5X Build/MMB29P) AppleWebKit/537.36 (KHTML, like Gecko) Chrome/150.0.7871.124 Mobile Safari/537.36 (compatible; Googlebot/2.1; +http://www.google.com/bot.html)"
20.104.96.117 - - [16/Jul/2026:15:47:37 +0000] "GET /init.php HTTP/1.1" 200 2215 "-" "-"
66.249.79.233 - - [16/Jul/2026:15:47:44 +0000] "GET /product/45243743100669 HTTP/1.1" 200 680 "-" "Mozilla/5.0 (Linux; Android 6.0.1; Nexus 5X Build/MMB29P) AppleWebKit/537.36 (KHTML, like Gecko) Chrome/150.0.7871.124 Mobile Safari/537.36 (compatible; Googlebot/2.1; +http://www.google.com/bot.html)"
66.249.79.233 - - [16/Jul/2026:15:47:43 +0000] "GET /product/13416991972013 HTTP/1.1" 200 680 "-" "Mozilla/5.0 (Linux; Android 6.0.1; Nexus 5X Build/MMB29P) AppleWebKit/537.36 (KHTML, like Gecko) Chrome/150.0.7871.124 Mobile Safari/537.36 (compatible; Googlebot/2.1; +http://www.google.com/bot.html)"
209.42.17.20 - - [16/Jul/2026:15:47:47 +0000] "POST /wp-cron.php?doing_wp_cron=1784216867.9164280891418457031250 HTTP/1.1" 200 0 "-" "WordPress/7.0.1; https://oas.com.ng"
66.249.79.161 - - [16/Jul/2026:15:47:44 +0000] "GET /product/38267142859285 HTTP/1.1" 200 680 "-" "Mozilla/5.0 (Linux; Android 6.0.1; Nexus 5X Build/MMB29P) AppleWebKit/537.36 (KHTML, like Gecko) Chrome/150.0.7871.124 Mobile Safari/537.36 (compatible; Googlebot/2.1; +http://www.google.com/bot.html)"
161.118.251.181 - - [16/Jul/2026:15:46:52 +0000] "POST //wp-login.php HTTP/1.1" 200 6694 "https://pctm.gov.ng//wp-login.php" "Mozilla/5.0 (Windows NT 10.0; Win64; x64) AppleWebKit/537.36 (KHTML, like Gecko) Chrome/88.0.4240.193 Safari/537.36"
20.104.96.117 - - [16/Jul/2026:15:47:45 +0000] "GET /fpwch.php HTTP/1.1" 200 2215 "-" "-"
161.118.251.181 - - [16/Jul/2026:15:46:51 +0000] "POST //wp-login.php HTTP/1.1" 200 6694 "https://pctm.gov.ng//wp-login.php" "Mozilla/5.0 (Windows NT 10.0; Win64; x64) AppleWebKit/537.36 (KHTML, like Gecko) Chrome/88.0.4240.193 Safari/537.36"
66.249.79.233 - - [16/Jul/2026:15:47:51 +0000] "GET /product/19163604619534 HTTP/1.1" 200 680 "-" "Mozilla/5.0 (Linux; Android 6.0.1; Nexus 5X Build/MMB29P) AppleWebKit/537.36 (KHTML, like Gecko) Chrome/150.0.7871.124 Mobile Safari/537.36 (compatible; Googlebot/2.1; +http://www.google.com/bot.html)"
20.104.96.117 - - [16/Jul/2026:15:47:53 +0000] "GET /domvf.php HTTP/1.1" 200 2215 "-" "-"
66.249.79.161 - - [16/Jul/2026:15:47:55 +0000] "GET /product/14608976399945 HTTP/1.1" 200 680 "-" "Mozilla/5.0 (Linux; Android 6.0.1; Nexus 5X Build/MMB29P) AppleWebKit/537.36 (KHTML, like Gecko) Chrome/150.0.7871.124 Mobile Safari/537.36 (compatible; Googlebot/2.1; +http://www.google.com/bot.html)"
66.249.79.161 - - [16/Jul/2026:15:47:57 +0000] "GET /product/24800943762899 HTTP/1.1" 200 680 "-" "Mozilla/5.0 (Linux; Android 6.0.1; Nexus 5X Build/MMB29P) AppleWebKit/537.36 (KHTML, like Gecko) Chrome/150.0.7871.124 Mobile Safari/537.36 (compatible; Googlebot/2.1; +http://www.google.com/bot.html)"
20.104.96.117 - - [16/Jul/2026:15:47:59 +0000] "GET //wp.php HTTP/1.1" 200 2215 "-" "-"
