66.249.79.162 - - [16/Jul/2026:14:29:37 +0000] "GET /product/38762746481087 HTTP/1.1" 200 680 "-" "Mozilla/5.0 (Linux; Android 6.0.1; Nexus 5X Build/MMB29P) AppleWebKit/537.36 (KHTML, like Gecko) Chrome/150.0.7871.124 Mobile Safari/537.36 (compatible; Googlebot/2.1; +http://www.google.com/bot.html)"
66.249.79.233 - - [16/Jul/2026:14:29:40 +0000] "GET /product/39682913723230 HTTP/1.1" 200 680 "-" "Mozilla/5.0 (Linux; Android 6.0.1; Nexus 5X Build/MMB29P) AppleWebKit/537.36 (KHTML, like Gecko) Chrome/150.0.7871.124 Mobile Safari/537.36 (compatible; Googlebot/2.1; +http://www.google.com/bot.html)"
66.249.79.233 - - [16/Jul/2026:14:29:42 +0000] "GET /product/13913684224388 HTTP/1.1" 200 680 "-" "Mozilla/5.0 (Linux; Android 6.0.1; Nexus 5X Build/MMB29P) AppleWebKit/537.36 (KHTML, like Gecko) Chrome/150.0.7871.124 Mobile Safari/537.36 (compatible; Googlebot/2.1; +http://www.google.com/bot.html)"
66.249.79.161 - - [16/Jul/2026:14:29:43 +0000] "GET /product/15953563748574 HTTP/1.1" 200 680 "-" "Mozilla/5.0 (Linux; Android 6.0.1; Nexus 5X Build/MMB29P) AppleWebKit/537.36 (KHTML, like Gecko) Chrome/150.0.7871.124 Mobile Safari/537.36 (compatible; Googlebot/2.1; +http://www.google.com/bot.html)"
66.249.79.233 - - [16/Jul/2026:14:29:45 +0000] "GET /product/26887094796168 HTTP/1.1" 200 680 "-" "Mozilla/5.0 (Linux; Android 6.0.1; Nexus 5X Build/MMB29P) AppleWebKit/537.36 (KHTML, like Gecko) Chrome/150.0.7871.124 Mobile Safari/537.36 (compatible; Googlebot/2.1; +http://www.google.com/bot.html)"
66.249.68.168 - - [16/Jul/2026:14:29:48 +0000] "GET /product/36304407639067 HTTP/1.1" 200 680 "-" "Mozilla/5.0 (Linux; Android 6.0.1; Nexus 5X Build/MMB29P) AppleWebKit/537.36 (KHTML, like Gecko) Chrome/150.0.7871.124 Mobile Safari/537.36 (compatible; Googlebot/2.1; +http://www.google.com/bot.html)"
66.249.79.233 - - [16/Jul/2026:14:29:50 +0000] "GET /product/35378073555671 HTTP/1.1" 200 680 "-" "Mozilla/5.0 (Linux; Android 6.0.1; Nexus 5X Build/MMB29P) AppleWebKit/537.36 (KHTML, like Gecko) Chrome/150.0.7871.124 Mobile Safari/537.36 (compatible; Googlebot/2.1; +http://www.google.com/bot.html)"
66.249.79.161 - - [16/Jul/2026:14:29:52 +0000] "GET /product/20346535338966 HTTP/1.1" 200 680 "-" "Mozilla/5.0 (Linux; Android 6.0.1; Nexus 5X Build/MMB29P) AppleWebKit/537.36 (KHTML, like Gecko) Chrome/150.0.7871.124 Mobile Safari/537.36 (compatible; Googlebot/2.1; +http://www.google.com/bot.html)"
66.249.79.233 - - [16/Jul/2026:14:29:54 +0000] "GET /product/37067905201128 HTTP/1.1" 200 680 "-" "Mozilla/5.0 (Linux; Android 6.0.1; Nexus 5X Build/MMB29P) AppleWebKit/537.36 (KHTML, like Gecko) Chrome/150.0.7871.124 Mobile Safari/537.36 (compatible; Googlebot/2.1; +http://www.google.com/bot.html)"
66.249.79.161 - - [16/Jul/2026:14:29:58 +0000] "GET /product/49130595524132 HTTP/1.1" 200 680 "-" "Mozilla/5.0 (Linux; Android 6.0.1; Nexus 5X Build/MMB29P) AppleWebKit/537.36 (KHTML, like Gecko) Chrome/150.0.7871.124 Mobile Safari/537.36 (compatible; Googlebot/2.1; +http://www.google.com/bot.html)"
66.249.79.233 - - [16/Jul/2026:14:29:59 +0000] "GET /product/16902221960127 HTTP/1.1" 200 680 "-" "Mozilla/5.0 (Linux; Android 6.0.1; Nexus 5X Build/MMB29P) AppleWebKit/537.36 (KHTML, like Gecko) Chrome/150.0.7871.124 Mobile Safari/537.36 (compatible; Googlebot/2.1; +http://www.google.com/bot.html)"
66.249.79.233 - - [16/Jul/2026:14:30:00 +0000] "GET /product/12316454559365 HTTP/1.1" 200 680 "-" "Mozilla/5.0 (Linux; Android 6.0.1; Nexus 5X Build/MMB29P) AppleWebKit/537.36 (KHTML, like Gecko) Chrome/150.0.7871.124 Mobile Safari/537.36 (compatible; Googlebot/2.1; +http://www.google.com/bot.html)"
102.0.7.236 - - [16/Jul/2026:14:30:10 +0000] "GET /product/45572423162420 HTTP/1.1" 200 680 "https://oas.com.ng/sitemap-8.xml" "Mozilla/5.0 (Linux; Android 14; M2102J26) AppleWebKit/537.36 (KHTML, like Gecko) Chrome/150.0.5895.106 Mobile Safari/537.36 MicroMessenger/8.0.46(0x18001B3F) NetType/WIFI Language/zh_CN"
66.249.79.161 - - [16/Jul/2026:14:30:11 +0000] "GET /product/11880336665968 HTTP/1.1" 200 680 "-" "Mozilla/5.0 (Linux; Android 6.0.1; Nexus 5X Build/MMB29P) AppleWebKit/537.36 (KHTML, like Gecko) Chrome/150.0.7871.124 Mobile Safari/537.36 (compatible; Googlebot/2.1; +http://www.google.com/bot.html)"
66.249.79.233 - - [16/Jul/2026:14:30:12 +0000] "GET /product/24853415145334 HTTP/1.1" 200 680 "-" "Mozilla/5.0 (Linux; Android 6.0.1; Nexus 5X Build/MMB29P) AppleWebKit/537.36 (KHTML, like Gecko) Chrome/150.0.7871.124 Mobile Safari/537.36 (compatible; Googlebot/2.1; +http://www.google.com/bot.html)"
66.249.79.233 - - [16/Jul/2026:14:30:14 +0000] "GET /product/31760444236844 HTTP/1.1" 200 680 "-" "Mozilla/5.0 (Linux; Android 6.0.1; Nexus 5X Build/MMB29P) AppleWebKit/537.36 (KHTML, like Gecko) Chrome/150.0.7871.124 Mobile Safari/537.36 (compatible; Googlebot/2.1; +http://www.google.com/bot.html)"
66.249.68.64 - - [16/Jul/2026:14:30:19 +0000] "GET /product/34890494924819 HTTP/1.1" 200 680 "-" "Mozilla/5.0 (Linux; Android 6.0.1; Nexus 5X Build/MMB29P) AppleWebKit/537.36 (KHTML, like Gecko) Chrome/150.0.7871.124 Mobile Safari/537.36 (compatible; Googlebot/2.1; +http://www.google.com/bot.html)"
66.249.79.233 - - [16/Jul/2026:14:30:23 +0000] "GET /product/15118794330993 HTTP/1.1" 200 680 "-" "Mozilla/5.0 (Linux; Android 6.0.1; Nexus 5X Build/MMB29P) AppleWebKit/537.36 (KHTML, like Gecko) Chrome/150.0.7871.124 Mobile Safari/537.36 (compatible; Googlebot/2.1; +http://www.google.com/bot.html)"
209.42.17.20 - - [16/Jul/2026:14:30:37 +0000] "POST /wp-cron.php?doing_wp_cron=1784212237.5316500663757324218750 HTTP/1.1" 200 0 "-" "WordPress/7.0.1; https://oas.com.ng"
66.249.79.233 - - [16/Jul/2026:14:30:32 +0000] "GET /product/32364624503227 HTTP/1.1" 200 680 "-" "Mozilla/5.0 (Linux; Android 6.0.1; Nexus 5X Build/MMB29P) AppleWebKit/537.36 (KHTML, like Gecko) Chrome/150.0.7871.124 Mobile Safari/537.36 (compatible; Googlebot/2.1; +http://www.google.com/bot.html)"
66.249.68.64 - - [16/Jul/2026:14:30:33 +0000] "GET /product/29621425916628 HTTP/1.1" 200 680 "-" "Mozilla/5.0 (Linux; Android 6.0.1; Nexus 5X Build/MMB29P) AppleWebKit/537.36 (KHTML, like Gecko) Chrome/150.0.7871.124 Mobile Safari/537.36 (compatible; Googlebot/2.1; +http://www.google.com/bot.html)"
66.249.79.161 - - [16/Jul/2026:14:30:40 +0000] "GET /product/31804823502071 HTTP/1.1" 200 680 "-" "Mozilla/5.0 (Linux; Android 6.0.1; Nexus 5X Build/MMB29P) AppleWebKit/537.36 (KHTML, like Gecko) Chrome/150.0.7871.124 Mobile Safari/537.36 (compatible; Googlebot/2.1; +http://www.google.com/bot.html)"
66.249.68.64 - - [16/Jul/2026:14:30:41 +0000] "GET /product/49480963675202 HTTP/1.1" 200 680 "-" "Mozilla/5.0 (Linux; Android 6.0.1; Nexus 5X Build/MMB29P) AppleWebKit/537.36 (KHTML, like Gecko) Chrome/150.0.7871.124 Mobile Safari/537.36 (compatible; Googlebot/2.1; +http://www.google.com/bot.html)"
66.249.79.233 - - [16/Jul/2026:14:30:47 +0000] "GET /shop/pg/89720855-4 HTTP/1.1" 200 680 "-" "Mozilla/5.0 (Linux; Android 6.0.1; Nexus 5X Build/MMB29P) AppleWebKit/537.36 (KHTML, like Gecko) Chrome/150.0.7871.124 Mobile Safari/537.36 (compatible; Googlebot/2.1; +http://www.google.com/bot.html)"
66.249.79.233 - - [16/Jul/2026:14:30:48 +0000] "GET /product/38379272863492 HTTP/1.1" 200 680 "-" "Mozilla/5.0 (Linux; Android 6.0.1; Nexus 5X Build/MMB29P) AppleWebKit/537.36 (KHTML, like Gecko) Chrome/150.0.7871.124 Mobile Safari/537.36 (compatible; Googlebot/2.1; +http://www.google.com/bot.html)"
102.100.136.176 - - [16/Jul/2026:14:30:52 +0000] "GET /product/27808735967489 HTTP/2" 200 680 "-" "Mozilla/5.0 (Linux; Android 6.0; Nexus 5 Build/MRA58N) AppleWebKit/537.36 (KHTML, like Gecko) Chrome/39.0.5091.1253 Mobile Safari/537.36"
66.249.68.64 - - [16/Jul/2026:14:30:53 +0000] "GET /product/35750596285285 HTTP/1.1" 200 680 "-" "Mozilla/5.0 (Linux; Android 6.0.1; Nexus 5X Build/MMB29P) AppleWebKit/537.36 (KHTML, like Gecko) Chrome/150.0.7871.124 Mobile Safari/537.36 (compatible; Googlebot/2.1; +http://www.google.com/bot.html)"
66.249.79.233 - - [16/Jul/2026:14:30:57 +0000] "GET /product/35782542734822 HTTP/1.1" 200 680 "-" "Mozilla/5.0 (Linux; Android 6.0.1; Nexus 5X Build/MMB29P) AppleWebKit/537.36 (KHTML, like Gecko) Chrome/150.0.7871.124 Mobile Safari/537.36 (compatible; Googlebot/2.1; +http://www.google.com/bot.html)"
66.249.79.235 - - [16/Jul/2026:14:31:03 +0000] "GET /product/24202552604335 HTTP/1.1" 200 680 "-" "Mozilla/5.0 (Linux; Android 6.0.1; Nexus 5X Build/MMB29P) AppleWebKit/537.36 (KHTML, like Gecko) Chrome/150.0.7871.124 Mobile Safari/537.36 (compatible; Googlebot/2.1; +http://www.google.com/bot.html)"
66.249.79.234 - - [16/Jul/2026:14:31:08 +0000] "GET /product/24381293313360 HTTP/1.1" 200 680 "-" "Mozilla/5.0 (Linux; Android 6.0.1; Nexus 5X Build/MMB29P) AppleWebKit/537.36 (KHTML, like Gecko) Chrome/150.0.7871.124 Mobile Safari/537.36 (compatible; Googlebot/2.1; +http://www.google.com/bot.html)"
66.249.79.161 - - [16/Jul/2026:14:31:11 +0000] "GET /prizes/52173866 HTTP/1.1" 200 680 "-" "Mozilla/5.0 (Linux; Android 6.0.1; Nexus 5X Build/MMB29P) AppleWebKit/537.36 (KHTML, like Gecko) Chrome/150.0.7871.124 Mobile Safari/537.36 (compatible; Googlebot/2.1; +http://www.google.com/bot.html)"
66.249.79.233 - - [16/Jul/2026:14:31:13 +0000] "GET /product/13007875215199 HTTP/1.1" 200 680 "-" "Mozilla/5.0 (Linux; Android 6.0.1; Nexus 5X Build/MMB29P) AppleWebKit/537.36 (KHTML, like Gecko) Chrome/150.0.7871.124 Mobile Safari/537.36 (compatible; Googlebot/2.1; +http://www.google.com/bot.html)"
66.249.79.233 - - [16/Jul/2026:14:31:14 +0000] "GET /product/11831654741904 HTTP/1.1" 200 680 "-" "Mozilla/5.0 (Linux; Android 6.0.1; Nexus 5X Build/MMB29P) AppleWebKit/537.36 (KHTML, like Gecko) Chrome/150.0.7871.124 Mobile Safari/537.36 (compatible; Googlebot/2.1; +http://www.google.com/bot.html)"
52.167.144.184 - - [16/Jul/2026:14:31:14 +0000] "GET /product/40225327139277 HTTP/2" 200 680 "-" "Mozilla/5.0 AppleWebKit/537.36 (KHTML, like Gecko; compatible; bingbot/2.0; +http://www.bing.com/bingbot.htm) Chrome/116.0.1938.76 Safari/537.36"
66.249.68.64 - - [16/Jul/2026:14:31:17 +0000] "GET /prizes/125235446 HTTP/1.1" 200 680 "-" "Mozilla/5.0 (Linux; Android 6.0.1; Nexus 5X Build/MMB29P) AppleWebKit/537.36 (KHTML, like Gecko) Chrome/150.0.7871.124 Mobile Safari/537.36 (compatible; Googlebot/2.1; +http://www.google.com/bot.html)"
66.249.79.233 - - [16/Jul/2026:14:31:21 +0000] "GET /product/25499683482362 HTTP/1.1" 200 680 "-" "Mozilla/5.0 (Linux; Android 6.0.1; Nexus 5X Build/MMB29P) AppleWebKit/537.36 (KHTML, like Gecko) Chrome/150.0.7871.124 Mobile Safari/537.36 (compatible; Googlebot/2.1; +http://www.google.com/bot.html)"
66.249.79.233 - - [16/Jul/2026:14:31:25 +0000] "GET /product/48075463327070 HTTP/1.1" 200 680 "-" "Mozilla/5.0 (Linux; Android 6.0.1; Nexus 5X Build/MMB29P) AppleWebKit/537.36 (KHTML, like Gecko) Chrome/150.0.7871.124 Mobile Safari/537.36 (compatible; Googlebot/2.1; +http://www.google.com/bot.html)"
129.222.206.240 - - [16/Jul/2026:14:31:27 +0000] "GET /product/19476954723976 HTTP/2" 200 680 "https://oas.com.ng/" "Mozilla/5.0 (Linux; Android 14; Pixel 6 Pro) AppleWebKit/537.36 (KHTML, like Gecko) Chrome/122.0.6261.119 Mobile Safari/537.36 OPR/81.2.4292.78581"
209.42.17.20 - - [16/Jul/2026:14:31:37 +0000] "POST /wp-cron.php?doing_wp_cron=1784212297.4150969982147216796875 HTTP/1.1" 200 0 "-" "WordPress/7.0.1; https://oas.com.ng"
66.249.79.233 - - [16/Jul/2026:14:31:31 +0000] "GET /product/43249634104943 HTTP/1.1" 200 680 "-" "Mozilla/5.0 (Linux; Android 6.0.1; Nexus 5X Build/MMB29P) AppleWebKit/537.36 (KHTML, like Gecko) Chrome/150.0.7871.124 Mobile Safari/537.36 (compatible; Googlebot/2.1; +http://www.google.com/bot.html)"
154.161.37.218 - - [16/Jul/2026:14:31:33 +0000] "GET /product/45512494740924 HTTP/1.1" 200 680 "https://oas.com.ng/sitemap-2.xml" "Mozilla/5.0 (iPhone; CPU iPhone OS 17_2 like Mac OS X) AppleWebKit/605.1.15 (KHTML, like Gecko) Version/17.2 Mobile/15E148 Safari/604.1"
66.249.79.233 - - [16/Jul/2026:14:31:40 +0000] "GET /product/13995653067467 HTTP/1.1" 200 680 "-" "Mozilla/5.0 (Linux; Android 6.0.1; Nexus 5X Build/MMB29P) AppleWebKit/537.36 (KHTML, like Gecko) Chrome/150.0.7871.124 Mobile Safari/537.36 (compatible; Googlebot/2.1; +http://www.google.com/bot.html)"
161.118.251.181 - - [16/Jul/2026:14:27:06 +0000] "POST //wp-login.php HTTP/1.1" 200 6694 "https://pctm.gov.ng//wp-login.php" "Mozilla/5.0 (Windows NT 10.0; Win64; x64) AppleWebKit/537.36 (KHTML, like Gecko) Chrome/88.0.4240.193 Safari/537.36"
161.118.251.181 - - [16/Jul/2026:14:27:06 +0000] "POST //wp-login.php HTTP/1.1" 200 6694 "https://pctm.gov.ng//wp-login.php" "Mozilla/5.0 (Windows NT 10.0; Win64; x64) AppleWebKit/537.36 (KHTML, like Gecko) Chrome/88.0.4240.193 Safari/537.36"
161.118.251.181 - - [16/Jul/2026:14:28:07 +0000] "POST //wp-login.php HTTP/1.1" 200 6694 "https://pctm.gov.ng//wp-login.php" "Mozilla/5.0 (Windows NT 10.0; Win64; x64) AppleWebKit/537.36 (KHTML, like Gecko) Chrome/88.0.4240.193 Safari/537.36"
161.118.251.181 - - [16/Jul/2026:14:28:07 +0000] "POST //wp-login.php HTTP/1.1" 200 6694 "https://pctm.gov.ng//wp-login.php" "Mozilla/5.0 (Windows NT 10.0; Win64; x64) AppleWebKit/537.36 (KHTML, like Gecko) Chrome/88.0.4240.193 Safari/537.36"
161.118.251.181 - - [16/Jul/2026:14:29:07 +0000] "POST //wp-login.php HTTP/1.1" 200 6694 "https://pctm.gov.ng//wp-login.php" "Mozilla/5.0 (Windows NT 10.0; Win64; x64) AppleWebKit/537.36 (KHTML, like Gecko) Chrome/88.0.4240.193 Safari/537.36"
161.118.251.181 - - [16/Jul/2026:14:29:07 +0000] "POST //wp-login.php HTTP/1.1" 200 6694 "https://pctm.gov.ng//wp-login.php" "Mozilla/5.0 (Windows NT 10.0; Win64; x64) AppleWebKit/537.36 (KHTML, like Gecko) Chrome/88.0.4240.193 Safari/537.36"
161.118.251.181 - - [16/Jul/2026:14:30:08 +0000] "POST //wp-login.php HTTP/1.1" 200 6694 "https://pctm.gov.ng//wp-login.php" "Mozilla/5.0 (Windows NT 10.0; Win64; x64) AppleWebKit/537.36 (KHTML, like Gecko) Chrome/88.0.4240.193 Safari/537.36"
161.118.251.181 - - [16/Jul/2026:14:30:08 +0000] "POST //wp-login.php HTTP/1.1" 200 6694 "https://pctm.gov.ng//wp-login.php" "Mozilla/5.0 (Windows NT 10.0; Win64; x64) AppleWebKit/537.36 (KHTML, like Gecko) Chrome/88.0.4240.193 Safari/537.36"
161.118.251.181 - - [16/Jul/2026:14:31:08 +0000] "POST //wp-login.php HTTP/1.1" 200 6694 "https://pctm.gov.ng//wp-login.php" "Mozilla/5.0 (Windows NT 10.0; Win64; x64) AppleWebKit/537.36 (KHTML, like Gecko) Chrome/88.0.4240.193 Safari/537.36"
161.118.251.181 - - [16/Jul/2026:14:31:07 +0000] "POST //wp-login.php HTTP/1.1" 200 6694 "https://pctm.gov.ng//wp-login.php" "Mozilla/5.0 (Windows NT 10.0; Win64; x64) AppleWebKit/537.36 (KHTML, like Gecko) Chrome/88.0.4240.193 Safari/537.36"
66.249.79.233 - - [16/Jul/2026:14:31:46 +0000] "GET /product/33325832836818 HTTP/1.1" 200 680 "-" "Mozilla/5.0 (Linux; Android 6.0.1; Nexus 5X Build/MMB29P) AppleWebKit/537.36 (KHTML, like Gecko) Chrome/150.0.7871.124 Mobile Safari/537.36 (compatible; Googlebot/2.1; +http://www.google.com/bot.html)"
66.249.79.233 - - [16/Jul/2026:14:31:49 +0000] "GET /product/36787961897420 HTTP/1.1" 200 680 "-" "Mozilla/5.0 (Linux; Android 6.0.1; Nexus 5X Build/MMB29P) AppleWebKit/537.36 (KHTML, like Gecko) Chrome/150.0.7871.124 Mobile Safari/537.36 (compatible; Googlebot/2.1; +http://www.google.com/bot.html)"
66.249.79.234 - - [16/Jul/2026:14:32:02 +0000] "GET /product/27064294711441 HTTP/1.1" 200 680 "-" "Mozilla/5.0 (Linux; Android 6.0.1; Nexus 5X Build/MMB29P) AppleWebKit/537.36 (KHTML, like Gecko) Chrome/150.0.7871.124 Mobile Safari/537.36 (compatible; Googlebot/2.1; +http://www.google.com/bot.html)"
223.185.54.244 - - [16/Jul/2026:14:32:03 +0000] "GET /product/36339936687896 HTTP/2" 200 680 "-" "Mozilla/5.0 (Linux; Android 8.0; Pixel 2 Build/OPD3.170816.012) AppleWebKit/537.36 (KHTML, like Gecko) Chrome/46.0.7413.1662 Mobile Safari/537.36"
66.249.79.162 - - [16/Jul/2026:14:32:10 +0000] "GET /product/31369763600292 HTTP/1.1" 200 680 "-" "Mozilla/5.0 (Linux; Android 6.0.1; Nexus 5X Build/MMB29P) AppleWebKit/537.36 (KHTML, like Gecko) Chrome/150.0.7871.124 Mobile Safari/537.36 (compatible; Googlebot/2.1; +http://www.google.com/bot.html)"
66.249.79.233 - - [16/Jul/2026:14:32:13 +0000] "GET /product/43167143029671 HTTP/1.1" 200 680 "-" "Mozilla/5.0 (Linux; Android 6.0.1; Nexus 5X Build/MMB29P) AppleWebKit/537.36 (KHTML, like Gecko) Chrome/150.0.7871.124 Mobile Safari/537.36 (compatible; Googlebot/2.1; +http://www.google.com/bot.html)"
66.249.79.234 - - [16/Jul/2026:14:32:15 +0000] "GET /product/41659722181919 HTTP/1.1" 200 680 "-" "Mozilla/5.0 (Linux; Android 6.0.1; Nexus 5X Build/MMB29P) AppleWebKit/537.36 (KHTML, like Gecko) Chrome/150.0.7871.124 Mobile Safari/537.36 (compatible; Googlebot/2.1; +http://www.google.com/bot.html)"
66.249.79.233 - - [16/Jul/2026:14:32:17 +0000] "GET /product/36777773793967 HTTP/1.1" 200 680 "-" "Mozilla/5.0 (Linux; Android 6.0.1; Nexus 5X Build/MMB29P) AppleWebKit/537.36 (KHTML, like Gecko) Chrome/150.0.7871.124 Mobile Safari/537.36 (compatible; Googlebot/2.1; +http://www.google.com/bot.html)"
66.249.79.233 - - [16/Jul/2026:14:32:18 +0000] "GET /product/28385171835047 HTTP/1.1" 200 680 "-" "Mozilla/5.0 (Linux; Android 6.0.1; Nexus 5X Build/MMB29P) AppleWebKit/537.36 (KHTML, like Gecko) Chrome/150.0.7871.124 Mobile Safari/537.36 (compatible; Googlebot/2.1; +http://www.google.com/bot.html)"
66.249.79.233 - - [16/Jul/2026:14:32:25 +0000] "GET /product/37825181943676 HTTP/1.1" 200 680 "-" "Mozilla/5.0 (Linux; Android 6.0.1; Nexus 5X Build/MMB29P) AppleWebKit/537.36 (KHTML, like Gecko) Chrome/150.0.7871.124 Mobile Safari/537.36 (compatible; Googlebot/2.1; +http://www.google.com/bot.html)"
209.42.17.20 - - [16/Jul/2026:14:32:36 +0000] "POST /wp-cron.php?doing_wp_cron=1784212355.9368538856506347656250 HTTP/1.1" 200 0 "-" "WordPress/7.0.1; https://oas.com.ng"
66.249.79.233 - - [16/Jul/2026:14:32:30 +0000] "GET /product/23503892757735 HTTP/1.1" 200 680 "-" "Mozilla/5.0 (Linux; Android 6.0.1; Nexus 5X Build/MMB29P) AppleWebKit/537.36 (KHTML, like Gecko) Chrome/150.0.7871.124 Mobile Safari/537.36 (compatible; Googlebot/2.1; +http://www.google.com/bot.html)"
66.249.79.233 - - [16/Jul/2026:14:32:34 +0000] "GET /product/19307094088770 HTTP/1.1" 200 680 "-" "Mozilla/5.0 (Linux; Android 6.0.1; Nexus 5X Build/MMB29P) AppleWebKit/537.36 (KHTML, like Gecko) Chrome/150.0.7871.124 Mobile Safari/537.36 (compatible; Googlebot/2.1; +http://www.google.com/bot.html)"
66.249.68.66 - - [16/Jul/2026:14:32:42 +0000] "GET /product/14662544157660 HTTP/1.1" 200 680 "-" "Mozilla/5.0 (Linux; Android 6.0.1; Nexus 5X Build/MMB29P) AppleWebKit/537.36 (KHTML, like Gecko) Chrome/150.0.7871.124 Mobile Safari/537.36 (compatible; Googlebot/2.1; +http://www.google.com/bot.html)"
66.249.79.233 - - [16/Jul/2026:14:32:42 +0000] "GET /product/42597725103376 HTTP/1.1" 200 680 "-" "Mozilla/5.0 (Linux; Android 6.0.1; Nexus 5X Build/MMB29P) AppleWebKit/537.36 (KHTML, like Gecko) Chrome/150.0.7871.124 Mobile Safari/537.36 (compatible; Googlebot/2.1; +http://www.google.com/bot.html)"
66.249.79.233 - - [16/Jul/2026:14:32:46 +0000] "GET /prizes/105193240 HTTP/1.1" 200 680 "-" "Mozilla/5.0 (Linux; Android 6.0.1; Nexus 5X Build/MMB29P) AppleWebKit/537.36 (KHTML, like Gecko) Chrome/150.0.7871.124 Mobile Safari/537.36 (compatible; Googlebot/2.1; +http://www.google.com/bot.html)"
40.77.167.6 - - [16/Jul/2026:14:32:47 +0000] "GET /shop/pg/31694946-4 HTTP/2" 200 680 "-" "Mozilla/5.0 AppleWebKit/537.36 (KHTML, like Gecko; compatible; bingbot/2.0; +http://www.bing.com/bingbot.htm) Chrome/116.0.1938.76 Safari/537.36"
66.249.79.233 - - [16/Jul/2026:14:32:51 +0000] "GET /product/48664612888360m HTTP/1.1" 200 680 "-" "Mozilla/5.0 (Linux; Android 6.0.1; Nexus 5X Build/MMB29P) AppleWebKit/537.36 (KHTML, like Gecko) Chrome/150.0.7871.124 Mobile Safari/537.36 (compatible; Googlebot/2.1; +http://www.google.com/bot.html)"
66.249.79.233 - - [16/Jul/2026:14:32:55 +0000] "GET /product/33135042147412 HTTP/1.1" 200 680 "-" "Mozilla/5.0 (Linux; Android 6.0.1; Nexus 5X Build/MMB29P) AppleWebKit/537.36 (KHTML, like Gecko) Chrome/150.0.7871.124 Mobile Safari/537.36 (compatible; Googlebot/2.1; +http://www.google.com/bot.html)"
40.77.167.79 - - [16/Jul/2026:14:32:58 +0000] "GET /product/13271614057036 HTTP/2" 200 680 "-" "Mozilla/5.0 AppleWebKit/537.36 (KHTML, like Gecko; compatible; bingbot/2.0; +http://www.bing.com/bingbot.htm) Chrome/116.0.1938.76 Safari/537.36"
66.249.79.233 - - [16/Jul/2026:14:32:59 +0000] "GET /prizes/114786674 HTTP/1.1" 200 680 "-" "Mozilla/5.0 (Linux; Android 6.0.1; Nexus 5X Build/MMB29P) AppleWebKit/537.36 (KHTML, like Gecko) Chrome/150.0.7871.124 Mobile Safari/537.36 (compatible; Googlebot/2.1; +http://www.google.com/bot.html)"
45.249.59.115 - - [16/Jul/2026:14:33:04 +0000] "GET /wp-login.php?action=register HTTP/1.1" 302 0 "-" "Mozilla/5.0 (Windows NT 5.1; rv:52.0) Gecko/20100101 Firefox/52.0"
66.249.79.233 - - [16/Jul/2026:14:33:04 +0000] "GET /product/30022261704506 HTTP/1.1" 200 680 "-" "Mozilla/5.0 (Linux; Android 6.0.1; Nexus 5X Build/MMB29P) AppleWebKit/537.36 (KHTML, like Gecko) Chrome/150.0.7871.124 Mobile Safari/537.36 (compatible; Googlebot/2.1; +http://www.google.com/bot.html)"
66.249.79.163 - - [16/Jul/2026:14:33:06 +0000] "GET /product/40841144358018 HTTP/1.1" 200 680 "-" "Mozilla/5.0 (Linux; Android 6.0.1; Nexus 5X Build/MMB29P) AppleWebKit/537.36 (KHTML, like Gecko) Chrome/150.0.7871.124 Mobile Safari/537.36 (compatible; Googlebot/2.1; +http://www.google.com/bot.html)"
45.249.59.115 - - [16/Jul/2026:14:33:09 +0000] "GET /wp-login.php?registration=disabled HTTP/1.1" 200 2278 "-" "Mozilla/5.0 (Windows NT 5.1; rv:52.0) Gecko/20100101 Firefox/52.0"
66.249.79.233 - - [16/Jul/2026:14:33:10 +0000] "GET /product/37188534739730 HTTP/1.1" 200 680 "-" "Mozilla/5.0 (Linux; Android 6.0.1; Nexus 5X Build/MMB29P) AppleWebKit/537.36 (KHTML, like Gecko) Chrome/150.0.7871.124 Mobile Safari/537.36 (compatible; Googlebot/2.1; +http://www.google.com/bot.html)"
66.249.79.162 - - [16/Jul/2026:14:33:15 +0000] "GET /prizes/93314775 HTTP/1.1" 200 680 "-" "Mozilla/5.0 (Linux; Android 6.0.1; Nexus 5X Build/MMB29P) AppleWebKit/537.36 (KHTML, like Gecko) Chrome/150.0.7871.124 Mobile Safari/537.36 (compatible; Googlebot/2.1; +http://www.google.com/bot.html)"
66.249.79.233 - - [16/Jul/2026:14:33:24 +0000] "GET /product/49246814985645 HTTP/1.1" 200 680 "-" "Mozilla/5.0 (Linux; Android 6.0.1; Nexus 5X Build/MMB29P) AppleWebKit/537.36 (KHTML, like Gecko) Chrome/150.0.7871.124 Mobile Safari/537.36 (compatible; Googlebot/2.1; +http://www.google.com/bot.html)"
209.42.17.20 - - [16/Jul/2026:14:33:41 +0000] "POST /wp-cron.php?doing_wp_cron=1784212421.4230029582977294921875 HTTP/1.1" 200 0 "-" "WordPress/7.0.1; https://oas.com.ng"
66.249.79.233 - - [16/Jul/2026:14:33:36 +0000] "GET /product/12813883590071 HTTP/1.1" 200 680 "-" "Mozilla/5.0 (Linux; Android 6.0.1; Nexus 5X Build/MMB29P) AppleWebKit/537.36 (KHTML, like Gecko) Chrome/150.0.7871.124 Mobile Safari/537.36 (compatible; Googlebot/2.1; +http://www.google.com/bot.html)"
66.249.68.65 - - [16/Jul/2026:14:33:37 +0000] "GET /product/30531654488874 HTTP/1.1" 200 680 "-" "Mozilla/5.0 (Linux; Android 6.0.1; Nexus 5X Build/MMB29P) AppleWebKit/537.36 (KHTML, like Gecko) Chrome/150.0.7871.124 Mobile Safari/537.36 (compatible; Googlebot/2.1; +http://www.google.com/bot.html)"
66.249.79.233 - - [16/Jul/2026:14:33:41 +0000] "GET /shop/pg/96777446-1 HTTP/1.1" 200 680 "-" "Mozilla/5.0 (Linux; Android 6.0.1; Nexus 5X Build/MMB29P) AppleWebKit/537.36 (KHTML, like Gecko) Chrome/150.0.7871.124 Mobile Safari/537.36 (compatible; Googlebot/2.1; +http://www.google.com/bot.html)"
66.249.79.233 - - [16/Jul/2026:14:33:45 +0000] "GET /product/19098603045744 HTTP/1.1" 200 680 "-" "Mozilla/5.0 (Linux; Android 6.0.1; Nexus 5X Build/MMB29P) AppleWebKit/537.36 (KHTML, like Gecko) Chrome/150.0.7871.124 Mobile Safari/537.36 (compatible; Googlebot/2.1; +http://www.google.com/bot.html)"
66.249.79.233 - - [16/Jul/2026:14:33:51 +0000] "GET /product/10393563934535 HTTP/1.1" 200 680 "-" "Mozilla/5.0 (Linux; Android 6.0.1; Nexus 5X Build/MMB29P) AppleWebKit/537.36 (KHTML, like Gecko) Chrome/150.0.7871.124 Mobile Safari/537.36 (compatible; Googlebot/2.1; +http://www.google.com/bot.html)"
66.249.79.161 - - [16/Jul/2026:14:33:52 +0000] "GET /prizes/58359785 HTTP/1.1" 200 680 "-" "Mozilla/5.0 (Linux; Android 6.0.1; Nexus 5X Build/MMB29P) AppleWebKit/537.36 (KHTML, like Gecko) Chrome/150.0.7871.124 Mobile Safari/537.36 (compatible; Googlebot/2.1; +http://www.google.com/bot.html)"
66.249.79.233 - - [16/Jul/2026:14:33:57 +0000] "GET /product/49779114077772 HTTP/1.1" 200 680 "-" "Mozilla/5.0 (Linux; Android 6.0.1; Nexus 5X Build/MMB29P) AppleWebKit/537.36 (KHTML, like Gecko) Chrome/150.0.7871.124 Mobile Safari/537.36 (compatible; Googlebot/2.1; +http://www.google.com/bot.html)"
202.8.113.226 - - [16/Jul/2026:14:34:01 +0000] "GET /product/19452175600248 HTTP/2" 200 680 "-" "Mozilla/5.0 (Linux; Android 8.0; Pixel 2 Build/OPD3.170816.012) AppleWebKit/537.36 (KHTML, like Gecko) Chrome/49.0.1533.1481 Mobile Safari/537.36"
66.249.79.233 - - [16/Jul/2026:14:34:04 +0000] "GET /product/33427252350107 HTTP/1.1" 200 680 "-" "Mozilla/5.0 (Linux; Android 6.0.1; Nexus 5X Build/MMB29P) AppleWebKit/537.36 (KHTML, like Gecko) Chrome/150.0.7871.124 Mobile Safari/537.36 (compatible; Googlebot/2.1; +http://www.google.com/bot.html)"
66.249.68.65 - - [16/Jul/2026:14:34:05 +0000] "GET /product/10304103337459 HTTP/1.1" 200 680 "-" "Mozilla/5.0 (Linux; Android 6.0.1; Nexus 5X Build/MMB29P) AppleWebKit/537.36 (KHTML, like Gecko) Chrome/150.0.7871.124 Mobile Safari/537.36 (compatible; Googlebot/2.1; +http://www.google.com/bot.html)"
66.249.79.233 - - [16/Jul/2026:14:34:08 +0000] "GET /product/13487004803128 HTTP/1.1" 200 680 "-" "Mozilla/5.0 (Linux; Android 6.0.1; Nexus 5X Build/MMB29P) AppleWebKit/537.36 (KHTML, like Gecko) Chrome/150.0.7871.124 Mobile Safari/537.36 (compatible; Googlebot/2.1; +http://www.google.com/bot.html)"
40.77.167.37 - - [16/Jul/2026:14:34:12 +0000] "GET /product/47910474460585 HTTP/2" 200 680 "-" "Mozilla/5.0 AppleWebKit/537.36 (KHTML, like Gecko; compatible; bingbot/2.0; +http://www.bing.com/bingbot.htm) Chrome/116.0.1938.76 Safari/537.36"
66.249.79.233 - - [16/Jul/2026:14:34:16 +0000] "GET /shop/pg/60359925-4 HTTP/1.1" 200 680 "-" "Mozilla/5.0 (Linux; Android 6.0.1; Nexus 5X Build/MMB29P) AppleWebKit/537.36 (KHTML, like Gecko) Chrome/150.0.7871.124 Mobile Safari/537.36 (compatible; Googlebot/2.1; +http://www.google.com/bot.html)"
40.77.167.79 - - [16/Jul/2026:14:34:19 +0000] "GET /product/20835766268180 HTTP/2" 200 680 "-" "Mozilla/5.0 AppleWebKit/537.36 (KHTML, like Gecko; compatible; bingbot/2.0; +http://www.bing.com/bingbot.htm) Chrome/116.0.1938.76 Safari/537.36"
66.249.79.161 - - [16/Jul/2026:14:34:23 +0000] "GET /shop/pg/41167944-2 HTTP/1.1" 200 680 "-" "Mozilla/5.0 (Linux; Android 6.0.1; Nexus 5X Build/MMB29P) AppleWebKit/537.36 (KHTML, like Gecko) Chrome/150.0.7871.124 Mobile Safari/537.36 (compatible; Googlebot/2.1; +http://www.google.com/bot.html)"
161.118.251.181 - - [16/Jul/2026:14:32:28 +0000] "POST //wp-login.php HTTP/1.1" 200 0 "https://pctm.gov.ng//wp-login.php" "Mozilla/5.0 (Windows NT 10.0; Win64; x64) AppleWebKit/537.36 (KHTML, like Gecko) Chrome/88.0.4240.193 Safari/537.36"
161.118.251.181 - - [16/Jul/2026:14:32:28 +0000] "POST //wp-login.php HTTP/1.1" 200 0 "https://pctm.gov.ng//wp-login.php" "Mozilla/5.0 (Windows NT 10.0; Win64; x64) AppleWebKit/537.36 (KHTML, like Gecko) Chrome/88.0.4240.193 Safari/537.36"
209.42.17.20 - - [16/Jul/2026:14:34:35 +0000] "POST /wp-cron.php?doing_wp_cron=1784212475.2184019088745117187500 HTTP/1.1" 200 0 "-" "WordPress/7.0.1; https://oas.com.ng"
66.249.79.233 - - [16/Jul/2026:14:34:30 +0000] "GET /product/27936674104543 HTTP/1.1" 200 680 "-" "Mozilla/5.0 (Linux; Android 6.0.1; Nexus 5X Build/MMB29P) AppleWebKit/537.36 (KHTML, like Gecko) Chrome/150.0.7871.124 Mobile Safari/537.36 (compatible; Googlebot/2.1; +http://www.google.com/bot.html)"
66.249.79.233 - - [16/Jul/2026:14:34:41 +0000] "GET /product/24149022826723 HTTP/1.1" 200 680 "-" "Mozilla/5.0 (Linux; Android 6.0.1; Nexus 5X Build/MMB29P) AppleWebKit/537.36 (KHTML, like Gecko) Chrome/150.0.7871.124 Mobile Safari/537.36 (compatible; Googlebot/2.1; +http://www.google.com/bot.html)"
66.249.79.233 - - [16/Jul/2026:14:34:51 +0000] "GET /prizes/86094341 HTTP/1.1" 200 680 "-" "Mozilla/5.0 (Linux; Android 6.0.1; Nexus 5X Build/MMB29P) AppleWebKit/537.36 (KHTML, like Gecko) Chrome/150.0.7871.124 Mobile Safari/537.36 (compatible; Googlebot/2.1; +http://www.google.com/bot.html)"
66.249.68.64 - - [16/Jul/2026:14:34:59 +0000] "GET /product/43028614014270 HTTP/1.1" 200 680 "-" "Mozilla/5.0 (Linux; Android 6.0.1; Nexus 5X Build/MMB29P) AppleWebKit/537.36 (KHTML, like Gecko) Chrome/150.0.7871.124 Mobile Safari/537.36 (compatible; Googlebot/2.1; +http://www.google.com/bot.html)"
161.118.251.181 - - [16/Jul/2026:14:33:59 +0000] "POST //wp-login.php HTTP/1.1" 200 6694 "https://pctm.gov.ng//wp-login.php" "Mozilla/5.0 (Windows NT 10.0; Win64; x64) AppleWebKit/537.36 (KHTML, like Gecko) Chrome/88.0.4240.193 Safari/537.36"
161.118.251.181 - - [16/Jul/2026:14:33:59 +0000] "POST //wp-login.php HTTP/1.1" 200 6694 "https://pctm.gov.ng//wp-login.php" "Mozilla/5.0 (Windows NT 10.0; Win64; x64) AppleWebKit/537.36 (KHTML, like Gecko) Chrome/88.0.4240.193 Safari/537.36"
66.249.79.162 - - [16/Jul/2026:14:35:04 +0000] "GET /product/43848275410300 HTTP/1.1" 200 680 "-" "Mozilla/5.0 (Linux; Android 6.0.1; Nexus 5X Build/MMB29P) AppleWebKit/537.36 (KHTML, like Gecko) Chrome/150.0.7871.124 Mobile Safari/537.36 (compatible; Googlebot/2.1; +http://www.google.com/bot.html)"
66.249.79.233 - - [16/Jul/2026:14:35:09 +0000] "GET /product/38497261686118 HTTP/1.1" 200 680 "-" "Mozilla/5.0 (Linux; Android 6.0.1; Nexus 5X Build/MMB29P) AppleWebKit/537.36 (KHTML, like Gecko) Chrome/150.0.7871.124 Mobile Safari/537.36 (compatible; Googlebot/2.1; +http://www.google.com/bot.html)"
66.249.79.234 - - [16/Jul/2026:14:35:09 +0000] "GET /product/29317424065155 HTTP/1.1" 200 680 "-" "Mozilla/5.0 (Linux; Android 6.0.1; Nexus 5X Build/MMB29P) AppleWebKit/537.36 (KHTML, like Gecko) Chrome/150.0.7871.124 Mobile Safari/537.36 (compatible; Googlebot/2.1; +http://www.google.com/bot.html)"
66.249.79.161 - - [16/Jul/2026:14:35:22 +0000] "GET /prizes/107262189 HTTP/1.1" 200 680 "-" "Mozilla/5.0 (Linux; Android 6.0.1; Nexus 5X Build/MMB29P) AppleWebKit/537.36 (KHTML, like Gecko) Chrome/150.0.7871.124 Mobile Safari/537.36 (compatible; Googlebot/2.1; +http://www.google.com/bot.html)"
66.249.68.64 - - [16/Jul/2026:14:35:24 +0000] "GET /product/15954754077618 HTTP/1.1" 200 680 "-" "Mozilla/5.0 (Linux; Android 6.0.1; Nexus 5X Build/MMB29P) AppleWebKit/537.36 (KHTML, like Gecko) Chrome/150.0.7871.124 Mobile Safari/537.36 (compatible; Googlebot/2.1; +http://www.google.com/bot.html)"
66.249.68.64 - - [16/Jul/2026:14:35:26 +0000] "GET /product/21838013997304 HTTP/1.1" 200 680 "-" "Mozilla/5.0 (Linux; Android 6.0.1; Nexus 5X Build/MMB29P) AppleWebKit/537.36 (KHTML, like Gecko) Chrome/150.0.7871.124 Mobile Safari/537.36 (compatible; Googlebot/2.1; +http://www.google.com/bot.html)"
66.249.79.233 - - [16/Jul/2026:14:35:27 +0000] "GET /product/40110455150725 HTTP/1.1" 200 680 "-" "Mozilla/5.0 (Linux; Android 6.0.1; Nexus 5X Build/MMB29P) AppleWebKit/537.36 (KHTML, like Gecko) Chrome/150.0.7871.124 Mobile Safari/537.36 (compatible; Googlebot/2.1; +http://www.google.com/bot.html)"
209.42.17.20 - - [16/Jul/2026:14:35:37 +0000] "POST /wp-cron.php?doing_wp_cron=1784212537.8342549800872802734375 HTTP/1.1" 200 0 "-" "WordPress/7.0.1; https://oas.com.ng"
66.249.79.233 - - [16/Jul/2026:14:35:35 +0000] "GET /product/36276483671283 HTTP/1.1" 200 680 "-" "Mozilla/5.0 (Linux; Android 6.0.1; Nexus 5X Build/MMB29P) AppleWebKit/537.36 (KHTML, like Gecko) Chrome/150.0.7871.124 Mobile Safari/537.36 (compatible; Googlebot/2.1; +http://www.google.com/bot.html)"
66.249.79.161 - - [16/Jul/2026:14:35:42 +0000] "GET /product/30749974608825 HTTP/1.1" 200 680 "-" "Mozilla/5.0 (Linux; Android 6.0.1; Nexus 5X Build/MMB29P) AppleWebKit/537.36 (KHTML, like Gecko) Chrome/150.0.7871.124 Mobile Safari/537.36 (compatible; Googlebot/2.1; +http://www.google.com/bot.html)"
66.249.79.233 - - [16/Jul/2026:14:35:42 +0000] "GET /product/18333015088120 HTTP/1.1" 200 680 "-" "Mozilla/5.0 (Linux; Android 6.0.1; Nexus 5X Build/MMB29P) AppleWebKit/537.36 (KHTML, like Gecko) Chrome/150.0.7871.124 Mobile Safari/537.36 (compatible; Googlebot/2.1; +http://www.google.com/bot.html)"
66.249.79.233 - - [16/Jul/2026:14:35:45 +0000] "GET /product/49161494289322 HTTP/1.1" 200 680 "-" "Mozilla/5.0 (Linux; Android 6.0.1; Nexus 5X Build/MMB29P) AppleWebKit/537.36 (KHTML, like Gecko) Chrome/150.0.7871.124 Mobile Safari/537.36 (compatible; Googlebot/2.1; +http://www.google.com/bot.html)"
89.148.61.100 - - [16/Jul/2026:14:35:46 +0000] "GET /product/49393863350402 HTTP/1.1" 200 680 "https://oas.com.ng/sitemap-9.xml" "Mozilla/5.0 (Linux; Android 13; M2102J20) AppleWebKit/537.36 (KHTML, like Gecko) Chrome/144.0.5520.4 Mobile Safari/537.36"
66.249.79.161 - - [16/Jul/2026:14:35:52 +0000] "GET /prizes/142682472 HTTP/1.1" 200 680 "-" "Mozilla/5.0 (Linux; Android 6.0.1; Nexus 5X Build/MMB29P) AppleWebKit/537.36 (KHTML, like Gecko) Chrome/150.0.7871.124 Mobile Safari/537.36 (compatible; Googlebot/2.1; +http://www.google.com/bot.html)"
66.249.79.233 - - [16/Jul/2026:14:35:56 +0000] "GET /product/36864062267870 HTTP/1.1" 200 680 "-" "Mozilla/5.0 (Linux; Android 6.0.1; Nexus 5X Build/MMB29P) AppleWebKit/537.36 (KHTML, like Gecko) Chrome/150.0.7871.124 Mobile Safari/537.36 (compatible; Googlebot/2.1; +http://www.google.com/bot.html)"
66.249.68.64 - - [16/Jul/2026:14:35:57 +0000] "GET /product/30856114005501 HTTP/1.1" 200 680 "-" "Mozilla/5.0 (Linux; Android 6.0.1; Nexus 5X Build/MMB29P) AppleWebKit/537.36 (KHTML, like Gecko) Chrome/150.0.7871.124 Mobile Safari/537.36 (compatible; Googlebot/2.1; +http://www.google.com/bot.html)"
161.118.251.181 - - [16/Jul/2026:14:35:07 +0000] "POST //wp-login.php HTTP/1.1" 200 6694 "https://pctm.gov.ng//wp-login.php" "Mozilla/5.0 (Windows NT 10.0; Win64; x64) AppleWebKit/537.36 (KHTML, like Gecko) Chrome/88.0.4240.193 Safari/537.36"
161.118.251.181 - - [16/Jul/2026:14:35:07 +0000] "POST //wp-login.php HTTP/1.1" 200 6694 "https://pctm.gov.ng//wp-login.php" "Mozilla/5.0 (Windows NT 10.0; Win64; x64) AppleWebKit/537.36 (KHTML, like Gecko) Chrome/88.0.4240.193 Safari/537.36"
66.249.79.163 - - [16/Jul/2026:14:36:08 +0000] "GET /product/37659312987106 HTTP/1.1" 200 680 "-" "Mozilla/5.0 (Linux; Android 6.0.1; Nexus 5X Build/MMB29P) AppleWebKit/537.36 (KHTML, like Gecko) Chrome/150.0.7871.124 Mobile Safari/537.36 (compatible; Googlebot/2.1; +http://www.google.com/bot.html)"
66.249.79.235 - - [16/Jul/2026:14:36:09 +0000] "GET /product/45948161496679 HTTP/1.1" 200 680 "-" "Mozilla/5.0 (Linux; Android 6.0.1; Nexus 5X Build/MMB29P) AppleWebKit/537.36 (KHTML, like Gecko) Chrome/150.0.7871.124 Mobile Safari/537.36 (compatible; Googlebot/2.1; +http://www.google.com/bot.html)"
66.249.79.235 - - [16/Jul/2026:14:36:11 +0000] "GET /product/42031573478192 HTTP/1.1" 200 680 "-" "Mozilla/5.0 (Linux; Android 6.0.1; Nexus 5X Build/MMB29P) AppleWebKit/537.36 (KHTML, like Gecko) Chrome/150.0.7871.124 Mobile Safari/537.36 (compatible; Googlebot/2.1; +http://www.google.com/bot.html)"
66.249.68.66 - - [16/Jul/2026:14:36:17 +0000] "GET /product/17951813972359 HTTP/1.1" 200 680 "-" "Mozilla/5.0 (Linux; Android 6.0.1; Nexus 5X Build/MMB29P) AppleWebKit/537.36 (KHTML, like Gecko) Chrome/150.0.7871.124 Mobile Safari/537.36 (compatible; Googlebot/2.1; +http://www.google.com/bot.html)"
66.249.68.168 - - [16/Jul/2026:14:36:22 +0000] "GET /product/23452455042147 HTTP/1.1" 200 680 "-" "Mozilla/5.0 (Linux; Android 6.0.1; Nexus 5X Build/MMB29P) AppleWebKit/537.36 (KHTML, like Gecko) Chrome/150.0.7871.124 Mobile Safari/537.36 (compatible; Googlebot/2.1; +http://www.google.com/bot.html)"
66.249.79.234 - - [16/Jul/2026:14:36:26 +0000] "GET /product/40089441899966 HTTP/1.1" 200 680 "-" "Mozilla/5.0 (Linux; Android 6.0.1; Nexus 5X Build/MMB29P) AppleWebKit/537.36 (KHTML, like Gecko) Chrome/150.0.7871.124 Mobile Safari/537.36 (compatible; Googlebot/2.1; +http://www.google.com/bot.html)"
209.42.17.20 - - [16/Jul/2026:14:36:33 +0000] "POST /wp-cron.php?doing_wp_cron=1784212593.4175250530242919921875 HTTP/1.1" 200 0 "-" "WordPress/7.0.1; https://oas.com.ng"
66.249.79.162 - - [16/Jul/2026:14:36:29 +0000] "GET /product/18823093540945 HTTP/1.1" 200 680 "-" "Mozilla/5.0 (Linux; Android 6.0.1; Nexus 5X Build/MMB29P) AppleWebKit/537.36 (KHTML, like Gecko) Chrome/150.0.7871.124 Mobile Safari/537.36 (compatible; Googlebot/2.1; +http://www.google.com/bot.html)"
66.249.79.233 - - [16/Jul/2026:14:36:34 +0000] "GET /product/11965691781369 HTTP/1.1" 200 680 "-" "Mozilla/5.0 (Linux; Android 6.0.1; Nexus 5X Build/MMB29P) AppleWebKit/537.36 (KHTML, like Gecko) Chrome/150.0.7871.124 Mobile Safari/537.36 (compatible; Googlebot/2.1; +http://www.google.com/bot.html)"
66.249.68.64 - - [16/Jul/2026:14:36:34 +0000] "GET /product/26103925444023 HTTP/1.1" 200 680 "-" "Mozilla/5.0 (Linux; Android 6.0.1; Nexus 5X Build/MMB29P) AppleWebKit/537.36 (KHTML, like Gecko) Chrome/150.0.7871.124 Mobile Safari/537.36 (compatible; Googlebot/2.1; +http://www.google.com/bot.html)"
66.249.79.233 - - [16/Jul/2026:14:36:42 +0000] "GET /product/42651173799106 HTTP/1.1" 200 680 "-" "Mozilla/5.0 (Linux; Android 6.0.1; Nexus 5X Build/MMB29P) AppleWebKit/537.36 (KHTML, like Gecko) Chrome/150.0.7871.124 Mobile Safari/537.36 (compatible; Googlebot/2.1; +http://www.google.com/bot.html)"
216.73.216.209 - - [16/Jul/2026:14:36:47 +0000] "GET /robots.txt HTTP/2" 200 64 "-" "Mozilla/5.0 AppleWebKit/537.36 (KHTML, like Gecko; compatible; ClaudeBot/1.0; +claudebot@anthropic.com)"
66.249.79.161 - - [16/Jul/2026:14:36:43 +0000] "GET /product/42520033843513 HTTP/1.1" 200 680 "-" "Mozilla/5.0 (Linux; Android 6.0.1; Nexus 5X Build/MMB29P) AppleWebKit/537.36 (KHTML, like Gecko) Chrome/150.0.7871.124 Mobile Safari/537.36 (compatible; Googlebot/2.1; +http://www.google.com/bot.html)"
66.249.79.233 - - [16/Jul/2026:14:36:44 +0000] "GET /product/22251022598874 HTTP/1.1" 200 680 "-" "Mozilla/5.0 (Linux; Android 6.0.1; Nexus 5X Build/MMB29P) AppleWebKit/537.36 (KHTML, like Gecko) Chrome/150.0.7871.124 Mobile Safari/537.36 (compatible; Googlebot/2.1; +http://www.google.com/bot.html)"
216.73.216.209 - - [16/Jul/2026:14:36:47 +0000] "GET /sitemap.xml HTTP/2" 200 680 "-" "Mozilla/5.0 AppleWebKit/537.36 (KHTML, like Gecko; compatible; ClaudeBot/1.0; +claudebot@anthropic.com)"
66.249.79.161 - - [16/Jul/2026:14:36:50 +0000] "GET /product/46563633342294 HTTP/1.1" 200 680 "-" "Mozilla/5.0 (Linux; Android 6.0.1; Nexus 5X Build/MMB29P) AppleWebKit/537.36 (KHTML, like Gecko) Chrome/150.0.7871.124 Mobile Safari/537.36 (compatible; Googlebot/2.1; +http://www.google.com/bot.html)"
66.249.79.233 - - [16/Jul/2026:14:36:51 +0000] "GET /product/18524603621315 HTTP/1.1" 200 680 "-" "Mozilla/5.0 (Linux; Android 6.0.1; Nexus 5X Build/MMB29P) AppleWebKit/537.36 (KHTML, like Gecko) Chrome/150.0.7871.124 Mobile Safari/537.36 (compatible; Googlebot/2.1; +http://www.google.com/bot.html)"
66.249.79.161 - - [16/Jul/2026:14:36:55 +0000] "GET /product/15942314218823 HTTP/1.1" 200 680 "-" "Mozilla/5.0 (Linux; Android 6.0.1; Nexus 5X Build/MMB29P) AppleWebKit/537.36 (KHTML, like Gecko) Chrome/150.0.7871.124 Mobile Safari/537.36 (compatible; Googlebot/2.1; +http://www.google.com/bot.html)"
66.249.79.233 - - [16/Jul/2026:14:36:57 +0000] "GET /product/13872263956905 HTTP/1.1" 200 680 "-" "Mozilla/5.0 (Linux; Android 6.0.1; Nexus 5X Build/MMB29P) AppleWebKit/537.36 (KHTML, like Gecko) Chrome/150.0.7871.124 Mobile Safari/537.36 (compatible; Googlebot/2.1; +http://www.google.com/bot.html)"
161.118.251.181 - - [16/Jul/2026:14:36:01 +0000] "POST //wp-login.php HTTP/1.1" 200 6694 "https://pctm.gov.ng//wp-login.php" "Mozilla/5.0 (Windows NT 10.0; Win64; x64) AppleWebKit/537.36 (KHTML, like Gecko) Chrome/88.0.4240.193 Safari/537.36"
161.118.251.181 - - [16/Jul/2026:14:36:01 +0000] "POST //wp-login.php HTTP/1.1" 200 6694 "https://pctm.gov.ng//wp-login.php" "Mozilla/5.0 (Windows NT 10.0; Win64; x64) AppleWebKit/537.36 (KHTML, like Gecko) Chrome/88.0.4240.193 Safari/537.36"
66.249.79.161 - - [16/Jul/2026:14:37:01 +0000] "GET /product/16027104056817 HTTP/1.1" 200 680 "-" "Mozilla/5.0 (Linux; Android 6.0.1; Nexus 5X Build/MMB29P) AppleWebKit/537.36 (KHTML, like Gecko) Chrome/150.0.7871.124 Mobile Safari/537.36 (compatible; Googlebot/2.1; +http://www.google.com/bot.html)"
66.249.79.161 - - [16/Jul/2026:14:37:02 +0000] "GET /product/45807424830547 HTTP/1.1" 200 680 "-" "Mozilla/5.0 (Linux; Android 6.0.1; Nexus 5X Build/MMB29P) AppleWebKit/537.36 (KHTML, like Gecko) Chrome/150.0.7871.124 Mobile Safari/537.36 (compatible; Googlebot/2.1; +http://www.google.com/bot.html)"
66.249.79.233 - - [16/Jul/2026:14:37:03 +0000] "GET /product/48983401876307 HTTP/1.1" 200 680 "-" "Mozilla/5.0 (Linux; Android 6.0.1; Nexus 5X Build/MMB29P) AppleWebKit/537.36 (KHTML, like Gecko) Chrome/150.0.7871.124 Mobile Safari/537.36 (compatible; Googlebot/2.1; +http://www.google.com/bot.html)"
66.249.79.233 - - [16/Jul/2026:14:37:10 +0000] "GET /product/25718394302568 HTTP/1.1" 200 680 "-" "Mozilla/5.0 (Linux; Android 6.0.1; Nexus 5X Build/MMB29P) AppleWebKit/537.36 (KHTML, like Gecko) Chrome/150.0.7871.124 Mobile Safari/537.36 (compatible; Googlebot/2.1; +http://www.google.com/bot.html)"
66.249.68.65 - - [16/Jul/2026:14:37:10 +0000] "GET /product/10241906564150 HTTP/1.1" 200 680 "-" "Mozilla/5.0 (Linux; Android 6.0.1; Nexus 5X Build/MMB29P) AppleWebKit/537.36 (KHTML, like Gecko) Chrome/150.0.7871.124 Mobile Safari/537.36 (compatible; Googlebot/2.1; +http://www.google.com/bot.html)"
102.0.19.104 - - [16/Jul/2026:14:37:12 +0000] "GET /product/48980795675898 HTTP/1.1" 200 680 "https://oas.com.ng/sitemap-9.xml" "Mozilla/5.0 (Linux; Android 15; OPPO PCLM4) AppleWebKit/537.36 (KHTML, like Gecko) Chrome/150.0.5057.0 Mobile Safari/537.36 MicroMessenger/8.0.32(0x18001B3F) NetType/WIFI Language/zh_CN"
66.249.79.161 - - [16/Jul/2026:14:37:17 +0000] "GET /product/18102154911932 HTTP/1.1" 200 680 "-" "Mozilla/5.0 (Linux; Android 6.0.1; Nexus 5X Build/MMB29P) AppleWebKit/537.36 (KHTML, like Gecko) Chrome/150.0.7871.124 Mobile Safari/537.36 (compatible; Googlebot/2.1; +http://www.google.com/bot.html)"
105.155.223.8 - - [16/Jul/2026:14:37:18 +0000] "GET /product/28550633242776 HTTP/2" 200 680 "-" "Mozilla/5.0 (Linux; Android 8.0; Pixel 2 Build/OPD3.170816.012) AppleWebKit/537.36 (KHTML, like Gecko) Chrome/52.0.4803.1322 Mobile Safari/537.36"
66.249.79.233 - - [16/Jul/2026:14:37:21 +0000] "GET /product/12115625394504 HTTP/1.1" 200 680 "-" "Mozilla/5.0 (Linux; Android 6.0.1; Nexus 5X Build/MMB29P) AppleWebKit/537.36 (KHTML, like Gecko) Chrome/150.0.7871.124 Mobile Safari/537.36 (compatible; Googlebot/2.1; +http://www.google.com/bot.html)"
66.249.79.233 - - [16/Jul/2026:14:37:22 +0000] "GET /product/48155655355103 HTTP/1.1" 200 680 "-" "Mozilla/5.0 (Linux; Android 6.0.1; Nexus 5X Build/MMB29P) AppleWebKit/537.36 (KHTML, like Gecko) Chrome/150.0.7871.124 Mobile Safari/537.36 (compatible; Googlebot/2.1; +http://www.google.com/bot.html)"
66.249.79.161 - - [16/Jul/2026:14:37:28 +0000] "GET /product/27741454751127 HTTP/1.1" 200 680 "-" "Mozilla/5.0 (Linux; Android 6.0.1; Nexus 5X Build/MMB29P) AppleWebKit/537.36 (KHTML, like Gecko) Chrome/150.0.7871.124 Mobile Safari/537.36 (compatible; Googlebot/2.1; +http://www.google.com/bot.html)"
209.42.17.20 - - [16/Jul/2026:14:37:36 +0000] "POST /wp-cron.php?doing_wp_cron=1784212656.3224039077758789062500 HTTP/1.1" 200 0 "-" "WordPress/7.0.1; https://oas.com.ng"
66.249.79.233 - - [16/Jul/2026:14:37:31 +0000] "GET /product/19354851429744 HTTP/1.1" 200 680 "-" "Mozilla/5.0 (Linux; Android 6.0.1; Nexus 5X Build/MMB29P) AppleWebKit/537.36 (KHTML, like Gecko) Chrome/150.0.7871.124 Mobile Safari/537.36 (compatible; Googlebot/2.1; +http://www.google.com/bot.html)"
66.249.79.233 - - [16/Jul/2026:14:37:33 +0000] "GET /product/29463452268981 HTTP/1.1" 200 680 "-" "Mozilla/5.0 (Linux; Android 6.0.1; Nexus 5X Build/MMB29P) AppleWebKit/537.36 (KHTML, like Gecko) Chrome/150.0.7871.124 Mobile Safari/537.36 (compatible; Googlebot/2.1; +http://www.google.com/bot.html)"
66.249.79.233 - - [16/Jul/2026:14:37:39 +0000] "GET /product/24340245040188 HTTP/1.1" 200 680 "-" "Mozilla/5.0 (Linux; Android 6.0.1; Nexus 5X Build/MMB29P) AppleWebKit/537.36 (KHTML, like Gecko) Chrome/150.0.7871.124 Mobile Safari/537.36 (compatible; Googlebot/2.1; +http://www.google.com/bot.html)"
66.249.79.161 - - [16/Jul/2026:14:37:40 +0000] "GET /product/15811462921445 HTTP/1.1" 200 680 "-" "Mozilla/5.0 (Linux; Android 6.0.1; Nexus 5X Build/MMB29P) AppleWebKit/537.36 (KHTML, like Gecko) Chrome/150.0.7871.124 Mobile Safari/537.36 (compatible; Googlebot/2.1; +http://www.google.com/bot.html)"
66.249.79.161 - - [16/Jul/2026:14:37:41 +0000] "GET /product/42814615276481 HTTP/1.1" 200 680 "-" "Mozilla/5.0 (Linux; Android 6.0.1; Nexus 5X Build/MMB29P) AppleWebKit/537.36 (KHTML, like Gecko) Chrome/150.0.7871.124 Mobile Safari/537.36 (compatible; Googlebot/2.1; +http://www.google.com/bot.html)"
66.249.79.233 - - [16/Jul/2026:14:37:42 +0000] "GET /product/48976872754640 HTTP/1.1" 200 680 "-" "Mozilla/5.0 (Linux; Android 6.0.1; Nexus 5X Build/MMB29P) AppleWebKit/537.36 (KHTML, like Gecko) Chrome/150.0.7871.124 Mobile Safari/537.36 (compatible; Googlebot/2.1; +http://www.google.com/bot.html)"
66.249.79.161 - - [16/Jul/2026:14:37:42 +0000] "GET /product/44143834276019 HTTP/1.1" 200 680 "-" "Mozilla/5.0 (Linux; Android 6.0.1; Nexus 5X Build/MMB29P) AppleWebKit/537.36 (KHTML, like Gecko) Chrome/150.0.7871.124 Mobile Safari/537.36 (compatible; Googlebot/2.1; +http://www.google.com/bot.html)"
66.249.79.233 - - [16/Jul/2026:14:37:43 +0000] "GET /product/42551623711796 HTTP/1.1" 200 680 "-" "Mozilla/5.0 (Linux; Android 6.0.1; Nexus 5X Build/MMB29P) AppleWebKit/537.36 (KHTML, like Gecko) Chrome/150.0.7871.124 Mobile Safari/537.36 (compatible; Googlebot/2.1; +http://www.google.com/bot.html)"
66.249.79.161 - - [16/Jul/2026:14:37:46 +0000] "GET /product/42704355657822 HTTP/1.1" 200 680 "-" "Mozilla/5.0 (Linux; Android 6.0.1; Nexus 5X Build/MMB29P) AppleWebKit/537.36 (KHTML, like Gecko) Chrome/150.0.7871.124 Mobile Safari/537.36 (compatible; Googlebot/2.1; +http://www.google.com/bot.html)"
66.249.79.233 - - [16/Jul/2026:14:37:46 +0000] "GET /product/29949374931462 HTTP/1.1" 200 680 "-" "Mozilla/5.0 (Linux; Android 6.0.1; Nexus 5X Build/MMB29P) AppleWebKit/537.36 (KHTML, like Gecko) Chrome/150.0.7871.124 Mobile Safari/537.36 (compatible; Googlebot/2.1; +http://www.google.com/bot.html)"
66.249.79.233 - - [16/Jul/2026:14:37:47 +0000] "GET /product/29311365329757 HTTP/1.1" 200 680 "-" "Mozilla/5.0 (Linux; Android 6.0.1; Nexus 5X Build/MMB29P) AppleWebKit/537.36 (KHTML, like Gecko) Chrome/150.0.7871.124 Mobile Safari/537.36 (compatible; Googlebot/2.1; +http://www.google.com/bot.html)"
66.249.79.233 - - [16/Jul/2026:14:37:50 +0000] "GET /product/16698585328935 HTTP/1.1" 200 680 "-" "Mozilla/5.0 (Linux; Android 6.0.1; Nexus 5X Build/MMB29P) AppleWebKit/537.36 (KHTML, like Gecko) Chrome/150.0.7871.124 Mobile Safari/537.36 (compatible; Googlebot/2.1; +http://www.google.com/bot.html)"
66.249.79.161 - - [16/Jul/2026:14:37:51 +0000] "GET /product/40569386453527 HTTP/1.1" 200 680 "-" "Mozilla/5.0 (Linux; Android 6.0.1; Nexus 5X Build/MMB29P) AppleWebKit/537.36 (KHTML, like Gecko) Chrome/150.0.7871.124 Mobile Safari/537.36 (compatible; Googlebot/2.1; +http://www.google.com/bot.html)"
66.249.79.233 - - [16/Jul/2026:14:37:51 +0000] "GET /product/24117702399911 HTTP/1.1" 200 680 "-" "Mozilla/5.0 (Linux; Android 6.0.1; Nexus 5X Build/MMB29P) AppleWebKit/537.36 (KHTML, like Gecko) Chrome/150.0.7871.124 Mobile Safari/537.36 (compatible; Googlebot/2.1; +http://www.google.com/bot.html)"
66.249.79.233 - - [16/Jul/2026:14:37:52 +0000] "GET /product/32342532540742 HTTP/1.1" 200 680 "-" "Mozilla/5.0 (Linux; Android 6.0.1; Nexus 5X Build/MMB29P) AppleWebKit/537.36 (KHTML, like Gecko) Chrome/150.0.7871.124 Mobile Safari/537.36 (compatible; Googlebot/2.1; +http://www.google.com/bot.html)"
66.249.79.233 - - [16/Jul/2026:14:37:53 +0000] "GET /product/20237432907786 HTTP/1.1" 200 680 "-" "Mozilla/5.0 (Linux; Android 6.0.1; Nexus 5X Build/MMB29P) AppleWebKit/537.36 (KHTML, like Gecko) Chrome/150.0.7871.124 Mobile Safari/537.36 (compatible; Googlebot/2.1; +http://www.google.com/bot.html)"
200.107.88.36 - - [16/Jul/2026:14:37:53 +0000] "GET /product/28570525084405 HTTP/2" 200 680 "-" "Mozilla/5.0 (iPhone; CPU iPhone OS 11_0 like Mac OS X) AppleWebKit/537.36 (KHTML, like Gecko) Chrome/43.0.5899.1595 Mobile Safari/537.36"
66.249.79.162 - - [16/Jul/2026:14:37:54 +0000] "GET /product/46870074609810 HTTP/1.1" 200 680 "-" "Mozilla/5.0 (Linux; Android 6.0.1; Nexus 5X Build/MMB29P) AppleWebKit/537.36 (KHTML, like Gecko) Chrome/150.0.7871.124 Mobile Safari/537.36 (compatible; Googlebot/2.1; +http://www.google.com/bot.html)"
66.249.79.233 - - [16/Jul/2026:14:37:55 +0000] "GET /product/11621245022177 HTTP/1.1" 200 680 "-" "Mozilla/5.0 (Linux; Android 6.0.1; Nexus 5X Build/MMB29P) AppleWebKit/537.36 (KHTML, like Gecko) Chrome/150.0.7871.124 Mobile Safari/537.36 (compatible; Googlebot/2.1; +http://www.google.com/bot.html)"
66.249.79.233 - - [16/Jul/2026:14:37:57 +0000] "GET /product/33195343719410 HTTP/1.1" 200 680 "-" "Mozilla/5.0 (Linux; Android 6.0.1; Nexus 5X Build/MMB29P) AppleWebKit/537.36 (KHTML, like Gecko) Chrome/150.0.7871.124 Mobile Safari/537.36 (compatible; Googlebot/2.1; +http://www.google.com/bot.html)"
66.249.79.233 - - [16/Jul/2026:14:37:58 +0000] "GET /product/33614424804654 HTTP/1.1" 200 680 "-" "Mozilla/5.0 (Linux; Android 6.0.1; Nexus 5X Build/MMB29P) AppleWebKit/537.36 (KHTML, like Gecko) Chrome/150.0.7871.124 Mobile Safari/537.36 (compatible; Googlebot/2.1; +http://www.google.com/bot.html)"
