66.249.79.161 - - [16/Jul/2026:15:48:02 +0000] "GET /product/47966564276122 HTTP/1.1" 200 680 "-" "Mozilla/5.0 (Linux; Android 6.0.1; Nexus 5X Build/MMB29P) AppleWebKit/537.36 (KHTML, like Gecko) Chrome/150.0.7871.124 Mobile Safari/537.36 (compatible; Googlebot/2.1; +http://www.google.com/bot.html)"
66.249.79.161 - - [16/Jul/2026:15:48:05 +0000] "GET /product/22293045717391 HTTP/1.1" 200 680 "-" "Mozilla/5.0 (Linux; Android 6.0.1; Nexus 5X Build/MMB29P) AppleWebKit/537.36 (KHTML, like Gecko) Chrome/150.0.7871.124 Mobile Safari/537.36 (compatible; Googlebot/2.1; +http://www.google.com/bot.html)"
20.104.96.117 - - [16/Jul/2026:15:48:05 +0000] "GET /class.php HTTP/1.1" 200 2215 "-" "-"
66.249.79.233 - - [16/Jul/2026:15:48:06 +0000] "GET /product/31202862357509 HTTP/1.1" 200 680 "-" "Mozilla/5.0 (Linux; Android 6.0.1; Nexus 5X Build/MMB29P) AppleWebKit/537.36 (KHTML, like Gecko) Chrome/150.0.7871.124 Mobile Safari/537.36 (compatible; Googlebot/2.1; +http://www.google.com/bot.html)"
79.116.136.37 - - [16/Jul/2026:15:48:08 +0000] "GET /product/45034656414781 HTTP/1.1" 200 680 "https://oas.com.ng/sitemap-8.xml" "Mozilla/5.0 (Linux; Android 15; M2102J25) AppleWebKit/537.36 (KHTML, like Gecko) Chrome/142.0.5767.147 Mobile Safari/537.36"
66.249.79.161 - - [16/Jul/2026:15:48:12 +0000] "GET /product/15786766493130 HTTP/1.1" 200 680 "-" "Mozilla/5.0 (Linux; Android 6.0.1; Nexus 5X Build/MMB29P) AppleWebKit/537.36 (KHTML, like Gecko) Chrome/150.0.7871.124 Mobile Safari/537.36 (compatible; Googlebot/2.1; +http://www.google.com/bot.html)"
20.104.96.117 - - [16/Jul/2026:15:48:12 +0000] "GET /echkm.php?p= HTTP/1.1" 200 2215 "-" "-"
66.249.79.161 - - [16/Jul/2026:15:48:14 +0000] "GET /product/47531825993091 HTTP/1.1" 200 680 "-" "Mozilla/5.0 (Linux; Android 6.0.1; Nexus 5X Build/MMB29P) AppleWebKit/537.36 (KHTML, like Gecko) Chrome/150.0.7871.124 Mobile Safari/537.36 (compatible; Googlebot/2.1; +http://www.google.com/bot.html)"
66.249.79.233 - - [16/Jul/2026:15:48:14 +0000] "GET /product/44839573220410 HTTP/1.1" 200 680 "-" "Mozilla/5.0 (Linux; Android 6.0.1; Nexus 5X Build/MMB29P) AppleWebKit/537.36 (KHTML, like Gecko) Chrome/150.0.7871.124 Mobile Safari/537.36 (compatible; Googlebot/2.1; +http://www.google.com/bot.html)"
20.104.96.117 - - [16/Jul/2026:15:48:15 +0000] "GET /lib.php HTTP/1.1" 200 2215 "-" "-"
20.104.96.117 - - [16/Jul/2026:15:48:17 +0000] "GET //login.php HTTP/1.1" 200 2215 "-" "-"
20.104.96.117 - - [16/Jul/2026:15:48:18 +0000] "GET /sites.php?p= HTTP/1.1" 200 2215 "-" "-"
66.249.79.233 - - [16/Jul/2026:15:48:19 +0000] "GET /product/27393363599665 HTTP/1.1" 200 680 "-" "Mozilla/5.0 (Linux; Android 6.0.1; Nexus 5X Build/MMB29P) AppleWebKit/537.36 (KHTML, like Gecko) Chrome/150.0.7871.124 Mobile Safari/537.36 (compatible; Googlebot/2.1; +http://www.google.com/bot.html)"
20.104.96.117 - - [16/Jul/2026:15:48:19 +0000] "GET /a2.php HTTP/1.1" 200 2215 "-" "-"
66.249.79.233 - - [16/Jul/2026:15:48:21 +0000] "GET /product/48985421858141 HTTP/1.1" 200 680 "-" "Mozilla/5.0 (Linux; Android 6.0.1; Nexus 5X Build/MMB29P) AppleWebKit/537.36 (KHTML, like Gecko) Chrome/150.0.7871.124 Mobile Safari/537.36 (compatible; Googlebot/2.1; +http://www.google.com/bot.html)"
66.249.79.161 - - [16/Jul/2026:15:48:21 +0000] "GET /product/26908604063864 HTTP/1.1" 200 680 "-" "Mozilla/5.0 (Linux; Android 6.0.1; Nexus 5X Build/MMB29P) AppleWebKit/537.36 (KHTML, like Gecko) Chrome/150.0.7871.124 Mobile Safari/537.36 (compatible; Googlebot/2.1; +http://www.google.com/bot.html)"
20.104.96.117 - - [16/Jul/2026:15:48:22 +0000] "GET /d61.php HTTP/1.1" 200 2215 "-" "-"
66.249.79.161 - - [16/Jul/2026:15:48:23 +0000] "GET /product/18517435299713 HTTP/1.1" 200 680 "-" "Mozilla/5.0 (Linux; Android 6.0.1; Nexus 5X Build/MMB29P) AppleWebKit/537.36 (KHTML, like Gecko) Chrome/150.0.7871.124 Mobile Safari/537.36 (compatible; Googlebot/2.1; +http://www.google.com/bot.html)"
66.249.79.161 - - [16/Jul/2026:15:48:24 +0000] "GET /product/35262486260018 HTTP/1.1" 200 680 "-" "Mozilla/5.0 (Linux; Android 6.0.1; Nexus 5X Build/MMB29P) AppleWebKit/537.36 (KHTML, like Gecko) Chrome/150.0.7871.124 Mobile Safari/537.36 (compatible; Googlebot/2.1; +http://www.google.com/bot.html)"
20.104.96.117 - - [16/Jul/2026:15:48:28 +0000] "GET /info.php HTTP/1.1" 200 149345 "-" "-"
20.104.96.117 - - [16/Jul/2026:15:48:29 +0000] "GET /gtd7.php HTTP/1.1" 200 2215 "-" "-"
209.42.17.20 - - [16/Jul/2026:15:48:33 +0000] "POST /wp-cron.php?doing_wp_cron=1784216913.4382328987121582031250 HTTP/1.1" 200 0 "-" "WordPress/7.0.1; https://oas.com.ng"
66.249.79.161 - - [16/Jul/2026:15:48:28 +0000] "GET /product/41653314990665 HTTP/1.1" 200 680 "-" "Mozilla/5.0 (Linux; Android 6.0.1; Nexus 5X Build/MMB29P) AppleWebKit/537.36 (KHTML, like Gecko) Chrome/150.0.7871.124 Mobile Safari/537.36 (compatible; Googlebot/2.1; +http://www.google.com/bot.html)"
66.249.79.161 - - [16/Jul/2026:15:48:31 +0000] "GET /product/31826123159172 HTTP/1.1" 200 680 "-" "Mozilla/5.0 (Linux; Android 6.0.1; Nexus 5X Build/MMB29P) AppleWebKit/537.36 (KHTML, like Gecko) Chrome/150.0.7871.124 Mobile Safari/537.36 (compatible; Googlebot/2.1; +http://www.google.com/bot.html)"
66.249.79.233 - - [16/Jul/2026:15:48:33 +0000] "GET /product/37296261520377 HTTP/1.1" 200 680 "-" "Mozilla/5.0 (Linux; Android 6.0.1; Nexus 5X Build/MMB29P) AppleWebKit/537.36 (KHTML, like Gecko) Chrome/150.0.7871.124 Mobile Safari/537.36 (compatible; Googlebot/2.1; +http://www.google.com/bot.html)"
20.104.96.117 - - [16/Jul/2026:15:48:34 +0000] "GET /11.php?p= HTTP/1.1" 200 2215 "-" "-"
66.249.79.161 - - [16/Jul/2026:15:48:35 +0000] "GET /product/34502996219232 HTTP/1.1" 200 680 "-" "Mozilla/5.0 (Linux; Android 6.0.1; Nexus 5X Build/MMB29P) AppleWebKit/537.36 (KHTML, like Gecko) Chrome/150.0.7871.124 Mobile Safari/537.36 (compatible; Googlebot/2.1; +http://www.google.com/bot.html)"
66.249.79.233 - - [16/Jul/2026:15:48:37 +0000] "GET /product/36826863169816 HTTP/1.1" 200 680 "-" "Mozilla/5.0 (Linux; Android 6.0.1; Nexus 5X Build/MMB29P) AppleWebKit/537.36 (KHTML, like Gecko) Chrome/150.0.7871.124 Mobile Safari/537.36 (compatible; Googlebot/2.1; +http://www.google.com/bot.html)"
66.249.79.161 - - [16/Jul/2026:15:48:40 +0000] "GET /product/38531876595286 HTTP/1.1" 200 680 "-" "Mozilla/5.0 (Linux; Android 6.0.1; Nexus 5X Build/MMB29P) AppleWebKit/537.36 (KHTML, like Gecko) Chrome/150.0.7871.124 Mobile Safari/537.36 (compatible; Googlebot/2.1; +http://www.google.com/bot.html)"
20.104.96.117 - - [16/Jul/2026:15:48:43 +0000] "GET /v2.php HTTP/1.1" 200 2215 "-" "-"
161.118.251.181 - - [16/Jul/2026:15:47:52 +0000] "POST //wp-login.php HTTP/1.1" 200 6694 "https://pctm.gov.ng//wp-login.php" "Mozilla/5.0 (Windows NT 10.0; Win64; x64) AppleWebKit/537.36 (KHTML, like Gecko) Chrome/88.0.4240.193 Safari/537.36"
161.118.251.181 - - [16/Jul/2026:15:47:52 +0000] "POST //wp-login.php HTTP/1.1" 200 6694 "https://pctm.gov.ng//wp-login.php" "Mozilla/5.0 (Windows NT 10.0; Win64; x64) AppleWebKit/537.36 (KHTML, like Gecko) Chrome/88.0.4240.193 Safari/537.36"
66.249.79.233 - - [16/Jul/2026:15:48:46 +0000] "GET /product/31468681771066 HTTP/1.1" 200 680 "-" "Mozilla/5.0 (Linux; Android 6.0.1; Nexus 5X Build/MMB29P) AppleWebKit/537.36 (KHTML, like Gecko) Chrome/150.0.7871.124 Mobile Safari/537.36 (compatible; Googlebot/2.1; +http://www.google.com/bot.html)"
66.249.79.233 - - [16/Jul/2026:15:48:49 +0000] "GET /product/28960554550293 HTTP/1.1" 200 680 "-" "Mozilla/5.0 (Linux; Android 6.0.1; Nexus 5X Build/MMB29P) AppleWebKit/537.36 (KHTML, like Gecko) Chrome/150.0.7871.124 Mobile Safari/537.36 (compatible; Googlebot/2.1; +http://www.google.com/bot.html)"
20.104.96.117 - - [16/Jul/2026:15:48:50 +0000] "GET /panel.php HTTP/1.1" 200 2215 "-" "-"
66.249.79.233 - - [16/Jul/2026:15:48:54 +0000] "GET /product/43853644210758 HTTP/1.1" 200 680 "-" "Mozilla/5.0 (Linux; Android 6.0.1; Nexus 5X Build/MMB29P) AppleWebKit/537.36 (KHTML, like Gecko) Chrome/150.0.7871.124 Mobile Safari/537.36 (compatible; Googlebot/2.1; +http://www.google.com/bot.html)"
20.104.96.117 - - [16/Jul/2026:15:48:56 +0000] "GET /dex.php HTTP/1.1" 200 2215 "-" "-"
66.249.79.161 - - [16/Jul/2026:15:49:01 +0000] "GET /product/19308485016027 HTTP/1.1" 200 680 "-" "Mozilla/5.0 (Linux; Android 6.0.1; Nexus 5X Build/MMB29P) AppleWebKit/537.36 (KHTML, like Gecko) Chrome/150.0.7871.124 Mobile Safari/537.36 (compatible; Googlebot/2.1; +http://www.google.com/bot.html)"
20.104.96.117 - - [16/Jul/2026:15:49:02 +0000] "GET /1.php HTTP/1.1" 200 2215 "-" "-"
66.249.79.233 - - [16/Jul/2026:15:49:03 +0000] "GET /product/19518175019801 HTTP/1.1" 200 680 "-" "Mozilla/5.0 (Linux; Android 6.0.1; Nexus 5X Build/MMB29P) AppleWebKit/537.36 (KHTML, like Gecko) Chrome/150.0.7871.124 Mobile Safari/537.36 (compatible; Googlebot/2.1; +http://www.google.com/bot.html)"
66.249.79.233 - - [16/Jul/2026:15:49:07 +0000] "GET /product/24877462285957 HTTP/1.1" 200 680 "-" "Mozilla/5.0 (Linux; Android 6.0.1; Nexus 5X Build/MMB29P) AppleWebKit/537.36 (KHTML, like Gecko) Chrome/150.0.7871.124 Mobile Safari/537.36 (compatible; Googlebot/2.1; +http://www.google.com/bot.html)"
66.249.79.161 - - [16/Jul/2026:15:49:07 +0000] "GET /product/31630103829419 HTTP/1.1" 200 680 "-" "Mozilla/5.0 (Linux; Android 6.0.1; Nexus 5X Build/MMB29P) AppleWebKit/537.36 (KHTML, like Gecko) Chrome/150.0.7871.124 Mobile Safari/537.36 (compatible; Googlebot/2.1; +http://www.google.com/bot.html)"
20.104.96.117 - - [16/Jul/2026:15:49:08 +0000] "GET /ms.php HTTP/1.1" 200 2215 "-" "-"
20.104.96.117 - - [16/Jul/2026:15:49:16 +0000] "GET /wp-admin/css/colors/modern/ HTTP/1.1" 404 1251 "-" "-"
66.249.79.161 - - [16/Jul/2026:15:49:14 +0000] "GET /product/12368405914081 HTTP/1.1" 200 680 "-" "Mozilla/5.0 (Linux; Android 6.0.1; Nexus 5X Build/MMB29P) AppleWebKit/537.36 (KHTML, like Gecko) Chrome/150.0.7871.124 Mobile Safari/537.36 (compatible; Googlebot/2.1; +http://www.google.com/bot.html)"
66.249.79.233 - - [16/Jul/2026:15:49:16 +0000] "GET /product/34791502597834 HTTP/1.1" 200 680 "-" "Mozilla/5.0 (Linux; Android 6.0.1; Nexus 5X Build/MMB29P) AppleWebKit/537.36 (KHTML, like Gecko) Chrome/150.0.7871.124 Mobile Safari/537.36 (compatible; Googlebot/2.1; +http://www.google.com/bot.html)"
20.104.96.117 - - [16/Jul/2026:15:49:16 +0000] "GET /memberfuns.php HTTP/1.1" 200 2215 "-" "-"
66.249.79.161 - - [16/Jul/2026:15:49:20 +0000] "GET /product/32889493680449 HTTP/1.1" 200 680 "-" "Mozilla/5.0 (Linux; Android 6.0.1; Nexus 5X Build/MMB29P) AppleWebKit/537.36 (KHTML, like Gecko) Chrome/150.0.7871.124 Mobile Safari/537.36 (compatible; Googlebot/2.1; +http://www.google.com/bot.html)"
20.104.96.117 - - [16/Jul/2026:15:49:22 +0000] "GET /0.php HTTP/1.1" 200 2215 "-" "-"
66.249.79.161 - - [16/Jul/2026:15:49:22 +0000] "GET /product/12491142917042 HTTP/1.1" 200 680 "-" "Mozilla/5.0 (Linux; Android 6.0.1; Nexus 5X Build/MMB29P) AppleWebKit/537.36 (KHTML, like Gecko) Chrome/150.0.7871.124 Mobile Safari/537.36 (compatible; Googlebot/2.1; +http://www.google.com/bot.html)"
20.104.96.117 - - [16/Jul/2026:15:49:24 +0000] "GET /BDKR28.php HTTP/1.1" 200 2215 "-" "-"
66.249.79.233 - - [16/Jul/2026:15:49:26 +0000] "GET /product/10230572760860 HTTP/1.1" 200 680 "-" "Mozilla/5.0 (Linux; Android 6.0.1; Nexus 5X Build/MMB29P) AppleWebKit/537.36 (KHTML, like Gecko) Chrome/150.0.7871.124 Mobile Safari/537.36 (compatible; Googlebot/2.1; +http://www.google.com/bot.html)"
66.249.79.161 - - [16/Jul/2026:15:49:27 +0000] "GET /prizes/96019169 HTTP/1.1" 200 680 "-" "Mozilla/5.0 (Linux; Android 6.0.1; Nexus 5X Build/MMB29P) AppleWebKit/537.36 (KHTML, like Gecko) Chrome/150.0.7871.124 Mobile Safari/537.36 (compatible; Googlebot/2.1; +http://www.google.com/bot.html)"
66.249.79.233 - - [16/Jul/2026:15:49:27 +0000] "GET /product/36703971975540 HTTP/1.1" 200 680 "-" "Mozilla/5.0 (Linux; Android 6.0.1; Nexus 5X Build/MMB29P) AppleWebKit/537.36 (KHTML, like Gecko) Chrome/150.0.7871.124 Mobile Safari/537.36 (compatible; Googlebot/2.1; +http://www.google.com/bot.html)"
20.104.96.117 - - [16/Jul/2026:15:49:28 +0000] "GET /fw.php HTTP/1.1" 200 2215 "-" "-"
209.42.17.20 - - [16/Jul/2026:15:49:33 +0000] "POST /wp-cron.php?doing_wp_cron=1784216973.6306099891662597656250 HTTP/1.1" 200 0 "-" "WordPress/7.0.1; https://oas.com.ng"
66.249.79.161 - - [16/Jul/2026:15:49:29 +0000] "GET /product/42614363477120 HTTP/1.1" 200 680 "-" "Mozilla/5.0 (Linux; Android 6.0.1; Nexus 5X Build/MMB29P) AppleWebKit/537.36 (KHTML, like Gecko) Chrome/150.0.7871.124 Mobile Safari/537.36 (compatible; Googlebot/2.1; +http://www.google.com/bot.html)"
45.216.21.251 - - [16/Jul/2026:15:49:33 +0000] "GET /product/45034093961325 HTTP/1.1" 200 680 "https://oas.com.ng/sitemap-16.xml" "Mozilla/5.0 (iPhone; CPU iPhone OS 16_4 like Mac OS X) AppleWebKit/605.1.15 (KHTML, like Gecko) Version/16.4 Mobile/15E148 Safari/604.1 MicroMessenger/8.0.42(0x18001B3F) NetType/WIFI Language/zh_CN"
66.249.79.233 - - [16/Jul/2026:15:49:33 +0000] "GET /product/49210525171883 HTTP/1.1" 200 680 "-" "Mozilla/5.0 (Linux; Android 6.0.1; Nexus 5X Build/MMB29P) AppleWebKit/537.36 (KHTML, like Gecko) Chrome/150.0.7871.124 Mobile Safari/537.36 (compatible; Googlebot/2.1; +http://www.google.com/bot.html)"
20.104.96.117 - - [16/Jul/2026:15:49:35 +0000] "GET /green1.php HTTP/1.1" 200 2215 "-" "-"
66.249.79.233 - - [16/Jul/2026:15:49:36 +0000] "GET /product/29900194027552 HTTP/1.1" 200 680 "-" "Mozilla/5.0 (Linux; Android 6.0.1; Nexus 5X Build/MMB29P) AppleWebKit/537.36 (KHTML, like Gecko) Chrome/150.0.7871.124 Mobile Safari/537.36 (compatible; Googlebot/2.1; +http://www.google.com/bot.html)"
66.249.79.161 - - [16/Jul/2026:15:49:37 +0000] "GET /product/31638253869813 HTTP/1.1" 200 680 "-" "Mozilla/5.0 (Linux; Android 6.0.1; Nexus 5X Build/MMB29P) AppleWebKit/537.36 (KHTML, like Gecko) Chrome/150.0.7871.124 Mobile Safari/537.36 (compatible; Googlebot/2.1; +http://www.google.com/bot.html)"
20.104.96.117 - - [16/Jul/2026:15:49:42 +0000] "GET /nc4.php HTTP/1.1" 200 2215 "-" "-"
66.249.79.233 - - [16/Jul/2026:15:49:45 +0000] "GET /product/17111923435001 HTTP/1.1" 200 680 "-" "Mozilla/5.0 (Linux; Android 6.0.1; Nexus 5X Build/MMB29P) AppleWebKit/537.36 (KHTML, like Gecko) Chrome/150.0.7871.124 Mobile Safari/537.36 (compatible; Googlebot/2.1; +http://www.google.com/bot.html)"
91.92.243.249 - - [16/Jul/2026:15:49:45 +0000] "POST /wp-login.php HTTP/1.1" 200 6655 "-" "Mozilla/5.0"
66.249.79.161 - - [16/Jul/2026:15:49:45 +0000] "GET /prizes/63350967 HTTP/1.1" 200 680 "-" "Mozilla/5.0 (Linux; Android 6.0.1; Nexus 5X Build/MMB29P) AppleWebKit/537.36 (KHTML, like Gecko) Chrome/150.0.7871.124 Mobile Safari/537.36 (compatible; Googlebot/2.1; +http://www.google.com/bot.html)"
161.118.251.181 - - [16/Jul/2026:15:48:51 +0000] "POST //wp-login.php HTTP/1.1" 200 6694 "https://pctm.gov.ng//wp-login.php" "Mozilla/5.0 (Windows NT 10.0; Win64; x64) AppleWebKit/537.36 (KHTML, like Gecko) Chrome/88.0.4240.193 Safari/537.36"
161.118.251.181 - - [16/Jul/2026:15:48:51 +0000] "POST //wp-login.php HTTP/1.1" 200 6694 "https://pctm.gov.ng//wp-login.php" "Mozilla/5.0 (Windows NT 10.0; Win64; x64) AppleWebKit/537.36 (KHTML, like Gecko) Chrome/88.0.4240.193 Safari/537.36"
66.249.79.161 - - [16/Jul/2026:15:49:45 +0000] "GET /product/21180553326521 HTTP/1.1" 200 680 "-" "Mozilla/5.0 (Linux; Android 6.0.1; Nexus 5X Build/MMB29P) AppleWebKit/537.36 (KHTML, like Gecko) Chrome/150.0.7871.124 Mobile Safari/537.36 (compatible; Googlebot/2.1; +http://www.google.com/bot.html)"
66.249.79.233 - - [16/Jul/2026:15:49:50 +0000] "GET /product/31548522233498 HTTP/1.1" 200 680 "-" "Mozilla/5.0 (Linux; Android 6.0.1; Nexus 5X Build/MMB29P) AppleWebKit/537.36 (KHTML, like Gecko) Chrome/150.0.7871.124 Mobile Safari/537.36 (compatible; Googlebot/2.1; +http://www.google.com/bot.html)"
20.104.96.117 - - [16/Jul/2026:15:49:48 +0000] "GET /ftde.php HTTP/1.1" 200 2215 "-" "-"
66.249.79.161 - - [16/Jul/2026:15:49:50 +0000] "GET /product/32987914690857 HTTP/1.1" 200 680 "-" "Mozilla/5.0 (Linux; Android 6.0.1; Nexus 5X Build/MMB29P) AppleWebKit/537.36 (KHTML, like Gecko) Chrome/150.0.7871.124 Mobile Safari/537.36 (compatible; Googlebot/2.1; +http://www.google.com/bot.html)"
66.249.79.233 - - [16/Jul/2026:15:49:51 +0000] "GET /product/25425141502673 HTTP/1.1" 200 680 "-" "Mozilla/5.0 (Linux; Android 6.0.1; Nexus 5X Build/MMB29P) AppleWebKit/537.36 (KHTML, like Gecko) Chrome/150.0.7871.124 Mobile Safari/537.36 (compatible; Googlebot/2.1; +http://www.google.com/bot.html)"
20.104.96.117 - - [16/Jul/2026:15:49:55 +0000] "GET /scxy.php HTTP/1.1" 200 2215 "-" "-"
66.249.79.233 - - [16/Jul/2026:15:49:57 +0000] "GET /product/36423681518499 HTTP/1.1" 200 680 "-" "Mozilla/5.0 (Linux; Android 6.0.1; Nexus 5X Build/MMB29P) AppleWebKit/537.36 (KHTML, like Gecko) Chrome/150.0.7871.124 Mobile Safari/537.36 (compatible; Googlebot/2.1; +http://www.google.com/bot.html)"
66.249.79.161 - - [16/Jul/2026:15:49:57 +0000] "GET /product/10519523356321 HTTP/1.1" 200 680 "-" "Mozilla/5.0 (Linux; Android 6.0.1; Nexus 5X Build/MMB29P) AppleWebKit/537.36 (KHTML, like Gecko) Chrome/150.0.7871.124 Mobile Safari/537.36 (compatible; Googlebot/2.1; +http://www.google.com/bot.html)"
20.104.96.117 - - [16/Jul/2026:15:50:02 +0000] "GET /uwu.php HTTP/1.1" 200 2215 "-" "-"
66.249.79.233 - - [16/Jul/2026:15:50:02 +0000] "GET /product/13250125203628 HTTP/1.1" 200 680 "-" "Mozilla/5.0 (Linux; Android 6.0.1; Nexus 5X Build/MMB29P) AppleWebKit/537.36 (KHTML, like Gecko) Chrome/150.0.7871.124 Mobile Safari/537.36 (compatible; Googlebot/2.1; +http://www.google.com/bot.html)"
66.249.79.161 - - [16/Jul/2026:15:50:05 +0000] "GET /product/46474355133431 HTTP/1.1" 200 680 "-" "Mozilla/5.0 (Linux; Android 6.0.1; Nexus 5X Build/MMB29P) AppleWebKit/537.36 (KHTML, like Gecko) Chrome/150.0.7871.124 Mobile Safari/537.36 (compatible; Googlebot/2.1; +http://www.google.com/bot.html)"
66.249.79.233 - - [16/Jul/2026:15:50:08 +0000] "GET /prizes/91649250 HTTP/1.1" 200 680 "-" "Mozilla/5.0 (Linux; Android 6.0.1; Nexus 5X Build/MMB29P) AppleWebKit/537.36 (KHTML, like Gecko) Chrome/150.0.7871.124 Mobile Safari/537.36 (compatible; Googlebot/2.1; +http://www.google.com/bot.html)"
20.104.96.117 - - [16/Jul/2026:15:50:10 +0000] "GET /yuighh.php HTTP/1.1" 200 2215 "-" "-"
66.249.79.233 - - [16/Jul/2026:15:50:09 +0000] "GET /product/39076291448208 HTTP/1.1" 200 680 "-" "Mozilla/5.0 (Linux; Android 6.0.1; Nexus 5X Build/MMB29P) AppleWebKit/537.36 (KHTML, like Gecko) Chrome/150.0.7871.124 Mobile Safari/537.36 (compatible; Googlebot/2.1; +http://www.google.com/bot.html)"
66.249.79.233 - - [16/Jul/2026:15:50:12 +0000] "GET /product/16749784935296 HTTP/1.1" 200 680 "-" "Mozilla/5.0 (Linux; Android 6.0.1; Nexus 5X Build/MMB29P) AppleWebKit/537.36 (KHTML, like Gecko) Chrome/150.0.7871.124 Mobile Safari/537.36 (compatible; Googlebot/2.1; +http://www.google.com/bot.html)"
66.249.79.233 - - [16/Jul/2026:15:50:14 +0000] "GET /shop/pg/61444269-4 HTTP/1.1" 200 680 "-" "Mozilla/5.0 (Linux; Android 6.0.1; Nexus 5X Build/MMB29P) AppleWebKit/537.36 (KHTML, like Gecko) Chrome/150.0.7871.124 Mobile Safari/537.36 (compatible; Googlebot/2.1; +http://www.google.com/bot.html)"
20.104.96.117 - - [16/Jul/2026:15:50:16 +0000] "GET /bypass.php HTTP/1.1" 200 2215 "-" "-"
66.249.79.233 - - [16/Jul/2026:15:50:18 +0000] "GET /product/24279891504386 HTTP/1.1" 200 680 "-" "Mozilla/5.0 (Linux; Android 6.0.1; Nexus 5X Build/MMB29P) AppleWebKit/537.36 (KHTML, like Gecko) Chrome/150.0.7871.124 Mobile Safari/537.36 (compatible; Googlebot/2.1; +http://www.google.com/bot.html)"
66.249.79.233 - - [16/Jul/2026:15:50:17 +0000] "GET /product/21617091487600 HTTP/1.1" 200 680 "-" "Mozilla/5.0 (Linux; Android 6.0.1; Nexus 5X Build/MMB29P) AppleWebKit/537.36 (KHTML, like Gecko) Chrome/150.0.7871.124 Mobile Safari/537.36 (compatible; Googlebot/2.1; +http://www.google.com/bot.html)"
66.249.79.161 - - [16/Jul/2026:15:50:22 +0000] "GET /product/42984754682169 HTTP/1.1" 200 680 "-" "Mozilla/5.0 (Linux; Android 6.0.1; Nexus 5X Build/MMB29P) AppleWebKit/537.36 (KHTML, like Gecko) Chrome/150.0.7871.124 Mobile Safari/537.36 (compatible; Googlebot/2.1; +http://www.google.com/bot.html)"
52.167.144.183 - - [16/Jul/2026:15:50:22 +0000] "GET /product/20121536774085 HTTP/2" 200 680 "-" "Mozilla/5.0 AppleWebKit/537.36 (KHTML, like Gecko; compatible; bingbot/2.0; +http://www.bing.com/bingbot.htm) Chrome/116.0.1938.76 Safari/537.36"
66.249.79.233 - - [16/Jul/2026:15:50:23 +0000] "GET /product/22621522321525 HTTP/1.1" 200 680 "-" "Mozilla/5.0 (Linux; Android 6.0.1; Nexus 5X Build/MMB29P) AppleWebKit/537.36 (KHTML, like Gecko) Chrome/150.0.7871.124 Mobile Safari/537.36 (compatible; Googlebot/2.1; +http://www.google.com/bot.html)"
20.104.96.117 - - [16/Jul/2026:15:50:24 +0000] "GET /00.php HTTP/1.1" 200 2215 "-" "-"
66.249.79.233 - - [16/Jul/2026:15:50:26 +0000] "GET /product/13918533849069 HTTP/1.1" 200 680 "-" "Mozilla/5.0 (Linux; Android 6.0.1; Nexus 5X Build/MMB29P) AppleWebKit/537.36 (KHTML, like Gecko) Chrome/150.0.7871.124 Mobile Safari/537.36 (compatible; Googlebot/2.1; +http://www.google.com/bot.html)"
209.42.17.20 - - [16/Jul/2026:15:50:33 +0000] "POST /wp-cron.php?doing_wp_cron=1784217033.0153100490570068359375 HTTP/1.1" 200 0 "-" "WordPress/7.0.1; https://oas.com.ng"
66.249.79.161 - - [16/Jul/2026:15:50:27 +0000] "GET /product/46145715368068 HTTP/1.1" 200 680 "-" "Mozilla/5.0 (Linux; Android 6.0.1; Nexus 5X Build/MMB29P) AppleWebKit/537.36 (KHTML, like Gecko) Chrome/150.0.7871.124 Mobile Safari/537.36 (compatible; Googlebot/2.1; +http://www.google.com/bot.html)"
20.104.96.117 - - [16/Jul/2026:15:50:30 +0000] "GET /a1.php HTTP/1.1" 200 2215 "-" "-"
20.104.96.117 - - [16/Jul/2026:15:50:37 +0000] "GET /eee.php HTTP/1.1" 200 2215 "-" "-"
20.104.96.117 - - [16/Jul/2026:15:50:43 +0000] "GET /media.php HTTP/1.1" 200 2215 "-" "-"
161.118.251.181 - - [16/Jul/2026:15:49:50 +0000] "POST //wp-login.php HTTP/1.1" 200 6694 "https://pctm.gov.ng//wp-login.php" "Mozilla/5.0 (Windows NT 10.0; Win64; x64) AppleWebKit/537.36 (KHTML, like Gecko) Chrome/88.0.4240.193 Safari/537.36"
161.118.251.181 - - [16/Jul/2026:15:49:50 +0000] "POST //wp-login.php HTTP/1.1" 200 6694 "https://pctm.gov.ng//wp-login.php" "Mozilla/5.0 (Windows NT 10.0; Win64; x64) AppleWebKit/537.36 (KHTML, like Gecko) Chrome/88.0.4240.193 Safari/537.36"
66.249.79.233 - - [16/Jul/2026:15:50:47 +0000] "GET /product/12389773952944 HTTP/1.1" 200 680 "-" "Mozilla/5.0 (Linux; Android 6.0.1; Nexus 5X Build/MMB29P) AppleWebKit/537.36 (KHTML, like Gecko) Chrome/150.0.7871.124 Mobile Safari/537.36 (compatible; Googlebot/2.1; +http://www.google.com/bot.html)"
20.104.96.117 - - [16/Jul/2026:15:50:49 +0000] "GET /images.php HTTP/1.1" 200 2215 "-" "-"
66.249.79.161 - - [16/Jul/2026:15:50:54 +0000] "GET /product/45875132930119 HTTP/1.1" 200 680 "-" "Mozilla/5.0 (Linux; Android 6.0.1; Nexus 5X Build/MMB29P) AppleWebKit/537.36 (KHTML, like Gecko) Chrome/150.0.7871.124 Mobile Safari/537.36 (compatible; Googlebot/2.1; +http://www.google.com/bot.html)"
20.104.96.117 - - [16/Jul/2026:15:50:56 +0000] "GET /wp-aothait.php HTTP/1.1" 200 2215 "-" "-"
102.206.97.22 - - [16/Jul/2026:15:50:56 +0000] "GET /product/45016763690979 HTTP/1.1" 200 680 "https://oas.com.ng/sitemap-9.xml" "Mozilla/5.0 (Linux; Android 15; OPPO PCLM6) AppleWebKit/537.36 (KHTML, like Gecko) Chrome/146.0.5490.90 Mobile Safari/537.36"
20.104.96.117 - - [16/Jul/2026:15:51:01 +0000] "GET /config.json.php HTTP/1.1" 200 2215 "-" "-"
66.249.79.235 - - [16/Jul/2026:15:51:03 +0000] "GET /product/42176762995747 HTTP/1.1" 200 680 "-" "Mozilla/5.0 (Linux; Android 6.0.1; Nexus 5X Build/MMB29P) AppleWebKit/537.36 (KHTML, like Gecko) Chrome/150.0.7871.124 Mobile Safari/537.36 (compatible; Googlebot/2.1; +http://www.google.com/bot.html)"
66.249.79.161 - - [16/Jul/2026:15:51:07 +0000] "GET /product/13276055235365 HTTP/1.1" 200 680 "-" "Mozilla/5.0 (Linux; Android 6.0.1; Nexus 5X Build/MMB29P) AppleWebKit/537.36 (KHTML, like Gecko) Chrome/150.0.7871.124 Mobile Safari/537.36 (compatible; Googlebot/2.1; +http://www.google.com/bot.html)"
20.104.96.117 - - [16/Jul/2026:15:51:08 +0000] "GET /2PJcpMFsD8B.php HTTP/1.1" 200 2215 "-" "-"
66.249.79.161 - - [16/Jul/2026:15:51:08 +0000] "GET /product/46533875589810 HTTP/1.1" 200 680 "-" "Mozilla/5.0 (Linux; Android 6.0.1; Nexus 5X Build/MMB29P) AppleWebKit/537.36 (KHTML, like Gecko) Chrome/150.0.7871.124 Mobile Safari/537.36 (compatible; Googlebot/2.1; +http://www.google.com/bot.html)"
20.104.96.117 - - [16/Jul/2026:15:51:13 +0000] "GET /k2.php HTTP/1.1" 200 2215 "-" "-"
66.249.79.161 - - [16/Jul/2026:15:51:17 +0000] "GET /product/32323244025934 HTTP/1.1" 200 680 "-" "Mozilla/5.0 (Linux; Android 6.0.1; Nexus 5X Build/MMB29P) AppleWebKit/537.36 (KHTML, like Gecko) Chrome/150.0.7871.124 Mobile Safari/537.36 (compatible; Googlebot/2.1; +http://www.google.com/bot.html)"
66.249.79.161 - - [16/Jul/2026:15:51:25 +0000] "GET /product/17133455910496 HTTP/1.1" 200 680 "-" "Mozilla/5.0 (Linux; Android 6.0.1; Nexus 5X Build/MMB29P) AppleWebKit/537.36 (KHTML, like Gecko) Chrome/150.0.7871.124 Mobile Safari/537.36 (compatible; Googlebot/2.1; +http://www.google.com/bot.html)"
66.249.79.233 - - [16/Jul/2026:15:51:30 +0000] "GET /product/31563402411378 HTTP/1.1" 200 680 "-" "Mozilla/5.0 (Linux; Android 6.0.1; Nexus 5X Build/MMB29P) AppleWebKit/537.36 (KHTML, like Gecko) Chrome/150.0.7871.124 Mobile Safari/537.36 (compatible; Googlebot/2.1; +http://www.google.com/bot.html)"
209.42.17.20 - - [16/Jul/2026:15:51:35 +0000] "POST /wp-cron.php?doing_wp_cron=1784217095.6607980728149414062500 HTTP/1.1" 200 0 "-" "WordPress/7.0.1; https://oas.com.ng"
66.249.79.233 - - [16/Jul/2026:15:51:34 +0000] "GET /product/14395971708267 HTTP/1.1" 200 680 "-" "Mozilla/5.0 (Linux; Android 6.0.1; Nexus 5X Build/MMB29P) AppleWebKit/537.36 (KHTML, like Gecko) Chrome/150.0.7871.124 Mobile Safari/537.36 (compatible; Googlebot/2.1; +http://www.google.com/bot.html)"
66.249.79.161 - - [16/Jul/2026:15:51:36 +0000] "GET /product/33046183964368 HTTP/1.1" 200 680 "-" "Mozilla/5.0 (Linux; Android 6.0.1; Nexus 5X Build/MMB29P) AppleWebKit/537.36 (KHTML, like Gecko) Chrome/150.0.7871.124 Mobile Safari/537.36 (compatible; Googlebot/2.1; +http://www.google.com/bot.html)"
66.249.79.233 - - [16/Jul/2026:15:51:37 +0000] "GET /product/25037213062657 HTTP/1.1" 200 680 "-" "Mozilla/5.0 (Linux; Android 6.0.1; Nexus 5X Build/MMB29P) AppleWebKit/537.36 (KHTML, like Gecko) Chrome/150.0.7871.124 Mobile Safari/537.36 (compatible; Googlebot/2.1; +http://www.google.com/bot.html)"
66.249.79.161 - - [16/Jul/2026:15:51:39 +0000] "GET /product/15841823599744 HTTP/1.1" 200 680 "-" "Mozilla/5.0 (Linux; Android 6.0.1; Nexus 5X Build/MMB29P) AppleWebKit/537.36 (KHTML, like Gecko) Chrome/150.0.7871.124 Mobile Safari/537.36 (compatible; Googlebot/2.1; +http://www.google.com/bot.html)"
66.249.79.233 - - [16/Jul/2026:15:51:41 +0000] "GET /product/40174782359673 HTTP/1.1" 200 680 "-" "Mozilla/5.0 (Linux; Android 6.0.1; Nexus 5X Build/MMB29P) AppleWebKit/537.36 (KHTML, like Gecko) Chrome/150.0.7871.124 Mobile Safari/537.36 (compatible; Googlebot/2.1; +http://www.google.com/bot.html)"
66.249.79.161 - - [16/Jul/2026:15:51:42 +0000] "GET /product/43718706455845 HTTP/1.1" 200 680 "-" "Mozilla/5.0 (Linux; Android 6.0.1; Nexus 5X Build/MMB29P) AppleWebKit/537.36 (KHTML, like Gecko) Chrome/150.0.7871.124 Mobile Safari/537.36 (compatible; Googlebot/2.1; +http://www.google.com/bot.html)"
158.140.170.2 - - [16/Jul/2026:15:51:42 +0000] "GET /wp-content/plugins/everest-forms-pro/readme.txt HTTP/1.1" 200 793 "-" "Mozilla/5.0 (Ubuntu; Linux i686) AppleWebKit/537.36 (KHTML, like Gecko) Chrome/133.0.0.0 Safari/537.36"
66.249.79.233 - - [16/Jul/2026:15:51:45 +0000] "GET /product/47265175301745 HTTP/1.1" 200 680 "-" "Mozilla/5.0 (Linux; Android 6.0.1; Nexus 5X Build/MMB29P) AppleWebKit/537.36 (KHTML, like Gecko) Chrome/150.0.7871.124 Mobile Safari/537.36 (compatible; Googlebot/2.1; +http://www.google.com/bot.html)"
66.249.79.161 - - [16/Jul/2026:15:51:45 +0000] "GET /product/27879566187306 HTTP/1.1" 200 680 "-" "Mozilla/5.0 (Linux; Android 6.0.1; Nexus 5X Build/MMB29P) AppleWebKit/537.36 (KHTML, like Gecko) Chrome/150.0.7871.124 Mobile Safari/537.36 (compatible; Googlebot/2.1; +http://www.google.com/bot.html)"
161.118.251.181 - - [16/Jul/2026:15:50:50 +0000] "POST //wp-login.php HTTP/1.1" 200 6694 "https://pctm.gov.ng//wp-login.php" "Mozilla/5.0 (Windows NT 10.0; Win64; x64) AppleWebKit/537.36 (KHTML, like Gecko) Chrome/88.0.4240.193 Safari/537.36"
66.249.79.161 - - [16/Jul/2026:15:51:46 +0000] "GET /product/44000206464760 HTTP/1.1" 200 680 "-" "Mozilla/5.0 (Linux; Android 6.0.1; Nexus 5X Build/MMB29P) AppleWebKit/537.36 (KHTML, like Gecko) Chrome/150.0.7871.124 Mobile Safari/537.36 (compatible; Googlebot/2.1; +http://www.google.com/bot.html)"
161.118.251.181 - - [16/Jul/2026:15:50:51 +0000] "POST //wp-login.php HTTP/1.1" 200 6694 "https://pctm.gov.ng//wp-login.php" "Mozilla/5.0 (Windows NT 10.0; Win64; x64) AppleWebKit/537.36 (KHTML, like Gecko) Chrome/88.0.4240.193 Safari/537.36"
66.249.79.233 - - [16/Jul/2026:15:51:49 +0000] "GET /product/47497162570774 HTTP/1.1" 200 680 "-" "Mozilla/5.0 (Linux; Android 6.0.1; Nexus 5X Build/MMB29P) AppleWebKit/537.36 (KHTML, like Gecko) Chrome/150.0.7871.124 Mobile Safari/537.36 (compatible; Googlebot/2.1; +http://www.google.com/bot.html)"
66.249.79.161 - - [16/Jul/2026:15:51:50 +0000] "GET /product/14169013988634 HTTP/1.1" 200 680 "-" "Mozilla/5.0 (Linux; Android 6.0.1; Nexus 5X Build/MMB29P) AppleWebKit/537.36 (KHTML, like Gecko) Chrome/150.0.7871.124 Mobile Safari/537.36 (compatible; Googlebot/2.1; +http://www.google.com/bot.html)"
66.249.79.233 - - [16/Jul/2026:15:51:51 +0000] "GET /product/27951394099245 HTTP/1.1" 200 680 "-" "Mozilla/5.0 (Linux; Android 6.0.1; Nexus 5X Build/MMB29P) AppleWebKit/537.36 (KHTML, like Gecko) Chrome/150.0.7871.124 Mobile Safari/537.36 (compatible; Googlebot/2.1; +http://www.google.com/bot.html)"
66.249.68.169 - - [16/Jul/2026:15:51:52 +0000] "GET /product/34624797481483 HTTP/1.1" 200 680 "-" "Mozilla/5.0 (Linux; Android 6.0.1; Nexus 5X Build/MMB29P) AppleWebKit/537.36 (KHTML, like Gecko) Chrome/150.0.7871.124 Mobile Safari/537.36 (compatible; Googlebot/2.1; +http://www.google.com/bot.html)"
66.249.79.161 - - [16/Jul/2026:15:51:53 +0000] "GET /product/26059585666198 HTTP/1.1" 200 680 "-" "Mozilla/5.0 (Linux; Android 6.0.1; Nexus 5X Build/MMB29P) AppleWebKit/537.36 (KHTML, like Gecko) Chrome/150.0.7871.124 Mobile Safari/537.36 (compatible; Googlebot/2.1; +http://www.google.com/bot.html)"
66.249.79.161 - - [16/Jul/2026:15:51:54 +0000] "GET /prizes/116252280 HTTP/1.1" 200 680 "-" "Mozilla/5.0 (Linux; Android 6.0.1; Nexus 5X Build/MMB29P) AppleWebKit/537.36 (KHTML, like Gecko) Chrome/150.0.7871.124 Mobile Safari/537.36 (compatible; Googlebot/2.1; +http://www.google.com/bot.html)"
66.249.79.233 - - [16/Jul/2026:15:51:54 +0000] "GET /product/22233752187199 HTTP/1.1" 200 680 "-" "Mozilla/5.0 (Linux; Android 6.0.1; Nexus 5X Build/MMB29P) AppleWebKit/537.36 (KHTML, like Gecko) Chrome/150.0.7871.124 Mobile Safari/537.36 (compatible; Googlebot/2.1; +http://www.google.com/bot.html)"
66.249.79.233 - - [16/Jul/2026:15:51:55 +0000] "GET /product/19967351775256 HTTP/1.1" 200 680 "-" "Mozilla/5.0 (Linux; Android 6.0.1; Nexus 5X Build/MMB29P) AppleWebKit/537.36 (KHTML, like Gecko) Chrome/150.0.7871.124 Mobile Safari/537.36 (compatible; Googlebot/2.1; +http://www.google.com/bot.html)"
66.249.79.161 - - [16/Jul/2026:15:51:57 +0000] "GET /product/47350466362801 HTTP/1.1" 200 680 "-" "Mozilla/5.0 (Linux; Android 6.0.1; Nexus 5X Build/MMB29P) AppleWebKit/537.36 (KHTML, like Gecko) Chrome/150.0.7871.124 Mobile Safari/537.36 (compatible; Googlebot/2.1; +http://www.google.com/bot.html)"
66.249.79.233 - - [16/Jul/2026:15:51:59 +0000] "GET /product/45945832210845 HTTP/1.1" 200 680 "-" "Mozilla/5.0 (Linux; Android 6.0.1; Nexus 5X Build/MMB29P) AppleWebKit/537.36 (KHTML, like Gecko) Chrome/150.0.7871.124 Mobile Safari/537.36 (compatible; Googlebot/2.1; +http://www.google.com/bot.html)"
66.249.79.161 - - [16/Jul/2026:15:51:59 +0000] "GET /product/47679146162303 HTTP/1.1" 200 680 "-" "Mozilla/5.0 (Linux; Android 6.0.1; Nexus 5X Build/MMB29P) AppleWebKit/537.36 (KHTML, like Gecko) Chrome/150.0.7871.124 Mobile Safari/537.36 (compatible; Googlebot/2.1; +http://www.google.com/bot.html)"
66.249.79.233 - - [16/Jul/2026:15:52:01 +0000] "GET /product/45177552131207 HTTP/1.1" 200 680 "-" "Mozilla/5.0 (Linux; Android 6.0.1; Nexus 5X Build/MMB29P) AppleWebKit/537.36 (KHTML, like Gecko) Chrome/150.0.7871.124 Mobile Safari/537.36 (compatible; Googlebot/2.1; +http://www.google.com/bot.html)"
66.249.79.161 - - [16/Jul/2026:15:52:01 +0000] "GET /product/24484463584873 HTTP/1.1" 200 680 "-" "Mozilla/5.0 (Linux; Android 6.0.1; Nexus 5X Build/MMB29P) AppleWebKit/537.36 (KHTML, like Gecko) Chrome/150.0.7871.124 Mobile Safari/537.36 (compatible; Googlebot/2.1; +http://www.google.com/bot.html)"
66.249.79.233 - - [16/Jul/2026:15:52:04 +0000] "GET /product/43553433762240 HTTP/1.1" 200 680 "-" "Mozilla/5.0 (Linux; Android 6.0.1; Nexus 5X Build/MMB29P) AppleWebKit/537.36 (KHTML, like Gecko) Chrome/150.0.7871.124 Mobile Safari/537.36 (compatible; Googlebot/2.1; +http://www.google.com/bot.html)"
66.249.79.161 - - [16/Jul/2026:15:52:05 +0000] "GET /product/39757675609542 HTTP/1.1" 200 680 "-" "Mozilla/5.0 (Linux; Android 6.0.1; Nexus 5X Build/MMB29P) AppleWebKit/537.36 (KHTML, like Gecko) Chrome/150.0.7871.124 Mobile Safari/537.36 (compatible; Googlebot/2.1; +http://www.google.com/bot.html)"
66.249.79.233 - - [16/Jul/2026:15:52:08 +0000] "GET /product/45634732361055 HTTP/1.1" 200 680 "-" "Mozilla/5.0 (Linux; Android 6.0.1; Nexus 5X Build/MMB29P) AppleWebKit/537.36 (KHTML, like Gecko) Chrome/150.0.7871.124 Mobile Safari/537.36 (compatible; Googlebot/2.1; +http://www.google.com/bot.html)"
66.249.79.161 - - [16/Jul/2026:15:52:08 +0000] "GET /product/43756426361688 HTTP/1.1" 200 680 "-" "Mozilla/5.0 (Linux; Android 6.0.1; Nexus 5X Build/MMB29P) AppleWebKit/537.36 (KHTML, like Gecko) Chrome/150.0.7871.124 Mobile Safari/537.36 (compatible; Googlebot/2.1; +http://www.google.com/bot.html)"
66.249.79.233 - - [16/Jul/2026:15:52:11 +0000] "GET /product/16467211532297 HTTP/1.1" 200 680 "-" "Mozilla/5.0 (Linux; Android 6.0.1; Nexus 5X Build/MMB29P) AppleWebKit/537.36 (KHTML, like Gecko) Chrome/150.0.7871.124 Mobile Safari/537.36 (compatible; Googlebot/2.1; +http://www.google.com/bot.html)"
66.249.79.161 - - [16/Jul/2026:15:52:11 +0000] "GET /product/17036214411130 HTTP/1.1" 200 680 "-" "Mozilla/5.0 (Linux; Android 6.0.1; Nexus 5X Build/MMB29P) AppleWebKit/537.36 (KHTML, like Gecko) Chrome/150.0.7871.124 Mobile Safari/537.36 (compatible; Googlebot/2.1; +http://www.google.com/bot.html)"
66.249.79.161 - - [16/Jul/2026:15:52:12 +0000] "GET /product/26928133534324 HTTP/1.1" 200 680 "-" "Mozilla/5.0 (Linux; Android 6.0.1; Nexus 5X Build/MMB29P) AppleWebKit/537.36 (KHTML, like Gecko) Chrome/150.0.7871.124 Mobile Safari/537.36 (compatible; Googlebot/2.1; +http://www.google.com/bot.html)"
66.249.79.233 - - [16/Jul/2026:15:52:14 +0000] "GET /product/35448654881393 HTTP/1.1" 200 680 "-" "Mozilla/5.0 (Linux; Android 6.0.1; Nexus 5X Build/MMB29P) AppleWebKit/537.36 (KHTML, like Gecko) Chrome/150.0.7871.124 Mobile Safari/537.36 (compatible; Googlebot/2.1; +http://www.google.com/bot.html)"
66.249.79.161 - - [16/Jul/2026:15:52:15 +0000] "GET /prizes/111265169 HTTP/1.1" 200 680 "-" "Mozilla/5.0 (Linux; Android 6.0.1; Nexus 5X Build/MMB29P) AppleWebKit/537.36 (KHTML, like Gecko) Chrome/150.0.7871.124 Mobile Safari/537.36 (compatible; Googlebot/2.1; +http://www.google.com/bot.html)"
66.249.79.161 - - [16/Jul/2026:15:52:15 +0000] "GET /product/17110113897721 HTTP/1.1" 200 680 "-" "Mozilla/5.0 (Linux; Android 6.0.1; Nexus 5X Build/MMB29P) AppleWebKit/537.36 (KHTML, like Gecko) Chrome/150.0.7871.124 Mobile Safari/537.36 (compatible; Googlebot/2.1; +http://www.google.com/bot.html)"
66.249.79.233 - - [16/Jul/2026:15:52:19 +0000] "GET /product/47039244186059 HTTP/1.1" 200 680 "-" "Mozilla/5.0 (Linux; Android 6.0.1; Nexus 5X Build/MMB29P) AppleWebKit/537.36 (KHTML, like Gecko) Chrome/150.0.7871.124 Mobile Safari/537.36 (compatible; Googlebot/2.1; +http://www.google.com/bot.html)"
45.220.17.132 - - [16/Jul/2026:15:52:20 +0000] "GET /product/45012896427620 HTTP/1.1" 200 680 "https://oas.com.ng/sitemap-9.xml" "Mozilla/5.0 (Linux; Android 13; V2183) AppleWebKit/537.36 (KHTML, like Gecko) Chrome/151.0.5034.13 Mobile Safari/537.36"
66.249.79.161 - - [16/Jul/2026:15:52:20 +0000] "GET /product/41838115835105 HTTP/1.1" 200 680 "-" "Mozilla/5.0 (Linux; Android 6.0.1; Nexus 5X Build/MMB29P) AppleWebKit/537.36 (KHTML, like Gecko) Chrome/150.0.7871.124 Mobile Safari/537.36 (compatible; Googlebot/2.1; +http://www.google.com/bot.html)"
66.249.79.233 - - [16/Jul/2026:15:52:21 +0000] "GET /product/22286322828299 HTTP/1.1" 200 680 "-" "Mozilla/5.0 (Linux; Android 6.0.1; Nexus 5X Build/MMB29P) AppleWebKit/537.36 (KHTML, like Gecko) Chrome/150.0.7871.124 Mobile Safari/537.36 (compatible; Googlebot/2.1; +http://www.google.com/bot.html)"
66.249.79.161 - - [16/Jul/2026:15:52:22 +0000] "GET /product/38670935706729 HTTP/1.1" 200 680 "-" "Mozilla/5.0 (Linux; Android 6.0.1; Nexus 5X Build/MMB29P) AppleWebKit/537.36 (KHTML, like Gecko) Chrome/150.0.7871.124 Mobile Safari/537.36 (compatible; Googlebot/2.1; +http://www.google.com/bot.html)"
66.249.79.233 - - [16/Jul/2026:15:52:24 +0000] "GET /product/41832962433860 HTTP/1.1" 200 680 "-" "Mozilla/5.0 (Linux; Android 6.0.1; Nexus 5X Build/MMB29P) AppleWebKit/537.36 (KHTML, like Gecko) Chrome/150.0.7871.124 Mobile Safari/537.36 (compatible; Googlebot/2.1; +http://www.google.com/bot.html)"
66.249.79.161 - - [16/Jul/2026:15:52:25 +0000] "GET /product/14625535692330 HTTP/1.1" 200 680 "-" "Mozilla/5.0 (Linux; Android 6.0.1; Nexus 5X Build/MMB29P) AppleWebKit/537.36 (KHTML, like Gecko) Chrome/150.0.7871.124 Mobile Safari/537.36 (compatible; Googlebot/2.1; +http://www.google.com/bot.html)"
66.249.68.64 - - [16/Jul/2026:15:52:27 +0000] "GET /product/44366075869093 HTTP/1.1" 200 680 "-" "Mozilla/5.0 (Linux; Android 6.0.1; Nexus 5X Build/MMB29P) AppleWebKit/537.36 (KHTML, like Gecko) Chrome/150.0.7871.124 Mobile Safari/537.36 (compatible; Googlebot/2.1; +http://www.google.com/bot.html)"
66.249.79.233 - - [16/Jul/2026:15:52:28 +0000] "GET /product/17162752302292 HTTP/1.1" 200 680 "-" "Mozilla/5.0 (Linux; Android 6.0.1; Nexus 5X Build/MMB29P) AppleWebKit/537.36 (KHTML, like Gecko) Chrome/150.0.7871.124 Mobile Safari/537.36 (compatible; Googlebot/2.1; +http://www.google.com/bot.html)"
66.249.79.161 - - [16/Jul/2026:15:52:28 +0000] "GET /product/40092346304190 HTTP/1.1" 200 680 "-" "Mozilla/5.0 (Linux; Android 6.0.1; Nexus 5X Build/MMB29P) AppleWebKit/537.36 (KHTML, like Gecko) Chrome/150.0.7871.124 Mobile Safari/537.36 (compatible; Googlebot/2.1; +http://www.google.com/bot.html)"
66.249.79.233 - - [16/Jul/2026:15:52:29 +0000] "GET /product/28733133075510 HTTP/1.1" 200 680 "-" "Mozilla/5.0 (Linux; Android 6.0.1; Nexus 5X Build/MMB29P) AppleWebKit/537.36 (KHTML, like Gecko) Chrome/150.0.7871.124 Mobile Safari/537.36 (compatible; Googlebot/2.1; +http://www.google.com/bot.html)"
66.249.79.161 - - [16/Jul/2026:15:52:30 +0000] "GET /product/30811984003434 HTTP/1.1" 200 680 "-" "Mozilla/5.0 (Linux; Android 6.0.1; Nexus 5X Build/MMB29P) AppleWebKit/537.36 (KHTML, like Gecko) Chrome/150.0.7871.124 Mobile Safari/537.36 (compatible; Googlebot/2.1; +http://www.google.com/bot.html)"
66.249.79.233 - - [16/Jul/2026:15:52:31 +0000] "GET /product/15108384627510 HTTP/1.1" 200 680 "-" "Mozilla/5.0 (Linux; Android 6.0.1; Nexus 5X Build/MMB29P) AppleWebKit/537.36 (KHTML, like Gecko) Chrome/150.0.7871.124 Mobile Safari/537.36 (compatible; Googlebot/2.1; +http://www.google.com/bot.html)"
209.42.17.20 - - [16/Jul/2026:15:52:33 +0000] "POST /wp-cron.php?doing_wp_cron=1784217153.1609680652618408203125 HTTP/1.1" 200 0 "-" "WordPress/7.0.1; https://oas.com.ng"
66.249.79.161 - - [16/Jul/2026:15:52:32 +0000] "GET /product/48792345027285 HTTP/1.1" 200 680 "-" "Mozilla/5.0 (Linux; Android 6.0.1; Nexus 5X Build/MMB29P) AppleWebKit/537.36 (KHTML, like Gecko) Chrome/150.0.7871.124 Mobile Safari/537.36 (compatible; Googlebot/2.1; +http://www.google.com/bot.html)"
66.249.79.233 - - [16/Jul/2026:15:52:33 +0000] "GET /product/15648421730067 HTTP/1.1" 200 680 "-" "Mozilla/5.0 (Linux; Android 6.0.1; Nexus 5X Build/MMB29P) AppleWebKit/537.36 (KHTML, like Gecko) Chrome/150.0.7871.124 Mobile Safari/537.36 (compatible; Googlebot/2.1; +http://www.google.com/bot.html)"
66.249.79.233 - - [16/Jul/2026:15:52:33 +0000] "GET /product/49056581538229 HTTP/1.1" 200 680 "-" "Mozilla/5.0 (Linux; Android 6.0.1; Nexus 5X Build/MMB29P) AppleWebKit/537.36 (KHTML, like Gecko) Chrome/150.0.7871.124 Mobile Safari/537.36 (compatible; Googlebot/2.1; +http://www.google.com/bot.html)"
66.249.79.161 - - [16/Jul/2026:15:52:34 +0000] "GET /product/48060025475603 HTTP/1.1" 200 680 "-" "Mozilla/5.0 (Linux; Android 6.0.1; Nexus 5X Build/MMB29P) AppleWebKit/537.36 (KHTML, like Gecko) Chrome/150.0.7871.124 Mobile Safari/537.36 (compatible; Googlebot/2.1; +http://www.google.com/bot.html)"
66.249.79.161 - - [16/Jul/2026:15:52:35 +0000] "GET /product/17308634429659 HTTP/1.1" 200 680 "-" "Mozilla/5.0 (Linux; Android 6.0.1; Nexus 5X Build/MMB29P) AppleWebKit/537.36 (KHTML, like Gecko) Chrome/150.0.7871.124 Mobile Safari/537.36 (compatible; Googlebot/2.1; +http://www.google.com/bot.html)"
66.249.79.233 - - [16/Jul/2026:15:52:36 +0000] "GET /product/12227591998839 HTTP/1.1" 200 680 "-" "Mozilla/5.0 (Linux; Android 6.0.1; Nexus 5X Build/MMB29P) AppleWebKit/537.36 (KHTML, like Gecko) Chrome/150.0.7871.124 Mobile Safari/537.36 (compatible; Googlebot/2.1; +http://www.google.com/bot.html)"
66.249.79.161 - - [16/Jul/2026:15:52:37 +0000] "GET /product/28778103303869 HTTP/1.1" 200 680 "-" "Mozilla/5.0 (Linux; Android 6.0.1; Nexus 5X Build/MMB29P) AppleWebKit/537.36 (KHTML, like Gecko) Chrome/150.0.7871.124 Mobile Safari/537.36 (compatible; Googlebot/2.1; +http://www.google.com/bot.html)"
66.249.79.233 - - [16/Jul/2026:15:52:37 +0000] "GET /product/47420901602193 HTTP/1.1" 200 680 "-" "Mozilla/5.0 (Linux; Android 6.0.1; Nexus 5X Build/MMB29P) AppleWebKit/537.36 (KHTML, like Gecko) Chrome/150.0.7871.124 Mobile Safari/537.36 (compatible; Googlebot/2.1; +http://www.google.com/bot.html)"
66.249.79.233 - - [16/Jul/2026:15:52:39 +0000] "GET /product/44921074922604 HTTP/1.1" 200 680 "-" "Mozilla/5.0 (Linux; Android 6.0.1; Nexus 5X Build/MMB29P) AppleWebKit/537.36 (KHTML, like Gecko) Chrome/150.0.7871.124 Mobile Safari/537.36 (compatible; Googlebot/2.1; +http://www.google.com/bot.html)"
66.249.79.161 - - [16/Jul/2026:15:52:40 +0000] "GET /product/13314965947004 HTTP/1.1" 200 680 "-" "Mozilla/5.0 (Linux; Android 6.0.1; Nexus 5X Build/MMB29P) AppleWebKit/537.36 (KHTML, like Gecko) Chrome/150.0.7871.124 Mobile Safari/537.36 (compatible; Googlebot/2.1; +http://www.google.com/bot.html)"
66.249.79.233 - - [16/Jul/2026:15:52:43 +0000] "GET /product/48504651819177 HTTP/1.1" 200 680 "-" "Mozilla/5.0 (Linux; Android 6.0.1; Nexus 5X Build/MMB29P) AppleWebKit/537.36 (KHTML, like Gecko) Chrome/150.0.7871.124 Mobile Safari/537.36 (compatible; Googlebot/2.1; +http://www.google.com/bot.html)"
66.249.79.161 - - [16/Jul/2026:15:52:44 +0000] "GET /product/14406574899265 HTTP/1.1" 200 680 "-" "Mozilla/5.0 (Linux; Android 6.0.1; Nexus 5X Build/MMB29P) AppleWebKit/537.36 (KHTML, like Gecko) Chrome/150.0.7871.124 Mobile Safari/537.36 (compatible; Googlebot/2.1; +http://www.google.com/bot.html)"
66.249.79.233 - - [16/Jul/2026:15:52:45 +0000] "GET /product/16351704927024 HTTP/1.1" 200 680 "-" "Mozilla/5.0 (Linux; Android 6.0.1; Nexus 5X Build/MMB29P) AppleWebKit/537.36 (KHTML, like Gecko) Chrome/150.0.7871.124 Mobile Safari/537.36 (compatible; Googlebot/2.1; +http://www.google.com/bot.html)"
161.118.251.181 - - [16/Jul/2026:15:51:49 +0000] "POST //wp-login.php HTTP/1.1" 200 6694 "https://pctm.gov.ng//wp-login.php" "Mozilla/5.0 (Windows NT 10.0; Win64; x64) AppleWebKit/537.36 (KHTML, like Gecko) Chrome/88.0.4240.193 Safari/537.36"
161.118.251.181 - - [16/Jul/2026:15:51:49 +0000] "POST //wp-login.php HTTP/1.1" 200 6694 "https://pctm.gov.ng//wp-login.php" "Mozilla/5.0 (Windows NT 10.0; Win64; x64) AppleWebKit/537.36 (KHTML, like Gecko) Chrome/88.0.4240.193 Safari/537.36"
66.249.79.161 - - [16/Jul/2026:15:52:49 +0000] "GET /product/13978783166021 HTTP/1.1" 200 680 "-" "Mozilla/5.0 (Linux; Android 6.0.1; Nexus 5X Build/MMB29P) AppleWebKit/537.36 (KHTML, like Gecko) Chrome/150.0.7871.124 Mobile Safari/537.36 (compatible; Googlebot/2.1; +http://www.google.com/bot.html)"
66.249.79.233 - - [16/Jul/2026:15:52:49 +0000] "GET /product/33027333678594 HTTP/1.1" 200 680 "-" "Mozilla/5.0 (Linux; Android 6.0.1; Nexus 5X Build/MMB29P) AppleWebKit/537.36 (KHTML, like Gecko) Chrome/150.0.7871.124 Mobile Safari/537.36 (compatible; Googlebot/2.1; +http://www.google.com/bot.html)"
66.249.79.233 - - [16/Jul/2026:15:52:53 +0000] "GET /product/14823544933867 HTTP/1.1" 200 680 "-" "Mozilla/5.0 (Linux; Android 6.0.1; Nexus 5X Build/MMB29P) AppleWebKit/537.36 (KHTML, like Gecko) Chrome/150.0.7871.124 Mobile Safari/537.36 (compatible; Googlebot/2.1; +http://www.google.com/bot.html)"
66.249.79.161 - - [16/Jul/2026:15:52:53 +0000] "GET /product/34079005364419 HTTP/1.1" 200 680 "-" "Mozilla/5.0 (Linux; Android 6.0.1; Nexus 5X Build/MMB29P) AppleWebKit/537.36 (KHTML, like Gecko) Chrome/150.0.7871.124 Mobile Safari/537.36 (compatible; Googlebot/2.1; +http://www.google.com/bot.html)"
66.249.79.233 - - [16/Jul/2026:15:52:56 +0000] "GET /product/48061203163712 HTTP/1.1" 200 680 "-" "Mozilla/5.0 (Linux; Android 6.0.1; Nexus 5X Build/MMB29P) AppleWebKit/537.36 (KHTML, like Gecko) Chrome/150.0.7871.124 Mobile Safari/537.36 (compatible; Googlebot/2.1; +http://www.google.com/bot.html)"
66.249.79.161 - - [16/Jul/2026:15:52:56 +0000] "GET /product/28705495147327 HTTP/1.1" 200 680 "-" "Mozilla/5.0 (Linux; Android 6.0.1; Nexus 5X Build/MMB29P) AppleWebKit/537.36 (KHTML, like Gecko) Chrome/150.0.7871.124 Mobile Safari/537.36 (compatible; Googlebot/2.1; +http://www.google.com/bot.html)"
66.249.79.161 - - [16/Jul/2026:15:52:57 +0000] "GET /product/12967274781705 HTTP/1.1" 200 680 "-" "Mozilla/5.0 (Linux; Android 6.0.1; Nexus 5X Build/MMB29P) AppleWebKit/537.36 (KHTML, like Gecko) Chrome/150.0.7871.124 Mobile Safari/537.36 (compatible; Googlebot/2.1; +http://www.google.com/bot.html)"
66.249.79.233 - - [16/Jul/2026:15:52:59 +0000] "GET /product/14791452791637 HTTP/1.1" 200 680 "-" "Mozilla/5.0 (Linux; Android 6.0.1; Nexus 5X Build/MMB29P) AppleWebKit/537.36 (KHTML, like Gecko) Chrome/150.0.7871.124 Mobile Safari/537.36 (compatible; Googlebot/2.1; +http://www.google.com/bot.html)"
66.249.79.161 - - [16/Jul/2026:15:53:00 +0000] "GET /product/18463504764927 HTTP/1.1" 200 680 "-" "Mozilla/5.0 (Linux; Android 6.0.1; Nexus 5X Build/MMB29P) AppleWebKit/537.36 (KHTML, like Gecko) Chrome/150.0.7871.124 Mobile Safari/537.36 (compatible; Googlebot/2.1; +http://www.google.com/bot.html)"
66.249.79.233 - - [16/Jul/2026:15:53:02 +0000] "GET /product/22252284650098 HTTP/1.1" 200 680 "-" "Mozilla/5.0 (Linux; Android 6.0.1; Nexus 5X Build/MMB29P) AppleWebKit/537.36 (KHTML, like Gecko) Chrome/150.0.7871.124 Mobile Safari/537.36 (compatible; Googlebot/2.1; +http://www.google.com/bot.html)"
66.249.79.161 - - [16/Jul/2026:15:53:03 +0000] "GET /product/14088336565484 HTTP/1.1" 200 680 "-" "Mozilla/5.0 (Linux; Android 6.0.1; Nexus 5X Build/MMB29P) AppleWebKit/537.36 (KHTML, like Gecko) Chrome/150.0.7871.124 Mobile Safari/537.36 (compatible; Googlebot/2.1; +http://www.google.com/bot.html)"
66.249.79.233 - - [16/Jul/2026:15:53:07 +0000] "GET /product/12247323776894 HTTP/1.1" 200 680 "-" "Mozilla/5.0 (Linux; Android 6.0.1; Nexus 5X Build/MMB29P) AppleWebKit/537.36 (KHTML, like Gecko) Chrome/150.0.7871.124 Mobile Safari/537.36 (compatible; Googlebot/2.1; +http://www.google.com/bot.html)"
66.249.79.161 - - [16/Jul/2026:15:53:09 +0000] "GET /product/14705793777717 HTTP/1.1" 200 680 "-" "Mozilla/5.0 (Linux; Android 6.0.1; Nexus 5X Build/MMB29P) AppleWebKit/537.36 (KHTML, like Gecko) Chrome/150.0.7871.124 Mobile Safari/537.36 (compatible; Googlebot/2.1; +http://www.google.com/bot.html)"
66.249.79.233 - - [16/Jul/2026:15:53:12 +0000] "GET /product/16834472293651 HTTP/1.1" 200 680 "-" "Mozilla/5.0 (Linux; Android 6.0.1; Nexus 5X Build/MMB29P) AppleWebKit/537.36 (KHTML, like Gecko) Chrome/150.0.7871.124 Mobile Safari/537.36 (compatible; Googlebot/2.1; +http://www.google.com/bot.html)"
66.249.79.161 - - [16/Jul/2026:15:53:13 +0000] "GET /product/40576214969577 HTTP/1.1" 200 680 "-" "Mozilla/5.0 (Linux; Android 6.0.1; Nexus 5X Build/MMB29P) AppleWebKit/537.36 (KHTML, like Gecko) Chrome/150.0.7871.124 Mobile Safari/537.36 (compatible; Googlebot/2.1; +http://www.google.com/bot.html)"
66.249.79.233 - - [16/Jul/2026:15:53:15 +0000] "GET /product/25556062371893 HTTP/1.1" 200 680 "-" "Mozilla/5.0 (Linux; Android 6.0.1; Nexus 5X Build/MMB29P) AppleWebKit/537.36 (KHTML, like Gecko) Chrome/150.0.7871.124 Mobile Safari/537.36 (compatible; Googlebot/2.1; +http://www.google.com/bot.html)"
66.249.79.161 - - [16/Jul/2026:15:53:15 +0000] "GET /product/16477393401825 HTTP/1.1" 200 680 "-" "Mozilla/5.0 (Linux; Android 6.0.1; Nexus 5X Build/MMB29P) AppleWebKit/537.36 (KHTML, like Gecko) Chrome/150.0.7871.124 Mobile Safari/537.36 (compatible; Googlebot/2.1; +http://www.google.com/bot.html)"
66.249.79.233 - - [16/Jul/2026:15:53:16 +0000] "GET /product/32890132192817 HTTP/1.1" 200 680 "-" "Mozilla/5.0 (Linux; Android 6.0.1; Nexus 5X Build/MMB29P) AppleWebKit/537.36 (KHTML, like Gecko) Chrome/150.0.7871.124 Mobile Safari/537.36 (compatible; Googlebot/2.1; +http://www.google.com/bot.html)"
