66.249.79.233 - - [16/Jul/2026:15:03:49 +0000] "GET /product/19646611526060 HTTP/1.1" 200 680 "-" "Mozilla/5.0 (Linux; Android 6.0.1; Nexus 5X Build/MMB29P) AppleWebKit/537.36 (KHTML, like Gecko) Chrome/150.0.7871.124 Mobile Safari/537.36 (compatible; Googlebot/2.1; +http://www.google.com/bot.html)"
66.249.79.233 - - [16/Jul/2026:15:03:52 +0000] "GET /product/30652603166122 HTTP/1.1" 200 680 "-" "Mozilla/5.0 (Linux; Android 6.0.1; Nexus 5X Build/MMB29P) AppleWebKit/537.36 (KHTML, like Gecko) Chrome/150.0.7871.124 Mobile Safari/537.36 (compatible; Googlebot/2.1; +http://www.google.com/bot.html)"
66.249.79.233 - - [16/Jul/2026:15:03:53 +0000] "GET /product/45950522472357 HTTP/1.1" 200 680 "-" "Mozilla/5.0 (Linux; Android 6.0.1; Nexus 5X Build/MMB29P) AppleWebKit/537.36 (KHTML, like Gecko) Chrome/150.0.7871.124 Mobile Safari/537.36 (compatible; Googlebot/2.1; +http://www.google.com/bot.html)"
66.249.79.233 - - [16/Jul/2026:15:03:59 +0000] "GET /product/15792434819917 HTTP/1.1" 200 680 "-" "Mozilla/5.0 (Linux; Android 6.0.1; Nexus 5X Build/MMB29P) AppleWebKit/537.36 (KHTML, like Gecko) Chrome/150.0.7871.124 Mobile Safari/537.36 (compatible; Googlebot/2.1; +http://www.google.com/bot.html)"
66.249.79.161 - - [16/Jul/2026:15:03:59 +0000] "GET /product/27730696417066 HTTP/1.1" 200 680 "-" "Mozilla/5.0 (Linux; Android 6.0.1; Nexus 5X Build/MMB29P) AppleWebKit/537.36 (KHTML, like Gecko) Chrome/150.0.7871.124 Mobile Safari/537.36 (compatible; Googlebot/2.1; +http://www.google.com/bot.html)"
66.249.79.233 - - [16/Jul/2026:15:04:00 +0000] "GET /product/11691964462699 HTTP/1.1" 200 680 "-" "Mozilla/5.0 (Linux; Android 6.0.1; Nexus 5X Build/MMB29P) AppleWebKit/537.36 (KHTML, like Gecko) Chrome/150.0.7871.124 Mobile Safari/537.36 (compatible; Googlebot/2.1; +http://www.google.com/bot.html)"
66.249.79.161 - - [16/Jul/2026:15:04:01 +0000] "GET /product/33123604185149 HTTP/1.1" 200 680 "-" "Mozilla/5.0 (Linux; Android 6.0.1; Nexus 5X Build/MMB29P) AppleWebKit/537.36 (KHTML, like Gecko) Chrome/150.0.7871.124 Mobile Safari/537.36 (compatible; Googlebot/2.1; +http://www.google.com/bot.html)"
66.249.79.233 - - [16/Jul/2026:15:04:02 +0000] "GET /product/31686101585676 HTTP/1.1" 200 680 "-" "Mozilla/5.0 (Linux; Android 6.0.1; Nexus 5X Build/MMB29P) AppleWebKit/537.36 (KHTML, like Gecko) Chrome/150.0.7871.124 Mobile Safari/537.36 (compatible; Googlebot/2.1; +http://www.google.com/bot.html)"
66.249.79.233 - - [16/Jul/2026:15:04:04 +0000] "GET /product/48553611941156 HTTP/1.1" 200 680 "-" "Mozilla/5.0 (Linux; Android 6.0.1; Nexus 5X Build/MMB29P) AppleWebKit/537.36 (KHTML, like Gecko) Chrome/150.0.7871.124 Mobile Safari/537.36 (compatible; Googlebot/2.1; +http://www.google.com/bot.html)"
66.249.79.233 - - [16/Jul/2026:15:04:05 +0000] "GET /product/27157531772019 HTTP/1.1" 200 680 "-" "Mozilla/5.0 (Linux; Android 6.0.1; Nexus 5X Build/MMB29P) AppleWebKit/537.36 (KHTML, like Gecko) Chrome/150.0.7871.124 Mobile Safari/537.36 (compatible; Googlebot/2.1; +http://www.google.com/bot.html)"
66.249.79.161 - - [16/Jul/2026:15:04:06 +0000] "GET /product/46171155442779 HTTP/1.1" 200 680 "-" "Mozilla/5.0 (Linux; Android 6.0.1; Nexus 5X Build/MMB29P) AppleWebKit/537.36 (KHTML, like Gecko) Chrome/150.0.7871.124 Mobile Safari/537.36 (compatible; Googlebot/2.1; +http://www.google.com/bot.html)"
66.249.79.233 - - [16/Jul/2026:15:04:07 +0000] "GET /product/20827222916552 HTTP/1.1" 200 680 "-" "Mozilla/5.0 (Linux; Android 6.0.1; Nexus 5X Build/MMB29P) AppleWebKit/537.36 (KHTML, like Gecko) Chrome/150.0.7871.124 Mobile Safari/537.36 (compatible; Googlebot/2.1; +http://www.google.com/bot.html)"
66.249.79.233 - - [16/Jul/2026:15:04:09 +0000] "GET /product/30562162107947 HTTP/1.1" 200 680 "-" "Mozilla/5.0 (Linux; Android 6.0.1; Nexus 5X Build/MMB29P) AppleWebKit/537.36 (KHTML, like Gecko) Chrome/150.0.7871.124 Mobile Safari/537.36 (compatible; Googlebot/2.1; +http://www.google.com/bot.html)"
66.249.79.233 - - [16/Jul/2026:15:04:10 +0000] "GET /product/46507601508756 HTTP/1.1" 200 680 "-" "Mozilla/5.0 (Linux; Android 6.0.1; Nexus 5X Build/MMB29P) AppleWebKit/537.36 (KHTML, like Gecko) Chrome/150.0.7871.124 Mobile Safari/537.36 (compatible; Googlebot/2.1; +http://www.google.com/bot.html)"
66.249.79.233 - - [16/Jul/2026:15:04:12 +0000] "GET /product/42309782649228 HTTP/1.1" 200 680 "-" "Mozilla/5.0 (Linux; Android 6.0.1; Nexus 5X Build/MMB29P) AppleWebKit/537.36 (KHTML, like Gecko) Chrome/150.0.7871.124 Mobile Safari/537.36 (compatible; Googlebot/2.1; +http://www.google.com/bot.html)"
66.249.79.233 - - [16/Jul/2026:15:04:13 +0000] "GET /product/28134713138020 HTTP/1.1" 200 680 "-" "Mozilla/5.0 (Linux; Android 6.0.1; Nexus 5X Build/MMB29P) AppleWebKit/537.36 (KHTML, like Gecko) Chrome/150.0.7871.124 Mobile Safari/537.36 (compatible; Googlebot/2.1; +http://www.google.com/bot.html)"
66.249.79.161 - - [16/Jul/2026:15:04:13 +0000] "GET /product/15636633887097 HTTP/1.1" 200 680 "-" "Mozilla/5.0 (Linux; Android 6.0.1; Nexus 5X Build/MMB29P) AppleWebKit/537.36 (KHTML, like Gecko) Chrome/150.0.7871.124 Mobile Safari/537.36 (compatible; Googlebot/2.1; +http://www.google.com/bot.html)"
66.249.79.161 - - [16/Jul/2026:15:04:14 +0000] "GET /shop/pg/35458531-2 HTTP/1.1" 200 680 "-" "Mozilla/5.0 (Linux; Android 6.0.1; Nexus 5X Build/MMB29P) AppleWebKit/537.36 (KHTML, like Gecko) Chrome/150.0.7871.124 Mobile Safari/537.36 (compatible; Googlebot/2.1; +http://www.google.com/bot.html)"
66.249.79.233 - - [16/Jul/2026:15:04:14 +0000] "GET /product/15884961536412 HTTP/1.1" 200 680 "-" "Mozilla/5.0 (Linux; Android 6.0.1; Nexus 5X Build/MMB29P) AppleWebKit/537.36 (KHTML, like Gecko) Chrome/150.0.7871.124 Mobile Safari/537.36 (compatible; Googlebot/2.1; +http://www.google.com/bot.html)"
66.249.79.161 - - [16/Jul/2026:15:04:15 +0000] "GET /shop/pg/88005710-3 HTTP/1.1" 200 680 "-" "Mozilla/5.0 (Linux; Android 6.0.1; Nexus 5X Build/MMB29P) AppleWebKit/537.36 (KHTML, like Gecko) Chrome/150.0.7871.124 Mobile Safari/537.36 (compatible; Googlebot/2.1; +http://www.google.com/bot.html)"
66.249.79.233 - - [16/Jul/2026:15:04:16 +0000] "GET /product/17599043329525 HTTP/1.1" 200 680 "-" "Mozilla/5.0 (Linux; Android 6.0.1; Nexus 5X Build/MMB29P) AppleWebKit/537.36 (KHTML, like Gecko) Chrome/150.0.7871.124 Mobile Safari/537.36 (compatible; Googlebot/2.1; +http://www.google.com/bot.html)"
66.249.79.233 - - [16/Jul/2026:15:04:19 +0000] "GET /product/43727862586107 HTTP/1.1" 200 680 "-" "Mozilla/5.0 (Linux; Android 6.0.1; Nexus 5X Build/MMB29P) AppleWebKit/537.36 (KHTML, like Gecko) Chrome/150.0.7871.124 Mobile Safari/537.36 (compatible; Googlebot/2.1; +http://www.google.com/bot.html)"
66.249.79.233 - - [16/Jul/2026:15:04:22 +0000] "GET /product/36339144169204 HTTP/1.1" 200 680 "-" "Mozilla/5.0 (Linux; Android 6.0.1; Nexus 5X Build/MMB29P) AppleWebKit/537.36 (KHTML, like Gecko) Chrome/150.0.7871.124 Mobile Safari/537.36 (compatible; Googlebot/2.1; +http://www.google.com/bot.html)"
66.249.79.161 - - [16/Jul/2026:15:04:23 +0000] "GET /prizes/77194987 HTTP/1.1" 200 680 "-" "Mozilla/5.0 (Linux; Android 6.0.1; Nexus 5X Build/MMB29P) AppleWebKit/537.36 (KHTML, like Gecko) Chrome/150.0.7871.124 Mobile Safari/537.36 (compatible; Googlebot/2.1; +http://www.google.com/bot.html)"
66.249.79.233 - - [16/Jul/2026:15:04:24 +0000] "GET /product/24267595296102 HTTP/1.1" 200 680 "-" "Mozilla/5.0 (Linux; Android 6.0.1; Nexus 5X Build/MMB29P) AppleWebKit/537.36 (KHTML, like Gecko) Chrome/150.0.7871.124 Mobile Safari/537.36 (compatible; Googlebot/2.1; +http://www.google.com/bot.html)"
66.249.79.233 - - [16/Jul/2026:15:04:26 +0000] "GET /product/31933384205345 HTTP/1.1" 200 680 "-" "Mozilla/5.0 (Linux; Android 6.0.1; Nexus 5X Build/MMB29P) AppleWebKit/537.36 (KHTML, like Gecko) Chrome/150.0.7871.124 Mobile Safari/537.36 (compatible; Googlebot/2.1; +http://www.google.com/bot.html)"
66.249.79.233 - - [16/Jul/2026:15:04:30 +0000] "GET /product/20410231420092 HTTP/1.1" 200 680 "-" "Mozilla/5.0 (Linux; Android 6.0.1; Nexus 5X Build/MMB29P) AppleWebKit/537.36 (KHTML, like Gecko) Chrome/150.0.7871.124 Mobile Safari/537.36 (compatible; Googlebot/2.1; +http://www.google.com/bot.html)"
66.249.79.233 - - [16/Jul/2026:15:04:31 +0000] "GET /product/43804383217973 HTTP/1.1" 200 680 "-" "Mozilla/5.0 (Linux; Android 6.0.1; Nexus 5X Build/MMB29P) AppleWebKit/537.36 (KHTML, like Gecko) Chrome/150.0.7871.124 Mobile Safari/537.36 (compatible; Googlebot/2.1; +http://www.google.com/bot.html)"
209.42.17.20 - - [16/Jul/2026:15:04:33 +0000] "POST /wp-cron.php?doing_wp_cron=1784214273.5287849903106689453125 HTTP/1.1" 200 0 "-" "WordPress/7.0.1; https://oas.com.ng"
66.249.79.233 - - [16/Jul/2026:15:04:32 +0000] "GET /shop/pg/20814067-4 HTTP/1.1" 200 680 "-" "Mozilla/5.0 (Linux; Android 6.0.1; Nexus 5X Build/MMB29P) AppleWebKit/537.36 (KHTML, like Gecko) Chrome/150.0.7871.124 Mobile Safari/537.36 (compatible; Googlebot/2.1; +http://www.google.com/bot.html)"
66.249.79.233 - - [16/Jul/2026:15:04:33 +0000] "GET /product/12431462746381 HTTP/1.1" 200 680 "-" "Mozilla/5.0 (Linux; Android 6.0.1; Nexus 5X Build/MMB29P) AppleWebKit/537.36 (KHTML, like Gecko) Chrome/150.0.7871.124 Mobile Safari/537.36 (compatible; Googlebot/2.1; +http://www.google.com/bot.html)"
66.249.79.233 - - [16/Jul/2026:15:04:35 +0000] "GET /product/42963085260326 HTTP/1.1" 200 680 "-" "Mozilla/5.0 (Linux; Android 6.0.1; Nexus 5X Build/MMB29P) AppleWebKit/537.36 (KHTML, like Gecko) Chrome/150.0.7871.124 Mobile Safari/537.36 (compatible; Googlebot/2.1; +http://www.google.com/bot.html)"
66.249.79.233 - - [16/Jul/2026:15:04:37 +0000] "GET /product/25277103777721 HTTP/1.1" 200 680 "-" "Mozilla/5.0 (Linux; Android 6.0.1; Nexus 5X Build/MMB29P) AppleWebKit/537.36 (KHTML, like Gecko) Chrome/150.0.7871.124 Mobile Safari/537.36 (compatible; Googlebot/2.1; +http://www.google.com/bot.html)"
66.249.79.161 - - [16/Jul/2026:15:04:38 +0000] "GET /product/17802323917355 HTTP/1.1" 200 680 "-" "Mozilla/5.0 (Linux; Android 6.0.1; Nexus 5X Build/MMB29P) AppleWebKit/537.36 (KHTML, like Gecko) Chrome/150.0.7871.124 Mobile Safari/537.36 (compatible; Googlebot/2.1; +http://www.google.com/bot.html)"
66.249.79.233 - - [16/Jul/2026:15:04:39 +0000] "GET /product/24805682051683 HTTP/1.1" 200 680 "-" "Mozilla/5.0 (Linux; Android 6.0.1; Nexus 5X Build/MMB29P) AppleWebKit/537.36 (KHTML, like Gecko) Chrome/150.0.7871.124 Mobile Safari/537.36 (compatible; Googlebot/2.1; +http://www.google.com/bot.html)"
66.249.79.233 - - [16/Jul/2026:15:04:41 +0000] "GET /product/33983953799979 HTTP/1.1" 200 680 "-" "Mozilla/5.0 (Linux; Android 6.0.1; Nexus 5X Build/MMB29P) AppleWebKit/537.36 (KHTML, like Gecko) Chrome/150.0.7871.124 Mobile Safari/537.36 (compatible; Googlebot/2.1; +http://www.google.com/bot.html)"
66.249.79.233 - - [16/Jul/2026:15:04:44 +0000] "GET /product/26374781877469 HTTP/1.1" 200 680 "-" "Mozilla/5.0 (Linux; Android 6.0.1; Nexus 5X Build/MMB29P) AppleWebKit/537.36 (KHTML, like Gecko) Chrome/150.0.7871.124 Mobile Safari/537.36 (compatible; Googlebot/2.1; +http://www.google.com/bot.html)"
161.118.251.181 - - [16/Jul/2026:15:03:46 +0000] "POST //wp-login.php HTTP/1.1" 200 6694 "https://pctm.gov.ng//wp-login.php" "Mozilla/5.0 (Windows NT 10.0; Win64; x64) AppleWebKit/537.36 (KHTML, like Gecko) Chrome/88.0.4240.193 Safari/537.36"
161.118.251.181 - - [16/Jul/2026:15:03:46 +0000] "POST //wp-login.php HTTP/1.1" 200 6694 "https://pctm.gov.ng//wp-login.php" "Mozilla/5.0 (Windows NT 10.0; Win64; x64) AppleWebKit/537.36 (KHTML, like Gecko) Chrome/88.0.4240.193 Safari/537.36"
66.249.79.233 - - [16/Jul/2026:15:04:45 +0000] "GET /product/24131803949246 HTTP/1.1" 200 680 "-" "Mozilla/5.0 (Linux; Android 6.0.1; Nexus 5X Build/MMB29P) AppleWebKit/537.36 (KHTML, like Gecko) Chrome/150.0.7871.124 Mobile Safari/537.36 (compatible; Googlebot/2.1; +http://www.google.com/bot.html)"
66.249.79.233 - - [16/Jul/2026:15:04:47 +0000] "GET /product/48206685002525 HTTP/1.1" 200 680 "-" "Mozilla/5.0 (Linux; Android 6.0.1; Nexus 5X Build/MMB29P) AppleWebKit/537.36 (KHTML, like Gecko) Chrome/150.0.7871.124 Mobile Safari/537.36 (compatible; Googlebot/2.1; +http://www.google.com/bot.html)"
66.249.79.233 - - [16/Jul/2026:15:04:49 +0000] "GET /product/16521724476358 HTTP/1.1" 200 680 "-" "Mozilla/5.0 (Linux; Android 6.0.1; Nexus 5X Build/MMB29P) AppleWebKit/537.36 (KHTML, like Gecko) Chrome/150.0.7871.124 Mobile Safari/537.36 (compatible; Googlebot/2.1; +http://www.google.com/bot.html)"
66.249.79.233 - - [16/Jul/2026:15:04:50 +0000] "GET /product/29060042913286 HTTP/1.1" 200 680 "-" "Mozilla/5.0 (Linux; Android 6.0.1; Nexus 5X Build/MMB29P) AppleWebKit/537.36 (KHTML, like Gecko) Chrome/150.0.7871.124 Mobile Safari/537.36 (compatible; Googlebot/2.1; +http://www.google.com/bot.html)"
66.249.79.233 - - [16/Jul/2026:15:04:52 +0000] "GET /product/20942555202080 HTTP/1.1" 200 680 "-" "Mozilla/5.0 (Linux; Android 6.0.1; Nexus 5X Build/MMB29P) AppleWebKit/537.36 (KHTML, like Gecko) Chrome/150.0.7871.124 Mobile Safari/537.36 (compatible; Googlebot/2.1; +http://www.google.com/bot.html)"
66.249.79.233 - - [16/Jul/2026:15:04:56 +0000] "GET /product/20153145138237 HTTP/1.1" 200 680 "-" "Mozilla/5.0 (Linux; Android 6.0.1; Nexus 5X Build/MMB29P) AppleWebKit/537.36 (KHTML, like Gecko) Chrome/150.0.7871.124 Mobile Safari/537.36 (compatible; Googlebot/2.1; +http://www.google.com/bot.html)"
66.249.79.161 - - [16/Jul/2026:15:04:56 +0000] "GET /product/45931165902997 HTTP/1.1" 200 680 "-" "Mozilla/5.0 (Linux; Android 6.0.1; Nexus 5X Build/MMB29P) AppleWebKit/537.36 (KHTML, like Gecko) Chrome/150.0.7871.124 Mobile Safari/537.36 (compatible; Googlebot/2.1; +http://www.google.com/bot.html)"
66.249.79.162 - - [16/Jul/2026:15:04:56 +0000] "GET /product/18632054171836 HTTP/1.1" 200 680 "-" "Mozilla/5.0 (Linux; Android 6.0.1; Nexus 5X Build/MMB29P) AppleWebKit/537.36 (KHTML, like Gecko) Chrome/150.0.7871.124 Mobile Safari/537.36 (compatible; Googlebot/2.1; +http://www.google.com/bot.html)"
66.249.79.233 - - [16/Jul/2026:15:04:57 +0000] "GET /product/11940241837638 HTTP/1.1" 200 680 "-" "Mozilla/5.0 (Linux; Android 6.0.1; Nexus 5X Build/MMB29P) AppleWebKit/537.36 (KHTML, like Gecko) Chrome/150.0.7871.124 Mobile Safari/537.36 (compatible; Googlebot/2.1; +http://www.google.com/bot.html)"
66.249.68.65 - - [16/Jul/2026:15:04:59 +0000] "GET /product/26067834864946 HTTP/1.1" 200 680 "-" "Mozilla/5.0 (Linux; Android 6.0.1; Nexus 5X Build/MMB29P) AppleWebKit/537.36 (KHTML, like Gecko) Chrome/150.0.7871.124 Mobile Safari/537.36 (compatible; Googlebot/2.1; +http://www.google.com/bot.html)"
66.249.79.235 - - [16/Jul/2026:15:05:01 +0000] "GET /product/34107275117287 HTTP/1.1" 200 680 "-" "Mozilla/5.0 (Linux; Android 6.0.1; Nexus 5X Build/MMB29P) AppleWebKit/537.36 (KHTML, like Gecko) Chrome/150.0.7871.124 Mobile Safari/537.36 (compatible; Googlebot/2.1; +http://www.google.com/bot.html)"
66.249.79.235 - - [16/Jul/2026:15:05:02 +0000] "GET /product/22504183109887 HTTP/1.1" 200 680 "-" "Mozilla/5.0 (Linux; Android 6.0.1; Nexus 5X Build/MMB29P) AppleWebKit/537.36 (KHTML, like Gecko) Chrome/150.0.7871.124 Mobile Safari/537.36 (compatible; Googlebot/2.1; +http://www.google.com/bot.html)"
66.249.79.234 - - [16/Jul/2026:15:05:04 +0000] "GET /prizes/205856331 HTTP/1.1" 200 680 "-" "Mozilla/5.0 (Linux; Android 6.0.1; Nexus 5X Build/MMB29P) AppleWebKit/537.36 (KHTML, like Gecko) Chrome/150.0.7871.124 Mobile Safari/537.36 (compatible; Googlebot/2.1; +http://www.google.com/bot.html)"
66.249.79.234 - - [16/Jul/2026:15:05:05 +0000] "GET /product/43921244314121 HTTP/1.1" 200 680 "-" "Mozilla/5.0 (Linux; Android 6.0.1; Nexus 5X Build/MMB29P) AppleWebKit/537.36 (KHTML, like Gecko) Chrome/150.0.7871.124 Mobile Safari/537.36 (compatible; Googlebot/2.1; +http://www.google.com/bot.html)"
185.158.95.201 - - [16/Jul/2026:15:05:05 +0000] "GET /product/45262135874443 HTTP/1.1" 200 680 "https://oas.com.ng/sitemap-7.xml" "Mozilla/5.0 (iPhone; CPU iPhone OS 17_3 like Mac OS X) AppleWebKit/605.1.15 (KHTML, like Gecko) Version/17.3 Mobile/15E148 Safari/604.1 MicroMessenger/8.0.42(0x18001B3F) NetType/WIFI Language/zh_CN"
66.249.79.163 - - [16/Jul/2026:15:05:10 +0000] "GET /product/16431374615831 HTTP/1.1" 200 680 "-" "Mozilla/5.0 (Linux; Android 6.0.1; Nexus 5X Build/MMB29P) AppleWebKit/537.36 (KHTML, like Gecko) Chrome/150.0.7871.124 Mobile Safari/537.36 (compatible; Googlebot/2.1; +http://www.google.com/bot.html)"
66.249.79.233 - - [16/Jul/2026:15:05:11 +0000] "GET /product/38251492113868 HTTP/1.1" 200 680 "-" "Mozilla/5.0 (Linux; Android 6.0.1; Nexus 5X Build/MMB29P) AppleWebKit/537.36 (KHTML, like Gecko) Chrome/150.0.7871.124 Mobile Safari/537.36 (compatible; Googlebot/2.1; +http://www.google.com/bot.html)"
66.249.79.233 - - [16/Jul/2026:15:05:15 +0000] "GET /product/27554221546795 HTTP/1.1" 200 680 "-" "Mozilla/5.0 (Linux; Android 6.0.1; Nexus 5X Build/MMB29P) AppleWebKit/537.36 (KHTML, like Gecko) Chrome/150.0.7871.124 Mobile Safari/537.36 (compatible; Googlebot/2.1; +http://www.google.com/bot.html)"
66.249.79.233 - - [16/Jul/2026:15:05:16 +0000] "GET /product/26962123267601 HTTP/1.1" 200 680 "-" "Mozilla/5.0 (Linux; Android 6.0.1; Nexus 5X Build/MMB29P) AppleWebKit/537.36 (KHTML, like Gecko) Chrome/150.0.7871.124 Mobile Safari/537.36 (compatible; Googlebot/2.1; +http://www.google.com/bot.html)"
66.249.79.233 - - [16/Jul/2026:15:05:23 +0000] "GET /product/35135622673712 HTTP/1.1" 200 680 "-" "Mozilla/5.0 (Linux; Android 6.0.1; Nexus 5X Build/MMB29P) AppleWebKit/537.36 (KHTML, like Gecko) Chrome/150.0.7871.124 Mobile Safari/537.36 (compatible; Googlebot/2.1; +http://www.google.com/bot.html)"
66.249.79.233 - - [16/Jul/2026:15:05:25 +0000] "GET /product/39909763144666 HTTP/1.1" 200 680 "-" "Mozilla/5.0 (Linux; Android 6.0.1; Nexus 5X Build/MMB29P) AppleWebKit/537.36 (KHTML, like Gecko) Chrome/150.0.7871.124 Mobile Safari/537.36 (compatible; Googlebot/2.1; +http://www.google.com/bot.html)"
66.249.79.233 - - [16/Jul/2026:15:05:29 +0000] "GET /product/49522574510906 HTTP/1.1" 200 680 "-" "Mozilla/5.0 (Linux; Android 6.0.1; Nexus 5X Build/MMB29P) AppleWebKit/537.36 (KHTML, like Gecko) Chrome/150.0.7871.124 Mobile Safari/537.36 (compatible; Googlebot/2.1; +http://www.google.com/bot.html)"
209.42.17.20 - - [16/Jul/2026:15:05:34 +0000] "POST /wp-cron.php?doing_wp_cron=1784214334.6340920925140380859375 HTTP/1.1" 200 0 "-" "WordPress/7.0.1; https://oas.com.ng"
66.249.79.233 - - [16/Jul/2026:15:05:33 +0000] "GET /product/25980692443966 HTTP/1.1" 200 680 "-" "Mozilla/5.0 (Linux; Android 6.0.1; Nexus 5X Build/MMB29P) AppleWebKit/537.36 (KHTML, like Gecko) Chrome/150.0.7871.124 Mobile Safari/537.36 (compatible; Googlebot/2.1; +http://www.google.com/bot.html)"
66.249.79.233 - - [16/Jul/2026:15:05:34 +0000] "GET /product/49937253929381 HTTP/1.1" 200 680 "-" "Mozilla/5.0 (Linux; Android 6.0.1; Nexus 5X Build/MMB29P) AppleWebKit/537.36 (KHTML, like Gecko) Chrome/150.0.7871.124 Mobile Safari/537.36 (compatible; Googlebot/2.1; +http://www.google.com/bot.html)"
66.249.79.233 - - [16/Jul/2026:15:05:37 +0000] "GET /shop/pg/36688851-3 HTTP/1.1" 200 680 "-" "Mozilla/5.0 (Linux; Android 6.0.1; Nexus 5X Build/MMB29P) AppleWebKit/537.36 (KHTML, like Gecko) Chrome/150.0.7871.124 Mobile Safari/537.36 (compatible; Googlebot/2.1; +http://www.google.com/bot.html)"
66.249.79.233 - - [16/Jul/2026:15:05:43 +0000] "GET /product/12893681639532 HTTP/1.1" 200 680 "-" "Mozilla/5.0 (Linux; Android 6.0.1; Nexus 5X Build/MMB29P) AppleWebKit/537.36 (KHTML, like Gecko) Chrome/150.0.7871.124 Mobile Safari/537.36 (compatible; Googlebot/2.1; +http://www.google.com/bot.html)"
66.249.68.168 - - [16/Jul/2026:15:05:44 +0000] "GET /product/20444256911579 HTTP/1.1" 200 680 "-" "Mozilla/5.0 (Linux; Android 6.0.1; Nexus 5X Build/MMB29P) AppleWebKit/537.36 (KHTML, like Gecko) Chrome/150.0.7871.124 Mobile Safari/537.36 (compatible; Googlebot/2.1; +http://www.google.com/bot.html)"
161.118.251.181 - - [16/Jul/2026:15:04:46 +0000] "POST //wp-login.php HTTP/1.1" 200 6694 "https://pctm.gov.ng//wp-login.php" "Mozilla/5.0 (Windows NT 10.0; Win64; x64) AppleWebKit/537.36 (KHTML, like Gecko) Chrome/88.0.4240.193 Safari/537.36"
161.118.251.181 - - [16/Jul/2026:15:04:46 +0000] "POST //wp-login.php HTTP/1.1" 200 6694 "https://pctm.gov.ng//wp-login.php" "Mozilla/5.0 (Windows NT 10.0; Win64; x64) AppleWebKit/537.36 (KHTML, like Gecko) Chrome/88.0.4240.193 Safari/537.36"
66.249.79.233 - - [16/Jul/2026:15:05:47 +0000] "GET /product/29699653835767 HTTP/1.1" 200 680 "-" "Mozilla/5.0 (Linux; Android 6.0.1; Nexus 5X Build/MMB29P) AppleWebKit/537.36 (KHTML, like Gecko) Chrome/150.0.7871.124 Mobile Safari/537.36 (compatible; Googlebot/2.1; +http://www.google.com/bot.html)"
66.249.79.233 - - [16/Jul/2026:15:05:52 +0000] "GET /product/47360943374389 HTTP/1.1" 200 680 "-" "Mozilla/5.0 (Linux; Android 6.0.1; Nexus 5X Build/MMB29P) AppleWebKit/537.36 (KHTML, like Gecko) Chrome/150.0.7871.124 Mobile Safari/537.36 (compatible; Googlebot/2.1; +http://www.google.com/bot.html)"
66.249.79.233 - - [16/Jul/2026:15:05:53 +0000] "GET /product/27790892030821 HTTP/1.1" 200 680 "-" "Mozilla/5.0 (Linux; Android 6.0.1; Nexus 5X Build/MMB29P) AppleWebKit/537.36 (KHTML, like Gecko) Chrome/150.0.7871.124 Mobile Safari/537.36 (compatible; Googlebot/2.1; +http://www.google.com/bot.html)"
66.249.79.233 - - [16/Jul/2026:15:05:55 +0000] "GET /product/21537902498965 HTTP/1.1" 200 680 "-" "Mozilla/5.0 (Linux; Android 6.0.1; Nexus 5X Build/MMB29P) AppleWebKit/537.36 (KHTML, like Gecko) Chrome/150.0.7871.124 Mobile Safari/537.36 (compatible; Googlebot/2.1; +http://www.google.com/bot.html)"
66.249.79.234 - - [16/Jul/2026:15:06:03 +0000] "GET /product/15516862007246 HTTP/1.1" 200 680 "-" "Mozilla/5.0 (Linux; Android 6.0.1; Nexus 5X Build/MMB29P) AppleWebKit/537.36 (KHTML, like Gecko) Chrome/150.0.7871.124 Mobile Safari/537.36 (compatible; Googlebot/2.1; +http://www.google.com/bot.html)"
66.249.79.162 - - [16/Jul/2026:15:06:05 +0000] "GET /product/13879383904145 HTTP/1.1" 200 680 "-" "Mozilla/5.0 (Linux; Android 6.0.1; Nexus 5X Build/MMB29P) AppleWebKit/537.36 (KHTML, like Gecko) Chrome/150.0.7871.124 Mobile Safari/537.36 (compatible; Googlebot/2.1; +http://www.google.com/bot.html)"
66.249.79.234 - - [16/Jul/2026:15:06:05 +0000] "GET /product/35751232037307 HTTP/1.1" 200 680 "-" "Mozilla/5.0 (Linux; Android 6.0.1; Nexus 5X Build/MMB29P) AppleWebKit/537.36 (KHTML, like Gecko) Chrome/150.0.7871.124 Mobile Safari/537.36 (compatible; Googlebot/2.1; +http://www.google.com/bot.html)"
66.249.79.162 - - [16/Jul/2026:15:06:09 +0000] "GET /product/33727325746414 HTTP/1.1" 200 680 "-" "Mozilla/5.0 (Linux; Android 6.0.1; Nexus 5X Build/MMB29P) AppleWebKit/537.36 (KHTML, like Gecko) Chrome/150.0.7871.124 Mobile Safari/537.36 (compatible; Googlebot/2.1; +http://www.google.com/bot.html)"
66.249.79.162 - - [16/Jul/2026:15:06:10 +0000] "GET /prizes/114736139 HTTP/1.1" 200 680 "-" "Mozilla/5.0 (Linux; Android 6.0.1; Nexus 5X Build/MMB29P) AppleWebKit/537.36 (KHTML, like Gecko) Chrome/150.0.7871.124 Mobile Safari/537.36 (compatible; Googlebot/2.1; +http://www.google.com/bot.html)"
66.249.68.64 - - [16/Jul/2026:15:06:10 +0000] "GET /product/36742926036667 HTTP/1.1" 200 680 "-" "Mozilla/5.0 (Linux; Android 6.0.1; Nexus 5X Build/MMB29P) AppleWebKit/537.36 (KHTML, like Gecko) Chrome/150.0.7871.124 Mobile Safari/537.36 (compatible; Googlebot/2.1; +http://www.google.com/bot.html)"
66.249.79.163 - - [16/Jul/2026:15:06:11 +0000] "GET /robots.txt HTTP/1.1" 200 64 "-" "Mozilla/5.0 (compatible; Googlebot/2.1; +http://www.google.com/bot.html)"
66.249.79.233 - - [16/Jul/2026:15:06:13 +0000] "GET /product/26128545062845 HTTP/1.1" 200 680 "-" "Mozilla/5.0 (Linux; Android 6.0.1; Nexus 5X Build/MMB29P) AppleWebKit/537.36 (KHTML, like Gecko) Chrome/150.0.7871.124 Mobile Safari/537.36 (compatible; Googlebot/2.1; +http://www.google.com/bot.html)"
66.249.79.233 - - [16/Jul/2026:15:06:17 +0000] "GET /prizes/87239604 HTTP/1.1" 200 680 "-" "Mozilla/5.0 (Linux; Android 6.0.1; Nexus 5X Build/MMB29P) AppleWebKit/537.36 (KHTML, like Gecko) Chrome/150.0.7871.124 Mobile Safari/537.36 (compatible; Googlebot/2.1; +http://www.google.com/bot.html)"
66.249.79.233 - - [16/Jul/2026:15:06:21 +0000] "GET /product/45929514860475 HTTP/1.1" 200 680 "-" "Mozilla/5.0 (Linux; Android 6.0.1; Nexus 5X Build/MMB29P) AppleWebKit/537.36 (KHTML, like Gecko) Chrome/150.0.7871.124 Mobile Safari/537.36 (compatible; Googlebot/2.1; +http://www.google.com/bot.html)"
64.65.79.82 - - [16/Jul/2026:15:06:22 +0000] "GET /product/45254633353378 HTTP/1.1" 200 680 "https://oas.com.ng/sitemap-8.xml" "Mozilla/5.0 (Linux; Android 15; M2102J24) AppleWebKit/537.36 (KHTML, like Gecko) Chrome/153.0.5261.18 Mobile Safari/537.36"
66.249.79.233 - - [16/Jul/2026:15:06:22 +0000] "GET /prizes/32588775 HTTP/1.1" 200 680 "-" "Mozilla/5.0 (Linux; Android 6.0.1; Nexus 5X Build/MMB29P) AppleWebKit/537.36 (KHTML, like Gecko) Chrome/150.0.7871.124 Mobile Safari/537.36 (compatible; Googlebot/2.1; +http://www.google.com/bot.html)"
66.249.79.233 - - [16/Jul/2026:15:06:24 +0000] "GET /product/18089823299018 HTTP/1.1" 200 680 "-" "Mozilla/5.0 (Linux; Android 6.0.1; Nexus 5X Build/MMB29P) AppleWebKit/537.36 (KHTML, like Gecko) Chrome/150.0.7871.124 Mobile Safari/537.36 (compatible; Googlebot/2.1; +http://www.google.com/bot.html)"
66.249.79.233 - - [16/Jul/2026:15:06:26 +0000] "GET /product/38376742593773 HTTP/1.1" 200 680 "-" "Mozilla/5.0 (Linux; Android 6.0.1; Nexus 5X Build/MMB29P) AppleWebKit/537.36 (KHTML, like Gecko) Chrome/150.0.7871.124 Mobile Safari/537.36 (compatible; Googlebot/2.1; +http://www.google.com/bot.html)"
66.249.79.161 - - [16/Jul/2026:15:06:27 +0000] "GET /product/18576486697312 HTTP/1.1" 200 680 "-" "Mozilla/5.0 (Linux; Android 6.0.1; Nexus 5X Build/MMB29P) AppleWebKit/537.36 (KHTML, like Gecko) Chrome/150.0.7871.124 Mobile Safari/537.36 (compatible; Googlebot/2.1; +http://www.google.com/bot.html)"
66.249.79.233 - - [16/Jul/2026:15:06:28 +0000] "GET /product/40014903098934 HTTP/1.1" 200 680 "-" "Mozilla/5.0 (Linux; Android 6.0.1; Nexus 5X Build/MMB29P) AppleWebKit/537.36 (KHTML, like Gecko) Chrome/150.0.7871.124 Mobile Safari/537.36 (compatible; Googlebot/2.1; +http://www.google.com/bot.html)"
66.249.79.233 - - [16/Jul/2026:15:06:30 +0000] "GET /product/23550582640715 HTTP/1.1" 200 680 "-" "Mozilla/5.0 (Linux; Android 6.0.1; Nexus 5X Build/MMB29P) AppleWebKit/537.36 (KHTML, like Gecko) Chrome/150.0.7871.124 Mobile Safari/537.36 (compatible; Googlebot/2.1; +http://www.google.com/bot.html)"
66.249.79.233 - - [16/Jul/2026:15:06:32 +0000] "GET /product/31232522529713 HTTP/1.1" 200 680 "-" "Mozilla/5.0 (Linux; Android 6.0.1; Nexus 5X Build/MMB29P) AppleWebKit/537.36 (KHTML, like Gecko) Chrome/150.0.7871.124 Mobile Safari/537.36 (compatible; Googlebot/2.1; +http://www.google.com/bot.html)"
209.42.17.20 - - [16/Jul/2026:15:06:34 +0000] "POST /wp-cron.php?doing_wp_cron=1784214394.4495739936828613281250 HTTP/1.1" 200 0 "-" "WordPress/7.0.1; https://oas.com.ng"
66.249.79.233 - - [16/Jul/2026:15:06:33 +0000] "GET /product/11624662311685 HTTP/1.1" 200 680 "-" "Mozilla/5.0 (Linux; Android 6.0.1; Nexus 5X Build/MMB29P) AppleWebKit/537.36 (KHTML, like Gecko) Chrome/150.0.7871.124 Mobile Safari/537.36 (compatible; Googlebot/2.1; +http://www.google.com/bot.html)"
66.249.68.64 - - [16/Jul/2026:15:06:35 +0000] "GET /product/41801193941043 HTTP/1.1" 200 680 "-" "Mozilla/5.0 (Linux; Android 6.0.1; Nexus 5X Build/MMB29P) AppleWebKit/537.36 (KHTML, like Gecko) Chrome/150.0.7871.124 Mobile Safari/537.36 (compatible; Googlebot/2.1; +http://www.google.com/bot.html)"
66.249.79.233 - - [16/Jul/2026:15:06:35 +0000] "GET /product/18955022580578 HTTP/1.1" 200 680 "-" "Mozilla/5.0 (Linux; Android 6.0.1; Nexus 5X Build/MMB29P) AppleWebKit/537.36 (KHTML, like Gecko) Chrome/150.0.7871.124 Mobile Safari/537.36 (compatible; Googlebot/2.1; +http://www.google.com/bot.html)"
66.249.79.233 - - [16/Jul/2026:15:06:37 +0000] "GET /product/12683752783907 HTTP/1.1" 200 680 "-" "Mozilla/5.0 (Linux; Android 6.0.1; Nexus 5X Build/MMB29P) AppleWebKit/537.36 (KHTML, like Gecko) Chrome/150.0.7871.124 Mobile Safari/537.36 (compatible; Googlebot/2.1; +http://www.google.com/bot.html)"
66.249.79.233 - - [16/Jul/2026:15:06:38 +0000] "GET /product/41261694723055 HTTP/1.1" 200 680 "-" "Mozilla/5.0 (Linux; Android 6.0.1; Nexus 5X Build/MMB29P) AppleWebKit/537.36 (KHTML, like Gecko) Chrome/150.0.7871.124 Mobile Safari/537.36 (compatible; Googlebot/2.1; +http://www.google.com/bot.html)"
66.249.79.233 - - [16/Jul/2026:15:06:40 +0000] "GET /product/14657424500100 HTTP/1.1" 200 680 "-" "Mozilla/5.0 (Linux; Android 6.0.1; Nexus 5X Build/MMB29P) AppleWebKit/537.36 (KHTML, like Gecko) Chrome/150.0.7871.124 Mobile Safari/537.36 (compatible; Googlebot/2.1; +http://www.google.com/bot.html)"
66.249.79.161 - - [16/Jul/2026:15:06:41 +0000] "GET /prizes/106588109 HTTP/1.1" 200 680 "-" "Mozilla/5.0 (Linux; Android 6.0.1; Nexus 5X Build/MMB29P) AppleWebKit/537.36 (KHTML, like Gecko) Chrome/150.0.7871.124 Mobile Safari/537.36 (compatible; Googlebot/2.1; +http://www.google.com/bot.html)"
66.249.79.233 - - [16/Jul/2026:15:06:43 +0000] "GET /product/24964421595798 HTTP/1.1" 200 680 "-" "Mozilla/5.0 (Linux; Android 6.0.1; Nexus 5X Build/MMB29P) AppleWebKit/537.36 (KHTML, like Gecko) Chrome/150.0.7871.124 Mobile Safari/537.36 (compatible; Googlebot/2.1; +http://www.google.com/bot.html)"
66.249.79.233 - - [16/Jul/2026:15:06:44 +0000] "GET /shop/pg/14657293-3 HTTP/1.1" 200 680 "-" "Mozilla/5.0 (Linux; Android 6.0.1; Nexus 5X Build/MMB29P) AppleWebKit/537.36 (KHTML, like Gecko) Chrome/150.0.7871.124 Mobile Safari/537.36 (compatible; Googlebot/2.1; +http://www.google.com/bot.html)"
66.249.79.233 - - [16/Jul/2026:15:06:45 +0000] "GET /product/11281954155539 HTTP/1.1" 200 680 "-" "Mozilla/5.0 (Linux; Android 6.0.1; Nexus 5X Build/MMB29P) AppleWebKit/537.36 (KHTML, like Gecko) Chrome/150.0.7871.124 Mobile Safari/537.36 (compatible; Googlebot/2.1; +http://www.google.com/bot.html)"
161.118.251.181 - - [16/Jul/2026:15:05:46 +0000] "POST //wp-login.php HTTP/1.1" 200 6694 "https://pctm.gov.ng//wp-login.php" "Mozilla/5.0 (Windows NT 10.0; Win64; x64) AppleWebKit/537.36 (KHTML, like Gecko) Chrome/88.0.4240.193 Safari/537.36"
66.249.79.233 - - [16/Jul/2026:15:06:45 +0000] "GET /prizes/285963189 HTTP/1.1" 200 680 "-" "Mozilla/5.0 (Linux; Android 6.0.1; Nexus 5X Build/MMB29P) AppleWebKit/537.36 (KHTML, like Gecko) Chrome/150.0.7871.124 Mobile Safari/537.36 (compatible; Googlebot/2.1; +http://www.google.com/bot.html)"
161.118.251.181 - - [16/Jul/2026:15:05:46 +0000] "POST //wp-login.php HTTP/1.1" 200 6694 "https://pctm.gov.ng//wp-login.php" "Mozilla/5.0 (Windows NT 10.0; Win64; x64) AppleWebKit/537.36 (KHTML, like Gecko) Chrome/88.0.4240.193 Safari/537.36"
66.249.79.233 - - [16/Jul/2026:15:06:47 +0000] "GET /product/12860702603131 HTTP/1.1" 200 680 "-" "Mozilla/5.0 (Linux; Android 6.0.1; Nexus 5X Build/MMB29P) AppleWebKit/537.36 (KHTML, like Gecko) Chrome/150.0.7871.124 Mobile Safari/537.36 (compatible; Googlebot/2.1; +http://www.google.com/bot.html)"
66.249.79.233 - - [16/Jul/2026:15:06:48 +0000] "GET /product/18494631659224 HTTP/1.1" 200 680 "-" "Mozilla/5.0 (Linux; Android 6.0.1; Nexus 5X Build/MMB29P) AppleWebKit/537.36 (KHTML, like Gecko) Chrome/150.0.7871.124 Mobile Safari/537.36 (compatible; Googlebot/2.1; +http://www.google.com/bot.html)"
66.249.79.233 - - [16/Jul/2026:15:06:51 +0000] "GET /shop/pg/32343571-1 HTTP/1.1" 200 680 "-" "Mozilla/5.0 (Linux; Android 6.0.1; Nexus 5X Build/MMB29P) AppleWebKit/537.36 (KHTML, like Gecko) Chrome/150.0.7871.124 Mobile Safari/537.36 (compatible; Googlebot/2.1; +http://www.google.com/bot.html)"
66.249.79.233 - - [16/Jul/2026:15:06:51 +0000] "GET /product/38300083161456 HTTP/1.1" 200 680 "-" "Mozilla/5.0 (Linux; Android 6.0.1; Nexus 5X Build/MMB29P) AppleWebKit/537.36 (KHTML, like Gecko) Chrome/150.0.7871.124 Mobile Safari/537.36 (compatible; Googlebot/2.1; +http://www.google.com/bot.html)"
66.249.79.233 - - [16/Jul/2026:15:06:54 +0000] "GET /product/34236344392429 HTTP/1.1" 200 680 "-" "Mozilla/5.0 (Linux; Android 6.0.1; Nexus 5X Build/MMB29P) AppleWebKit/537.36 (KHTML, like Gecko) Chrome/150.0.7871.124 Mobile Safari/537.36 (compatible; Googlebot/2.1; +http://www.google.com/bot.html)"
66.249.79.233 - - [16/Jul/2026:15:06:54 +0000] "GET /product/33762572603052 HTTP/1.1" 200 680 "-" "Mozilla/5.0 (Linux; Android 6.0.1; Nexus 5X Build/MMB29P) AppleWebKit/537.36 (KHTML, like Gecko) Chrome/150.0.7871.124 Mobile Safari/537.36 (compatible; Googlebot/2.1; +http://www.google.com/bot.html)"
66.249.79.161 - - [16/Jul/2026:15:06:57 +0000] "GET /product/33213396479369 HTTP/1.1" 200 680 "-" "Mozilla/5.0 (Linux; Android 6.0.1; Nexus 5X Build/MMB29P) AppleWebKit/537.36 (KHTML, like Gecko) Chrome/150.0.7871.124 Mobile Safari/537.36 (compatible; Googlebot/2.1; +http://www.google.com/bot.html)"
66.249.68.64 - - [16/Jul/2026:15:06:58 +0000] "GET /product/17206683577894 HTTP/1.1" 200 680 "-" "Mozilla/5.0 (Linux; Android 6.0.1; Nexus 5X Build/MMB29P) AppleWebKit/537.36 (KHTML, like Gecko) Chrome/150.0.7871.124 Mobile Safari/537.36 (compatible; Googlebot/2.1; +http://www.google.com/bot.html)"
66.249.79.233 - - [16/Jul/2026:15:06:59 +0000] "GET /product/24462605016246 HTTP/1.1" 200 680 "-" "Mozilla/5.0 (Linux; Android 6.0.1; Nexus 5X Build/MMB29P) AppleWebKit/537.36 (KHTML, like Gecko) Chrome/150.0.7871.124 Mobile Safari/537.36 (compatible; Googlebot/2.1; +http://www.google.com/bot.html)"
66.249.79.233 - - [16/Jul/2026:15:07:02 +0000] "GET /product/30596865369709 HTTP/1.1" 200 680 "-" "Mozilla/5.0 (Linux; Android 6.0.1; Nexus 5X Build/MMB29P) AppleWebKit/537.36 (KHTML, like Gecko) Chrome/150.0.7871.124 Mobile Safari/537.36 (compatible; Googlebot/2.1; +http://www.google.com/bot.html)"
66.249.79.233 - - [16/Jul/2026:15:07:07 +0000] "GET /product/29375521602108 HTTP/1.1" 200 680 "-" "Mozilla/5.0 (Linux; Android 6.0.1; Nexus 5X Build/MMB29P) AppleWebKit/537.36 (KHTML, like Gecko) Chrome/150.0.7871.124 Mobile Safari/537.36 (compatible; Googlebot/2.1; +http://www.google.com/bot.html)"
66.249.68.169 - - [16/Jul/2026:15:07:16 +0000] "GET /product/12633515437412 HTTP/1.1" 200 680 "-" "Mozilla/5.0 (Linux; Android 6.0.1; Nexus 5X Build/MMB29P) AppleWebKit/537.36 (KHTML, like Gecko) Chrome/150.0.7871.124 Mobile Safari/537.36 (compatible; Googlebot/2.1; +http://www.google.com/bot.html)"
66.249.79.233 - - [16/Jul/2026:15:07:20 +0000] "GET /product/33207125383465 HTTP/1.1" 200 680 "-" "Mozilla/5.0 (Linux; Android 6.0.1; Nexus 5X Build/MMB29P) AppleWebKit/537.36 (KHTML, like Gecko) Chrome/150.0.7871.124 Mobile Safari/537.36 (compatible; Googlebot/2.1; +http://www.google.com/bot.html)"
66.249.79.161 - - [16/Jul/2026:15:07:20 +0000] "GET /prizes/175259119 HTTP/1.1" 200 680 "-" "Mozilla/5.0 (Linux; Android 6.0.1; Nexus 5X Build/MMB29P) AppleWebKit/537.36 (KHTML, like Gecko) Chrome/150.0.7871.124 Mobile Safari/537.36 (compatible; Googlebot/2.1; +http://www.google.com/bot.html)"
66.249.79.233 - - [16/Jul/2026:15:07:21 +0000] "GET /shop/pg/41676521-4 HTTP/1.1" 200 680 "-" "Mozilla/5.0 (Linux; Android 6.0.1; Nexus 5X Build/MMB29P) AppleWebKit/537.36 (KHTML, like Gecko) Chrome/150.0.7871.124 Mobile Safari/537.36 (compatible; Googlebot/2.1; +http://www.google.com/bot.html)"
93.123.109.163 - - [16/Jul/2026:15:07:22 +0000] "GET /%252e%252e/root/.bash_history?_=lfpaej3w&v=ls5mi HTTP/1.1" 404 3415 "https://duckduckgo.com/?q=tydt8" "Mozilla/5.0 (X11; Ubuntu; Linux x86_64; rv:126.0) Gecko/20100101 Firefox/126.0"
93.123.109.163 - - [16/Jul/2026:15:07:22 +0000] "GET /%252e%252e/root/.mysql_history?_=m7va12sd&v=2ju4i HTTP/1.1" 404 3415 "https://www.facebook.com/" "Mozilla/5.0 (Windows NT 10.0; Win64; x64) AppleWebKit/537.36 (KHTML, like Gecko) Chrome/125.0.0.0 Safari/537.36 Edg/125.0.0.0"
93.123.109.163 - - [16/Jul/2026:15:07:23 +0000] "GET /%252e%252e/etc/nginx/nginx.conf?_=6pn8kwoy&v=zc22y HTTP/1.1" 404 3415 "https://www.bing.com/search?q=el5jst" "Mozilla/5.0 (Windows NT 10.0; Win64; x64) AppleWebKit/537.36 (KHTML, like Gecko) Chrome/125.0.0.0 Safari/537.36 OPR/110.0.0.0"
93.123.109.163 - - [16/Jul/2026:15:07:24 +0000] "GET /%252e%252e/etc/apache2/apache2.conf?_=0fj67mez&v=cv15g HTTP/1.1" 404 3415 "https://www.bing.com/search?q=52p3n0" "Mozilla/5.0 (Windows NT 10.0; Win64; x64) AppleWebKit/537.36 (KHTML, like Gecko) Chrome/125.0.0.0 Safari/537.36"
93.123.109.163 - - [16/Jul/2026:15:07:25 +0000] "GET /%252e%252e/var/www/html/.git/config?_=10eiloqo&v=4jel1 HTTP/1.1" 404 3415 "https://www.reddit.com/" "Mozilla/5.0 (Windows NT 10.0; Win64; x64; rv:127.0) Gecko/20100101 Firefox/127.0"
66.249.79.233 - - [16/Jul/2026:15:07:25 +0000] "GET /product/23033433516344 HTTP/1.1" 200 680 "-" "Mozilla/5.0 (Linux; Android 6.0.1; Nexus 5X Build/MMB29P) AppleWebKit/537.36 (KHTML, like Gecko) Chrome/150.0.7871.124 Mobile Safari/537.36 (compatible; Googlebot/2.1; +http://www.google.com/bot.html)"
93.123.109.163 - - [16/Jul/2026:15:07:25 +0000] "GET /%252e%252e/var/www/.git/config?_=trxlzjqs&v=4hivg HTTP/1.1" 404 3415 "https://twitter.com/" "Mozilla/5.0 (Linux; U; Android 14; en-US; Redmi Note 13 Pro Build/UP1A.231005.007) AppleWebKit/537.36 (KHTML, like Gecko) Version/4.0 UCBrowser/13.4.0.1306 Mobile Safari/537.36"
93.123.109.163 - - [16/Jul/2026:15:07:26 +0000] "GET /%252e%252e/etc/ssh/sshd_config?_=ppblziph&v=u3274 HTTP/1.1" 404 3415 "https://www.google.com/" "Mozilla/5.0 (Linux; U; Android 14; en-US; Redmi Note 13 Pro Build/UP1A.231005.007) AppleWebKit/537.36 (KHTML, like Gecko) Version/4.0 UCBrowser/13.4.0.1306 Mobile Safari/537.36"
93.123.109.163 - - [16/Jul/2026:15:07:27 +0000] "GET /%252e%252e/root/.ssh/id_rsa?_=a3gz72ym&v=bhfa3 HTTP/1.1" 404 3415 "https://duckduckgo.com/?q=7q0b4" "Mozilla/5.0 (X11; Ubuntu; Linux x86_64; rv:126.0) Gecko/20100101 Firefox/126.0"
93.123.109.163 - - [16/Jul/2026:15:07:28 +0000] "GET /%252e%252e/root/.ssh/id_ed25519?_=9xb60r6f&v=if10y HTTP/1.1" 404 3415 "https://www.reddit.com/" "Mozilla/5.0 (Linux; U; Android 14; en-US; Redmi Note 13 Pro Build/UP1A.231005.007) AppleWebKit/537.36 (KHTML, like Gecko) Version/4.0 UCBrowser/13.4.0.1306 Mobile Safari/537.36"
93.123.109.163 - - [16/Jul/2026:15:07:29 +0000] "GET /%252e%252e/home/ubuntu/.ssh/id_rsa?_=2oxh0yzu&v=zen1s HTTP/1.1" 404 3415 "https://news.ycombinator.com/" "Mozilla/5.0 (X11; Ubuntu; Linux x86_64; rv:126.0) Gecko/20100101 Firefox/126.0"
66.249.79.162 - - [16/Jul/2026:15:07:28 +0000] "GET /product/43785883258698 HTTP/1.1" 200 680 "-" "Mozilla/5.0 (Linux; Android 6.0.1; Nexus 5X Build/MMB29P) AppleWebKit/537.36 (KHTML, like Gecko) Chrome/150.0.7871.124 Mobile Safari/537.36 (compatible; Googlebot/2.1; +http://www.google.com/bot.html)"
93.123.109.163 - - [16/Jul/2026:15:07:29 +0000] "GET /%252e%252e/home/ubuntu/.ssh/id_ed25519?_=s5q9sfni&v=tzqvq HTTP/1.1" 404 3415 "https://duckduckgo.com/?q=pyvb3" "Mozilla/5.0 (iPad; CPU OS 17_5_1 like Mac OS X) AppleWebKit/605.1.15 (KHTML, like Gecko) Version/17.5 Mobile/15E148 Safari/604.1"
66.249.79.233 - - [16/Jul/2026:15:07:29 +0000] "GET /product/35324395183012 HTTP/1.1" 200 680 "-" "Mozilla/5.0 (Linux; Android 6.0.1; Nexus 5X Build/MMB29P) AppleWebKit/537.36 (KHTML, like Gecko) Chrome/150.0.7871.124 Mobile Safari/537.36 (compatible; Googlebot/2.1; +http://www.google.com/bot.html)"
93.123.109.163 - - [16/Jul/2026:15:07:30 +0000] "GET /%252e%252e/home/deploy/.ssh/id_rsa?_=c3tlq49h&v=9bayy HTTP/1.1" 404 3415 "https://www.google.com/" "Mozilla/5.0 (Linux; U; Android 14; en-US; Redmi Note 13 Pro Build/UP1A.231005.007) AppleWebKit/537.36 (KHTML, like Gecko) Version/4.0 UCBrowser/13.4.0.1306 Mobile Safari/537.36"
93.123.109.163 - - [16/Jul/2026:15:07:31 +0000] "GET /%252e%252e/home/ec2-user/.ssh/id_rsa?_=gix72etd&v=07grb HTTP/1.1" 404 3415 "https://t.co/8x6ntpwbab" "Mozilla/5.0 (Linux; U; Android 14; en-US; Redmi Note 13 Pro Build/UP1A.231005.007) AppleWebKit/537.36 (KHTML, like Gecko) Version/4.0 UCBrowser/13.4.0.1306 Mobile Safari/537.36"
66.249.68.65 - - [16/Jul/2026:15:07:31 +0000] "GET /product/29802563061287 HTTP/1.1" 200 680 "-" "Mozilla/5.0 (Linux; Android 6.0.1; Nexus 5X Build/MMB29P) AppleWebKit/537.36 (KHTML, like Gecko) Chrome/150.0.7871.124 Mobile Safari/537.36 (compatible; Googlebot/2.1; +http://www.google.com/bot.html)"
93.123.109.163 - - [16/Jul/2026:15:07:31 +0000] "GET /%252e%252e/home/www-data/.ssh/id_rsa?_=xt2wldvp&v=q0zzu HTTP/1.1" 404 3415 "https://www.google.com/search?q=4i9sdd" "Mozilla/5.0 (Macintosh; Intel Mac OS X 10_15_7) AppleWebKit/537.36 (KHTML, like Gecko) Chrome/126.0.0.0 Safari/537.36"
93.123.109.163 - - [16/Jul/2026:15:07:32 +0000] "GET /%252e%252e/home/git/.ssh/id_rsa?_=vak8fg8w&v=mhbni HTTP/1.1" 404 3415 "https://t.co/6k51mn24gq" "Mozilla/5.0 (Macintosh; Intel Mac OS X 10_15_7) AppleWebKit/537.36 (KHTML, like Gecko) Chrome/126.0.0.0 Safari/537.36"
93.123.109.163 - - [16/Jul/2026:15:07:33 +0000] "GET /%252e%252e/home/admin/.ssh/id_rsa?_=udqh9ieq&v=or36x HTTP/1.1" 404 3415 "https://twitter.com/" "Mozilla/5.0 (X11; Linux x86_64) AppleWebKit/537.36 (KHTML, like Gecko) Chrome/126.0.0.0 Safari/537.36"
93.123.109.163 - - [16/Jul/2026:15:07:34 +0000] "GET /%252e%252e/%252e%252e/etc/passwd?_=petip401&v=9r1hm HTTP/1.1" 404 3415 "https://news.ycombinator.com/" "Mozilla/5.0 (Macintosh; Intel Mac OS X 14_5) AppleWebKit/605.1.15 (KHTML, like Gecko) Version/17.5 Safari/605.1.15"
66.249.79.233 - - [16/Jul/2026:15:07:32 +0000] "GET /shop/pg/57350227-2 HTTP/1.1" 200 680 "-" "Mozilla/5.0 (Linux; Android 6.0.1; Nexus 5X Build/MMB29P) AppleWebKit/537.36 (KHTML, like Gecko) Chrome/150.0.7871.124 Mobile Safari/537.36 (compatible; Googlebot/2.1; +http://www.google.com/bot.html)"
93.123.109.163 - - [16/Jul/2026:15:07:34 +0000] "GET /%252e%252e/%252e%252e/etc/shadow?_=vrh707f9&v=looc6 HTTP/1.1" 404 3415 "https://www.reddit.com/" "Mozilla/5.0 (X11; Ubuntu; Linux x86_64; rv:126.0) Gecko/20100101 Firefox/126.0"
93.123.109.163 - - [16/Jul/2026:15:07:35 +0000] "GET /%252e%252e/%252e%252e/etc/hosts?_=mu46pl12&v=xilw2 HTTP/1.1" 404 3415 "https://www.reddit.com/" "Mozilla/5.0 (Windows NT 10.0; Win64; x64) AppleWebKit/537.36 (KHTML, like Gecko) Chrome/124.0.0.0 Safari/537.36 Vivaldi/6.7.3329.35"
66.249.79.233 - - [16/Jul/2026:15:07:35 +0000] "GET /product/33898844916570 HTTP/1.1" 200 680 "-" "Mozilla/5.0 (Linux; Android 6.0.1; Nexus 5X Build/MMB29P) AppleWebKit/537.36 (KHTML, like Gecko) Chrome/150.0.7871.124 Mobile Safari/537.36 (compatible; Googlebot/2.1; +http://www.google.com/bot.html)"
93.123.109.163 - - [16/Jul/2026:15:07:36 +0000] "GET /%252e%252e/%252e%252e/proc/self/environ?_=dlaohtjy&v=gnhz4 HTTP/1.1" 404 3415 "https://duckduckgo.com/?q=k1zvf" "Mozilla/5.0 (X11; Linux x86_64) AppleWebKit/537.36 (KHTML, like Gecko) Chrome/126.0.0.0 Safari/537.36"
93.123.109.163 - - [16/Jul/2026:15:07:37 +0000] "GET /%252e%252e/%252e%252e/proc/version?_=uk7vhby0&v=fe4xm HTTP/1.1" 404 3415 "https://www.google.com/" "Mozilla/5.0 (Windows NT 10.0; Win64; x64) AppleWebKit/537.36 (KHTML, like Gecko) Chrome/125.0.0.0 Safari/537.36 OPR/110.0.0.0"
93.123.109.163 - - [16/Jul/2026:15:07:38 +0000] "GET /%252e%252e/%252e%252e/.aws/credentials?_=67uo7zcm&v=3z2rg HTTP/1.1" 404 3415 "https://www.google.com/search?q=eca2bt" "Mozilla/5.0 (X11; Linux x86_64; rv:127.0) Gecko/20100101 Firefox/127.0"
93.123.109.163 - - [16/Jul/2026:15:07:39 +0000] "GET /%252e%252e/%252e%252e/.env?_=vu24y1if&v=dhsux HTTP/1.1" 404 3415 "https://www.reddit.com/" "Mozilla/5.0 (Macintosh; Intel Mac OS X 10_15_7) AppleWebKit/537.36 (KHTML, like Gecko) Chrome/126.0.0.0 Safari/537.36"
66.249.79.233 - - [16/Jul/2026:15:07:38 +0000] "GET /product/26473995190989 HTTP/1.1" 200 680 "-" "Mozilla/5.0 (Linux; Android 6.0.1; Nexus 5X Build/MMB29P) AppleWebKit/537.36 (KHTML, like Gecko) Chrome/150.0.7871.124 Mobile Safari/537.36 (compatible; Googlebot/2.1; +http://www.google.com/bot.html)"
93.123.109.163 - - [16/Jul/2026:15:07:40 +0000] "GET /%252e%252e/%252e%252e/var/www/html/.env?_=dt1crgfj&v=onf89 HTTP/1.1" 404 3415 "https://t.co/6jq68rlzaq" "Mozilla/5.0 (Windows NT 10.0; Win64; x64) AppleWebKit/537.36 (KHTML, like Gecko) Chrome/126.0.0.0 Safari/537.36"
93.123.109.163 - - [16/Jul/2026:15:07:40 +0000] "GET /%252e%252e/%252e%252e/var/www/.env?_=ezgcyo1e&v=qpi7k HTTP/1.1" 404 3415 "https://t.co/4xny8yp788" "Mozilla/5.0 (X11; Linux x86_64; rv:127.0) Gecko/20100101 Firefox/127.0"
93.123.109.163 - - [16/Jul/2026:15:07:41 +0000] "GET /%252e%252e/%252e%252e/var/www/html/wp-config.php?_=vz3ryd8p&v=t0dta HTTP/1.1" 404 3415 "https://www.bing.com/search?q=pfyhuk" "Mozilla/5.0 (Macintosh; Intel Mac OS X 14_5) AppleWebKit/605.1.15 (KHTML, like Gecko) Version/17.5 Safari/605.1.15"
93.123.109.163 - - [16/Jul/2026:15:07:42 +0000] "GET /%252e%252e/%252e%252e/var/www/html/config.php?_=48s3yyx5&v=pm0v5 HTTP/1.1" 404 3415 "https://news.ycombinator.com/" "Mozilla/5.0 (Windows NT 10.0; Win64; x64) AppleWebKit/537.36 (KHTML, like Gecko) Chrome/126.0.0.0 Safari/537.36"
93.123.109.163 - - [16/Jul/2026:15:07:43 +0000] "GET /%252e%252e/%252e%252e/var/www/html/configuration.php?_=l979yxyj&v=661n1 HTTP/1.1" 404 3415 "https://news.ycombinator.com/" "Mozilla/5.0 (Windows NT 10.0; Win64; x64) AppleWebKit/537.36 (KHTML, like Gecko) Chrome/126.0.0.0 Safari/537.36"
93.123.109.163 - - [16/Jul/2026:15:07:44 +0000] "GET /%252e%252e/%252e%252e/app/.env?_=lgym8mog&v=46ktu HTTP/1.1" 404 3415 "https://www.bing.com/search?q=h2j922" "Mozilla/5.0 (Windows NT 10.0; Win64; x64) AppleWebKit/537.36 (KHTML, like Gecko) Chrome/124.0.0.0 Safari/537.36"
93.123.109.163 - - [16/Jul/2026:15:07:45 +0000] "GET /%252e%252e/%252e%252e/srv/.env?_=ewp3sogi&v=imwim HTTP/1.1" 404 3415 "https://t.co/s06ge74dwd" "Mozilla/5.0 (iPad; CPU OS 17_5_1 like Mac OS X) AppleWebKit/605.1.15 (KHTML, like Gecko) Version/17.5 Mobile/15E148 Safari/604.1"
93.123.109.163 - - [16/Jul/2026:15:07:46 +0000] "GET /%252e%252e/%252e%252e/home/.env?_=eeq4azsy&v=zc9xb HTTP/1.1" 404 3415 "https://www.google.com/search?q=alp483" "Mozilla/5.0 (Macintosh; Intel Mac OS X 14_5) AppleWebKit/537.36 (KHTML, like Gecko) Chrome/125.0.0.0 Safari/537.36"
93.123.109.163 - - [16/Jul/2026:15:07:47 +0000] "GET /%252e%252e/%252e%252e/var/log/nginx/access.log?_=b0rdntei&v=r6gmc HTTP/1.1" 404 3415 "https://www.bing.com/search?q=r042tw" "Mozilla/5.0 (iPhone; CPU iPhone OS 17_5_1 like Mac OS X) AppleWebKit/605.1.15 (KHTML, like Gecko) Version/17.5 Mobile/15E148 Safari/604.1"
66.249.79.161 - - [16/Jul/2026:15:07:45 +0000] "GET /shop/pg/89296706-4 HTTP/1.1" 200 680 "-" "Mozilla/5.0 (Linux; Android 6.0.1; Nexus 5X Build/MMB29P) AppleWebKit/537.36 (KHTML, like Gecko) Chrome/150.0.7871.124 Mobile Safari/537.36 (compatible; Googlebot/2.1; +http://www.google.com/bot.html)"
161.118.251.181 - - [16/Jul/2026:15:06:46 +0000] "POST //wp-login.php HTTP/1.1" 200 6694 "https://pctm.gov.ng//wp-login.php" "Mozilla/5.0 (Windows NT 10.0; Win64; x64) AppleWebKit/537.36 (KHTML, like Gecko) Chrome/88.0.4240.193 Safari/537.36"
161.118.251.181 - - [16/Jul/2026:15:06:47 +0000] "POST //wp-login.php HTTP/1.1" 200 6694 "https://pctm.gov.ng//wp-login.php" "Mozilla/5.0 (Windows NT 10.0; Win64; x64) AppleWebKit/537.36 (KHTML, like Gecko) Chrome/88.0.4240.193 Safari/537.36"
66.249.79.233 - - [16/Jul/2026:15:07:46 +0000] "GET /product/40551253244144 HTTP/1.1" 200 680 "-" "Mozilla/5.0 (Linux; Android 6.0.1; Nexus 5X Build/MMB29P) AppleWebKit/537.36 (KHTML, like Gecko) Chrome/150.0.7871.124 Mobile Safari/537.36 (compatible; Googlebot/2.1; +http://www.google.com/bot.html)"
93.123.109.163 - - [16/Jul/2026:15:07:47 +0000] "GET /%252e%252e/%252e%252e/var/log/apache2/access.log?_=exaw4ewk&v=4h1vn HTTP/1.1" 404 3415 "https://www.bing.com/search?q=ulgmz2" "Mozilla/5.0 (Windows NT 10.0; Win64; x64) AppleWebKit/537.36 (KHTML, like Gecko) Chrome/124.0.0.0 Safari/537.36"
153.117.15.196 - - [16/Jul/2026:15:07:46 +0000] "GET /product/45253234984190 HTTP/1.1" 200 680 "https://oas.com.ng/sitemap-9.xml" "Mozilla/5.0 (Linux; Android 15; M2102J22) AppleWebKit/537.36 (KHTML, like Gecko) Chrome/143.0.5347.128 Mobile Safari/537.36 MicroMessenger/8.0.46(0x18001B3F) NetType/WIFI Language/zh_CN"
66.249.79.233 - - [16/Jul/2026:15:07:47 +0000] "GET /shop/pg/23504727-1 HTTP/1.1" 200 680 "-" "Mozilla/5.0 (Linux; Android 6.0.1; Nexus 5X Build/MMB29P) AppleWebKit/537.36 (KHTML, like Gecko) Chrome/150.0.7871.124 Mobile Safari/537.36 (compatible; Googlebot/2.1; +http://www.google.com/bot.html)"
66.249.79.233 - - [16/Jul/2026:15:07:47 +0000] "GET /product/29163624028722 HTTP/1.1" 200 680 "-" "Mozilla/5.0 (Linux; Android 6.0.1; Nexus 5X Build/MMB29P) AppleWebKit/537.36 (KHTML, like Gecko) Chrome/150.0.7871.124 Mobile Safari/537.36 (compatible; Googlebot/2.1; +http://www.google.com/bot.html)"
93.123.109.163 - - [16/Jul/2026:15:07:48 +0000] "GET /%252e%252e/%252e%252e/var/log/auth.log?_=ip97y9gk&v=5icwa HTTP/1.1" 404 3415 "https://t.co/ofky8atfu9" "Mozilla/5.0 (Linux; Android 14; SM-S918B Build/UP1A.231005.007) AppleWebKit/537.36 (KHTML, like Gecko) SamsungBrowser/25.0 Chrome/121.0.0.0 Mobile Safari/537.36"
93.123.109.163 - - [16/Jul/2026:15:07:49 +0000] "GET /%252e%252e/%252e%252e/var/log/secure?_=o5moclp1&v=v8x47 HTTP/1.1" 404 3415 "https://www.google.com/search?q=bdlgbe" "Mozilla/5.0 (Windows NT 10.0; Win64; x64) AppleWebKit/537.36 (KHTML, like Gecko) Chrome/126.0.0.0 Safari/537.36"
93.123.109.163 - - [16/Jul/2026:15:07:50 +0000] "GET /%252e%252e/%252e%252e/proc/self/cmdline?_=5ul33igf&v=p9bgi HTTP/1.1" 404 3415 "https://twitter.com/" "Mozilla/5.0 (Macintosh; Intel Mac OS X 14_4_1) AppleWebKit/605.1.15 (KHTML, like Gecko) Version/17.4.1 Safari/605.1.15"
66.249.79.233 - - [16/Jul/2026:15:07:49 +0000] "GET /product/27758171482972 HTTP/1.1" 200 680 "-" "Mozilla/5.0 (Linux; Android 6.0.1; Nexus 5X Build/MMB29P) AppleWebKit/537.36 (KHTML, like Gecko) Chrome/150.0.7871.124 Mobile Safari/537.36 (compatible; Googlebot/2.1; +http://www.google.com/bot.html)"
93.123.109.163 - - [16/Jul/2026:15:07:51 +0000] "GET /%252e%252e/%252e%252e/proc/net/tcp?_=gxtv6jsh&v=90dyl HTTP/1.1" 404 3415 "https://www.reddit.com/" "Mozilla/5.0 (Macintosh; Intel Mac OS X 14_4_1) AppleWebKit/605.1.15 (KHTML, like Gecko) Version/17.4.1 Safari/605.1.15"
