16.52.74.18 - - [16/Jul/2026:13:22:20 +0000] "GET /htdocs/.env HTTP/1.1" 404 45483 "-" "Mozilla/5.0 (X11; Linux x86_64) AppleWebKit/537.36 (KHTML, like Gecko) Chrome/131.0.0.0 Safari/537.36"
16.52.74.18 - - [16/Jul/2026:13:22:26 +0000] "GET /build/.env HTTP/1.1" 404 45495 "-" "Mozilla/5.0 (Macintosh; Intel Mac OS X 10_15_7) AppleWebKit/537.36 (KHTML, like Gecko) Chrome/131.0.0.0 Safari/537.36"
16.52.74.18 - - [16/Jul/2026:13:22:28 +0000] "GET /www/.env HTTP/1.1" 200 0 "-" "Mozilla/5.0 (X11; Linux x86_64) AppleWebKit/537.36 (KHTML, like Gecko) Chrome/131.0.0.0 Safari/537.36"
16.52.74.18 - - [16/Jul/2026:13:22:34 +0000] "GET /dist/.env HTTP/1.1" 404 45492 "-" "Mozilla/5.0 (Macintosh; Intel Mac OS X 10_15_7) AppleWebKit/537.36 (KHTML, like Gecko) Chrome/131.0.0.0 Safari/537.36"
16.52.74.18 - - [16/Jul/2026:13:22:36 +0000] "GET /html/.env HTTP/1.1" 200 0 "-" "Mozilla/5.0 (X11; Linux x86_64) AppleWebKit/537.36 (KHTML, like Gecko) Chrome/131.0.0.0 Safari/537.36"
51.68.247.192 - - [16/Jul/2026:13:22:36 +0000] "GET /products/36654127479280 HTTP/2" 404 39253 "-" "Mozilla/5.0 (compatible; AhrefsBot/7.0; +http://ahrefs.com/robot/)"
16.52.74.18 - - [16/Jul/2026:13:22:42 +0000] "GET /public_html/.env HTTP/1.1" 200 0 "-" "Mozilla/5.0 (Macintosh; Intel Mac OS X 10_15_7) AppleWebKit/537.36 (KHTML, like Gecko) Chrome/131.0.0.0 Safari/537.36"
16.52.74.18 - - [16/Jul/2026:13:22:44 +0000] "GET /live/.env HTTP/1.1" 404 45483 "-" "Mozilla/5.0 (X11; Linux x86_64) AppleWebKit/537.36 (KHTML, like Gecko) Chrome/131.0.0.0 Safari/537.36"
16.52.74.18 - - [16/Jul/2026:13:22:51 +0000] "GET /htdocs/.env HTTP/1.1" 404 45496 "-" "Mozilla/5.0 (Macintosh; Intel Mac OS X 10_15_7) AppleWebKit/537.36 (KHTML, like Gecko) Chrome/131.0.0.0 Safari/537.36"
16.52.74.18 - - [16/Jul/2026:13:22:52 +0000] "GET /prod/.env HTTP/1.1" 404 45496 "-" "Mozilla/5.0 (X11; Linux x86_64) AppleWebKit/537.36 (KHTML, like Gecko) Chrome/131.0.0.0 Safari/537.36"
209.42.17.20 - - [16/Jul/2026:13:23:02 +0000] "POST /wp-cron.php?doing_wp_cron=1784208182.3546850681304931640625 HTTP/1.1" 200 0 "-" "WordPress/7.0.1; https://ebifo.org"
16.52.74.18 - - [16/Jul/2026:13:22:59 +0000] "GET /www/.env HTTP/1.1" 200 0 "-" "Mozilla/5.0 (Macintosh; Intel Mac OS X 10_15_7) AppleWebKit/537.36 (KHTML, like Gecko) Chrome/131.0.0.0 Safari/537.36"
16.52.74.18 - - [16/Jul/2026:13:23:00 +0000] "GET /dev/.env HTTP/1.1" 200 0 "-" "Mozilla/5.0 (X11; Linux x86_64) AppleWebKit/537.36 (KHTML, like Gecko) Chrome/131.0.0.0 Safari/537.36"
209.42.17.20 - - [16/Jul/2026:13:23:11 +0000] "POST /wp-cron.php?doing_wp_cron=1784208191.7159841060638427734375 HTTP/1.1" 200 0 "-" "WordPress/7.0.1; https://ebifo.org"
16.52.74.18 - - [16/Jul/2026:13:23:07 +0000] "GET /html/.env HTTP/1.1" 200 0 "-" "Mozilla/5.0 (Macintosh; Intel Mac OS X 10_15_7) AppleWebKit/537.36 (KHTML, like Gecko) Chrome/131.0.0.0 Safari/537.36"
16.52.74.18 - - [16/Jul/2026:13:23:09 +0000] "GET /staging/.env HTTP/1.1" 404 45489 "-" "Mozilla/5.0 (X11; Linux x86_64) AppleWebKit/537.36 (KHTML, like Gecko) Chrome/131.0.0.0 Safari/537.36"
16.52.74.18 - - [16/Jul/2026:13:23:15 +0000] "GET /live/.env HTTP/1.1" 404 45494 "-" "Mozilla/5.0 (Macintosh; Intel Mac OS X 10_15_7) AppleWebKit/537.36 (KHTML, like Gecko) Chrome/131.0.0.0 Safari/537.36"
16.52.74.18 - - [16/Jul/2026:13:23:17 +0000] "GET /opt/.env HTTP/1.1" 200 0 "-" "Mozilla/5.0 (X11; Linux x86_64) AppleWebKit/537.36 (KHTML, like Gecko) Chrome/131.0.0.0 Safari/537.36"
16.52.74.18 - - [16/Jul/2026:13:23:23 +0000] "GET /prod/.env HTTP/1.1" 404 45494 "-" "Mozilla/5.0 (Macintosh; Intel Mac OS X 10_15_7) AppleWebKit/537.36 (KHTML, like Gecko) Chrome/131.0.0.0 Safari/537.36"
16.52.74.18 - - [16/Jul/2026:13:23:25 +0000] "GET /laravel/.env HTTP/1.1" 200 0 "-" "Mozilla/5.0 (X11; Linux x86_64) AppleWebKit/537.36 (KHTML, like Gecko) Chrome/131.0.0.0 Safari/537.36"
16.52.74.18 - - [16/Jul/2026:13:23:31 +0000] "GET /dev/.env HTTP/1.1" 200 0 "-" "Mozilla/5.0 (Macintosh; Intel Mac OS X 10_15_7) AppleWebKit/537.36 (KHTML, like Gecko) Chrome/131.0.0.0 Safari/537.36"
16.52.74.18 - - [16/Jul/2026:13:23:33 +0000] "GET /symfony/.env HTTP/1.1" 200 0 "-" "Mozilla/5.0 (X11; Linux x86_64) AppleWebKit/537.36 (KHTML, like Gecko) Chrome/131.0.0.0 Safari/537.36"
16.52.74.18 - - [16/Jul/2026:13:23:40 +0000] "GET /staging/.env HTTP/1.1" 404 45497 "-" "Mozilla/5.0 (Macintosh; Intel Mac OS X 10_15_7) AppleWebKit/537.36 (KHTML, like Gecko) Chrome/131.0.0.0 Safari/537.36"
16.52.74.18 - - [16/Jul/2026:13:23:41 +0000] "GET /wordpress/.env HTTP/1.1" 200 0 "-" "Mozilla/5.0 (X11; Linux x86_64) AppleWebKit/537.36 (KHTML, like Gecko) Chrome/131.0.0.0 Safari/537.36"
37.59.204.130 - - [16/Jul/2026:13:23:44 +0000] "GET /products/4516117521078 HTTP/2" 404 39238 "-" "Mozilla/5.0 (compatible; AhrefsBot/7.0; +http://ahrefs.com/robot/)"
16.52.74.18 - - [16/Jul/2026:13:23:48 +0000] "GET /opt/.env HTTP/1.1" 404 45504 "-" "Mozilla/5.0 (Macintosh; Intel Mac OS X 10_15_7) AppleWebKit/537.36 (KHTML, like Gecko) Chrome/131.0.0.0 Safari/537.36"
16.52.74.18 - - [16/Jul/2026:13:23:49 +0000] "GET /wp/.env HTTP/1.1" 404 45489 "-" "Mozilla/5.0 (X11; Linux x86_64) AppleWebKit/537.36 (KHTML, like Gecko) Chrome/131.0.0.0 Safari/537.36"
16.52.74.18 - - [16/Jul/2026:13:23:56 +0000] "GET /laravel/.env HTTP/1.1" 404 45495 "-" "Mozilla/5.0 (Macintosh; Intel Mac OS X 10_15_7) AppleWebKit/537.36 (KHTML, like Gecko) Chrome/131.0.0.0 Safari/537.36"
16.52.74.18 - - [16/Jul/2026:13:23:58 +0000] "GET /cms/.env HTTP/1.1" 200 0 "-" "Mozilla/5.0 (X11; Linux x86_64) AppleWebKit/537.36 (KHTML, like Gecko) Chrome/131.0.0.0 Safari/537.36"
16.52.74.18 - - [16/Jul/2026:13:24:04 +0000] "GET /symfony/.env HTTP/1.1" 200 0 "-" "Mozilla/5.0 (Macintosh; Intel Mac OS X 10_15_7) AppleWebKit/537.36 (KHTML, like Gecko) Chrome/131.0.0.0 Safari/537.36"
209.42.17.20 - - [16/Jul/2026:13:24:15 +0000] "POST /wp-cron.php?doing_wp_cron=1784208255.4162259101867675781250 HTTP/1.1" 200 0 "-" "WordPress/7.0.1; https://ebifo.org"
209.42.17.20 - - [16/Jul/2026:13:24:15 +0000] "POST /wp-cron.php?doing_wp_cron=1784208255.7239940166473388671875 HTTP/1.1" 200 0 "-" "WordPress/7.0.1; https://ebifo.org"
16.52.74.18 - - [16/Jul/2026:13:24:06 +0000] "GET /drupal/.env HTTP/1.1" 404 45483 "-" "Mozilla/5.0 (X11; Linux x86_64) AppleWebKit/537.36 (KHTML, like Gecko) Chrome/131.0.0.0 Safari/537.36"
16.52.74.18 - - [16/Jul/2026:13:24:12 +0000] "GET /wordpress/.env HTTP/1.1" 404 45497 "-" "Mozilla/5.0 (Macintosh; Intel Mac OS X 10_15_7) AppleWebKit/537.36 (KHTML, like Gecko) Chrome/131.0.0.0 Safari/537.36"
209.42.17.20 - - [16/Jul/2026:13:24:23 +0000] "POST /wp-cron.php?doing_wp_cron=1784208263.6160449981689453125000 HTTP/1.1" 200 0 "-" "WordPress/7.0.1; https://ebifo.org"
16.52.74.18 - - [16/Jul/2026:13:24:14 +0000] "GET /joomla/.env HTTP/1.1" 200 0 "-" "Mozilla/5.0 (X11; Linux x86_64) AppleWebKit/537.36 (KHTML, like Gecko) Chrome/131.0.0.0 Safari/537.36"
209.42.17.20 - - [16/Jul/2026:13:24:25 +0000] "POST /wp-cron.php?doing_wp_cron=1784208265.8156249523162841796875 HTTP/1.1" 200 0 "-" "WordPress/7.0.1; https://ebifo.org"
16.52.74.18 - - [16/Jul/2026:13:24:20 +0000] "GET /wp/.env HTTP/1.1" 200 0 "-" "Mozilla/5.0 (Macintosh; Intel Mac OS X 10_15_7) AppleWebKit/537.36 (KHTML, like Gecko) Chrome/131.0.0.0 Safari/537.36"
16.52.74.18 - - [16/Jul/2026:13:24:22 +0000] "GET /magento/.env HTTP/1.1" 200 0 "-" "Mozilla/5.0 (X11; Linux x86_64) AppleWebKit/537.36 (KHTML, like Gecko) Chrome/131.0.0.0 Safari/537.36"
16.52.74.18 - - [16/Jul/2026:13:24:29 +0000] "GET /cms/.env HTTP/1.1" 404 45503 "-" "Mozilla/5.0 (Macintosh; Intel Mac OS X 10_15_7) AppleWebKit/537.36 (KHTML, like Gecko) Chrome/131.0.0.0 Safari/537.36"
16.52.74.18 - - [16/Jul/2026:13:24:30 +0000] "GET /shopify/.env HTTP/1.1" 404 45483 "-" "Mozilla/5.0 (X11; Linux x86_64) AppleWebKit/537.36 (KHTML, like Gecko) Chrome/131.0.0.0 Safari/537.36"
16.52.74.18 - - [16/Jul/2026:13:24:37 +0000] "GET /drupal/.env HTTP/1.1" 404 45494 "-" "Mozilla/5.0 (Macintosh; Intel Mac OS X 10_15_7) AppleWebKit/537.36 (KHTML, like Gecko) Chrome/131.0.0.0 Safari/537.36"
16.52.74.18 - - [16/Jul/2026:13:24:38 +0000] "GET /prestashop/.env HTTP/1.1" 404 45485 "-" "Mozilla/5.0 (X11; Linux x86_64) AppleWebKit/537.36 (KHTML, like Gecko) Chrome/131.0.0.0 Safari/537.36"
16.52.74.18 - - [16/Jul/2026:13:24:45 +0000] "GET /joomla/.env HTTP/1.1" 404 45496 "-" "Mozilla/5.0 (Macintosh; Intel Mac OS X 10_15_7) AppleWebKit/537.36 (KHTML, like Gecko) Chrome/131.0.0.0 Safari/537.36"
16.52.74.18 - - [16/Jul/2026:13:24:47 +0000] "GET /codeigniter/.env HTTP/1.1" 404 45510 "-" "Mozilla/5.0 (X11; Linux x86_64) AppleWebKit/537.36 (KHTML, like Gecko) Chrome/131.0.0.0 Safari/537.36"
40.77.167.156 - - [16/Jul/2026:13:24:53 +0000] "GET /items/V303323583/ HTTP/2" 301 0 "-" "Mozilla/5.0 AppleWebKit/537.36 (KHTML, like Gecko; compatible; bingbot/2.0; +http://www.bing.com/bingbot.htm) Chrome/116.0.1938.76 Safari/537.36"
209.42.17.20 - - [16/Jul/2026:13:25:00 +0000] "POST /wp-cron.php?doing_wp_cron=1784208300.2279579639434814453125 HTTP/1.1" 200 0 "-" "WordPress/7.0.1; https://ebifo.org"
5.39.1.237 - - [16/Jul/2026:13:24:51 +0000] "GET /products/32147194560242 HTTP/2" 404 39253 "-" "Mozilla/5.0 (compatible; AhrefsBot/7.0; +http://ahrefs.com/robot/)"
16.52.74.18 - - [16/Jul/2026:13:24:53 +0000] "GET /magento/.env HTTP/1.1" 200 0 "-" "Mozilla/5.0 (Macintosh; Intel Mac OS X 10_15_7) AppleWebKit/537.36 (KHTML, like Gecko) Chrome/131.0.0.0 Safari/537.36"
16.52.74.18 - - [16/Jul/2026:13:24:55 +0000] "GET /cakephp/.env HTTP/1.1" 200 0 "-" "Mozilla/5.0 (X11; Linux x86_64) AppleWebKit/537.36 (KHTML, like Gecko) Chrome/131.0.0.0 Safari/537.36"
16.52.74.18 - - [16/Jul/2026:13:25:01 +0000] "GET /shopify/.env HTTP/1.1" 200 0 "-" "Mozilla/5.0 (Macintosh; Intel Mac OS X 10_15_7) AppleWebKit/537.36 (KHTML, like Gecko) Chrome/131.0.0.0 Safari/537.36"
16.52.74.18 - - [16/Jul/2026:13:25:03 +0000] "GET /zend/.env HTTP/1.1" 200 0 "-" "Mozilla/5.0 (X11; Linux x86_64) AppleWebKit/537.36 (KHTML, like Gecko) Chrome/131.0.0.0 Safari/537.36"
16.52.74.18 - - [16/Jul/2026:13:25:09 +0000] "GET /prestashop/.env HTTP/1.1" 404 45496 "-" "Mozilla/5.0 (Macintosh; Intel Mac OS X 10_15_7) AppleWebKit/537.36 (KHTML, like Gecko) Chrome/131.0.0.0 Safari/537.36"
16.52.74.18 - - [16/Jul/2026:13:25:11 +0000] "GET /yii/.env HTTP/1.1" 404 45480 "-" "Mozilla/5.0 (X11; Linux x86_64) AppleWebKit/537.36 (KHTML, like Gecko) Chrome/131.0.0.0 Safari/537.36"
16.52.74.18 - - [16/Jul/2026:13:25:18 +0000] "GET /codeigniter/.env HTTP/1.1" 404 45499 "-" "Mozilla/5.0 (Macintosh; Intel Mac OS X 10_15_7) AppleWebKit/537.36 (KHTML, like Gecko) Chrome/131.0.0.0 Safari/537.36"
16.52.74.18 - - [16/Jul/2026:13:25:19 +0000] "GET /laravel5/.env HTTP/1.1" 404 45494 "-" "Mozilla/5.0 (X11; Linux x86_64) AppleWebKit/537.36 (KHTML, like Gecko) Chrome/131.0.0.0 Safari/537.36"
16.52.74.18 - - [16/Jul/2026:13:25:26 +0000] "GET /cakephp/.env HTTP/1.1" 200 0 "-" "Mozilla/5.0 (Macintosh; Intel Mac OS X 10_15_7) AppleWebKit/537.36 (KHTML, like Gecko) Chrome/131.0.0.0 Safari/537.36"
16.52.74.18 - - [16/Jul/2026:13:25:27 +0000] "GET /v1/.env HTTP/1.1" 200 0 "-" "Mozilla/5.0 (X11; Linux x86_64) AppleWebKit/537.36 (KHTML, like Gecko) Chrome/131.0.0.0 Safari/537.36"
16.52.74.18 - - [16/Jul/2026:13:25:34 +0000] "GET /zend/.env HTTP/1.1" 200 0 "-" "Mozilla/5.0 (Macintosh; Intel Mac OS X 10_15_7) AppleWebKit/537.36 (KHTML, like Gecko) Chrome/131.0.0.0 Safari/537.36"
16.52.74.18 - - [16/Jul/2026:13:25:36 +0000] "GET /v2/.env HTTP/1.1" 404 45479 "-" "Mozilla/5.0 (X11; Linux x86_64) AppleWebKit/537.36 (KHTML, like Gecko) Chrome/131.0.0.0 Safari/537.36"
16.52.74.18 - - [16/Jul/2026:13:25:42 +0000] "GET /yii/.env HTTP/1.1" 200 0 "-" "Mozilla/5.0 (Macintosh; Intel Mac OS X 10_15_7) AppleWebKit/537.36 (KHTML, like Gecko) Chrome/131.0.0.0 Safari/537.36"
16.52.74.18 - - [16/Jul/2026:13:25:44 +0000] "GET /v3/.env HTTP/1.1" 404 45481 "-" "Mozilla/5.0 (X11; Linux x86_64) AppleWebKit/537.36 (KHTML, like Gecko) Chrome/131.0.0.0 Safari/537.36"
16.52.74.18 - - [16/Jul/2026:13:25:50 +0000] "GET /laravel5/.env HTTP/1.1" 404 45498 "-" "Mozilla/5.0 (Macintosh; Intel Mac OS X 10_15_7) AppleWebKit/537.36 (KHTML, like Gecko) Chrome/131.0.0.0 Safari/537.36"
209.42.17.20 - - [16/Jul/2026:13:26:01 +0000] "POST /wp-cron.php?doing_wp_cron=1784208361.5776870250701904296875 HTTP/1.1" 200 0 "-" "WordPress/7.0.1; https://ebifo.org"
16.52.74.18 - - [16/Jul/2026:13:25:52 +0000] "GET /api/v1/.env HTTP/1.1" 200 0 "-" "Mozilla/5.0 (X11; Linux x86_64) AppleWebKit/537.36 (KHTML, like Gecko) Chrome/131.0.0.0 Safari/537.36"
16.52.74.18 - - [16/Jul/2026:13:25:58 +0000] "GET /v1/.env HTTP/1.1" 200 0 "-" "Mozilla/5.0 (Macintosh; Intel Mac OS X 10_15_7) AppleWebKit/537.36 (KHTML, like Gecko) Chrome/131.0.0.0 Safari/537.36"
16.52.74.18 - - [16/Jul/2026:13:26:00 +0000] "GET /api/v2/.env HTTP/1.1" 200 0 "-" "Mozilla/5.0 (X11; Linux x86_64) AppleWebKit/537.36 (KHTML, like Gecko) Chrome/131.0.0.0 Safari/537.36"
57.141.0.26 - - [16/Jul/2026:13:26:17 +0000] "GET /wp-content/uploads/2025/02/ebif2-768x348.png HTTP/2" 200 210234 "-" "Mozilla/5.0 (Windows NT 10.0; Win64; x64) AppleWebKit/537.36 (KHTML, like Gecko) Chrome/145.0.0.0 Safari/537.36 (compatible; meta-externalagent/1.1 (+https://developers.facebook.com/docs/sharing/webmasters/crawler))"
16.52.74.18 - - [16/Jul/2026:13:26:07 +0000] "GET /v2/.env HTTP/1.1" 200 0 "-" "Mozilla/5.0 (Macintosh; Intel Mac OS X 10_15_7) AppleWebKit/537.36 (KHTML, like Gecko) Chrome/131.0.0.0 Safari/537.36"
16.52.74.18 - - [16/Jul/2026:13:26:08 +0000] "GET /rest/.env HTTP/1.1" 404 45481 "-" "Mozilla/5.0 (X11; Linux x86_64) AppleWebKit/537.36 (KHTML, like Gecko) Chrome/131.0.0.0 Safari/537.36"
16.52.74.18 - - [16/Jul/2026:13:26:15 +0000] "GET /v3/.env HTTP/1.1" 200 0 "-" "Mozilla/5.0 (Macintosh; Intel Mac OS X 10_15_7) AppleWebKit/537.36 (KHTML, like Gecko) Chrome/131.0.0.0 Safari/537.36"
16.52.74.18 - - [16/Jul/2026:13:26:17 +0000] "GET /graphql/.env HTTP/1.1" 404 45484 "-" "Mozilla/5.0 (X11; Linux x86_64) AppleWebKit/537.36 (KHTML, like Gecko) Chrome/131.0.0.0 Safari/537.36"
16.52.74.18 - - [16/Jul/2026:13:26:23 +0000] "GET /api/v1/.env HTTP/1.1" 404 45584 "-" "Mozilla/5.0 (Macintosh; Intel Mac OS X 10_15_7) AppleWebKit/537.36 (KHTML, like Gecko) Chrome/131.0.0.0 Safari/537.36"
16.52.74.18 - - [16/Jul/2026:13:26:25 +0000] "GET /gateway/.env HTTP/1.1" 200 0 "-" "Mozilla/5.0 (X11; Linux x86_64) AppleWebKit/537.36 (KHTML, like Gecko) Chrome/131.0.0.0 Safari/537.36"
16.52.74.18 - - [16/Jul/2026:13:26:31 +0000] "GET /api/v2/.env HTTP/1.1" 200 0 "-" "Mozilla/5.0 (Macintosh; Intel Mac OS X 10_15_7) AppleWebKit/537.36 (KHTML, like Gecko) Chrome/131.0.0.0 Safari/537.36"
16.52.74.18 - - [16/Jul/2026:13:26:33 +0000] "GET /microservice/.env HTTP/1.1" 200 0 "-" "Mozilla/5.0 (X11; Linux x86_64) AppleWebKit/537.36 (KHTML, like Gecko) Chrome/131.0.0.0 Safari/537.36"
16.52.74.18 - - [16/Jul/2026:13:26:39 +0000] "GET /rest/.env HTTP/1.1" 404 45460 "-" "Mozilla/5.0 (Macintosh; Intel Mac OS X 10_15_7) AppleWebKit/537.36 (KHTML, like Gecko) Chrome/131.0.0.0 Safari/537.36"
16.52.74.18 - - [16/Jul/2026:13:26:41 +0000] "GET /service/.env HTTP/1.1" 404 45513 "-" "Mozilla/5.0 (X11; Linux x86_64) AppleWebKit/537.36 (KHTML, like Gecko) Chrome/131.0.0.0 Safari/537.36"
16.52.74.18 - - [16/Jul/2026:13:26:47 +0000] "GET /graphql/.env HTTP/1.1" 200 0 "-" "Mozilla/5.0 (Macintosh; Intel Mac OS X 10_15_7) AppleWebKit/537.36 (KHTML, like Gecko) Chrome/131.0.0.0 Safari/537.36"
16.52.74.18 - - [16/Jul/2026:13:26:49 +0000] "GET /api/v3/.env HTTP/1.1" 404 45555 "-" "Mozilla/5.0 (X11; Linux x86_64) AppleWebKit/537.36 (KHTML, like Gecko) Chrome/131.0.0.0 Safari/537.36"
209.42.17.20 - - [16/Jul/2026:13:27:00 +0000] "POST /wp-cron.php?doing_wp_cron=1784208420.4242660999298095703125 HTTP/1.1" 200 0 "-" "WordPress/7.0.1; https://ebifo.org"
16.52.74.18 - - [16/Jul/2026:13:26:56 +0000] "GET /gateway/.env HTTP/1.1" 200 0 "-" "Mozilla/5.0 (Macintosh; Intel Mac OS X 10_15_7) AppleWebKit/537.36 (KHTML, like Gecko) Chrome/131.0.0.0 Safari/537.36"
16.52.74.18 - - [16/Jul/2026:13:26:57 +0000] "GET /api/dev/.env HTTP/1.1" 200 0 "-" "Mozilla/5.0 (X11; Linux x86_64) AppleWebKit/537.36 (KHTML, like Gecko) Chrome/131.0.0.0 Safari/537.36"
209.42.17.20 - - [16/Jul/2026:13:27:09 +0000] "POST /wp-cron.php?doing_wp_cron=1784208429.5231680870056152343750 HTTP/1.1" 200 0 "-" "WordPress/7.0.1; https://ebifo.org"
16.52.74.18 - - [16/Jul/2026:13:27:04 +0000] "GET /microservice/.env HTTP/1.1" 200 0 "-" "Mozilla/5.0 (Macintosh; Intel Mac OS X 10_15_7) AppleWebKit/537.36 (KHTML, like Gecko) Chrome/131.0.0.0 Safari/537.36"
16.52.74.18 - - [16/Jul/2026:13:27:06 +0000] "GET /api/staging/.env HTTP/1.1" 404 45561 "-" "Mozilla/5.0 (X11; Linux x86_64) AppleWebKit/537.36 (KHTML, like Gecko) Chrome/131.0.0.0 Safari/537.36"
16.52.74.18 - - [16/Jul/2026:13:27:12 +0000] "GET /service/.env HTTP/1.1" 404 45493 "-" "Mozilla/5.0 (Macintosh; Intel Mac OS X 10_15_7) AppleWebKit/537.36 (KHTML, like Gecko) Chrome/131.0.0.0 Safari/537.36"
16.52.74.18 - - [16/Jul/2026:13:27:14 +0000] "GET /vendor/.env HTTP/1.1" 404 45485 "-" "Mozilla/5.0 (X11; Linux x86_64) AppleWebKit/537.36 (KHTML, like Gecko) Chrome/131.0.0.0 Safari/537.36"
16.52.74.18 - - [16/Jul/2026:13:27:20 +0000] "GET /api/v3/.env HTTP/1.1" 200 0 "-" "Mozilla/5.0 (Macintosh; Intel Mac OS X 10_15_7) AppleWebKit/537.36 (KHTML, like Gecko) Chrome/131.0.0.0 Safari/537.36"
16.52.74.18 - - [16/Jul/2026:13:27:22 +0000] "GET /lib/.env HTTP/1.1" 404 45492 "-" "Mozilla/5.0 (X11; Linux x86_64) AppleWebKit/537.36 (KHTML, like Gecko) Chrome/131.0.0.0 Safari/537.36"
16.52.74.18 - - [16/Jul/2026:13:27:28 +0000] "GET /api/dev/.env HTTP/1.1" 404 45572 "-" "Mozilla/5.0 (Macintosh; Intel Mac OS X 10_15_7) AppleWebKit/537.36 (KHTML, like Gecko) Chrome/131.0.0.0 Safari/537.36"
16.52.74.18 - - [16/Jul/2026:13:27:30 +0000] "GET /resources/.env HTTP/1.1" 404 45484 "-" "Mozilla/5.0 (X11; Linux x86_64) AppleWebKit/537.36 (KHTML, like Gecko) Chrome/131.0.0.0 Safari/537.36"
16.52.74.18 - - [16/Jul/2026:13:27:36 +0000] "GET /api/staging/.env HTTP/1.1" 404 45579 "-" "Mozilla/5.0 (Macintosh; Intel Mac OS X 10_15_7) AppleWebKit/537.36 (KHTML, like Gecko) Chrome/131.0.0.0 Safari/537.36"
16.52.74.18 - - [16/Jul/2026:13:27:38 +0000] "GET /assets/.env HTTP/1.1" 404 45483 "-" "Mozilla/5.0 (X11; Linux x86_64) AppleWebKit/537.36 (KHTML, like Gecko) Chrome/131.0.0.0 Safari/537.36"
16.52.74.18 - - [16/Jul/2026:13:27:45 +0000] "GET /vendor/.env HTTP/1.1" 404 45496 "-" "Mozilla/5.0 (Macintosh; Intel Mac OS X 10_15_7) AppleWebKit/537.36 (KHTML, like Gecko) Chrome/131.0.0.0 Safari/537.36"
16.52.74.18 - - [16/Jul/2026:13:27:46 +0000] "GET /uploads/.env HTTP/1.1" 404 45482 "-" "Mozilla/5.0 (X11; Linux x86_64) AppleWebKit/537.36 (KHTML, like Gecko) Chrome/131.0.0.0 Safari/537.36"
16.52.74.18 - - [16/Jul/2026:13:27:53 +0000] "GET /lib/.env HTTP/1.1" 200 0 "-" "Mozilla/5.0 (Macintosh; Intel Mac OS X 10_15_7) AppleWebKit/537.36 (KHTML, like Gecko) Chrome/131.0.0.0 Safari/537.36"
16.52.74.18 - - [16/Jul/2026:13:27:55 +0000] "GET /internal/.env HTTP/1.1" 404 45482 "-" "Mozilla/5.0 (X11; Linux x86_64) AppleWebKit/537.36 (KHTML, like Gecko) Chrome/131.0.0.0 Safari/537.36"
16.52.74.18 - - [16/Jul/2026:13:28:01 +0000] "GET /resources/.env HTTP/1.1" 200 0 "-" "Mozilla/5.0 (Macintosh; Intel Mac OS X 10_15_7) AppleWebKit/537.36 (KHTML, like Gecko) Chrome/131.0.0.0 Safari/537.36"
16.52.74.18 - - [16/Jul/2026:13:28:03 +0000] "GET /tools/.env HTTP/1.1" 200 0 "-" "Mozilla/5.0 (X11; Linux x86_64) AppleWebKit/537.36 (KHTML, like Gecko) Chrome/131.0.0.0 Safari/537.36"
209.42.17.20 - - [16/Jul/2026:13:28:12 +0000] "POST /wp-cron.php?doing_wp_cron=1784208492.3150351047515869140625 HTTP/1.1" 200 0 "-" "WordPress/7.0.1; https://ebifo.org"
209.42.17.20 - - [16/Jul/2026:13:28:14 +0000] "POST /wp-cron.php?doing_wp_cron=1784208494.1197810173034667968750 HTTP/1.1" 200 0 "-" "WordPress/7.0.1; https://ebifo.org"
16.52.74.18 - - [16/Jul/2026:13:28:09 +0000] "GET /assets/.env HTTP/1.1" 200 0 "-" "Mozilla/5.0 (Macintosh; Intel Mac OS X 10_15_7) AppleWebKit/537.36 (KHTML, like Gecko) Chrome/131.0.0.0 Safari/537.36"
16.52.74.18 - - [16/Jul/2026:13:28:11 +0000] "GET /scripts/.env HTTP/1.1" 200 0 "-" "Mozilla/5.0 (X11; Linux x86_64) AppleWebKit/537.36 (KHTML, like Gecko) Chrome/131.0.0.0 Safari/537.36"
209.42.17.20 - - [16/Jul/2026:13:28:20 +0000] "POST /wp-cron.php?doing_wp_cron=1784208500.5147500038146972656250 HTTP/1.1" 200 0 "-" "WordPress/7.0.1; https://ebifo.org"
16.52.74.18 - - [16/Jul/2026:13:28:17 +0000] "GET /uploads/.env HTTP/1.1" 200 0 "-" "Mozilla/5.0 (Macintosh; Intel Mac OS X 10_15_7) AppleWebKit/537.36 (KHTML, like Gecko) Chrome/131.0.0.0 Safari/537.36"
16.52.74.18 - - [16/Jul/2026:13:28:19 +0000] "GET /bin/.env HTTP/1.1" 200 0 "-" "Mozilla/5.0 (X11; Linux x86_64) AppleWebKit/537.36 (KHTML, like Gecko) Chrome/131.0.0.0 Safari/537.36"
16.52.74.18 - - [16/Jul/2026:13:28:25 +0000] "GET /internal/.env HTTP/1.1" 200 0 "-" "Mozilla/5.0 (Macintosh; Intel Mac OS X 10_15_7) AppleWebKit/537.36 (KHTML, like Gecko) Chrome/131.0.0.0 Safari/537.36"
16.52.74.18 - - [16/Jul/2026:13:28:27 +0000] "GET /sbin/.env HTTP/1.1" 404 45491 "-" "Mozilla/5.0 (X11; Linux x86_64) AppleWebKit/537.36 (KHTML, like Gecko) Chrome/131.0.0.0 Safari/537.36"
16.52.74.18 - - [16/Jul/2026:13:28:34 +0000] "GET /tools/.env HTTP/1.1" 200 0 "-" "Mozilla/5.0 (Macintosh; Intel Mac OS X 10_15_7) AppleWebKit/537.36 (KHTML, like Gecko) Chrome/131.0.0.0 Safari/537.36"
16.52.74.18 - - [16/Jul/2026:13:28:35 +0000] "GET /local/.env HTTP/1.1" 404 45482 "-" "Mozilla/5.0 (X11; Linux x86_64) AppleWebKit/537.36 (KHTML, like Gecko) Chrome/131.0.0.0 Safari/537.36"
16.52.74.18 - - [16/Jul/2026:13:28:42 +0000] "GET /scripts/.env HTTP/1.1" 404 45505 "-" "Mozilla/5.0 (Macintosh; Intel Mac OS X 10_15_7) AppleWebKit/537.36 (KHTML, like Gecko) Chrome/131.0.0.0 Safari/537.36"
16.52.74.18 - - [16/Jul/2026:13:28:44 +0000] "GET /portal/.env HTTP/1.1" 404 45483 "-" "Mozilla/5.0 (X11; Linux x86_64) AppleWebKit/537.36 (KHTML, like Gecko) Chrome/131.0.0.0 Safari/537.36"
16.52.74.18 - - [16/Jul/2026:13:28:50 +0000] "GET /bin/.env HTTP/1.1" 404 45492 "-" "Mozilla/5.0 (Macintosh; Intel Mac OS X 10_15_7) AppleWebKit/537.36 (KHTML, like Gecko) Chrome/131.0.0.0 Safari/537.36"
16.52.74.18 - - [16/Jul/2026:13:28:52 +0000] "GET /dashboard/.env HTTP/1.1" 404 45484 "-" "Mozilla/5.0 (X11; Linux x86_64) AppleWebKit/537.36 (KHTML, like Gecko) Chrome/131.0.0.0 Safari/537.36"
16.52.74.18 - - [16/Jul/2026:13:28:58 +0000] "GET /sbin/.env HTTP/1.1" 200 0 "-" "Mozilla/5.0 (Macintosh; Intel Mac OS X 10_15_7) AppleWebKit/537.36 (KHTML, like Gecko) Chrome/131.0.0.0 Safari/537.36"
16.52.74.18 - - [16/Jul/2026:13:29:00 +0000] "GET /panel/.env HTTP/1.1" 200 0 "-" "Mozilla/5.0 (X11; Linux x86_64) AppleWebKit/537.36 (KHTML, like Gecko) Chrome/131.0.0.0 Safari/537.36"
16.52.74.18 - - [16/Jul/2026:13:29:06 +0000] "GET /local/.env HTTP/1.1" 200 0 "-" "Mozilla/5.0 (Macintosh; Intel Mac OS X 10_15_7) AppleWebKit/537.36 (KHTML, like Gecko) Chrome/131.0.0.0 Safari/537.36"
16.52.74.18 - - [16/Jul/2026:13:29:08 +0000] "GET /crm/.env HTTP/1.1" 200 0 "-" "Mozilla/5.0 (X11; Linux x86_64) AppleWebKit/537.36 (KHTML, like Gecko) Chrome/131.0.0.0 Safari/537.36"
16.52.74.18 - - [16/Jul/2026:13:29:15 +0000] "GET /portal/.env HTTP/1.1" 404 45495 "-" "Mozilla/5.0 (Macintosh; Intel Mac OS X 10_15_7) AppleWebKit/537.36 (KHTML, like Gecko) Chrome/131.0.0.0 Safari/537.36"
16.52.74.18 - - [16/Jul/2026:13:29:16 +0000] "GET /erp/.env HTTP/1.1" 200 0 "-" "Mozilla/5.0 (X11; Linux x86_64) AppleWebKit/537.36 (KHTML, like Gecko) Chrome/131.0.0.0 Safari/537.36"
16.52.74.18 - - [16/Jul/2026:13:29:23 +0000] "GET /dashboard/.env HTTP/1.1" 200 0 "-" "Mozilla/5.0 (Macintosh; Intel Mac OS X 10_15_7) AppleWebKit/537.36 (KHTML, like Gecko) Chrome/131.0.0.0 Safari/537.36"
16.52.74.18 - - [16/Jul/2026:13:29:24 +0000] "GET /shop/.env HTTP/1.1" 404 45457 "-" "Mozilla/5.0 (X11; Linux x86_64) AppleWebKit/537.36 (KHTML, like Gecko) Chrome/131.0.0.0 Safari/537.36"
57.141.0.54 - - [16/Jul/2026:13:29:40 +0000] "GET /wp-content/uploads/2025/02/ebif3-768x301.png HTTP/2" 200 172990 "-" "Mozilla/5.0 (Macintosh; Intel Mac OS X 10_15_7) AppleWebKit/537.36 (KHTML, like Gecko) Chrome/145.0.0.0 Safari/537.36 (compatible; meta-externalagent/1.1 (+https://developers.facebook.com/docs/sharing/webmasters/crawler))"
16.52.74.18 - - [16/Jul/2026:13:29:31 +0000] "GET /panel/.env HTTP/1.1" 404 45463 "-" "Mozilla/5.0 (Macintosh; Intel Mac OS X 10_15_7) AppleWebKit/537.36 (KHTML, like Gecko) Chrome/131.0.0.0 Safari/537.36"
16.52.74.18 - - [16/Jul/2026:13:29:33 +0000] "GET /store/.env HTTP/1.1" 404 45483 "-" "Mozilla/5.0 (X11; Linux x86_64) AppleWebKit/537.36 (KHTML, like Gecko) Chrome/131.0.0.0 Safari/537.36"
16.52.74.18 - - [16/Jul/2026:13:29:39 +0000] "GET /crm/.env HTTP/1.1" 404 45493 "-" "Mozilla/5.0 (Macintosh; Intel Mac OS X 10_15_7) AppleWebKit/537.36 (KHTML, like Gecko) Chrome/131.0.0.0 Safari/537.36"
16.52.74.18 - - [16/Jul/2026:13:29:41 +0000] "GET /saas/.env HTTP/1.1" 200 0 "-" "Mozilla/5.0 (X11; Linux x86_64) AppleWebKit/537.36 (KHTML, like Gecko) Chrome/131.0.0.0 Safari/537.36"
16.52.74.18 - - [16/Jul/2026:13:29:47 +0000] "GET /erp/.env HTTP/1.1" 200 0 "-" "Mozilla/5.0 (Macintosh; Intel Mac OS X 10_15_7) AppleWebKit/537.36 (KHTML, like Gecko) Chrome/131.0.0.0 Safari/537.36"
16.52.74.18 - - [16/Jul/2026:13:29:49 +0000] "GET /client/.env HTTP/1.1" 404 45482 "-" "Mozilla/5.0 (X11; Linux x86_64) AppleWebKit/537.36 (KHTML, like Gecko) Chrome/131.0.0.0 Safari/537.36"
209.42.17.20 - - [16/Jul/2026:13:29:59 +0000] "POST /wp-cron.php?doing_wp_cron=1784208599.8137691020965576171875 HTTP/1.1" 200 0 "-" "WordPress/7.0.1; https://ebifo.org"
16.52.74.18 - - [16/Jul/2026:13:29:55 +0000] "GET /shop/.env HTTP/1.1" 200 0 "-" "Mozilla/5.0 (Macintosh; Intel Mac OS X 10_15_7) AppleWebKit/537.36 (KHTML, like Gecko) Chrome/131.0.0.0 Safari/537.36"
16.52.74.18 - - [16/Jul/2026:13:29:57 +0000] "GET /project/.env HTTP/1.1" 200 0 "-" "Mozilla/5.0 (X11; Linux x86_64) AppleWebKit/537.36 (KHTML, like Gecko) Chrome/131.0.0.0 Safari/537.36"
209.42.17.20 - - [16/Jul/2026:13:30:08 +0000] "POST /wp-cron.php?doing_wp_cron=1784208608.5216751098632812500000 HTTP/1.1" 200 0 "-" "WordPress/7.0.1; https://ebifo.org"
209.42.17.20 - - [16/Jul/2026:13:30:09 +0000] "POST /wp-cron.php?doing_wp_cron=1784208609.1306478977203369140625 HTTP/1.1" 200 0 "-" "WordPress/7.0.1; https://ebifo.org"
16.52.74.18 - - [16/Jul/2026:13:30:04 +0000] "GET /store/.env HTTP/1.1" 200 0 "-" "Mozilla/5.0 (Macintosh; Intel Mac OS X 10_15_7) AppleWebKit/537.36 (KHTML, like Gecko) Chrome/131.0.0.0 Safari/537.36"
16.52.74.18 - - [16/Jul/2026:13:30:05 +0000] "GET /admin-panel/.env HTTP/1.1" 200 0 "-" "Mozilla/5.0 (X11; Linux x86_64) AppleWebKit/537.36 (KHTML, like Gecko) Chrome/131.0.0.0 Safari/537.36"
16.52.74.18 - - [16/Jul/2026:13:30:12 +0000] "GET /saas/.env HTTP/1.1" 200 0 "-" "Mozilla/5.0 (Macintosh; Intel Mac OS X 10_15_7) AppleWebKit/537.36 (KHTML, like Gecko) Chrome/131.0.0.0 Safari/537.36"
16.52.74.18 - - [16/Jul/2026:13:30:14 +0000] "GET /control-panel/.env HTTP/1.1" 200 0 "-" "Mozilla/5.0 (X11; Linux x86_64) AppleWebKit/537.36 (KHTML, like Gecko) Chrome/131.0.0.0 Safari/537.36"
16.52.74.18 - - [16/Jul/2026:13:30:20 +0000] "GET /client/.env HTTP/1.1" 200 0 "-" "Mozilla/5.0 (Macintosh; Intel Mac OS X 10_15_7) AppleWebKit/537.36 (KHTML, like Gecko) Chrome/131.0.0.0 Safari/537.36"
16.52.74.18 - - [16/Jul/2026:13:30:22 +0000] "GET /user-panel/.env HTTP/1.1" 200 0 "-" "Mozilla/5.0 (X11; Linux x86_64) AppleWebKit/537.36 (KHTML, like Gecko) Chrome/131.0.0.0 Safari/537.36"
16.52.74.18 - - [16/Jul/2026:13:30:28 +0000] "GET /project/.env HTTP/1.1" 200 0 "-" "Mozilla/5.0 (Macintosh; Intel Mac OS X 10_15_7) AppleWebKit/537.36 (KHTML, like Gecko) Chrome/131.0.0.0 Safari/537.36"
16.52.74.18 - - [16/Jul/2026:13:30:30 +0000] "GET /node/.env HTTP/1.1" 200 0 "-" "Mozilla/5.0 (X11; Linux x86_64) AppleWebKit/537.36 (KHTML, like Gecko) Chrome/131.0.0.0 Safari/537.36"
16.52.74.18 - - [16/Jul/2026:13:30:36 +0000] "GET /admin-panel/.env HTTP/1.1" 200 0 "-" "Mozilla/5.0 (Macintosh; Intel Mac OS X 10_15_7) AppleWebKit/537.36 (KHTML, like Gecko) Chrome/131.0.0.0 Safari/537.36"
16.52.74.18 - - [16/Jul/2026:13:30:38 +0000] "GET /express/.env HTTP/1.1" 200 0 "-" "Mozilla/5.0 (X11; Linux x86_64) AppleWebKit/537.36 (KHTML, like Gecko) Chrome/131.0.0.0 Safari/537.36"
16.52.74.18 - - [16/Jul/2026:13:30:45 +0000] "GET /control-panel/.env HTTP/1.1" 404 45508 "-" "Mozilla/5.0 (Macintosh; Intel Mac OS X 10_15_7) AppleWebKit/537.36 (KHTML, like Gecko) Chrome/131.0.0.0 Safari/537.36"
16.52.74.18 - - [16/Jul/2026:13:30:46 +0000] "GET /next/.env HTTP/1.1" 404 45509 "-" "Mozilla/5.0 (X11; Linux x86_64) AppleWebKit/537.36 (KHTML, like Gecko) Chrome/131.0.0.0 Safari/537.36"
16.52.74.18 - - [16/Jul/2026:13:30:53 +0000] "GET /user-panel/.env HTTP/1.1" 200 0 "-" "Mozilla/5.0 (Macintosh; Intel Mac OS X 10_15_7) AppleWebKit/537.36 (KHTML, like Gecko) Chrome/131.0.0.0 Safari/537.36"
16.52.74.18 - - [16/Jul/2026:13:30:54 +0000] "GET /nuxt/.env HTTP/1.1" 200 0 "-" "Mozilla/5.0 (X11; Linux x86_64) AppleWebKit/537.36 (KHTML, like Gecko) Chrome/131.0.0.0 Safari/537.36"
16.52.74.18 - - [16/Jul/2026:13:31:01 +0000] "GET /node/.env HTTP/1.1" 200 0 "-" "Mozilla/5.0 (Macintosh; Intel Mac OS X 10_15_7) AppleWebKit/537.36 (KHTML, like Gecko) Chrome/131.0.0.0 Safari/537.36"
16.52.74.18 - - [16/Jul/2026:13:31:03 +0000] "GET /nest/.env HTTP/1.1" 404 45482 "-" "Mozilla/5.0 (X11; Linux x86_64) AppleWebKit/537.36 (KHTML, like Gecko) Chrome/131.0.0.0 Safari/537.36"
209.42.17.20 - - [16/Jul/2026:13:31:13 +0000] "POST /wp-cron.php?doing_wp_cron=1784208673.7178320884704589843750 HTTP/1.1" 200 0 "-" "WordPress/7.0.1; https://ebifo.org"
209.42.17.20 - - [16/Jul/2026:13:31:14 +0000] "POST /wp-cron.php?doing_wp_cron=1784208674.3189930915832519531250 HTTP/1.1" 200 0 "-" "WordPress/7.0.1; https://ebifo.org"
16.52.74.18 - - [16/Jul/2026:13:31:09 +0000] "GET /express/.env HTTP/1.1" 200 0 "-" "Mozilla/5.0 (Macintosh; Intel Mac OS X 10_15_7) AppleWebKit/537.36 (KHTML, like Gecko) Chrome/131.0.0.0 Safari/537.36"
16.52.74.18 - - [16/Jul/2026:13:31:11 +0000] "GET /react/.env HTTP/1.1" 200 0 "-" "Mozilla/5.0 (X11; Linux x86_64) AppleWebKit/537.36 (KHTML, like Gecko) Chrome/131.0.0.0 Safari/537.36"
209.42.17.20 - - [16/Jul/2026:13:31:20 +0000] "POST /wp-cron.php?doing_wp_cron=1784208680.4148130416870117187500 HTTP/1.1" 200 0 "-" "WordPress/7.0.1; https://ebifo.org"
209.42.17.20 - - [16/Jul/2026:13:31:22 +0000] "POST /wp-cron.php?doing_wp_cron=1784208682.1162819862365722656250 HTTP/1.1" 200 0 "-" "WordPress/7.0.1; https://ebifo.org"
16.52.74.18 - - [16/Jul/2026:13:31:17 +0000] "GET /next/.env HTTP/1.1" 200 0 "-" "Mozilla/5.0 (Macintosh; Intel Mac OS X 10_15_7) AppleWebKit/537.36 (KHTML, like Gecko) Chrome/131.0.0.0 Safari/537.36"
16.52.74.18 - - [16/Jul/2026:13:31:19 +0000] "GET /vue/.env HTTP/1.1" 200 0 "-" "Mozilla/5.0 (X11; Linux x86_64) AppleWebKit/537.36 (KHTML, like Gecko) Chrome/131.0.0.0 Safari/537.36"
16.52.74.18 - - [16/Jul/2026:13:31:25 +0000] "GET /nuxt/.env HTTP/1.1" 200 0 "-" "Mozilla/5.0 (Macintosh; Intel Mac OS X 10_15_7) AppleWebKit/537.36 (KHTML, like Gecko) Chrome/131.0.0.0 Safari/537.36"
16.52.74.18 - - [16/Jul/2026:13:31:27 +0000] "GET /angular/.env HTTP/1.1" 404 45485 "-" "Mozilla/5.0 (X11; Linux x86_64) AppleWebKit/537.36 (KHTML, like Gecko) Chrome/131.0.0.0 Safari/537.36"
16.52.74.18 - - [16/Jul/2026:13:31:34 +0000] "GET /nest/.env HTTP/1.1" 200 0 "-" "Mozilla/5.0 (Macintosh; Intel Mac OS X 10_15_7) AppleWebKit/537.36 (KHTML, like Gecko) Chrome/131.0.0.0 Safari/537.36"
16.52.74.18 - - [16/Jul/2026:13:31:35 +0000] "GET /svelte/.env HTTP/1.1" 200 0 "-" "Mozilla/5.0 (X11; Linux x86_64) AppleWebKit/537.36 (KHTML, like Gecko) Chrome/131.0.0.0 Safari/537.36"
16.52.74.18 - - [16/Jul/2026:13:31:42 +0000] "GET /react/.env HTTP/1.1" 200 0 "-" "Mozilla/5.0 (Macintosh; Intel Mac OS X 10_15_7) AppleWebKit/537.36 (KHTML, like Gecko) Chrome/131.0.0.0 Safari/537.36"
16.52.74.18 - - [16/Jul/2026:13:31:43 +0000] "GET /vite/.env HTTP/1.1" 200 0 "-" "Mozilla/5.0 (X11; Linux x86_64) AppleWebKit/537.36 (KHTML, like Gecko) Chrome/131.0.0.0 Safari/537.36"
16.52.74.18 - - [16/Jul/2026:13:31:50 +0000] "GET /vue/.env HTTP/1.1" 404 45502 "-" "Mozilla/5.0 (Macintosh; Intel Mac OS X 10_15_7) AppleWebKit/537.36 (KHTML, like Gecko) Chrome/131.0.0.0 Safari/537.36"
16.52.74.18 - - [16/Jul/2026:13:31:52 +0000] "GET /backup/.env HTTP/1.1" 404 45485 "-" "Mozilla/5.0 (X11; Linux x86_64) AppleWebKit/537.36 (KHTML, like Gecko) Chrome/131.0.0.0 Safari/537.36"
16.52.74.18 - - [16/Jul/2026:13:31:58 +0000] "GET /angular/.env HTTP/1.1" 200 0 "-" "Mozilla/5.0 (Macintosh; Intel Mac OS X 10_15_7) AppleWebKit/537.36 (KHTML, like Gecko) Chrome/131.0.0.0 Safari/537.36"
16.52.74.18 - - [16/Jul/2026:13:32:00 +0000] "GET /backups/.env HTTP/1.1" 404 45505 "-" "Mozilla/5.0 (X11; Linux x86_64) AppleWebKit/537.36 (KHTML, like Gecko) Chrome/131.0.0.0 Safari/537.36"
16.52.74.18 - - [16/Jul/2026:13:32:06 +0000] "GET /svelte/.env HTTP/1.1" 200 0 "-" "Mozilla/5.0 (Macintosh; Intel Mac OS X 10_15_7) AppleWebKit/537.36 (KHTML, like Gecko) Chrome/131.0.0.0 Safari/537.36"
16.52.74.18 - - [16/Jul/2026:13:32:08 +0000] "GET /old/.env HTTP/1.1" 200 0 "-" "Mozilla/5.0 (X11; Linux x86_64) AppleWebKit/537.36 (KHTML, like Gecko) Chrome/131.0.0.0 Safari/537.36"
16.52.74.18 - - [16/Jul/2026:13:32:14 +0000] "GET /vite/.env HTTP/1.1" 200 0 "-" "Mozilla/5.0 (Macintosh; Intel Mac OS X 10_15_7) AppleWebKit/537.36 (KHTML, like Gecko) Chrome/131.0.0.0 Safari/537.36"
209.42.17.20 - - [16/Jul/2026:13:32:25 +0000] "POST /wp-cron.php?doing_wp_cron=1784208745.8153190612792968750000 HTTP/1.1" 200 0 "-" "WordPress/7.0.1; https://ebifo.org"
16.52.74.18 - - [16/Jul/2026:13:32:16 +0000] "GET /tmp/.env HTTP/1.1" 200 0 "-" "Mozilla/5.0 (X11; Linux x86_64) AppleWebKit/537.36 (KHTML, like Gecko) Chrome/131.0.0.0 Safari/537.36"
209.42.17.20 - - [16/Jul/2026:13:32:27 +0000] "POST /wp-cron.php?doing_wp_cron=1784208747.4152588844299316406250 HTTP/1.1" 200 0 "-" "WordPress/7.0.1; https://ebifo.org"
216.73.216.157 - - [16/Jul/2026:13:32:30 +0000] "GET /robots.txt HTTP/2" 200 102 "-" "Mozilla/5.0 AppleWebKit/537.36 (KHTML, like Gecko; compatible; ClaudeBot/1.0; +claudebot@anthropic.com)"
16.52.74.18 - - [16/Jul/2026:13:32:23 +0000] "GET /backup/.env HTTP/1.1" 200 0 "-" "Mozilla/5.0 (Macintosh; Intel Mac OS X 10_15_7) AppleWebKit/537.36 (KHTML, like Gecko) Chrome/131.0.0.0 Safari/537.36"
16.52.74.18 - - [16/Jul/2026:13:32:24 +0000] "GET /temp/.env HTTP/1.1" 200 0 "-" "Mozilla/5.0 (X11; Linux x86_64) AppleWebKit/537.36 (KHTML, like Gecko) Chrome/131.0.0.0 Safari/537.36"
209.42.17.20 - - [16/Jul/2026:13:32:34 +0000] "POST /wp-cron.php?doing_wp_cron=1784208754.9186720848083496093750 HTTP/1.1" 200 0 "-" "WordPress/7.0.1; https://ebifo.org"
209.42.17.20 - - [16/Jul/2026:13:32:35 +0000] "POST /wp-cron.php?doing_wp_cron=1784208755.6298379898071289062500 HTTP/1.1" 200 0 "-" "WordPress/7.0.1; https://ebifo.org"
216.73.216.157 - - [16/Jul/2026:13:32:30 +0000] "GET /sitemap-12.xml HTTP/2" 200 0 "-" "Mozilla/5.0 AppleWebKit/537.36 (KHTML, like Gecko; compatible; ClaudeBot/1.0; +claudebot@anthropic.com)"
16.52.74.18 - - [16/Jul/2026:13:32:31 +0000] "GET /backups/.env HTTP/1.1" 200 0 "-" "Mozilla/5.0 (Macintosh; Intel Mac OS X 10_15_7) AppleWebKit/537.36 (KHTML, like Gecko) Chrome/131.0.0.0 Safari/537.36"
16.52.74.18 - - [16/Jul/2026:13:32:32 +0000] "GET /lab/.env HTTP/1.1" 200 0 "-" "Mozilla/5.0 (X11; Linux x86_64) AppleWebKit/537.36 (KHTML, like Gecko) Chrome/131.0.0.0 Safari/537.36"
176.31.139.12 - - [16/Jul/2026:13:32:33 +0000] "GET /products/32103343847261 HTTP/2" 404 39253 "-" "Mozilla/5.0 (compatible; AhrefsBot/7.0; +http://ahrefs.com/robot/)"
16.52.74.18 - - [16/Jul/2026:13:32:39 +0000] "GET /old/.env HTTP/1.1" 200 0 "-" "Mozilla/5.0 (Macintosh; Intel Mac OS X 10_15_7) AppleWebKit/537.36 (KHTML, like Gecko) Chrome/131.0.0.0 Safari/537.36"
16.52.74.18 - - [16/Jul/2026:13:32:41 +0000] "GET /cronlab/.env HTTP/1.1" 404 45493 "-" "Mozilla/5.0 (X11; Linux x86_64) AppleWebKit/537.36 (KHTML, like Gecko) Chrome/131.0.0.0 Safari/537.36"
16.52.74.18 - - [16/Jul/2026:13:32:47 +0000] "GET /tmp/.env HTTP/1.1" 200 0 "-" "Mozilla/5.0 (Macintosh; Intel Mac OS X 10_15_7) AppleWebKit/537.36 (KHTML, like Gecko) Chrome/131.0.0.0 Safari/537.36"
16.52.74.18 - - [16/Jul/2026:13:32:49 +0000] "GET /cron/.env HTTP/1.1" 404 45481 "-" "Mozilla/5.0 (X11; Linux x86_64) AppleWebKit/537.36 (KHTML, like Gecko) Chrome/131.0.0.0 Safari/537.36"
209.42.17.20 - - [16/Jul/2026:13:32:59 +0000] "POST /wp-cron.php?doing_wp_cron=1784208779.0199890136718750000000 HTTP/1.1" 200 0 "-" "WordPress/7.0.1; https://ebifo.org"
16.52.74.18 - - [16/Jul/2026:13:32:55 +0000] "GET /temp/.env HTTP/1.1" 200 0 "-" "Mozilla/5.0 (Macintosh; Intel Mac OS X 10_15_7) AppleWebKit/537.36 (KHTML, like Gecko) Chrome/131.0.0.0 Safari/537.36"
16.52.74.18 - - [16/Jul/2026:13:32:57 +0000] "GET /en/.env HTTP/1.1" 200 0 "-" "Mozilla/5.0 (X11; Linux x86_64) AppleWebKit/537.36 (KHTML, like Gecko) Chrome/131.0.0.0 Safari/537.36"
16.52.74.18 - - [16/Jul/2026:13:33:03 +0000] "GET /lab/.env HTTP/1.1" 200 0 "-" "Mozilla/5.0 (Macintosh; Intel Mac OS X 10_15_7) AppleWebKit/537.36 (KHTML, like Gecko) Chrome/131.0.0.0 Safari/537.36"
16.52.74.18 - - [16/Jul/2026:13:33:05 +0000] "GET /administrator/.env HTTP/1.1" 200 0 "-" "Mozilla/5.0 (X11; Linux x86_64) AppleWebKit/537.36 (KHTML, like Gecko) Chrome/131.0.0.0 Safari/537.36"
16.52.74.18 - - [16/Jul/2026:13:33:12 +0000] "GET /cronlab/.env HTTP/1.1" 404 45507 "-" "Mozilla/5.0 (Macintosh; Intel Mac OS X 10_15_7) AppleWebKit/537.36 (KHTML, like Gecko) Chrome/131.0.0.0 Safari/537.36"
16.52.74.18 - - [16/Jul/2026:13:33:13 +0000] "GET /psnlink/.env HTTP/1.1" 404 45494 "-" "Mozilla/5.0 (X11; Linux x86_64) AppleWebKit/537.36 (KHTML, like Gecko) Chrome/131.0.0.0 Safari/537.36"
16.52.74.18 - - [16/Jul/2026:13:33:18 +0000] "GET /cron/.env HTTP/1.1" 404 45499 "-" "Mozilla/5.0 (Macintosh; Intel Mac OS X 10_15_7) AppleWebKit/537.36 (KHTML, like Gecko) Chrome/131.0.0.0 Safari/537.36"
16.52.74.18 - - [16/Jul/2026:13:33:18 +0000] "GET /exapi/.env HTTP/1.1" 404 45488 "-" "Mozilla/5.0 (X11; Linux x86_64) AppleWebKit/537.36 (KHTML, like Gecko) Chrome/131.0.0.0 Safari/537.36"
16.52.74.18 - - [16/Jul/2026:13:33:20 +0000] "GET /sitemaps/.env HTTP/1.1" 404 45488 "-" "Mozilla/5.0 (X11; Linux x86_64) AppleWebKit/537.36 (KHTML, like Gecko) Chrome/131.0.0.0 Safari/537.36"
16.52.74.18 - - [16/Jul/2026:13:33:20 +0000] "GET /en/.env HTTP/1.1" 404 45504 "-" "Mozilla/5.0 (Macintosh; Intel Mac OS X 10_15_7) AppleWebKit/537.36 (KHTML, like Gecko) Chrome/131.0.0.0 Safari/537.36"
16.52.74.18 - - [16/Jul/2026:13:33:23 +0000] "GET /administrator/.env HTTP/1.1" 404 45507 "-" "Mozilla/5.0 (Macintosh; Intel Mac OS X 10_15_7) AppleWebKit/537.36 (KHTML, like Gecko) Chrome/131.0.0.0 Safari/537.36"
16.52.74.18 - - [16/Jul/2026:13:33:22 +0000] "GET /.env.backup1 HTTP/1.1" 404 45497 "-" "Mozilla/5.0 (X11; Linux x86_64) AppleWebKit/537.36 (KHTML, like Gecko) Chrome/131.0.0.0 Safari/537.36"
16.52.74.18 - - [16/Jul/2026:13:33:25 +0000] "GET /.env.backup2 HTTP/1.1" 404 45488 "-" "Mozilla/5.0 (X11; Linux x86_64) AppleWebKit/537.36 (KHTML, like Gecko) Chrome/131.0.0.0 Safari/537.36"
16.52.74.18 - - [16/Jul/2026:13:33:25 +0000] "GET /psnlink/.env HTTP/1.1" 200 0 "-" "Mozilla/5.0 (Macintosh; Intel Mac OS X 10_15_7) AppleWebKit/537.36 (KHTML, like Gecko) Chrome/131.0.0.0 Safari/537.36"
209.42.17.20 - - [16/Jul/2026:13:33:35 +0000] "POST /wp-cron.php?doing_wp_cron=1784208815.3279719352722167968750 HTTP/1.1" 200 0 "-" "WordPress/7.0.1; https://ebifo.org"
16.52.74.18 - - [16/Jul/2026:13:33:33 +0000] "GET /exapi/.env HTTP/1.1" 200 0 "-" "Mozilla/5.0 (Macintosh; Intel Mac OS X 10_15_7) AppleWebKit/537.36 (KHTML, like Gecko) Chrome/131.0.0.0 Safari/537.36"
16.52.74.18 - - [16/Jul/2026:13:33:33 +0000] "GET /logs/.env HTTP/1.1" 200 0 "-" "Mozilla/5.0 (X11; Linux x86_64) AppleWebKit/537.36 (KHTML, like Gecko) Chrome/131.0.0.0 Safari/537.36"
16.52.74.18 - - [16/Jul/2026:13:33:42 +0000] "GET /sitemaps/.env HTTP/1.1" 404 45496 "-" "Mozilla/5.0 (Macintosh; Intel Mac OS X 10_15_7) AppleWebKit/537.36 (KHTML, like Gecko) Chrome/131.0.0.0 Safari/537.36"
16.52.74.18 - - [16/Jul/2026:13:33:42 +0000] "GET /cache/.env HTTP/1.1" 404 45493 "-" "Mozilla/5.0 (X11; Linux x86_64) AppleWebKit/537.36 (KHTML, like Gecko) Chrome/131.0.0.0 Safari/537.36"
216.73.216.157 - - [16/Jul/2026:13:33:47 +0000] "GET /sitemap-2.xml HTTP/2" 200 0 "-" "Mozilla/5.0 AppleWebKit/537.36 (KHTML, like Gecko; compatible; ClaudeBot/1.0; +claudebot@anthropic.com)"
16.52.74.18 - - [16/Jul/2026:13:33:50 +0000] "GET /.env.backup1 HTTP/1.1" 200 0 "-" "Mozilla/5.0 (Macintosh; Intel Mac OS X 10_15_7) AppleWebKit/537.36 (KHTML, like Gecko) Chrome/131.0.0.0 Safari/537.36"
16.52.74.18 - - [16/Jul/2026:13:33:50 +0000] "GET /mailer/.env HTTP/1.1" 200 0 "-" "Mozilla/5.0 (X11; Linux x86_64) AppleWebKit/537.36 (KHTML, like Gecko) Chrome/131.0.0.0 Safari/537.36"
5.39.1.240 - - [16/Jul/2026:13:33:57 +0000] "GET /products/39445835411465 HTTP/2" 404 39327 "-" "Mozilla/5.0 (compatible; AhrefsBot/7.0; +http://ahrefs.com/robot/)"
209.42.17.20 - - [16/Jul/2026:13:34:07 +0000] "POST /wp-cron.php?doing_wp_cron=1784208847.2154068946838378906250 HTTP/1.1" 200 0 "-" "WordPress/7.0.1; https://ebifo.org"
16.52.74.18 - - [16/Jul/2026:13:33:58 +0000] "GET /mail/.env HTTP/1.1" 200 0 "-" "Mozilla/5.0 (X11; Linux x86_64) AppleWebKit/537.36 (KHTML, like Gecko) Chrome/131.0.0.0 Safari/537.36"
16.52.74.18 - - [16/Jul/2026:13:33:58 +0000] "GET /.env.backup2 HTTP/1.1" 200 0 "-" "Mozilla/5.0 (Macintosh; Intel Mac OS X 10_15_7) AppleWebKit/537.36 (KHTML, like Gecko) Chrome/131.0.0.0 Safari/537.36"
16.52.74.18 - - [16/Jul/2026:13:34:06 +0000] "GET /logs/.env HTTP/1.1" 200 0 "-" "Mozilla/5.0 (Macintosh; Intel Mac OS X 10_15_7) AppleWebKit/537.36 (KHTML, like Gecko) Chrome/131.0.0.0 Safari/537.36"
16.52.74.18 - - [16/Jul/2026:13:34:06 +0000] "GET /email/.env HTTP/1.1" 200 0 "-" "Mozilla/5.0 (X11; Linux x86_64) AppleWebKit/537.36 (KHTML, like Gecko) Chrome/131.0.0.0 Safari/537.36"
16.52.74.18 - - [16/Jul/2026:13:34:14 +0000] "GET /cache/.env HTTP/1.1" 404 45502 "-" "Mozilla/5.0 (Macintosh; Intel Mac OS X 10_15_7) AppleWebKit/537.36 (KHTML, like Gecko) Chrome/131.0.0.0 Safari/537.36"
16.52.74.18 - - [16/Jul/2026:13:34:14 +0000] "GET /smtp/.env HTTP/1.1" 404 45480 "-" "Mozilla/5.0 (X11; Linux x86_64) AppleWebKit/537.36 (KHTML, like Gecko) Chrome/131.0.0.0 Safari/537.36"
216.73.216.157 - - [16/Jul/2026:13:34:18 +0000] "GET /sitemap-13.xml HTTP/2" 200 0 "-" "Mozilla/5.0 AppleWebKit/537.36 (KHTML, like Gecko; compatible; ClaudeBot/1.0; +claudebot@anthropic.com)"
16.52.74.18 - - [16/Jul/2026:13:34:22 +0000] "GET /mailer/.env HTTP/1.1" 200 0 "-" "Mozilla/5.0 (Macintosh; Intel Mac OS X 10_15_7) AppleWebKit/537.36 (KHTML, like Gecko) Chrome/131.0.0.0 Safari/537.36"
16.52.74.18 - - [16/Jul/2026:13:34:22 +0000] "GET /mailing/.env HTTP/1.1" 200 0 "-" "Mozilla/5.0 (X11; Linux x86_64) AppleWebKit/537.36 (KHTML, like Gecko) Chrome/131.0.0.0 Safari/537.36"
16.52.74.18 - - [16/Jul/2026:13:34:31 +0000] "GET /mail/.env HTTP/1.1" 404 45490 "-" "Mozilla/5.0 (Macintosh; Intel Mac OS X 10_15_7) AppleWebKit/537.36 (KHTML, like Gecko) Chrome/131.0.0.0 Safari/537.36"
16.52.74.18 - - [16/Jul/2026:13:34:31 +0000] "GET /notifications/.env HTTP/1.1" 404 45501 "-" "Mozilla/5.0 (X11; Linux x86_64) AppleWebKit/537.36 (KHTML, like Gecko) Chrome/131.0.0.0 Safari/537.36"
16.52.74.18 - - [16/Jul/2026:13:34:39 +0000] "GET /notify/.env HTTP/1.1" 404 45483 "-" "Mozilla/5.0 (X11; Linux x86_64) AppleWebKit/537.36 (KHTML, like Gecko) Chrome/131.0.0.0 Safari/537.36"
16.52.74.18 - - [16/Jul/2026:13:34:39 +0000] "GET /email/.env HTTP/1.1" 200 0 "-" "Mozilla/5.0 (Macintosh; Intel Mac OS X 10_15_7) AppleWebKit/537.36 (KHTML, like Gecko) Chrome/131.0.0.0 Safari/537.36"
16.52.74.18 - - [16/Jul/2026:13:34:47 +0000] "GET /smtp/.env HTTP/1.1" 200 0 "-" "Mozilla/5.0 (Macintosh; Intel Mac OS X 10_15_7) AppleWebKit/537.36 (KHTML, like Gecko) Chrome/131.0.0.0 Safari/537.36"
16.52.74.18 - - [16/Jul/2026:13:34:47 +0000] "GET /sender/.env HTTP/1.1" 200 0 "-" "Mozilla/5.0 (X11; Linux x86_64) AppleWebKit/537.36 (KHTML, like Gecko) Chrome/131.0.0.0 Safari/537.36"
16.52.74.18 - - [16/Jul/2026:13:34:55 +0000] "GET /mailing/.env HTTP/1.1" 200 0 "-" "Mozilla/5.0 (Macintosh; Intel Mac OS X 10_15_7) AppleWebKit/537.36 (KHTML, like Gecko) Chrome/131.0.0.0 Safari/537.36"
16.52.74.18 - - [16/Jul/2026:13:34:55 +0000] "GET /campaign/.env HTTP/1.1" 200 0 "-" "Mozilla/5.0 (X11; Linux x86_64) AppleWebKit/537.36 (KHTML, like Gecko) Chrome/131.0.0.0 Safari/537.36"
209.42.17.20 - - [16/Jul/2026:13:35:06 +0000] "POST /wp-cron.php?doing_wp_cron=1784208906.4167950153350830078125 HTTP/1.1" 200 0 "-" "WordPress/7.0.1; https://ebifo.org"
216.73.216.157 - - [16/Jul/2026:13:35:02 +0000] "GET /sitemap-1.xml HTTP/2" 200 0 "-" "Mozilla/5.0 AppleWebKit/537.36 (KHTML, like Gecko; compatible; ClaudeBot/1.0; +claudebot@anthropic.com)"
16.52.74.18 - - [16/Jul/2026:13:35:03 +0000] "GET /notifications/.env HTTP/1.1" 200 0 "-" "Mozilla/5.0 (Macintosh; Intel Mac OS X 10_15_7) AppleWebKit/537.36 (KHTML, like Gecko) Chrome/131.0.0.0 Safari/537.36"
16.52.74.18 - - [16/Jul/2026:13:35:03 +0000] "GET /newsletter/.env HTTP/1.1" 200 0 "-" "Mozilla/5.0 (X11; Linux x86_64) AppleWebKit/537.36 (KHTML, like Gecko) Chrome/131.0.0.0 Safari/537.36"
16.52.74.18 - - [16/Jul/2026:13:35:11 +0000] "GET /ses/.env HTTP/1.1" 404 45498 "-" "Mozilla/5.0 (X11; Linux x86_64) AppleWebKit/537.36 (KHTML, like Gecko) Chrome/131.0.0.0 Safari/537.36"
16.52.74.18 - - [16/Jul/2026:13:35:11 +0000] "GET /notify/.env HTTP/1.1" 200 0 "-" "Mozilla/5.0 (Macintosh; Intel Mac OS X 10_15_7) AppleWebKit/537.36 (KHTML, like Gecko) Chrome/131.0.0.0 Safari/537.36"
5.39.1.242 - - [16/Jul/2026:13:35:17 +0000] "GET /products/29930228331697 HTTP/2" 404 39254 "-" "Mozilla/5.0 (compatible; AhrefsBot/7.0; +http://ahrefs.com/robot/)"
16.52.74.18 - - [16/Jul/2026:13:35:20 +0000] "GET /sendgrid/.env HTTP/1.1" 200 0 "-" "Mozilla/5.0 (X11; Linux x86_64) AppleWebKit/537.36 (KHTML, like Gecko) Chrome/131.0.0.0 Safari/537.36"
16.52.74.18 - - [16/Jul/2026:13:35:20 +0000] "GET /sender/.env HTTP/1.1" 404 45506 "-" "Mozilla/5.0 (Macintosh; Intel Mac OS X 10_15_7) AppleWebKit/537.36 (KHTML, like Gecko) Chrome/131.0.0.0 Safari/537.36"
16.184.44.156 - - [16/Jul/2026:13:35:33 +0000] "GET / HTTP/1.1" 401 53 "-" "Mozilla/5.0 (Macintosh; Intel Mac OS X 10_15_7) AppleWebKit/537.36 (KHTML, like Gecko) Chrome/131.0.0.0 Safari/537.36"
16.184.44.156 - - [16/Jul/2026:13:35:33 +0000] "POST / HTTP/1.1" 401 53 "-" "Mozilla/5.0 (Macintosh; Intel Mac OS X 10_15_7) AppleWebKit/537.36 (KHTML, like Gecko) Chrome/131.0.0.0 Safari/537.36"
16.184.44.156 - - [16/Jul/2026:13:35:34 +0000] "POST / HTTP/1.1" 401 53 "-" "Mozilla/5.0 (Macintosh; Intel Mac OS X 10_15_7) AppleWebKit/537.36 (KHTML, like Gecko) Chrome/131.0.0.0 Safari/537.36"
16.184.44.156 - - [16/Jul/2026:13:35:34 +0000] "POST / HTTP/1.1" 401 53 "-" "Mozilla/5.0 (Macintosh; Intel Mac OS X 10_15_7) AppleWebKit/537.36 (KHTML, like Gecko) Chrome/131.0.0.0 Safari/537.36"
16.184.44.156 - - [16/Jul/2026:13:35:34 +0000] "GET /.git/config HTTP/1.1" 401 53 "-" "Mozilla/5.0 (Macintosh; Intel Mac OS X 10_15_7) AppleWebKit/537.36 (KHTML, like Gecko) Chrome/131.0.0.0 Safari/537.36"
16.184.44.156 - - [16/Jul/2026:13:35:34 +0000] "POST / HTTP/1.1" 401 53 "-" "Mozilla/5.0 (Macintosh; Intel Mac OS X 10_15_7) AppleWebKit/537.36 (KHTML, like Gecko) Chrome/131.0.0.0 Safari/537.36"
16.184.44.156 - - [16/Jul/2026:13:35:35 +0000] "GET /.env HTTP/1.1" 401 53 "-" "Mozilla/5.0 (Macintosh; Intel Mac OS X 10_15_7) AppleWebKit/537.36 (KHTML, like Gecko) Chrome/131.0.0.0 Safari/537.36"
16.184.44.156 - - [16/Jul/2026:13:35:35 +0000] "GET /.env.local HTTP/1.1" 401 53 "-" "Mozilla/5.0 (Macintosh; Intel Mac OS X 10_15_7) AppleWebKit/537.36 (KHTML, like Gecko) Chrome/131.0.0.0 Safari/537.36"
16.184.44.156 - - [16/Jul/2026:13:35:35 +0000] "GET /.env.production HTTP/1.1" 401 53 "-" "Mozilla/5.0 (Macintosh; Intel Mac OS X 10_15_7) AppleWebKit/537.36 (KHTML, like Gecko) Chrome/131.0.0.0 Safari/537.36"
16.184.44.156 - - [16/Jul/2026:13:35:36 +0000] "GET /.env.staging HTTP/1.1" 401 53 "-" "Mozilla/5.0 (Macintosh; Intel Mac OS X 10_15_7) AppleWebKit/537.36 (KHTML, like Gecko) Chrome/131.0.0.0 Safari/537.36"
16.184.44.156 - - [16/Jul/2026:13:35:36 +0000] "GET /.env.development HTTP/1.1" 401 53 "-" "Mozilla/5.0 (Macintosh; Intel Mac OS X 10_15_7) AppleWebKit/537.36 (KHTML, like Gecko) Chrome/131.0.0.0 Safari/537.36"
16.184.44.156 - - [16/Jul/2026:13:35:36 +0000] "GET /.env.test HTTP/1.1" 401 53 "-" "Mozilla/5.0 (Macintosh; Intel Mac OS X 10_15_7) AppleWebKit/537.36 (KHTML, like Gecko) Chrome/131.0.0.0 Safari/537.36"
16.184.44.156 - - [16/Jul/2026:13:35:36 +0000] "GET /.env.remote HTTP/1.1" 401 53 "-" "Mozilla/5.0 (Macintosh; Intel Mac OS X 10_15_7) AppleWebKit/537.36 (KHTML, like Gecko) Chrome/131.0.0.0 Safari/537.36"
16.184.44.156 - - [16/Jul/2026:13:35:37 +0000] "GET /.env.bak HTTP/1.1" 401 53 "-" "Mozilla/5.0 (Macintosh; Intel Mac OS X 10_15_7) AppleWebKit/537.36 (KHTML, like Gecko) Chrome/131.0.0.0 Safari/537.36"
16.184.44.156 - - [16/Jul/2026:13:35:37 +0000] "GET /.env.backup HTTP/1.1" 401 53 "-" "Mozilla/5.0 (Macintosh; Intel Mac OS X 10_15_7) AppleWebKit/537.36 (KHTML, like Gecko) Chrome/131.0.0.0 Safari/537.36"
16.184.44.156 - - [16/Jul/2026:13:35:37 +0000] "GET /.env.save HTTP/1.1" 401 53 "-" "Mozilla/5.0 (Macintosh; Intel Mac OS X 10_15_7) AppleWebKit/537.36 (KHTML, like Gecko) Chrome/131.0.0.0 Safari/537.36"
16.184.44.156 - - [16/Jul/2026:13:35:38 +0000] "GET /.env.old HTTP/1.1" 401 53 "-" "Mozilla/5.0 (Macintosh; Intel Mac OS X 10_15_7) AppleWebKit/537.36 (KHTML, like Gecko) Chrome/131.0.0.0 Safari/537.36"
16.184.44.156 - - [16/Jul/2026:13:35:38 +0000] "GET /.env.sample HTTP/1.1" 401 53 "-" "Mozilla/5.0 (Macintosh; Intel Mac OS X 10_15_7) AppleWebKit/537.36 (KHTML, like Gecko) Chrome/131.0.0.0 Safari/537.36"
