43.201.49.35 - - [16/Jul/2026:12:09:09 +0000] "GET /public/phpinfo.php HTTP/1.1" 400 52 "-" "Mozilla/5.0 (Macintosh; Intel Mac OS X 10_15_7) AppleWebKit/537.36 (KHTML, like Gecko) Chrome/131.0.0.0 Safari/537.36"
43.201.49.35 - - [16/Jul/2026:12:09:09 +0000] "GET /info HTTP/1.1" 400 52 "-" "Mozilla/5.0 (Macintosh; Intel Mac OS X 10_15_7) AppleWebKit/537.36 (KHTML, like Gecko) Chrome/131.0.0.0 Safari/537.36"
43.201.49.35 - - [16/Jul/2026:12:09:09 +0000] "GET /php-info.php HTTP/1.1" 400 52 "-" "Mozilla/5.0 (Macintosh; Intel Mac OS X 10_15_7) AppleWebKit/537.36 (KHTML, like Gecko) Chrome/131.0.0.0 Safari/537.36"
43.201.49.35 - - [16/Jul/2026:12:09:10 +0000] "GET /phpversion.php HTTP/1.1" 400 52 "-" "Mozilla/5.0 (Macintosh; Intel Mac OS X 10_15_7) AppleWebKit/537.36 (KHTML, like Gecko) Chrome/131.0.0.0 Safari/537.36"
43.201.49.35 - - [16/Jul/2026:12:09:10 +0000] "GET /_phpinfo.php HTTP/1.1" 400 52 "-" "Mozilla/5.0 (Macintosh; Intel Mac OS X 10_15_7) AppleWebKit/537.36 (KHTML, like Gecko) Chrome/131.0.0.0 Safari/537.36"
43.201.49.35 - - [16/Jul/2026:12:09:10 +0000] "GET /old_phpinfo.php HTTP/1.1" 400 52 "-" "Mozilla/5.0 (Macintosh; Intel Mac OS X 10_15_7) AppleWebKit/537.36 (KHTML, like Gecko) Chrome/131.0.0.0 Safari/537.36"
43.201.49.35 - - [16/Jul/2026:12:09:10 +0000] "GET /server-info.php HTTP/1.1" 400 52 "-" "Mozilla/5.0 (Macintosh; Intel Mac OS X 10_15_7) AppleWebKit/537.36 (KHTML, like Gecko) Chrome/131.0.0.0 Safari/537.36"
43.201.49.35 - - [16/Jul/2026:12:09:11 +0000] "GET /server-status.php HTTP/1.1" 400 52 "-" "Mozilla/5.0 (Macintosh; Intel Mac OS X 10_15_7) AppleWebKit/537.36 (KHTML, like Gecko) Chrome/131.0.0.0 Safari/537.36"
43.201.49.35 - - [16/Jul/2026:12:09:11 +0000] "GET /_profiler/phpinfo HTTP/1.1" 400 52 "-" "Mozilla/5.0 (Macintosh; Intel Mac OS X 10_15_7) AppleWebKit/537.36 (KHTML, like Gecko) Chrome/131.0.0.0 Safari/537.36"
43.201.49.35 - - [16/Jul/2026:12:09:11 +0000] "GET /_environment HTTP/1.1" 400 52 "-" "Mozilla/5.0 (Macintosh; Intel Mac OS X 10_15_7) AppleWebKit/537.36 (KHTML, like Gecko) Chrome/131.0.0.0 Safari/537.36"
43.201.49.35 - - [16/Jul/2026:12:09:12 +0000] "GET /webroot/index.php/_environment HTTP/1.1" 400 52 "-" "Mozilla/5.0 (Macintosh; Intel Mac OS X 10_15_7) AppleWebKit/537.36 (KHTML, like Gecko) Chrome/131.0.0.0 Safari/537.36"
43.201.49.35 - - [16/Jul/2026:12:09:12 +0000] "GET /mail/phpinfo.php HTTP/1.1" 400 52 "-" "Mozilla/5.0 (Macintosh; Intel Mac OS X 10_15_7) AppleWebKit/537.36 (KHTML, like Gecko) Chrome/131.0.0.0 Safari/537.36"
43.201.49.35 - - [16/Jul/2026:12:09:12 +0000] "GET /cpanel/phpinfo.php HTTP/1.1" 400 52 "-" "Mozilla/5.0 (Macintosh; Intel Mac OS X 10_15_7) AppleWebKit/537.36 (KHTML, like Gecko) Chrome/131.0.0.0 Safari/537.36"
43.201.49.35 - - [16/Jul/2026:12:09:12 +0000] "GET /hosting/phpinfo.php HTTP/1.1" 400 52 "-" "Mozilla/5.0 (Macintosh; Intel Mac OS X 10_15_7) AppleWebKit/537.36 (KHTML, like Gecko) Chrome/131.0.0.0 Safari/537.36"
43.201.49.35 - - [16/Jul/2026:12:09:13 +0000] "GET /webmail/phpinfo.php HTTP/1.1" 400 52 "-" "Mozilla/5.0 (Macintosh; Intel Mac OS X 10_15_7) AppleWebKit/537.36 (KHTML, like Gecko) Chrome/131.0.0.0 Safari/537.36"
43.201.49.35 - - [16/Jul/2026:12:09:13 +0000] "GET /smtp/phpinfo.php HTTP/1.1" 400 52 "-" "Mozilla/5.0 (Macintosh; Intel Mac OS X 10_15_7) AppleWebKit/537.36 (KHTML, like Gecko) Chrome/131.0.0.0 Safari/537.36"
43.201.49.35 - - [16/Jul/2026:12:09:13 +0000] "GET /phpinfo.php.bak HTTP/1.1" 400 52 "-" "Mozilla/5.0 (Macintosh; Intel Mac OS X 10_15_7) AppleWebKit/537.36 (KHTML, like Gecko) Chrome/131.0.0.0 Safari/537.36"
43.201.49.35 - - [16/Jul/2026:12:09:13 +0000] "GET /phpinfo.php.old HTTP/1.1" 400 52 "-" "Mozilla/5.0 (Macintosh; Intel Mac OS X 10_15_7) AppleWebKit/537.36 (KHTML, like Gecko) Chrome/131.0.0.0 Safari/537.36"
43.201.49.35 - - [16/Jul/2026:12:09:14 +0000] "GET /phpinfo.php~ HTTP/1.1" 400 52 "-" "Mozilla/5.0 (Macintosh; Intel Mac OS X 10_15_7) AppleWebKit/537.36 (KHTML, like Gecko) Chrome/131.0.0.0 Safari/537.36"
43.201.49.35 - - [16/Jul/2026:12:09:14 +0000] "GET /info.php.bak HTTP/1.1" 400 52 "-" "Mozilla/5.0 (Macintosh; Intel Mac OS X 10_15_7) AppleWebKit/537.36 (KHTML, like Gecko) Chrome/131.0.0.0 Safari/537.36"
43.201.49.35 - - [16/Jul/2026:12:09:14 +0000] "GET /phpinfo.php.save HTTP/1.1" 400 52 "-" "Mozilla/5.0 (Macintosh; Intel Mac OS X 10_15_7) AppleWebKit/537.36 (KHTML, like Gecko) Chrome/131.0.0.0 Safari/537.36"
43.201.49.35 - - [16/Jul/2026:12:09:15 +0000] "GET /staging/phpinfo.php HTTP/1.1" 400 52 "-" "Mozilla/5.0 (Macintosh; Intel Mac OS X 10_15_7) AppleWebKit/537.36 (KHTML, like Gecko) Chrome/131.0.0.0 Safari/537.36"
43.201.49.35 - - [16/Jul/2026:12:09:15 +0000] "GET /beta/phpinfo.php HTTP/1.1" 400 52 "-" "Mozilla/5.0 (Macintosh; Intel Mac OS X 10_15_7) AppleWebKit/537.36 (KHTML, like Gecko) Chrome/131.0.0.0 Safari/537.36"
43.201.49.35 - - [16/Jul/2026:12:09:15 +0000] "GET /uat/phpinfo.php HTTP/1.1" 400 52 "-" "Mozilla/5.0 (Macintosh; Intel Mac OS X 10_15_7) AppleWebKit/537.36 (KHTML, like Gecko) Chrome/131.0.0.0 Safari/537.36"
43.201.49.35 - - [16/Jul/2026:12:09:15 +0000] "GET /qa/phpinfo.php HTTP/1.1" 400 52 "-" "Mozilla/5.0 (Macintosh; Intel Mac OS X 10_15_7) AppleWebKit/537.36 (KHTML, like Gecko) Chrome/131.0.0.0 Safari/537.36"
43.201.49.35 - - [16/Jul/2026:12:09:16 +0000] "GET /preview/phpinfo.php HTTP/1.1" 400 52 "-" "Mozilla/5.0 (Macintosh; Intel Mac OS X 10_15_7) AppleWebKit/537.36 (KHTML, like Gecko) Chrome/131.0.0.0 Safari/537.36"
43.201.49.35 - - [16/Jul/2026:12:09:16 +0000] "GET /www/phpinfo.php HTTP/1.1" 400 52 "-" "Mozilla/5.0 (Macintosh; Intel Mac OS X 10_15_7) AppleWebKit/537.36 (KHTML, like Gecko) Chrome/131.0.0.0 Safari/537.36"
43.201.49.35 - - [16/Jul/2026:12:09:16 +0000] "GET /htdocs/phpinfo.php HTTP/1.1" 400 52 "-" "Mozilla/5.0 (Macintosh; Intel Mac OS X 10_15_7) AppleWebKit/537.36 (KHTML, like Gecko) Chrome/131.0.0.0 Safari/537.36"
43.201.49.35 - - [16/Jul/2026:12:09:17 +0000] "GET /public_html/phpinfo.php HTTP/1.1" 400 52 "-" "Mozilla/5.0 (Macintosh; Intel Mac OS X 10_15_7) AppleWebKit/537.36 (KHTML, like Gecko) Chrome/131.0.0.0 Safari/537.36"
43.201.49.35 - - [16/Jul/2026:12:09:17 +0000] "GET /site/phpinfo.php HTTP/1.1" 400 52 "-" "Mozilla/5.0 (Macintosh; Intel Mac OS X 10_15_7) AppleWebKit/537.36 (KHTML, like Gecko) Chrome/131.0.0.0 Safari/537.36"
43.201.49.35 - - [16/Jul/2026:12:09:17 +0000] "GET /docs/phpinfo.php HTTP/1.1" 400 52 "-" "Mozilla/5.0 (Macintosh; Intel Mac OS X 10_15_7) AppleWebKit/537.36 (KHTML, like Gecko) Chrome/131.0.0.0 Safari/537.36"
43.201.49.35 - - [16/Jul/2026:12:09:17 +0000] "GET /wp-admin/phpinfo.php HTTP/1.1" 400 52 "-" "Mozilla/5.0 (Macintosh; Intel Mac OS X 10_15_7) AppleWebKit/537.36 (KHTML, like Gecko) Chrome/131.0.0.0 Safari/537.36"
43.201.49.35 - - [16/Jul/2026:12:09:18 +0000] "GET /administrator/phpinfo.php HTTP/1.1" 400 52 "-" "Mozilla/5.0 (Macintosh; Intel Mac OS X 10_15_7) AppleWebKit/537.36 (KHTML, like Gecko) Chrome/131.0.0.0 Safari/537.36"
43.201.49.35 - - [16/Jul/2026:12:09:18 +0000] "GET /core/phpinfo.php HTTP/1.1" 400 52 "-" "Mozilla/5.0 (Macintosh; Intel Mac OS X 10_15_7) AppleWebKit/537.36 (KHTML, like Gecko) Chrome/131.0.0.0 Safari/537.36"
43.201.49.35 - - [16/Jul/2026:12:09:18 +0000] "GET /includes/phpinfo.php HTTP/1.1" 400 52 "-" "Mozilla/5.0 (Macintosh; Intel Mac OS X 10_15_7) AppleWebKit/537.36 (KHTML, like Gecko) Chrome/131.0.0.0 Safari/537.36"
51.89.129.28 - - [16/Jul/2026:12:10:06 +0000] "GET /items/J971624433/ HTTP/2" 404 39201 "-" "Mozilla/5.0 (compatible; AhrefsBot/7.0; +http://ahrefs.com/robot/)"
209.42.17.20 - - [16/Jul/2026:12:10:17 +0000] "POST /wp-cron.php?doing_wp_cron=1784203817.0247359275817871093750 HTTP/1.1" 200 0 "-" "WordPress/7.0.1; https://ebifo.org"
74.7.242.15 - - [16/Jul/2026:12:10:18 +0000] "GET /sitemap-1.xml HTTP/2" 404 39185 "-" "Mozilla/5.0 AppleWebKit/537.36 (KHTML, like Gecko; compatible; GPTBot/1.4; +https://openai.com/gptbot)"
209.42.17.20 - - [16/Jul/2026:12:12:20 +0000] "POST /wp-cron.php?doing_wp_cron=1784203940.3318219184875488281250 HTTP/1.1" 200 0 "-" "WordPress/7.0.1; https://ebifo.org"
74.7.242.15 - - [16/Jul/2026:12:12:10 +0000] "GET /sitemap-12.xml HTTP/2" 404 39457 "-" "Mozilla/5.0 AppleWebKit/537.36 (KHTML, like Gecko; compatible; GPTBot/1.4; +https://openai.com/gptbot)"
198.244.242.224 - - [16/Jul/2026:12:12:10 +0000] "GET /products/1515251099395 HTTP/2" 404 39310 "-" "Mozilla/5.0 (compatible; AhrefsBot/7.0; +http://ahrefs.com/robot/)"
74.7.242.15 - - [16/Jul/2026:12:15:20 +0000] "GET /sitemap-5.xml HTTP/2" 404 39185 "-" "Mozilla/5.0 AppleWebKit/537.36 (KHTML, like Gecko; compatible; GPTBot/1.4; +https://openai.com/gptbot)"
209.42.17.20 - - [16/Jul/2026:12:15:30 +0000] "POST /wp-cron.php?doing_wp_cron=1784204130.8474209308624267578125 HTTP/1.1" 200 0 "-" "WordPress/7.0.1; https://ebifo.org"
51.89.129.138 - - [16/Jul/2026:12:15:33 +0000] "GET /products/13808792344382 HTTP/2" 404 39253 "-" "Mozilla/5.0 (compatible; AhrefsBot/7.0; +http://ahrefs.com/robot/)"
54.38.147.72 - - [16/Jul/2026:12:19:04 +0000] "GET /products/31691399415628 HTTP/2" 404 39254 "-" "Mozilla/5.0 (compatible; AhrefsBot/7.0; +http://ahrefs.com/robot/)"
209.42.17.20 - - [16/Jul/2026:12:19:16 +0000] "POST /wp-cron.php?doing_wp_cron=1784204356.0398190021514892578125 HTTP/1.1" 200 0 "-" "WordPress/7.0.1; https://ebifo.org"
51.195.183.192 - - [16/Jul/2026:12:20:23 +0000] "GET /products/13070656854072 HTTP/2" 404 39252 "-" "Mozilla/5.0 (compatible; AhrefsBot/7.0; +http://ahrefs.com/robot/)"
209.42.17.20 - - [16/Jul/2026:12:21:37 +0000] "POST /wp-cron.php?doing_wp_cron=1784204497.0374999046325683593750 HTTP/1.1" 200 0 "-" "WordPress/7.0.1; https://ebifo.org"
51.195.215.88 - - [16/Jul/2026:12:21:35 +0000] "GET /products/13015631312106 HTTP/2" 404 39251 "-" "Mozilla/5.0 (compatible; AhrefsBot/7.0; +http://ahrefs.com/robot/)"
209.42.17.20 - - [16/Jul/2026:12:22:41 +0000] "POST /wp-cron.php?doing_wp_cron=1784204560.9427199363708496093750 HTTP/1.1" 200 0 "-" "WordPress/7.0.1; https://ebifo.org"
52.167.144.194 - - [16/Jul/2026:12:22:36 +0000] "GET /items/C122355461/ HTTP/2" 301 0 "-" "Mozilla/5.0 AppleWebKit/537.36 (KHTML, like Gecko; compatible; bingbot/2.0; +http://www.bing.com/bingbot.htm) Chrome/116.0.1938.76 Safari/537.36"
198.244.183.106 - - [16/Jul/2026:12:22:47 +0000] "GET /products/30401490864507 HTTP/2" 404 39253 "-" "Mozilla/5.0 (compatible; AhrefsBot/7.0; +http://ahrefs.com/robot/)"
209.42.17.20 - - [16/Jul/2026:12:27:33 +0000] "POST /wp-cron.php?doing_wp_cron=1784204853.1785230636596679687500 HTTP/1.1" 200 0 "-" "WordPress/7.0.1; https://ebifo.org"
74.7.242.15 - - [16/Jul/2026:12:27:31 +0000] "GET /sitemap-20.xml HTTP/2" 404 39227 "-" "Mozilla/5.0 AppleWebKit/537.36 (KHTML, like Gecko; compatible; GPTBot/1.4; +https://openai.com/gptbot)"
198.244.240.58 - - [16/Jul/2026:12:32:43 +0000] "GET /items/J974167801/ HTTP/2" 404 39192 "-" "Mozilla/5.0 (compatible; AhrefsBot/7.0; +http://ahrefs.com/robot/)"
51.195.244.103 - - [16/Jul/2026:12:34:05 +0000] "GET /items/J973597711/ HTTP/2" 404 39199 "-" "Mozilla/5.0 (compatible; AhrefsBot/7.0; +http://ahrefs.com/robot/)"
51.89.129.223 - - [16/Jul/2026:12:35:42 +0000] "GET /items/J972665754/ HTTP/2" 404 39194 "-" "Mozilla/5.0 (compatible; AhrefsBot/7.0; +http://ahrefs.com/robot/)"
209.42.17.20 - - [16/Jul/2026:12:35:44 +0000] "POST /wp-cron.php?doing_wp_cron=1784205344.2796680927276611328125 HTTP/1.1" 200 0 "-" "WordPress/7.0.1; https://ebifo.org"
198.244.240.113 - - [16/Jul/2026:12:37:13 +0000] "GET /products/27787853825261 HTTP/2" 404 39254 "-" "Mozilla/5.0 (compatible; AhrefsBot/7.0; +http://ahrefs.com/robot/)"
209.42.17.20 - - [16/Jul/2026:12:37:15 +0000] "POST /wp-cron.php?doing_wp_cron=1784205435.5418939590454101562500 HTTP/1.1" 200 0 "-" "WordPress/7.0.1; https://ebifo.org"
209.42.17.20 - - [16/Jul/2026:12:38:57 +0000] "POST /wp-cron.php?doing_wp_cron=1784205537.8841600418090820312500 HTTP/1.1" 200 0 "-" "WordPress/7.0.1; https://ebifo.org"
198.244.226.81 - - [16/Jul/2026:12:38:55 +0000] "GET /items/J971312516/ HTTP/2" 404 39193 "-" "Mozilla/5.0 (compatible; AhrefsBot/7.0; +http://ahrefs.com/robot/)"
173.252.70.48 - - [16/Jul/2026:12:39:54 +0000] "GET /robots.txt HTTP/2" 206 892 "-" "facebookexternalhit/1.1 (+http://www.facebook.com/externalhit_uatext.php)"
57.141.0.50 - - [16/Jul/2026:12:39:59 +0000] "GET /wp-content/uploads/2025/02/ebif5-768x300.png HTTP/2" 200 173545 "-" "Mozilla/5.0 (Windows NT 10.0; Win64; x64) AppleWebKit/537.36 (KHTML, like Gecko) Chrome/145.0.0.0 Safari/537.36 (compatible; meta-externalagent/1.1 (+https://developers.facebook.com/docs/sharing/webmasters/crawler))"
198.244.242.218 - - [16/Jul/2026:12:41:08 +0000] "GET /products/3552699649442 HTTP/2" 404 39239 "-" "Mozilla/5.0 (compatible; AhrefsBot/7.0; +http://ahrefs.com/robot/)"
209.42.17.20 - - [16/Jul/2026:12:41:09 +0000] "POST /wp-cron.php?doing_wp_cron=1784205669.8451728820800781250000 HTTP/1.1" 200 0 "-" "WordPress/7.0.1; https://ebifo.org"
51.161.37.99 - - [16/Jul/2026:12:42:37 +0000] "GET /robots.txt HTTP/2" 200 102 "-" "Mozilla/5.0 (compatible; AhrefsBot/7.0; +http://ahrefs.com/robot/)"
51.75.236.135 - - [16/Jul/2026:12:42:38 +0000] "GET /products/3499162594497 HTTP/2" 404 39236 "-" "Mozilla/5.0 (compatible; AhrefsBot/7.0; +http://ahrefs.com/robot/)"
209.42.17.20 - - [16/Jul/2026:12:42:41 +0000] "POST /wp-cron.php?doing_wp_cron=1784205761.4539101123809814453125 HTTP/1.1" 200 0 "-" "WordPress/7.0.1; https://ebifo.org"
94.23.188.206 - - [16/Jul/2026:12:43:42 +0000] "GET /products/24551434812758 HTTP/2" 404 39254 "-" "Mozilla/5.0 (compatible; AhrefsBot/7.0; +http://ahrefs.com/robot/)"
209.42.17.20 - - [16/Jul/2026:12:43:44 +0000] "POST /wp-cron.php?doing_wp_cron=1784205824.4757599830627441406250 HTTP/1.1" 200 0 "-" "WordPress/7.0.1; https://ebifo.org"
5.39.1.253 - - [16/Jul/2026:12:44:50 +0000] "GET /products/34459669320448 HTTP/2" 404 39254 "-" "Mozilla/5.0 (compatible; AhrefsBot/7.0; +http://ahrefs.com/robot/)"
209.42.17.20 - - [16/Jul/2026:12:44:52 +0000] "POST /wp-cron.php?doing_wp_cron=1784205892.3027510643005371093750 HTTP/1.1" 200 0 "-" "WordPress/7.0.1; https://ebifo.org"
209.42.17.20 - - [16/Jul/2026:12:45:59 +0000] "POST /wp-cron.php?doing_wp_cron=1784205959.6743381023406982421875 HTTP/1.1" 200 0 "-" "WordPress/7.0.1; https://ebifo.org"
176.31.139.21 - - [16/Jul/2026:12:45:57 +0000] "GET /products/23771876579424 HTTP/2" 404 39254 "-" "Mozilla/5.0 (compatible; AhrefsBot/7.0; +http://ahrefs.com/robot/)"
37.59.204.150 - - [16/Jul/2026:12:47:04 +0000] "GET /products/23383969269148 HTTP/2" 404 39254 "-" "Mozilla/5.0 (compatible; AhrefsBot/7.0; +http://ahrefs.com/robot/)"
209.42.17.20 - - [16/Jul/2026:12:48:13 +0000] "POST /wp-cron.php?doing_wp_cron=1784206093.8350100517272949218750 HTTP/1.1" 200 0 "-" "WordPress/7.0.1; https://ebifo.org"
51.75.236.156 - - [16/Jul/2026:12:48:11 +0000] "GET /products/31484748707664 HTTP/2" 404 39253 "-" "Mozilla/5.0 (compatible; AhrefsBot/7.0; +http://ahrefs.com/robot/)"
209.42.17.20 - - [16/Jul/2026:12:49:22 +0000] "POST /wp-cron.php?doing_wp_cron=1784206162.8836479187011718750000 HTTP/1.1" 200 0 "-" "WordPress/7.0.1; https://ebifo.org"
92.222.104.223 - - [16/Jul/2026:12:49:20 +0000] "GET /products/28427291819045 HTTP/2" 404 39253 "-" "Mozilla/5.0 (compatible; AhrefsBot/7.0; +http://ahrefs.com/robot/)"
209.42.17.20 - - [16/Jul/2026:12:50:33 +0000] "POST /wp-cron.php?doing_wp_cron=1784206233.7869389057159423828125 HTTP/1.1" 200 0 "-" "WordPress/7.0.1; https://ebifo.org"
92.222.104.194 - - [16/Jul/2026:12:50:31 +0000] "GET /products/2249215250507 HTTP/2" 404 39238 "-" "Mozilla/5.0 (compatible; AhrefsBot/7.0; +http://ahrefs.com/robot/)"
92.222.108.109 - - [16/Jul/2026:12:51:34 +0000] "GET /products/25738279319714 HTTP/2" 404 39254 "-" "Mozilla/5.0 (compatible; AhrefsBot/7.0; +http://ahrefs.com/robot/)"
209.42.17.20 - - [16/Jul/2026:12:51:36 +0000] "POST /wp-cron.php?doing_wp_cron=1784206296.6451790332794189453125 HTTP/1.1" 200 0 "-" "WordPress/7.0.1; https://ebifo.org"
209.42.17.20 - - [16/Jul/2026:12:52:44 +0000] "POST /wp-cron.php?doing_wp_cron=1784206364.8398940563201904296875 HTTP/1.1" 200 0 "-" "WordPress/7.0.1; https://ebifo.org"
51.75.236.135 - - [16/Jul/2026:12:52:41 +0000] "GET /products/24156650608421 HTTP/2" 404 39252 "-" "Mozilla/5.0 (compatible; AhrefsBot/7.0; +http://ahrefs.com/robot/)"
209.42.17.20 - - [16/Jul/2026:12:53:51 +0000] "POST /wp-cron.php?doing_wp_cron=1784206431.8765230178833007812500 HTTP/1.1" 200 0 "-" "WordPress/7.0.1; https://ebifo.org"
51.68.247.217 - - [16/Jul/2026:12:53:49 +0000] "GET /products/21079392210086 HTTP/2" 404 39249 "-" "Mozilla/5.0 (compatible; AhrefsBot/7.0; +http://ahrefs.com/robot/)"
92.222.104.211 - - [16/Jul/2026:12:54:57 +0000] "GET /products/37705051306168 HTTP/2" 404 39253 "-" "Mozilla/5.0 (compatible; AhrefsBot/7.0; +http://ahrefs.com/robot/)"
51.68.247.197 - - [16/Jul/2026:12:56:04 +0000] "GET /products/18799605618652 HTTP/2" 404 39254 "-" "Mozilla/5.0 (compatible; AhrefsBot/7.0; +http://ahrefs.com/robot/)"
209.42.17.20 - - [16/Jul/2026:12:56:06 +0000] "POST /wp-cron.php?doing_wp_cron=1784206566.2600390911102294921875 HTTP/1.1" 200 0 "-" "WordPress/7.0.1; https://ebifo.org"
209.42.17.20 - - [16/Jul/2026:12:57:15 +0000] "POST /wp-cron.php?doing_wp_cron=1784206635.8868980407714843750000 HTTP/1.1" 200 0 "-" "WordPress/7.0.1; https://ebifo.org"
51.68.247.208 - - [16/Jul/2026:12:57:13 +0000] "GET /products/1840150102553 HTTP/2" 404 39235 "-" "Mozilla/5.0 (compatible; AhrefsBot/7.0; +http://ahrefs.com/robot/)"
176.31.139.17 - - [16/Jul/2026:13:00:44 +0000] "GET /products/16475660045636 HTTP/2" 404 39255 "-" "Mozilla/5.0 (compatible; AhrefsBot/7.0; +http://ahrefs.com/robot/)"
209.42.17.20 - - [16/Jul/2026:13:00:47 +0000] "POST /wp-cron.php?doing_wp_cron=1784206847.5370800495147705078125 HTTP/1.1" 200 0 "-" "WordPress/7.0.1; https://ebifo.org"
209.42.17.20 - - [16/Jul/2026:13:02:32 +0000] "POST /wp-cron.php?doing_wp_cron=1784206952.6614110469818115234375 HTTP/1.1" 200 0 "-" "WordPress/7.0.1; https://ebifo.org"
66.249.79.32 - - [16/Jul/2026:13:02:31 +0000] "GET /products/18940261746034 HTTP/1.1" 301 0 "-" "Mozilla/5.0 (Linux; Android 6.0.1; Nexus 5X Build/MMB29P) AppleWebKit/537.36 (KHTML, like Gecko) Chrome/150.0.7871.124 Mobile Safari/537.36 (compatible; Googlebot/2.1; +http://www.google.com/bot.html)"
66.249.79.138 - - [16/Jul/2026:13:02:33 +0000] "GET /products/18940261746034 HTTP/1.1" 404 39255 "-" "Mozilla/5.0 (Linux; Android 6.0.1; Nexus 5X Build/MMB29P) AppleWebKit/537.36 (KHTML, like Gecko) Chrome/150.0.7871.124 Mobile Safari/537.36 (compatible; Googlebot/2.1; +http://www.google.com/bot.html)"
209.42.17.20 - - [16/Jul/2026:13:03:03 +0000] "POST /wp-cron.php?doing_wp_cron=1784206983.0951910018920898437500 HTTP/1.1" 200 0 "-" "WordPress/7.0.1; https://ebifo.org"
92.222.108.109 - - [16/Jul/2026:13:02:59 +0000] "GET /products/12623326916268 HTTP/2" 404 39254 "-" "Mozilla/5.0 (compatible; AhrefsBot/7.0; +http://ahrefs.com/robot/)"
51.75.236.146 - - [16/Jul/2026:13:04:37 +0000] "GET /products/11384895773274 HTTP/2" 404 39253 "-" "Mozilla/5.0 (compatible; AhrefsBot/7.0; +http://ahrefs.com/robot/)"
209.42.17.20 - - [16/Jul/2026:13:04:38 +0000] "POST /wp-cron.php?doing_wp_cron=1784207078.9302310943603515625000 HTTP/1.1" 200 0 "-" "WordPress/7.0.1; https://ebifo.org"
209.42.17.20 - - [16/Jul/2026:13:06:27 +0000] "POST /wp-cron.php?doing_wp_cron=1784207187.3164339065551757812500 HTTP/1.1" 200 0 "-" "WordPress/7.0.1; https://ebifo.org"
51.68.247.195 - - [16/Jul/2026:13:06:24 +0000] "GET /products/10659449189501 HTTP/2" 404 39252 "-" "Mozilla/5.0 (compatible; AhrefsBot/7.0; +http://ahrefs.com/robot/)"
209.42.17.20 - - [16/Jul/2026:13:09:09 +0000] "POST /wp-cron.php?doing_wp_cron=1784207349.7293860912322998046875 HTTP/1.1" 200 0 "-" "WordPress/7.0.1; https://ebifo.org"
51.75.236.149 - - [16/Jul/2026:13:09:07 +0000] "GET /products/971448092154 HTTP/2" 404 39209 "-" "Mozilla/5.0 (compatible; AhrefsBot/7.0; +http://ahrefs.com/robot/)"
18.237.150.182 - - [16/Jul/2026:13:10:52 +0000] "GET / HTTP/1.1" 200 83587 "http://ebifo.org" "Mozilla/5.0 (Linux; Android 16; SM-S931B) AppleWebKit/537.36 (KHTML, like Gecko) Chrome/137.0.0.0 Mobile Safari/537.36"
209.42.17.20 - - [16/Jul/2026:13:11:20 +0000] "POST /wp-cron.php?doing_wp_cron=1784207480.4276409149169921875000 HTTP/1.1" 200 0 "-" "WordPress/7.0.1; https://ebifo.org"
94.23.188.208 - - [16/Jul/2026:13:11:18 +0000] "GET /products/10463592918763 HTTP/2" 404 39254 "-" "Mozilla/5.0 (compatible; AhrefsBot/7.0; +http://ahrefs.com/robot/)"
209.42.17.20 - - [16/Jul/2026:13:13:03 +0000] "POST /wp-cron.php?doing_wp_cron=1784207583.5490450859069824218750 HTTP/1.1" 200 0 "-" "WordPress/7.0.1; https://ebifo.org"
180.153.236.76 - - [16/Jul/2026:13:13:00 +0000] "GET / HTTP/2" 200 83593 "https://ebifo.org/" "Mozilla/5.0 (Windows NT 10.0; Win64; x64) AppleWebKit/537.36 (KHTML, like Gecko) Chrome/140.0.0.0 Safari/537.36 Edg/140.0.0.0; 360Spider"
92.222.104.202 - - [16/Jul/2026:13:13:26 +0000] "GET /items/J973306924/ HTTP/2" 404 39195 "-" "Mozilla/5.0 (compatible; AhrefsBot/7.0; +http://ahrefs.com/robot/)"
209.42.17.20 - - [16/Jul/2026:13:14:37 +0000] "POST /wp-cron.php?doing_wp_cron=1784207677.7569348812103271484375 HTTP/1.1" 200 0 "-" "WordPress/7.0.1; https://ebifo.org"
51.68.247.215 - - [16/Jul/2026:13:14:35 +0000] "GET /products/6377290017380 HTTP/2" 404 39236 "-" "Mozilla/5.0 (compatible; AhrefsBot/7.0; +http://ahrefs.com/robot/)"
37.59.204.128 - - [16/Jul/2026:13:15:48 +0000] "GET /items/J973079845/ HTTP/2" 404 39193 "-" "Mozilla/5.0 (compatible; AhrefsBot/7.0; +http://ahrefs.com/robot/)"
209.42.17.20 - - [16/Jul/2026:13:17:02 +0000] "POST /wp-cron.php?doing_wp_cron=1784207822.6518809795379638671875 HTTP/1.1" 200 0 "-" "WordPress/7.0.1; https://ebifo.org"
54.37.118.76 - - [16/Jul/2026:13:16:59 +0000] "GET /items/J973009649/ HTTP/2" 404 39194 "-" "Mozilla/5.0 (compatible; AhrefsBot/7.0; +http://ahrefs.com/robot/)"
209.42.17.20 - - [16/Jul/2026:13:18:09 +0000] "POST /wp-cron.php?doing_wp_cron=1784207889.8395268917083740234375 HTTP/1.1" 200 0 "-" "WordPress/7.0.1; https://ebifo.org"
37.59.204.152 - - [16/Jul/2026:13:18:07 +0000] "GET /items/J972985906/ HTTP/2" 404 39199 "-" "Mozilla/5.0 (compatible; AhrefsBot/7.0; +http://ahrefs.com/robot/)"
16.52.74.18 - - [16/Jul/2026:13:18:20 +0000] "GET / HTTP/1.1" 200 83597 "-" "Mozilla/5.0 (X11; Linux x86_64) AppleWebKit/537.36 (KHTML, like Gecko) Chrome/131.0.0.0 Safari/537.36"
57.141.0.3 - - [16/Jul/2026:13:18:23 +0000] "GET /wp-content/uploads/2025/02/ebif-768x334.png HTTP/2" 200 198910 "-" "Mozilla/5.0 (Windows NT 10.0; Win64; x64) AppleWebKit/537.36 (KHTML, like Gecko) Chrome/145.0.0.0 Safari/537.36 Edg/145.0.0.0 (compatible; meta-externalagent/1.1 (+https://developers.facebook.com/docs/sharing/webmasters/crawler))"
16.52.74.18 - - [16/Jul/2026:13:18:23 +0000] "POST / HTTP/1.1" 200 83587 "-" "Mozilla/5.0 (X11; Linux x86_64) AppleWebKit/537.36 (KHTML, like Gecko) Chrome/131.0.0.0 Safari/537.36"
16.52.74.18 - - [16/Jul/2026:13:18:25 +0000] "POST / HTTP/1.1" 200 83594 "-" "Mozilla/5.0 (X11; Linux x86_64) AppleWebKit/537.36 (KHTML, like Gecko) Chrome/131.0.0.0 Safari/537.36"
16.52.74.18 - - [16/Jul/2026:13:18:28 +0000] "POST / HTTP/1.1" 200 83593 "-" "Mozilla/5.0 (X11; Linux x86_64) AppleWebKit/537.36 (KHTML, like Gecko) Chrome/131.0.0.0 Safari/537.36"
16.52.74.18 - - [16/Jul/2026:13:18:30 +0000] "GET /.git/config HTTP/1.1" 403 1242 "-" "Mozilla/5.0 (X11; Linux x86_64) AppleWebKit/537.36 (KHTML, like Gecko) Chrome/131.0.0.0 Safari/537.36"
16.52.74.18 - - [16/Jul/2026:13:18:30 +0000] "POST / HTTP/1.1" 200 83593 "-" "Mozilla/5.0 (X11; Linux x86_64) AppleWebKit/537.36 (KHTML, like Gecko) Chrome/131.0.0.0 Safari/537.36"
16.52.74.18 - - [16/Jul/2026:13:18:33 +0000] "GET / HTTP/1.1" 301 0 "-" "Mozilla/5.0 (Macintosh; Intel Mac OS X 10_15_7) AppleWebKit/537.36 (KHTML, like Gecko) Chrome/131.0.0.0 Safari/537.36"
16.52.74.18 - - [16/Jul/2026:13:18:33 +0000] "GET /.env HTTP/1.1" 404 45488 "-" "Mozilla/5.0 (X11; Linux x86_64) AppleWebKit/537.36 (KHTML, like Gecko) Chrome/131.0.0.0 Safari/537.36"
16.52.74.18 - - [16/Jul/2026:13:18:35 +0000] "POST / HTTP/1.1" 200 83569 "-" "Mozilla/5.0 (Macintosh; Intel Mac OS X 10_15_7) AppleWebKit/537.36 (KHTML, like Gecko) Chrome/131.0.0.0 Safari/537.36"
16.52.74.18 - - [16/Jul/2026:13:18:36 +0000] "GET /.env.local HTTP/1.1" 404 45505 "-" "Mozilla/5.0 (X11; Linux x86_64) AppleWebKit/537.36 (KHTML, like Gecko) Chrome/131.0.0.0 Safari/537.36"
16.52.74.18 - - [16/Jul/2026:13:18:38 +0000] "POST / HTTP/1.1" 200 83568 "-" "Mozilla/5.0 (Macintosh; Intel Mac OS X 10_15_7) AppleWebKit/537.36 (KHTML, like Gecko) Chrome/131.0.0.0 Safari/537.36"
16.52.74.18 - - [16/Jul/2026:13:18:39 +0000] "GET /.env.production HTTP/1.1" 404 45496 "-" "Mozilla/5.0 (X11; Linux x86_64) AppleWebKit/537.36 (KHTML, like Gecko) Chrome/131.0.0.0 Safari/537.36"
16.52.74.18 - - [16/Jul/2026:13:18:42 +0000] "POST / HTTP/1.1" 200 83570 "-" "Mozilla/5.0 (Macintosh; Intel Mac OS X 10_15_7) AppleWebKit/537.36 (KHTML, like Gecko) Chrome/131.0.0.0 Safari/537.36"
16.52.74.18 - - [16/Jul/2026:13:18:42 +0000] "GET /.env.staging HTTP/1.1" 404 45501 "-" "Mozilla/5.0 (X11; Linux x86_64) AppleWebKit/537.36 (KHTML, like Gecko) Chrome/131.0.0.0 Safari/537.36"
16.52.74.18 - - [16/Jul/2026:13:18:44 +0000] "GET /.git/config HTTP/1.1" 403 1242 "-" "Mozilla/5.0 (Macintosh; Intel Mac OS X 10_15_7) AppleWebKit/537.36 (KHTML, like Gecko) Chrome/131.0.0.0 Safari/537.36"
16.52.74.18 - - [16/Jul/2026:13:18:44 +0000] "POST / HTTP/1.1" 200 83574 "-" "Mozilla/5.0 (Macintosh; Intel Mac OS X 10_15_7) AppleWebKit/537.36 (KHTML, like Gecko) Chrome/131.0.0.0 Safari/537.36"
16.52.74.18 - - [16/Jul/2026:13:18:44 +0000] "GET /.env.development HTTP/1.1" 404 45508 "-" "Mozilla/5.0 (X11; Linux x86_64) AppleWebKit/537.36 (KHTML, like Gecko) Chrome/131.0.0.0 Safari/537.36"
16.52.74.18 - - [16/Jul/2026:13:18:47 +0000] "GET /.env HTTP/1.1" 404 45491 "-" "Mozilla/5.0 (Macintosh; Intel Mac OS X 10_15_7) AppleWebKit/537.36 (KHTML, like Gecko) Chrome/131.0.0.0 Safari/537.36"
16.52.74.18 - - [16/Jul/2026:13:18:47 +0000] "GET /.env.test HTTP/1.1" 404 45494 "-" "Mozilla/5.0 (X11; Linux x86_64) AppleWebKit/537.36 (KHTML, like Gecko) Chrome/131.0.0.0 Safari/537.36"
16.52.74.18 - - [16/Jul/2026:13:18:49 +0000] "GET /.env.local HTTP/1.1" 404 45499 "-" "Mozilla/5.0 (Macintosh; Intel Mac OS X 10_15_7) AppleWebKit/537.36 (KHTML, like Gecko) Chrome/131.0.0.0 Safari/537.36"
16.52.74.18 - - [16/Jul/2026:13:18:50 +0000] "GET /.env.remote HTTP/1.1" 404 45501 "-" "Mozilla/5.0 (X11; Linux x86_64) AppleWebKit/537.36 (KHTML, like Gecko) Chrome/131.0.0.0 Safari/537.36"
16.52.74.18 - - [16/Jul/2026:13:18:52 +0000] "GET /.env.production HTTP/1.1" 404 45494 "-" "Mozilla/5.0 (Macintosh; Intel Mac OS X 10_15_7) AppleWebKit/537.36 (KHTML, like Gecko) Chrome/131.0.0.0 Safari/537.36"
16.52.74.18 - - [16/Jul/2026:13:18:53 +0000] "GET /.env.bak HTTP/1.1" 404 45498 "-" "Mozilla/5.0 (X11; Linux x86_64) AppleWebKit/537.36 (KHTML, like Gecko) Chrome/131.0.0.0 Safari/537.36"
16.52.74.18 - - [16/Jul/2026:13:18:55 +0000] "GET /.env.staging HTTP/1.1" 404 45513 "-" "Mozilla/5.0 (Macintosh; Intel Mac OS X 10_15_7) AppleWebKit/537.36 (KHTML, like Gecko) Chrome/131.0.0.0 Safari/537.36"
209.42.17.20 - - [16/Jul/2026:13:18:59 +0000] "POST /wp-cron.php?doing_wp_cron=1784207939.2383038997650146484375 HTTP/1.1" 200 0 "-" "WordPress/7.0.1; https://ebifo.org"
16.52.74.18 - - [16/Jul/2026:13:18:56 +0000] "GET /.env.backup HTTP/1.1" 404 45506 "-" "Mozilla/5.0 (X11; Linux x86_64) AppleWebKit/537.36 (KHTML, like Gecko) Chrome/131.0.0.0 Safari/537.36"
209.42.17.20 - - [16/Jul/2026:13:19:02 +0000] "POST /wp-cron.php?doing_wp_cron=1784207942.9560918807983398437500 HTTP/1.1" 200 0 "-" "WordPress/7.0.1; https://ebifo.org"
16.52.74.18 - - [16/Jul/2026:13:18:58 +0000] "GET /.env.development HTTP/1.1" 404 45500 "-" "Mozilla/5.0 (Macintosh; Intel Mac OS X 10_15_7) AppleWebKit/537.36 (KHTML, like Gecko) Chrome/131.0.0.0 Safari/537.36"
16.52.74.18 - - [16/Jul/2026:13:18:59 +0000] "GET /.env.save HTTP/1.1" 404 45497 "-" "Mozilla/5.0 (X11; Linux x86_64) AppleWebKit/537.36 (KHTML, like Gecko) Chrome/131.0.0.0 Safari/537.36"
16.52.74.18 - - [16/Jul/2026:13:19:03 +0000] "GET /.env.test HTTP/1.1" 404 45515 "-" "Mozilla/5.0 (Macintosh; Intel Mac OS X 10_15_7) AppleWebKit/537.36 (KHTML, like Gecko) Chrome/131.0.0.0 Safari/537.36"
16.52.74.18 - - [16/Jul/2026:13:19:04 +0000] "GET /.env.old HTTP/1.1" 404 45532 "-" "Mozilla/5.0 (X11; Linux x86_64) AppleWebKit/537.36 (KHTML, like Gecko) Chrome/131.0.0.0 Safari/537.36"
16.52.74.18 - - [16/Jul/2026:13:19:06 +0000] "GET /.env.remote HTTP/1.1" 404 45491 "-" "Mozilla/5.0 (Macintosh; Intel Mac OS X 10_15_7) AppleWebKit/537.36 (KHTML, like Gecko) Chrome/131.0.0.0 Safari/537.36"
16.52.74.18 - - [16/Jul/2026:13:19:07 +0000] "GET /.env.sample HTTP/1.1" 404 45534 "-" "Mozilla/5.0 (X11; Linux x86_64) AppleWebKit/537.36 (KHTML, like Gecko) Chrome/131.0.0.0 Safari/537.36"
16.52.74.18 - - [16/Jul/2026:13:19:09 +0000] "GET /.env.bak HTTP/1.1" 404 45496 "-" "Mozilla/5.0 (Macintosh; Intel Mac OS X 10_15_7) AppleWebKit/537.36 (KHTML, like Gecko) Chrome/131.0.0.0 Safari/537.36"
16.52.74.18 - - [16/Jul/2026:13:19:10 +0000] "GET /.env.example HTTP/1.1" 404 45496 "-" "Mozilla/5.0 (X11; Linux x86_64) AppleWebKit/537.36 (KHTML, like Gecko) Chrome/131.0.0.0 Safari/537.36"
16.52.74.18 - - [16/Jul/2026:13:19:12 +0000] "GET /.env.backup HTTP/1.1" 404 45498 "-" "Mozilla/5.0 (Macintosh; Intel Mac OS X 10_15_7) AppleWebKit/537.36 (KHTML, like Gecko) Chrome/131.0.0.0 Safari/537.36"
16.52.74.18 - - [16/Jul/2026:13:19:12 +0000] "GET /.env.dev HTTP/1.1" 404 45498 "-" "Mozilla/5.0 (X11; Linux x86_64) AppleWebKit/537.36 (KHTML, like Gecko) Chrome/131.0.0.0 Safari/537.36"
16.52.74.18 - - [16/Jul/2026:13:19:14 +0000] "GET /.env.save HTTP/1.1" 404 45496 "-" "Mozilla/5.0 (Macintosh; Intel Mac OS X 10_15_7) AppleWebKit/537.36 (KHTML, like Gecko) Chrome/131.0.0.0 Safari/537.36"
16.52.74.18 - - [16/Jul/2026:13:19:14 +0000] "GET /.env.prod HTTP/1.1" 404 45494 "-" "Mozilla/5.0 (X11; Linux x86_64) AppleWebKit/537.36 (KHTML, like Gecko) Chrome/131.0.0.0 Safari/537.36"
92.222.108.114 - - [16/Jul/2026:13:19:14 +0000] "GET /products/36750232322184 HTTP/2" 404 39253 "-" "Mozilla/5.0 (compatible; AhrefsBot/7.0; +http://ahrefs.com/robot/)"
16.52.74.18 - - [16/Jul/2026:13:19:16 +0000] "GET /.env.old HTTP/1.1" 404 45494 "-" "Mozilla/5.0 (Macintosh; Intel Mac OS X 10_15_7) AppleWebKit/537.36 (KHTML, like Gecko) Chrome/131.0.0.0 Safari/537.36"
16.52.74.18 - - [16/Jul/2026:13:19:17 +0000] "GET /.env.stage HTTP/1.1" 404 45507 "-" "Mozilla/5.0 (X11; Linux x86_64) AppleWebKit/537.36 (KHTML, like Gecko) Chrome/131.0.0.0 Safari/537.36"
16.52.74.18 - - [16/Jul/2026:13:19:19 +0000] "GET /.env.sample HTTP/1.1" 404 45519 "-" "Mozilla/5.0 (Macintosh; Intel Mac OS X 10_15_7) AppleWebKit/537.36 (KHTML, like Gecko) Chrome/131.0.0.0 Safari/537.36"
16.52.74.18 - - [16/Jul/2026:13:19:19 +0000] "GET /.env.ci HTTP/1.1" 404 45491 "-" "Mozilla/5.0 (X11; Linux x86_64) AppleWebKit/537.36 (KHTML, like Gecko) Chrome/131.0.0.0 Safari/537.36"
16.52.74.18 - - [16/Jul/2026:13:19:22 +0000] "GET /.env.example HTTP/1.1" 404 45487 "-" "Mozilla/5.0 (Macintosh; Intel Mac OS X 10_15_7) AppleWebKit/537.36 (KHTML, like Gecko) Chrome/131.0.0.0 Safari/537.36"
16.52.74.18 - - [16/Jul/2026:13:19:23 +0000] "GET /.env.docker HTTP/1.1" 404 45507 "-" "Mozilla/5.0 (X11; Linux x86_64) AppleWebKit/537.36 (KHTML, like Gecko) Chrome/131.0.0.0 Safari/537.36"
16.52.74.18 - - [16/Jul/2026:13:19:25 +0000] "GET /.env.dev HTTP/1.1" 404 45493 "-" "Mozilla/5.0 (Macintosh; Intel Mac OS X 10_15_7) AppleWebKit/537.36 (KHTML, like Gecko) Chrome/131.0.0.0 Safari/537.36"
16.52.74.18 - - [16/Jul/2026:13:19:25 +0000] "GET /.env.live HTTP/1.1" 404 45498 "-" "Mozilla/5.0 (X11; Linux x86_64) AppleWebKit/537.36 (KHTML, like Gecko) Chrome/131.0.0.0 Safari/537.36"
16.52.74.18 - - [16/Jul/2026:13:19:27 +0000] "GET /.env.prod HTTP/1.1" 404 45496 "-" "Mozilla/5.0 (Macintosh; Intel Mac OS X 10_15_7) AppleWebKit/537.36 (KHTML, like Gecko) Chrome/131.0.0.0 Safari/537.36"
16.52.74.18 - - [16/Jul/2026:13:19:27 +0000] "GET /.env.preprod HTTP/1.1" 404 45497 "-" "Mozilla/5.0 (X11; Linux x86_64) AppleWebKit/537.36 (KHTML, like Gecko) Chrome/131.0.0.0 Safari/537.36"
16.52.74.18 - - [16/Jul/2026:13:19:29 +0000] "GET /.env.stage HTTP/1.1" 404 45503 "-" "Mozilla/5.0 (Macintosh; Intel Mac OS X 10_15_7) AppleWebKit/537.36 (KHTML, like Gecko) Chrome/131.0.0.0 Safari/537.36"
16.52.74.18 - - [16/Jul/2026:13:19:30 +0000] "GET /.env.uat HTTP/1.1" 404 45500 "-" "Mozilla/5.0 (X11; Linux x86_64) AppleWebKit/537.36 (KHTML, like Gecko) Chrome/131.0.0.0 Safari/537.36"
16.52.74.18 - - [16/Jul/2026:13:19:31 +0000] "GET /.env.ci HTTP/1.1" 404 45500 "-" "Mozilla/5.0 (Macintosh; Intel Mac OS X 10_15_7) AppleWebKit/537.36 (KHTML, like Gecko) Chrome/131.0.0.0 Safari/537.36"
16.52.74.18 - - [16/Jul/2026:13:19:33 +0000] "GET /.env.dist HTTP/1.1" 404 45495 "-" "Mozilla/5.0 (X11; Linux x86_64) AppleWebKit/537.36 (KHTML, like Gecko) Chrome/131.0.0.0 Safari/537.36"
16.52.74.18 - - [16/Jul/2026:13:19:34 +0000] "GET /.env.docker HTTP/1.1" 404 45498 "-" "Mozilla/5.0 (Macintosh; Intel Mac OS X 10_15_7) AppleWebKit/537.36 (KHTML, like Gecko) Chrome/131.0.0.0 Safari/537.36"
16.52.74.18 - - [16/Jul/2026:13:19:35 +0000] "GET /.env.swp HTTP/1.1" 404 45533 "-" "Mozilla/5.0 (X11; Linux x86_64) AppleWebKit/537.36 (KHTML, like Gecko) Chrome/131.0.0.0 Safari/537.36"
16.52.74.18 - - [16/Jul/2026:13:19:36 +0000] "GET /.env.live HTTP/1.1" 404 45498 "-" "Mozilla/5.0 (Macintosh; Intel Mac OS X 10_15_7) AppleWebKit/537.36 (KHTML, like Gecko) Chrome/131.0.0.0 Safari/537.36"
16.52.74.18 - - [16/Jul/2026:13:19:37 +0000] "GET /.env~ HTTP/1.1" 404 45492 "-" "Mozilla/5.0 (X11; Linux x86_64) AppleWebKit/537.36 (KHTML, like Gecko) Chrome/131.0.0.0 Safari/537.36"
16.52.74.18 - - [16/Jul/2026:13:19:39 +0000] "GET /.env.preprod HTTP/1.1" 404 45489 "-" "Mozilla/5.0 (Macintosh; Intel Mac OS X 10_15_7) AppleWebKit/537.36 (KHTML, like Gecko) Chrome/131.0.0.0 Safari/537.36"
16.52.74.18 - - [16/Jul/2026:13:19:41 +0000] "GET /.env1 HTTP/1.1" 404 45491 "-" "Mozilla/5.0 (X11; Linux x86_64) AppleWebKit/537.36 (KHTML, like Gecko) Chrome/131.0.0.0 Safari/537.36"
16.52.74.18 - - [16/Jul/2026:13:19:41 +0000] "GET /.env.uat HTTP/1.1" 404 45497 "-" "Mozilla/5.0 (Macintosh; Intel Mac OS X 10_15_7) AppleWebKit/537.36 (KHTML, like Gecko) Chrome/131.0.0.0 Safari/537.36"
16.52.74.18 - - [16/Jul/2026:13:19:43 +0000] "GET /.env2 HTTP/1.1" 404 45491 "-" "Mozilla/5.0 (X11; Linux x86_64) AppleWebKit/537.36 (KHTML, like Gecko) Chrome/131.0.0.0 Safari/537.36"
16.52.74.18 - - [16/Jul/2026:13:19:43 +0000] "GET /.env.dist HTTP/1.1" 404 45496 "-" "Mozilla/5.0 (Macintosh; Intel Mac OS X 10_15_7) AppleWebKit/537.36 (KHTML, like Gecko) Chrome/131.0.0.0 Safari/537.36"
16.52.74.18 - - [16/Jul/2026:13:19:45 +0000] "GET /.env_copy HTTP/1.1" 404 45500 "-" "Mozilla/5.0 (X11; Linux x86_64) AppleWebKit/537.36 (KHTML, like Gecko) Chrome/131.0.0.0 Safari/537.36"
16.52.74.18 - - [16/Jul/2026:13:19:45 +0000] "GET /.env.swp HTTP/1.1" 404 45498 "-" "Mozilla/5.0 (Macintosh; Intel Mac OS X 10_15_7) AppleWebKit/537.36 (KHTML, like Gecko) Chrome/131.0.0.0 Safari/537.36"
16.52.74.18 - - [16/Jul/2026:13:19:47 +0000] "GET /.env~ HTTP/1.1" 404 45492 "-" "Mozilla/5.0 (Macintosh; Intel Mac OS X 10_15_7) AppleWebKit/537.36 (KHTML, like Gecko) Chrome/131.0.0.0 Safari/537.36"
16.52.74.18 - - [16/Jul/2026:13:19:47 +0000] "GET /.env.txt HTTP/1.1" 404 45497 "-" "Mozilla/5.0 (X11; Linux x86_64) AppleWebKit/537.36 (KHTML, like Gecko) Chrome/131.0.0.0 Safari/537.36"
16.52.74.18 - - [16/Jul/2026:13:19:49 +0000] "GET /.env1 HTTP/1.1" 404 45493 "-" "Mozilla/5.0 (Macintosh; Intel Mac OS X 10_15_7) AppleWebKit/537.36 (KHTML, like Gecko) Chrome/131.0.0.0 Safari/537.36"
16.52.74.18 - - [16/Jul/2026:13:19:50 +0000] "GET /.env.json HTTP/1.1" 404 45495 "-" "Mozilla/5.0 (X11; Linux x86_64) AppleWebKit/537.36 (KHTML, like Gecko) Chrome/131.0.0.0 Safari/537.36"
16.52.74.18 - - [16/Jul/2026:13:19:52 +0000] "GET /.env2 HTTP/1.1" 404 45493 "-" "Mozilla/5.0 (Macintosh; Intel Mac OS X 10_15_7) AppleWebKit/537.36 (KHTML, like Gecko) Chrome/131.0.0.0 Safari/537.36"
16.52.74.18 - - [16/Jul/2026:13:19:52 +0000] "GET /.env.yaml HTTP/1.1" 404 45496 "-" "Mozilla/5.0 (X11; Linux x86_64) AppleWebKit/537.36 (KHTML, like Gecko) Chrome/131.0.0.0 Safari/537.36"
16.52.74.18 - - [16/Jul/2026:13:19:54 +0000] "GET /.env_copy HTTP/1.1" 404 45498 "-" "Mozilla/5.0 (Macintosh; Intel Mac OS X 10_15_7) AppleWebKit/537.36 (KHTML, like Gecko) Chrome/131.0.0.0 Safari/537.36"
16.52.74.18 - - [16/Jul/2026:13:19:55 +0000] "GET /.env.yml HTTP/1.1" 404 45497 "-" "Mozilla/5.0 (X11; Linux x86_64) AppleWebKit/537.36 (KHTML, like Gecko) Chrome/131.0.0.0 Safari/537.36"
16.52.74.18 - - [16/Jul/2026:13:19:56 +0000] "GET /.env.txt HTTP/1.1" 404 45496 "-" "Mozilla/5.0 (Macintosh; Intel Mac OS X 10_15_7) AppleWebKit/537.36 (KHTML, like Gecko) Chrome/131.0.0.0 Safari/537.36"
16.52.74.18 - - [16/Jul/2026:13:19:57 +0000] "GET /app/.env HTTP/1.1" 404 45491 "-" "Mozilla/5.0 (X11; Linux x86_64) AppleWebKit/537.36 (KHTML, like Gecko) Chrome/131.0.0.0 Safari/537.36"
16.52.74.18 - - [16/Jul/2026:13:19:58 +0000] "GET /.env.json HTTP/1.1" 404 45490 "-" "Mozilla/5.0 (Macintosh; Intel Mac OS X 10_15_7) AppleWebKit/537.36 (KHTML, like Gecko) Chrome/131.0.0.0 Safari/537.36"
209.42.17.20 - - [16/Jul/2026:13:20:04 +0000] "POST /wp-cron.php?doing_wp_cron=1784208004.3275010585784912109375 HTTP/1.1" 200 0 "-" "WordPress/7.0.1; https://ebifo.org"
16.52.74.18 - - [16/Jul/2026:13:19:59 +0000] "GET /apps/.env HTTP/1.1" 404 45493 "-" "Mozilla/5.0 (X11; Linux x86_64) AppleWebKit/537.36 (KHTML, like Gecko) Chrome/131.0.0.0 Safari/537.36"
209.42.17.20 - - [16/Jul/2026:13:20:05 +0000] "POST /wp-cron.php?doing_wp_cron=1784208005.6721360683441162109375 HTTP/1.1" 200 0 "-" "WordPress/7.0.1; https://ebifo.org"
16.52.74.18 - - [16/Jul/2026:13:20:01 +0000] "GET /.env.yaml HTTP/1.1" 404 45497 "-" "Mozilla/5.0 (Macintosh; Intel Mac OS X 10_15_7) AppleWebKit/537.36 (KHTML, like Gecko) Chrome/131.0.0.0 Safari/537.36"
16.52.74.18 - - [16/Jul/2026:13:20:04 +0000] "GET /api/.env HTTP/1.1" 404 45490 "-" "Mozilla/5.0 (X11; Linux x86_64) AppleWebKit/537.36 (KHTML, like Gecko) Chrome/131.0.0.0 Safari/537.36"
16.52.74.18 - - [16/Jul/2026:13:20:06 +0000] "GET /.env.yml HTTP/1.1" 404 45494 "-" "Mozilla/5.0 (Macintosh; Intel Mac OS X 10_15_7) AppleWebKit/537.36 (KHTML, like Gecko) Chrome/131.0.0.0 Safari/537.36"
16.52.74.18 - - [16/Jul/2026:13:20:08 +0000] "GET /web/.env HTTP/1.1" 404 45489 "-" "Mozilla/5.0 (X11; Linux x86_64) AppleWebKit/537.36 (KHTML, like Gecko) Chrome/131.0.0.0 Safari/537.36"
16.52.74.18 - - [16/Jul/2026:13:20:10 +0000] "GET /app/.env HTTP/1.1" 404 45504 "-" "Mozilla/5.0 (Macintosh; Intel Mac OS X 10_15_7) AppleWebKit/537.36 (KHTML, like Gecko) Chrome/131.0.0.0 Safari/537.36"
16.52.74.18 - - [16/Jul/2026:13:20:11 +0000] "GET /site/.env HTTP/1.1" 404 45488 "-" "Mozilla/5.0 (X11; Linux x86_64) AppleWebKit/537.36 (KHTML, like Gecko) Chrome/131.0.0.0 Safari/537.36"
16.52.74.18 - - [16/Jul/2026:13:20:13 +0000] "GET /apps/.env HTTP/1.1" 404 45504 "-" "Mozilla/5.0 (Macintosh; Intel Mac OS X 10_15_7) AppleWebKit/537.36 (KHTML, like Gecko) Chrome/131.0.0.0 Safari/537.36"
16.52.74.18 - - [16/Jul/2026:13:20:13 +0000] "GET /public/.env HTTP/1.1" 404 45511 "-" "Mozilla/5.0 (X11; Linux x86_64) AppleWebKit/537.36 (KHTML, like Gecko) Chrome/131.0.0.0 Safari/537.36"
16.52.74.18 - - [16/Jul/2026:13:20:15 +0000] "GET /api/.env HTTP/1.1" 404 45512 "-" "Mozilla/5.0 (Macintosh; Intel Mac OS X 10_15_7) AppleWebKit/537.36 (KHTML, like Gecko) Chrome/131.0.0.0 Safari/537.36"
16.52.74.18 - - [16/Jul/2026:13:20:15 +0000] "GET /admin/.env HTTP/1.1" 404 45491 "-" "Mozilla/5.0 (X11; Linux x86_64) AppleWebKit/537.36 (KHTML, like Gecko) Chrome/131.0.0.0 Safari/537.36"
16.52.74.18 - - [16/Jul/2026:13:20:18 +0000] "GET /web/.env HTTP/1.1" 404 45502 "-" "Mozilla/5.0 (Macintosh; Intel Mac OS X 10_15_7) AppleWebKit/537.36 (KHTML, like Gecko) Chrome/131.0.0.0 Safari/537.36"
16.52.74.18 - - [16/Jul/2026:13:20:18 +0000] "GET /backend/.env HTTP/1.1" 404 45492 "-" "Mozilla/5.0 (X11; Linux x86_64) AppleWebKit/537.36 (KHTML, like Gecko) Chrome/131.0.0.0 Safari/537.36"
16.52.74.18 - - [16/Jul/2026:13:20:20 +0000] "GET /site/.env HTTP/1.1" 404 45502 "-" "Mozilla/5.0 (Macintosh; Intel Mac OS X 10_15_7) AppleWebKit/537.36 (KHTML, like Gecko) Chrome/131.0.0.0 Safari/537.36"
16.52.74.18 - - [16/Jul/2026:13:20:20 +0000] "GET /server/.env HTTP/1.1" 404 45497 "-" "Mozilla/5.0 (X11; Linux x86_64) AppleWebKit/537.36 (KHTML, like Gecko) Chrome/131.0.0.0 Safari/537.36"
92.222.108.122 - - [16/Jul/2026:13:20:21 +0000] "GET /items/J971859422/ HTTP/2" 404 39444 "-" "Mozilla/5.0 (compatible; AhrefsBot/7.0; +http://ahrefs.com/robot/)"
16.52.74.18 - - [16/Jul/2026:13:20:23 +0000] "GET /public/.env HTTP/1.1" 404 45515 "-" "Mozilla/5.0 (Macintosh; Intel Mac OS X 10_15_7) AppleWebKit/537.36 (KHTML, like Gecko) Chrome/131.0.0.0 Safari/537.36"
16.52.74.18 - - [16/Jul/2026:13:20:24 +0000] "GET /frontend/.env HTTP/1.1" 404 45492 "-" "Mozilla/5.0 (X11; Linux x86_64) AppleWebKit/537.36 (KHTML, like Gecko) Chrome/131.0.0.0 Safari/537.36"
16.52.74.18 - - [16/Jul/2026:13:20:29 +0000] "GET /admin/.env HTTP/1.1" 404 45493 "-" "Mozilla/5.0 (Macintosh; Intel Mac OS X 10_15_7) AppleWebKit/537.36 (KHTML, like Gecko) Chrome/131.0.0.0 Safari/537.36"
16.52.74.18 - - [16/Jul/2026:13:20:30 +0000] "GET /src/.env HTTP/1.1" 404 45490 "-" "Mozilla/5.0 (X11; Linux x86_64) AppleWebKit/537.36 (KHTML, like Gecko) Chrome/131.0.0.0 Safari/537.36"
16.52.74.18 - - [16/Jul/2026:13:20:37 +0000] "GET /backend/.env HTTP/1.1" 404 45494 "-" "Mozilla/5.0 (Macintosh; Intel Mac OS X 10_15_7) AppleWebKit/537.36 (KHTML, like Gecko) Chrome/131.0.0.0 Safari/537.36"
16.52.74.18 - - [16/Jul/2026:13:20:38 +0000] "GET /core/.env HTTP/1.1" 404 45495 "-" "Mozilla/5.0 (X11; Linux x86_64) AppleWebKit/537.36 (KHTML, like Gecko) Chrome/131.0.0.0 Safari/537.36"
16.52.74.18 - - [16/Jul/2026:13:20:45 +0000] "GET /server/.env HTTP/1.1" 404 45504 "-" "Mozilla/5.0 (Macintosh; Intel Mac OS X 10_15_7) AppleWebKit/537.36 (KHTML, like Gecko) Chrome/131.0.0.0 Safari/537.36"
16.52.74.18 - - [16/Jul/2026:13:20:47 +0000] "GET /core/app/.env HTTP/1.1" 404 45566 "-" "Mozilla/5.0 (X11; Linux x86_64) AppleWebKit/537.36 (KHTML, like Gecko) Chrome/131.0.0.0 Safari/537.36"
16.52.74.18 - - [16/Jul/2026:13:20:52 +0000] "GET /frontend/.env HTTP/1.1" 404 45507 "-" "Mozilla/5.0 (Macintosh; Intel Mac OS X 10_15_7) AppleWebKit/537.36 (KHTML, like Gecko) Chrome/131.0.0.0 Safari/537.36"
16.52.74.18 - - [16/Jul/2026:13:20:52 +0000] "GET /config/.env HTTP/1.1" 404 45492 "-" "Mozilla/5.0 (X11; Linux x86_64) AppleWebKit/537.36 (KHTML, like Gecko) Chrome/131.0.0.0 Safari/537.36"
16.52.74.18 - - [16/Jul/2026:13:20:54 +0000] "GET /src/.env HTTP/1.1" 404 45502 "-" "Mozilla/5.0 (Macintosh; Intel Mac OS X 10_15_7) AppleWebKit/537.36 (KHTML, like Gecko) Chrome/131.0.0.0 Safari/537.36"
16.52.74.18 - - [16/Jul/2026:13:20:54 +0000] "GET /private/.env HTTP/1.1" 404 45493 "-" "Mozilla/5.0 (X11; Linux x86_64) AppleWebKit/537.36 (KHTML, like Gecko) Chrome/131.0.0.0 Safari/537.36"
16.52.74.18 - - [16/Jul/2026:13:20:56 +0000] "GET /core/.env HTTP/1.1" 404 45502 "-" "Mozilla/5.0 (Macintosh; Intel Mac OS X 10_15_7) AppleWebKit/537.36 (KHTML, like Gecko) Chrome/131.0.0.0 Safari/537.36"
209.42.17.20 - - [16/Jul/2026:13:20:59 +0000] "POST /wp-cron.php?doing_wp_cron=1784208059.5372390747070312500000 HTTP/1.1" 200 0 "-" "WordPress/7.0.1; https://ebifo.org"
16.52.74.18 - - [16/Jul/2026:13:20:57 +0000] "GET /application/.env HTTP/1.1" 404 45492 "-" "Mozilla/5.0 (X11; Linux x86_64) AppleWebKit/537.36 (KHTML, like Gecko) Chrome/131.0.0.0 Safari/537.36"
209.42.17.20 - - [16/Jul/2026:13:21:01 +0000] "POST /wp-cron.php?doing_wp_cron=1784208061.9422090053558349609375 HTTP/1.1" 200 0 "-" "WordPress/7.0.1; https://ebifo.org"
16.52.74.18 - - [16/Jul/2026:13:20:58 +0000] "GET /core/app/.env HTTP/1.1" 404 45583 "-" "Mozilla/5.0 (Macintosh; Intel Mac OS X 10_15_7) AppleWebKit/537.36 (KHTML, like Gecko) Chrome/131.0.0.0 Safari/537.36"
16.52.74.18 - - [16/Jul/2026:13:20:59 +0000] "GET /bootstrap/.env HTTP/1.1" 404 45495 "-" "Mozilla/5.0 (X11; Linux x86_64) AppleWebKit/537.36 (KHTML, like Gecko) Chrome/131.0.0.0 Safari/537.36"
16.52.74.18 - - [16/Jul/2026:13:21:02 +0000] "GET /config/.env HTTP/1.1" 404 45503 "-" "Mozilla/5.0 (Macintosh; Intel Mac OS X 10_15_7) AppleWebKit/537.36 (KHTML, like Gecko) Chrome/131.0.0.0 Safari/537.36"
16.52.74.18 - - [16/Jul/2026:13:21:04 +0000] "GET /database/.env HTTP/1.1" 404 45493 "-" "Mozilla/5.0 (X11; Linux x86_64) AppleWebKit/537.36 (KHTML, like Gecko) Chrome/131.0.0.0 Safari/537.36"
16.52.74.18 - - [16/Jul/2026:13:21:06 +0000] "GET /private/.env HTTP/1.1" 404 45506 "-" "Mozilla/5.0 (Macintosh; Intel Mac OS X 10_15_7) AppleWebKit/537.36 (KHTML, like Gecko) Chrome/131.0.0.0 Safari/537.36"
16.52.74.18 - - [16/Jul/2026:13:21:07 +0000] "GET /storage/.env HTTP/1.1" 404 45494 "-" "Mozilla/5.0 (X11; Linux x86_64) AppleWebKit/537.36 (KHTML, like Gecko) Chrome/131.0.0.0 Safari/537.36"
16.52.74.18 - - [16/Jul/2026:13:21:08 +0000] "GET /application/.env HTTP/1.1" 404 45507 "-" "Mozilla/5.0 (Macintosh; Intel Mac OS X 10_15_7) AppleWebKit/537.36 (KHTML, like Gecko) Chrome/131.0.0.0 Safari/537.36"
16.52.74.18 - - [16/Jul/2026:13:21:09 +0000] "GET /var/www/.env HTTP/1.1" 404 45569 "-" "Mozilla/5.0 (X11; Linux x86_64) AppleWebKit/537.36 (KHTML, like Gecko) Chrome/131.0.0.0 Safari/537.36"
16.52.74.18 - - [16/Jul/2026:13:21:11 +0000] "GET /bootstrap/.env HTTP/1.1" 404 45507 "-" "Mozilla/5.0 (Macintosh; Intel Mac OS X 10_15_7) AppleWebKit/537.36 (KHTML, like Gecko) Chrome/131.0.0.0 Safari/537.36"
16.52.74.18 - - [16/Jul/2026:13:21:11 +0000] "GET /var/www/html/.env HTTP/1.1" 404 45572 "-" "Mozilla/5.0 (X11; Linux x86_64) AppleWebKit/537.36 (KHTML, like Gecko) Chrome/131.0.0.0 Safari/537.36"
16.52.74.18 - - [16/Jul/2026:13:21:13 +0000] "GET /database/.env HTTP/1.1" 404 45529 "-" "Mozilla/5.0 (Macintosh; Intel Mac OS X 10_15_7) AppleWebKit/537.36 (KHTML, like Gecko) Chrome/131.0.0.0 Safari/537.36"
16.52.74.18 - - [16/Jul/2026:13:21:14 +0000] "GET /current/.env HTTP/1.1" 404 45505 "-" "Mozilla/5.0 (X11; Linux x86_64) AppleWebKit/537.36 (KHTML, like Gecko) Chrome/131.0.0.0 Safari/537.36"
16.52.74.18 - - [16/Jul/2026:13:21:21 +0000] "GET /storage/.env HTTP/1.1" 404 45506 "-" "Mozilla/5.0 (Macintosh; Intel Mac OS X 10_15_7) AppleWebKit/537.36 (KHTML, like Gecko) Chrome/131.0.0.0 Safari/537.36"
16.52.74.18 - - [16/Jul/2026:13:21:22 +0000] "GET /release/.env HTTP/1.1" 200 0 "-" "Mozilla/5.0 (X11; Linux x86_64) AppleWebKit/537.36 (KHTML, like Gecko) Chrome/131.0.0.0 Safari/537.36"
16.52.74.18 - - [16/Jul/2026:13:21:29 +0000] "GET /var/www/.env HTTP/1.1" 404 45571 "-" "Mozilla/5.0 (Macintosh; Intel Mac OS X 10_15_7) AppleWebKit/537.36 (KHTML, like Gecko) Chrome/131.0.0.0 Safari/537.36"
16.52.74.18 - - [16/Jul/2026:13:21:30 +0000] "GET /releases/.env HTTP/1.1" 404 45485 "-" "Mozilla/5.0 (X11; Linux x86_64) AppleWebKit/537.36 (KHTML, like Gecko) Chrome/131.0.0.0 Safari/537.36"
54.37.118.64 - - [16/Jul/2026:13:21:29 +0000] "GET /products/3667443139200 HTTP/2" 404 39468 "-" "Mozilla/5.0 (compatible; AhrefsBot/7.0; +http://ahrefs.com/robot/)"
16.52.74.18 - - [16/Jul/2026:13:21:37 +0000] "GET /var/www/html/.env HTTP/1.1" 200 0 "-" "Mozilla/5.0 (Macintosh; Intel Mac OS X 10_15_7) AppleWebKit/537.36 (KHTML, like Gecko) Chrome/131.0.0.0 Safari/537.36"
16.52.74.18 - - [16/Jul/2026:13:21:39 +0000] "GET /shared/.env HTTP/1.1" 200 0 "-" "Mozilla/5.0 (X11; Linux x86_64) AppleWebKit/537.36 (KHTML, like Gecko) Chrome/131.0.0.0 Safari/537.36"
16.52.74.18 - - [16/Jul/2026:13:21:45 +0000] "GET /current/.env HTTP/1.1" 404 45504 "-" "Mozilla/5.0 (Macintosh; Intel Mac OS X 10_15_7) AppleWebKit/537.36 (KHTML, like Gecko) Chrome/131.0.0.0 Safari/537.36"
16.52.74.18 - - [16/Jul/2026:13:21:47 +0000] "GET /deploy/.env HTTP/1.1" 404 45510 "-" "Mozilla/5.0 (X11; Linux x86_64) AppleWebKit/537.36 (KHTML, like Gecko) Chrome/131.0.0.0 Safari/537.36"
16.52.74.18 - - [16/Jul/2026:13:21:53 +0000] "GET /release/.env HTTP/1.1" 404 45519 "-" "Mozilla/5.0 (Macintosh; Intel Mac OS X 10_15_7) AppleWebKit/537.36 (KHTML, like Gecko) Chrome/131.0.0.0 Safari/537.36"
209.42.17.20 - - [16/Jul/2026:13:22:04 +0000] "POST /wp-cron.php?doing_wp_cron=1784208124.1259019374847412109375 HTTP/1.1" 200 0 "-" "WordPress/7.0.1; https://ebifo.org"
16.52.74.18 - - [16/Jul/2026:13:21:55 +0000] "GET /build/.env HTTP/1.1" 200 0 "-" "Mozilla/5.0 (X11; Linux x86_64) AppleWebKit/537.36 (KHTML, like Gecko) Chrome/131.0.0.0 Safari/537.36"
209.42.17.20 - - [16/Jul/2026:13:22:06 +0000] "POST /wp-cron.php?doing_wp_cron=1784208126.4193129539489746093750 HTTP/1.1" 200 0 "-" "WordPress/7.0.1; https://ebifo.org"
16.52.74.18 - - [16/Jul/2026:13:22:02 +0000] "GET /releases/.env HTTP/1.1" 404 45501 "-" "Mozilla/5.0 (Macintosh; Intel Mac OS X 10_15_7) AppleWebKit/537.36 (KHTML, like Gecko) Chrome/131.0.0.0 Safari/537.36"
209.42.17.20 - - [16/Jul/2026:13:22:12 +0000] "POST /wp-cron.php?doing_wp_cron=1784208132.7405600547790527343750 HTTP/1.1" 200 0 "-" "WordPress/7.0.1; https://ebifo.org"
16.52.74.18 - - [16/Jul/2026:13:22:03 +0000] "GET /dist/.env HTTP/1.1" 200 0 "-" "Mozilla/5.0 (X11; Linux x86_64) AppleWebKit/537.36 (KHTML, like Gecko) Chrome/131.0.0.0 Safari/537.36"
16.52.74.18 - - [16/Jul/2026:13:22:10 +0000] "GET /shared/.env HTTP/1.1" 200 0 "-" "Mozilla/5.0 (Macintosh; Intel Mac OS X 10_15_7) AppleWebKit/537.36 (KHTML, like Gecko) Chrome/131.0.0.0 Safari/537.36"
16.52.74.18 - - [16/Jul/2026:13:22:11 +0000] "GET /public_html/.env HTTP/1.1" 200 0 "-" "Mozilla/5.0 (X11; Linux x86_64) AppleWebKit/537.36 (KHTML, like Gecko) Chrome/131.0.0.0 Safari/537.36"
16.52.74.18 - - [16/Jul/2026:13:22:18 +0000] "GET /deploy/.env HTTP/1.1" 404 45495 "-" "Mozilla/5.0 (Macintosh; Intel Mac OS X 10_15_7) AppleWebKit/537.36 (KHTML, like Gecko) Chrome/131.0.0.0 Safari/537.36"
