17.241.219.95 - - [16/Jul/2026:14:17:17 +0000] "GET /wp-content/plugins/elementor/assets/js/frontend-modules.min.js?ver=4.1.4 HTTP/2" 200 15445 "https://ebifo.org/" "Mozilla/5.0 (Macintosh; Intel Mac OS X 10_15_7) AppleWebKit/605.1.15 (KHTML, like Gecko) Version/17.4 Safari/605.1.15 (Applebot/0.1; +http://www.apple.com/go/applebot)"
3.27.215.4 - - [16/Jul/2026:14:17:15 +0000] "GET /phpversion.php HTTP/1.1" 404 45496 "-" "Mozilla/5.0 (Macintosh; Intel Mac OS X 10_15_7) AppleWebKit/537.36 (KHTML, like Gecko) Chrome/131.0.0.0 Safari/537.36"
17.241.219.95 - - [16/Jul/2026:14:17:18 +0000] "GET /wp-includes/js/jquery/ui/core.min.js?ver=1.13.3 HTTP/2" 200 6812 "https://ebifo.org/" "Mozilla/5.0 (Macintosh; Intel Mac OS X 10_15_7) AppleWebKit/605.1.15 (KHTML, like Gecko) Version/17.4 Safari/605.1.15 (Applebot/0.1; +http://www.apple.com/go/applebot)"
3.27.215.4 - - [16/Jul/2026:14:17:17 +0000] "GET /_phpinfo.php HTTP/1.1" 301 0 "-" "Mozilla/5.0 (Macintosh; Intel Mac OS X 10_15_7) AppleWebKit/537.36 (KHTML, like Gecko) Chrome/131.0.0.0 Safari/537.36"
17.241.219.95 - - [16/Jul/2026:14:17:19 +0000] "GET /wp-content/plugins/elementor/assets/js/frontend.min.js?ver=4.1.4 HTTP/2" 200 10124 "https://ebifo.org/" "Mozilla/5.0 (Macintosh; Intel Mac OS X 10_15_7) AppleWebKit/605.1.15 (KHTML, like Gecko) Version/17.4 Safari/605.1.15 (Applebot/0.1; +http://www.apple.com/go/applebot)"
17.241.219.95 - - [16/Jul/2026:14:17:21 +0000] "GET /wp-content/plugins/bearsthemes-addons/assets/js/jquery.magnific-popup.min.js?ver=7.0.1 HTTP/2" 200 7043 "https://ebifo.org/" "Mozilla/5.0 (Macintosh; Intel Mac OS X 10_15_7) AppleWebKit/605.1.15 (KHTML, like Gecko) Version/17.4 Safari/605.1.15 (Applebot/0.1; +http://www.apple.com/go/applebot)"
3.27.215.4 - - [16/Jul/2026:14:17:19 +0000] "GET /_phpinfo.php HTTP/1.1" 404 45493 "-" "Mozilla/5.0 (Macintosh; Intel Mac OS X 10_15_7) AppleWebKit/537.36 (KHTML, like Gecko) Chrome/131.0.0.0 Safari/537.36"
17.241.219.95 - - [16/Jul/2026:14:17:22 +0000] "GET /wp-content/plugins/bearsthemes-addons/assets/js/frontend.js?ver=7.0.1 HTTP/2" 200 3481 "https://ebifo.org/" "Mozilla/5.0 (Macintosh; Intel Mac OS X 10_15_7) AppleWebKit/605.1.15 (KHTML, like Gecko) Version/17.4 Safari/605.1.15 (Applebot/0.1; +http://www.apple.com/go/applebot)"
17.241.219.95 - - [16/Jul/2026:14:17:24 +0000] "GET /wp-content/plugins/elementor-pro/assets/lib/smartmenus/jquery.smartmenus.min.js?ver=1.2.1 HTTP/2" 200 6867 "https://ebifo.org/" "Mozilla/5.0 (Macintosh; Intel Mac OS X 10_15_7) AppleWebKit/605.1.15 (KHTML, like Gecko) Version/17.4 Safari/605.1.15 (Applebot/0.1; +http://www.apple.com/go/applebot)"
3.27.215.4 - - [16/Jul/2026:14:17:23 +0000] "GET /old_phpinfo.php HTTP/1.1" 301 0 "-" "Mozilla/5.0 (Macintosh; Intel Mac OS X 10_15_7) AppleWebKit/537.36 (KHTML, like Gecko) Chrome/131.0.0.0 Safari/537.36"
37.59.204.140 - - [16/Jul/2026:14:17:22 +0000] "GET /products/38138492569594 HTTP/2" 404 39253 "-" "Mozilla/5.0 (compatible; AhrefsBot/7.0; +http://ahrefs.com/robot/)"
17.241.219.95 - - [16/Jul/2026:14:17:25 +0000] "GET /wp-content/plugins/elementor-pro/assets/lib/sticky/jquery.sticky.min.js?ver=4.1.1 HTTP/2" 200 1442 "https://ebifo.org/" "Mozilla/5.0 (Macintosh; Intel Mac OS X 10_15_7) AppleWebKit/605.1.15 (KHTML, like Gecko) Version/17.4 Safari/605.1.15 (Applebot/0.1; +http://www.apple.com/go/applebot)"
17.241.219.95 - - [16/Jul/2026:14:17:26 +0000] "GET /wp-content/plugins/bearsthemes-addons/assets/js/progressbar.min.js?ver=7.0.1 HTTP/2" 200 8389 "https://ebifo.org/" "Mozilla/5.0 (Macintosh; Intel Mac OS X 10_15_7) AppleWebKit/605.1.15 (KHTML, like Gecko) Version/17.4 Safari/605.1.15 (Applebot/0.1; +http://www.apple.com/go/applebot)"
3.27.215.4 - - [16/Jul/2026:14:17:24 +0000] "GET /old_phpinfo.php HTTP/1.1" 404 45503 "-" "Mozilla/5.0 (Macintosh; Intel Mac OS X 10_15_7) AppleWebKit/537.36 (KHTML, like Gecko) Chrome/131.0.0.0 Safari/537.36"
17.241.219.95 - - [16/Jul/2026:14:17:28 +0000] "GET /wp-content/plugins/woocommerce/assets/js/sourcebuster/sourcebuster.min.js?ver=10.9.1 HTTP/2" 200 4609 "https://ebifo.org/" "Mozilla/5.0 (Macintosh; Intel Mac OS X 10_15_7) AppleWebKit/605.1.15 (KHTML, like Gecko) Version/17.4 Safari/605.1.15 (Applebot/0.1; +http://www.apple.com/go/applebot)"
3.27.215.4 - - [16/Jul/2026:14:17:27 +0000] "GET /server-info.php HTTP/1.1" 301 0 "-" "Mozilla/5.0 (Macintosh; Intel Mac OS X 10_15_7) AppleWebKit/537.36 (KHTML, like Gecko) Chrome/131.0.0.0 Safari/537.36"
17.241.219.95 - - [16/Jul/2026:14:17:29 +0000] "GET /wp-content/plugins/woocommerce/assets/js/frontend/order-attribution.min.js?ver=10.9.1 HTTP/2" 200 1020 "https://ebifo.org/" "Mozilla/5.0 (Macintosh; Intel Mac OS X 10_15_7) AppleWebKit/605.1.15 (KHTML, like Gecko) Version/17.4 Safari/605.1.15 (Applebot/0.1; +http://www.apple.com/go/applebot)"
17.241.219.95 - - [16/Jul/2026:14:17:30 +0000] "GET /wp-content/plugins/ubermenu/assets/js/ubermenu.min.js?ver=3.8.5 HTTP/2" 200 9738 "https://ebifo.org/" "Mozilla/5.0 (Macintosh; Intel Mac OS X 10_15_7) AppleWebKit/605.1.15 (KHTML, like Gecko) Version/17.4 Safari/605.1.15 (Applebot/0.1; +http://www.apple.com/go/applebot)"
3.27.215.4 - - [16/Jul/2026:14:17:29 +0000] "GET /server-info.php HTTP/1.1" 404 45503 "-" "Mozilla/5.0 (Macintosh; Intel Mac OS X 10_15_7) AppleWebKit/537.36 (KHTML, like Gecko) Chrome/131.0.0.0 Safari/537.36"
17.241.219.95 - - [16/Jul/2026:14:17:32 +0000] "GET /wp-content/plugins/essential-addons-for-elementor-lite/assets/front-end/js/view/general.min.js?ver=6.6.9 HTTP/2" 200 3898 "https://ebifo.org/" "Mozilla/5.0 (Macintosh; Intel Mac OS X 10_15_7) AppleWebKit/605.1.15 (KHTML, like Gecko) Version/17.4 Safari/605.1.15 (Applebot/0.1; +http://www.apple.com/go/applebot)"
3.27.215.4 - - [16/Jul/2026:14:17:31 +0000] "GET /server-status.php HTTP/1.1" 301 0 "-" "Mozilla/5.0 (Macintosh; Intel Mac OS X 10_15_7) AppleWebKit/537.36 (KHTML, like Gecko) Chrome/131.0.0.0 Safari/537.36"
17.241.219.95 - - [16/Jul/2026:14:17:33 +0000] "GET /wp-content/plugins/bearsthemes-addons/assets/js/swiper.min.js?ver=7.0.1 HTTP/2" 200 34004 "https://ebifo.org/" "Mozilla/5.0 (Macintosh; Intel Mac OS X 10_15_7) AppleWebKit/605.1.15 (KHTML, like Gecko) Version/17.4 Safari/605.1.15 (Applebot/0.1; +http://www.apple.com/go/applebot)"
17.241.219.95 - - [16/Jul/2026:14:17:35 +0000] "GET /wp-content/plugins/elementor-pro/assets/js/webpack-pro.runtime.min.js?ver=4.1.1 HTTP/2" 200 2606 "https://ebifo.org/" "Mozilla/5.0 (Macintosh; Intel Mac OS X 10_15_7) AppleWebKit/605.1.15 (KHTML, like Gecko) Version/17.4 Safari/605.1.15 (Applebot/0.1; +http://www.apple.com/go/applebot)"
17.241.219.95 - - [16/Jul/2026:14:17:36 +0000] "GET /wp-content/plugins/elementor-pro/assets/js/frontend.min.js?ver=4.1.1 HTTP/2" 200 6191 "https://ebifo.org/" "Mozilla/5.0 (Macintosh; Intel Mac OS X 10_15_7) AppleWebKit/605.1.15 (KHTML, like Gecko) Version/17.4 Safari/605.1.15 (Applebot/0.1; +http://www.apple.com/go/applebot)"
17.241.219.95 - - [16/Jul/2026:14:17:37 +0000] "GET /wp-content/plugins/elementor-pro/assets/js/elements-handlers.min.js?ver=4.1.1 HTTP/2" 200 10079 "https://ebifo.org/" "Mozilla/5.0 (Macintosh; Intel Mac OS X 10_15_7) AppleWebKit/605.1.15 (KHTML, like Gecko) Version/17.4 Safari/605.1.15 (Applebot/0.1; +http://www.apple.com/go/applebot)"
17.241.219.95 - - [16/Jul/2026:14:17:39 +0000] "GET /wp-content/plugins/woocommerce/assets/js/zoom/jquery.zoom.min.js?ver=1.7.21-wc.10.9.1 HTTP/2" 200 1052 "https://ebifo.org/" "Mozilla/5.0 (Macintosh; Intel Mac OS X 10_15_7) AppleWebKit/605.1.15 (KHTML, like Gecko) Version/17.4 Safari/605.1.15 (Applebot/0.1; +http://www.apple.com/go/applebot)"
17.241.219.95 - - [16/Jul/2026:14:17:40 +0000] "GET /wp-content/plugins/woocommerce/assets/js/flexslider/jquery.flexslider.min.js?ver=2.7.2-wc.10.9.1 HTTP/2" 200 6017 "https://ebifo.org/" "Mozilla/5.0 (Macintosh; Intel Mac OS X 10_15_7) AppleWebKit/605.1.15 (KHTML, like Gecko) Version/17.4 Safari/605.1.15 (Applebot/0.1; +http://www.apple.com/go/applebot)"
3.27.215.4 - - [16/Jul/2026:14:17:33 +0000] "GET /server-status.php HTTP/1.1" 404 45510 "-" "Mozilla/5.0 (Macintosh; Intel Mac OS X 10_15_7) AppleWebKit/537.36 (KHTML, like Gecko) Chrome/131.0.0.0 Safari/537.36"
17.241.219.95 - - [16/Jul/2026:14:17:41 +0000] "GET /wp-content/plugins/woocommerce/assets/js/photoswipe/photoswipe.min.js?ver=4.1.1-wc.10.9.1 HTTP/2" 200 11652 "https://ebifo.org/" "Mozilla/5.0 (Macintosh; Intel Mac OS X 10_15_7) AppleWebKit/605.1.15 (KHTML, like Gecko) Version/17.4 Safari/605.1.15 (Applebot/0.1; +http://www.apple.com/go/applebot)"
17.241.219.95 - - [16/Jul/2026:14:17:43 +0000] "GET /wp-content/plugins/woocommerce/assets/js/photoswipe/photoswipe-ui-default.min.js?ver=4.1.1-wc.10.9.1 HTTP/2" 200 3478 "https://ebifo.org/" "Mozilla/5.0 (Macintosh; Intel Mac OS X 10_15_7) AppleWebKit/605.1.15 (KHTML, like Gecko) Version/17.4 Safari/605.1.15 (Applebot/0.1; +http://www.apple.com/go/applebot)"
3.27.215.4 - - [16/Jul/2026:14:17:42 +0000] "GET /_profiler/phpinfo HTTP/1.1" 301 0 "-" "Mozilla/5.0 (Macintosh; Intel Mac OS X 10_15_7) AppleWebKit/537.36 (KHTML, like Gecko) Chrome/131.0.0.0 Safari/537.36"
17.241.219.95 - - [16/Jul/2026:14:17:44 +0000] "GET /wp-content/plugins/the-events-calendar/common/build/js/underscore-before.js HTTP/2" 200 192 "https://ebifo.org/" "Mozilla/5.0 (Macintosh; Intel Mac OS X 10_15_7) AppleWebKit/605.1.15 (KHTML, like Gecko) Version/17.4 Safari/605.1.15 (Applebot/0.1; +http://www.apple.com/go/applebot)"
17.241.219.95 - - [16/Jul/2026:14:17:46 +0000] "GET /wp-includes/js/underscore.min.js?ver=1.13.8 HTTP/2" 200 7228 "https://ebifo.org/" "Mozilla/5.0 (Macintosh; Intel Mac OS X 10_15_7) AppleWebKit/605.1.15 (KHTML, like Gecko) Version/17.4 Safari/605.1.15 (Applebot/0.1; +http://www.apple.com/go/applebot)"
3.27.215.4 - - [16/Jul/2026:14:17:44 +0000] "GET /_profiler/phpinfo HTTP/1.1" 404 45501 "-" "Mozilla/5.0 (Macintosh; Intel Mac OS X 10_15_7) AppleWebKit/537.36 (KHTML, like Gecko) Chrome/131.0.0.0 Safari/537.36"
17.241.219.95 - - [16/Jul/2026:14:17:47 +0000] "GET /wp-content/plugins/the-events-calendar/common/build/js/underscore-after.js HTTP/2" 200 112 "https://ebifo.org/" "Mozilla/5.0 (Macintosh; Intel Mac OS X 10_15_7) AppleWebKit/605.1.15 (KHTML, like Gecko) Version/17.4 Safari/605.1.15 (Applebot/0.1; +http://www.apple.com/go/applebot)"
3.27.215.4 - - [16/Jul/2026:14:17:47 +0000] "GET /_environment HTTP/1.1" 301 0 "-" "Mozilla/5.0 (Macintosh; Intel Mac OS X 10_15_7) AppleWebKit/537.36 (KHTML, like Gecko) Chrome/131.0.0.0 Safari/537.36"
17.241.219.95 - - [16/Jul/2026:14:17:48 +0000] "GET /wp-includes/js/wp-util.min.js?ver=7.0.1 HTTP/2" 200 693 "https://ebifo.org/" "Mozilla/5.0 (Macintosh; Intel Mac OS X 10_15_7) AppleWebKit/605.1.15 (KHTML, like Gecko) Version/17.4 Safari/605.1.15 (Applebot/0.1; +http://www.apple.com/go/applebot)"
17.241.219.95 - - [16/Jul/2026:14:17:50 +0000] "GET /wp-content/plugins/woocommerce/assets/js/frontend/add-to-cart-variation.min.js?ver=10.9.1 HTTP/2" 200 4131 "https://ebifo.org/" "Mozilla/5.0 (Macintosh; Intel Mac OS X 10_15_7) AppleWebKit/605.1.15 (KHTML, like Gecko) Version/17.4 Safari/605.1.15 (Applebot/0.1; +http://www.apple.com/go/applebot)"
17.241.219.95 - - [16/Jul/2026:14:17:51 +0000] "GET /wp-content/plugins/woocommerce/assets/js/frontend/single-product.min.js?ver=10.9.1 HTTP/2" 200 2700 "https://ebifo.org/" "Mozilla/5.0 (Macintosh; Intel Mac OS X 10_15_7) AppleWebKit/605.1.15 (KHTML, like Gecko) Version/17.4 Safari/605.1.15 (Applebot/0.1; +http://www.apple.com/go/applebot)"
17.241.219.95 - - [16/Jul/2026:14:17:52 +0000] "GET /wp-content/themes/alone/fonts/font.css HTTP/2" 200 216 "https://ebifo.org/" "Mozilla/5.0 (Macintosh; Intel Mac OS X 10_15_7) AppleWebKit/605.1.15 (KHTML, like Gecko) Version/17.4 Safari/605.1.15 (Applebot/0.1; +http://www.apple.com/go/applebot)"
17.241.219.95 - - [16/Jul/2026:14:17:54 +0000] "GET /wp-content/themes/alone/css/normalize.css HTTP/2" 200 1777 "https://ebifo.org/" "Mozilla/5.0 (Macintosh; Intel Mac OS X 10_15_7) AppleWebKit/605.1.15 (KHTML, like Gecko) Version/17.4 Safari/605.1.15 (Applebot/0.1; +http://www.apple.com/go/applebot)"
17.241.219.95 - - [16/Jul/2026:14:17:55 +0000] "GET /wp-content/themes/alone/css/alone-main.css HTTP/2" 200 12559 "https://ebifo.org/" "Mozilla/5.0 (Macintosh; Intel Mac OS X 10_15_7) AppleWebKit/605.1.15 (KHTML, like Gecko) Version/17.4 Safari/605.1.15 (Applebot/0.1; +http://www.apple.com/go/applebot)"
3.27.215.4 - - [16/Jul/2026:14:17:48 +0000] "GET /_environment HTTP/1.1" 404 45520 "-" "Mozilla/5.0 (Macintosh; Intel Mac OS X 10_15_7) AppleWebKit/537.36 (KHTML, like Gecko) Chrome/131.0.0.0 Safari/537.36"
17.241.219.95 - - [16/Jul/2026:14:17:57 +0000] "GET /wp-content/plugins/woocommerce/assets/css/woocommerce-smallscreen.css?ver=10.9.1 HTTP/2" 200 1297 "https://ebifo.org/" "Mozilla/5.0 (Macintosh; Intel Mac OS X 10_15_7) AppleWebKit/605.1.15 (KHTML, like Gecko) Version/17.4 Safari/605.1.15 (Applebot/0.1; +http://www.apple.com/go/applebot)"
17.241.219.95 - - [16/Jul/2026:14:17:58 +0000] "GET /wp-content/themes/alone/print.css?ver=7.8.8 HTTP/2" 200 1453 "https://ebifo.org/" "Mozilla/5.0 (Macintosh; Intel Mac OS X 10_15_7) AppleWebKit/605.1.15 (KHTML, like Gecko) Version/17.4 Safari/605.1.15 (Applebot/0.1; +http://www.apple.com/go/applebot)"
3.27.215.4 - - [16/Jul/2026:14:17:56 +0000] "GET /webroot/index.php/_environment HTTP/1.1" 301 0 "-" "Mozilla/5.0 (Macintosh; Intel Mac OS X 10_15_7) AppleWebKit/537.36 (KHTML, like Gecko) Chrome/131.0.0.0 Safari/537.36"
209.42.17.20 - - [16/Jul/2026:14:18:01 +0000] "POST /wp-cron.php?doing_wp_cron=1784211481.2399249076843261718750 HTTP/1.1" 200 0 "-" "WordPress/7.0.1; https://ebifo.org"
3.27.215.4 - - [16/Jul/2026:14:17:59 +0000] "GET /webroot/_environment HTTP/1.1" 404 45495 "-" "Mozilla/5.0 (Macintosh; Intel Mac OS X 10_15_7) AppleWebKit/537.36 (KHTML, like Gecko) Chrome/131.0.0.0 Safari/537.36"
17.241.219.95 - - [16/Jul/2026:14:18:02 +0000] "GET /wp-content/plugins/elementor/assets/js/shared-frontend-handlers.03caa53373b56d3bab67.bundle.min.js HTTP/2" 200 2511 "https://ebifo.org/" "Mozilla/5.0 (Macintosh; Intel Mac OS X 10_15_7) AppleWebKit/605.1.15 (KHTML, like Gecko) Version/17.4 Safari/605.1.15 (Applebot/0.1; +http://www.apple.com/go/applebot)"
3.27.215.4 - - [16/Jul/2026:14:18:02 +0000] "GET /mail/phpinfo.php HTTP/1.1" 301 0 "-" "Mozilla/5.0 (Macintosh; Intel Mac OS X 10_15_7) AppleWebKit/537.36 (KHTML, like Gecko) Chrome/131.0.0.0 Safari/537.36"
17.241.219.95 - - [16/Jul/2026:14:18:04 +0000] "GET /wp-includes/js/wp-emoji-release.min.js?ver=7.0.1 HTTP/2" 200 4974 "https://ebifo.org/" "Mozilla/5.0 (Macintosh; Intel Mac OS X 10_15_7) AppleWebKit/605.1.15 (KHTML, like Gecko) Version/17.4 Safari/605.1.15 (Applebot/0.1; +http://www.apple.com/go/applebot)"
17.241.219.95 - - [16/Jul/2026:14:18:05 +0000] "GET /wp-content/plugins/elementor/assets/js/section-frontend-handlers.d85ab872da118940910d.bundle.min.js HTTP/2" 200 229 "https://ebifo.org/" "Mozilla/5.0 (Macintosh; Intel Mac OS X 10_15_7) AppleWebKit/605.1.15 (KHTML, like Gecko) Version/17.4 Safari/605.1.15 (Applebot/0.1; +http://www.apple.com/go/applebot)"
3.27.215.4 - - [16/Jul/2026:14:18:04 +0000] "GET /mail/phpinfo.php HTTP/1.1" 404 45495 "-" "Mozilla/5.0 (Macintosh; Intel Mac OS X 10_15_7) AppleWebKit/537.36 (KHTML, like Gecko) Chrome/131.0.0.0 Safari/537.36"
17.241.219.95 - - [16/Jul/2026:14:18:06 +0000] "GET /wp-content/plugins/elementor-pro/assets/js/nav-menu.3afa8f5eb1fef7c22561.bundle.min.js HTTP/2" 200 1720 "https://ebifo.org/" "Mozilla/5.0 (Macintosh; Intel Mac OS X 10_15_7) AppleWebKit/605.1.15 (KHTML, like Gecko) Version/17.4 Safari/605.1.15 (Applebot/0.1; +http://www.apple.com/go/applebot)"
17.241.219.95 - - [16/Jul/2026:14:18:08 +0000] "GET /wp-content/plugins/elementor/assets/js/text-editor.45609661e409413f1cef.bundle.min.js HTTP/2" 200 592 "https://ebifo.org/" "Mozilla/5.0 (Macintosh; Intel Mac OS X 10_15_7) AppleWebKit/605.1.15 (KHTML, like Gecko) Version/17.4 Safari/605.1.15 (Applebot/0.1; +http://www.apple.com/go/applebot)"
3.27.215.4 - - [16/Jul/2026:14:18:07 +0000] "GET /cpanel/phpinfo.php HTTP/1.1" 301 0 "-" "Mozilla/5.0 (Macintosh; Intel Mac OS X 10_15_7) AppleWebKit/537.36 (KHTML, like Gecko) Chrome/131.0.0.0 Safari/537.36"
17.241.219.95 - - [16/Jul/2026:14:18:09 +0000] "GET /wp-content/plugins/elementor/assets/js/video.86d44e46e43d0807e708.bundle.min.js HTTP/2" 200 1186 "https://ebifo.org/" "Mozilla/5.0 (Macintosh; Intel Mac OS X 10_15_7) AppleWebKit/605.1.15 (KHTML, like Gecko) Version/17.4 Safari/605.1.15 (Applebot/0.1; +http://www.apple.com/go/applebot)"
3.27.215.4 - - [16/Jul/2026:14:18:08 +0000] "GET /cpanel/phpinfo.php HTTP/1.1" 404 45501 "-" "Mozilla/5.0 (Macintosh; Intel Mac OS X 10_15_7) AppleWebKit/537.36 (KHTML, like Gecko) Chrome/131.0.0.0 Safari/537.36"
3.27.215.4 - - [16/Jul/2026:14:18:11 +0000] "GET /hosting/phpinfo.php HTTP/1.1" 301 0 "-" "Mozilla/5.0 (Macintosh; Intel Mac OS X 10_15_7) AppleWebKit/537.36 (KHTML, like Gecko) Chrome/131.0.0.0 Safari/537.36"
3.27.215.4 - - [16/Jul/2026:14:18:13 +0000] "GET /hosting/phpinfo.php HTTP/1.1" 404 45502 "-" "Mozilla/5.0 (Macintosh; Intel Mac OS X 10_15_7) AppleWebKit/537.36 (KHTML, like Gecko) Chrome/131.0.0.0 Safari/537.36"
3.27.215.4 - - [16/Jul/2026:14:18:16 +0000] "GET /webmail/phpinfo.php HTTP/1.1" 200 13597 "-" "Mozilla/5.0 (Macintosh; Intel Mac OS X 10_15_7) AppleWebKit/537.36 (KHTML, like Gecko) Chrome/131.0.0.0 Safari/537.36"
3.27.215.4 - - [16/Jul/2026:14:18:17 +0000] "GET /smtp/phpinfo.php HTTP/1.1" 301 0 "-" "Mozilla/5.0 (Macintosh; Intel Mac OS X 10_15_7) AppleWebKit/537.36 (KHTML, like Gecko) Chrome/131.0.0.0 Safari/537.36"
3.27.215.4 - - [16/Jul/2026:14:18:21 +0000] "GET /smtp/phpinfo.php HTTP/1.1" 404 45502 "-" "Mozilla/5.0 (Macintosh; Intel Mac OS X 10_15_7) AppleWebKit/537.36 (KHTML, like Gecko) Chrome/131.0.0.0 Safari/537.36"
3.27.215.4 - - [16/Jul/2026:14:18:24 +0000] "GET /phpinfo.php.bak HTTP/1.1" 301 0 "-" "Mozilla/5.0 (Macintosh; Intel Mac OS X 10_15_7) AppleWebKit/537.36 (KHTML, like Gecko) Chrome/131.0.0.0 Safari/537.36"
3.27.215.4 - - [16/Jul/2026:14:18:25 +0000] "GET /phpinfo.php.bak HTTP/1.1" 404 45506 "-" "Mozilla/5.0 (Macintosh; Intel Mac OS X 10_15_7) AppleWebKit/537.36 (KHTML, like Gecko) Chrome/131.0.0.0 Safari/537.36"
3.27.215.4 - - [16/Jul/2026:14:18:29 +0000] "GET /phpinfo.php.old HTTP/1.1" 301 0 "-" "Mozilla/5.0 (Macintosh; Intel Mac OS X 10_15_7) AppleWebKit/537.36 (KHTML, like Gecko) Chrome/131.0.0.0 Safari/537.36"
51.75.236.148 - - [16/Jul/2026:14:18:29 +0000] "GET /products/16296880360719 HTTP/2" 404 39254 "-" "Mozilla/5.0 (compatible; AhrefsBot/7.0; +http://ahrefs.com/robot/)"
3.27.215.4 - - [16/Jul/2026:14:18:31 +0000] "GET /phpinfo.php.old HTTP/1.1" 404 45506 "-" "Mozilla/5.0 (Macintosh; Intel Mac OS X 10_15_7) AppleWebKit/537.36 (KHTML, like Gecko) Chrome/131.0.0.0 Safari/537.36"
3.27.215.4 - - [16/Jul/2026:14:18:33 +0000] "GET /phpinfo.php~ HTTP/1.1" 301 0 "-" "Mozilla/5.0 (Macintosh; Intel Mac OS X 10_15_7) AppleWebKit/537.36 (KHTML, like Gecko) Chrome/131.0.0.0 Safari/537.36"
3.27.215.4 - - [16/Jul/2026:14:18:35 +0000] "GET /phpinfo.php~ HTTP/1.1" 404 45497 "-" "Mozilla/5.0 (Macintosh; Intel Mac OS X 10_15_7) AppleWebKit/537.36 (KHTML, like Gecko) Chrome/131.0.0.0 Safari/537.36"
3.27.215.4 - - [16/Jul/2026:14:18:40 +0000] "GET /info.php.bak HTTP/1.1" 301 0 "-" "Mozilla/5.0 (Macintosh; Intel Mac OS X 10_15_7) AppleWebKit/537.36 (KHTML, like Gecko) Chrome/131.0.0.0 Safari/537.36"
3.27.215.4 - - [16/Jul/2026:14:18:41 +0000] "GET /info.php.bak HTTP/1.1" 404 45499 "-" "Mozilla/5.0 (Macintosh; Intel Mac OS X 10_15_7) AppleWebKit/537.36 (KHTML, like Gecko) Chrome/131.0.0.0 Safari/537.36"
3.27.215.4 - - [16/Jul/2026:14:18:45 +0000] "GET /phpinfo.php.save HTTP/1.1" 301 0 "-" "Mozilla/5.0 (Macintosh; Intel Mac OS X 10_15_7) AppleWebKit/537.36 (KHTML, like Gecko) Chrome/131.0.0.0 Safari/537.36"
3.27.215.4 - - [16/Jul/2026:14:18:47 +0000] "GET /phpinfo.php.save HTTP/1.1" 404 45508 "-" "Mozilla/5.0 (Macintosh; Intel Mac OS X 10_15_7) AppleWebKit/537.36 (KHTML, like Gecko) Chrome/131.0.0.0 Safari/537.36"
3.27.215.4 - - [16/Jul/2026:14:18:49 +0000] "GET /staging/phpinfo.php HTTP/1.1" 301 0 "-" "Mozilla/5.0 (Macintosh; Intel Mac OS X 10_15_7) AppleWebKit/537.36 (KHTML, like Gecko) Chrome/131.0.0.0 Safari/537.36"
3.27.215.4 - - [16/Jul/2026:14:18:51 +0000] "GET /staging/phpinfo.php HTTP/1.1" 404 45503 "-" "Mozilla/5.0 (Macintosh; Intel Mac OS X 10_15_7) AppleWebKit/537.36 (KHTML, like Gecko) Chrome/131.0.0.0 Safari/537.36"
3.27.215.4 - - [16/Jul/2026:14:18:54 +0000] "GET /beta/phpinfo.php HTTP/1.1" 301 0 "-" "Mozilla/5.0 (Macintosh; Intel Mac OS X 10_15_7) AppleWebKit/537.36 (KHTML, like Gecko) Chrome/131.0.0.0 Safari/537.36"
3.27.215.4 - - [16/Jul/2026:14:18:56 +0000] "GET /beta/phpinfo.php HTTP/1.1" 404 45499 "-" "Mozilla/5.0 (Macintosh; Intel Mac OS X 10_15_7) AppleWebKit/537.36 (KHTML, like Gecko) Chrome/131.0.0.0 Safari/537.36"
209.42.17.20 - - [16/Jul/2026:14:19:00 +0000] "POST /wp-cron.php?doing_wp_cron=1784211540.3776199817657470703125 HTTP/1.1" 200 0 "-" "WordPress/7.0.1; https://ebifo.org"
3.27.215.4 - - [16/Jul/2026:14:18:58 +0000] "GET /uat/phpinfo.php HTTP/1.1" 301 0 "-" "Mozilla/5.0 (Macintosh; Intel Mac OS X 10_15_7) AppleWebKit/537.36 (KHTML, like Gecko) Chrome/131.0.0.0 Safari/537.36"
3.27.215.4 - - [16/Jul/2026:14:19:00 +0000] "GET /uat/phpinfo.php HTTP/1.1" 404 45499 "-" "Mozilla/5.0 (Macintosh; Intel Mac OS X 10_15_7) AppleWebKit/537.36 (KHTML, like Gecko) Chrome/131.0.0.0 Safari/537.36"
3.27.215.4 - - [16/Jul/2026:14:19:06 +0000] "GET /qa/phpinfo.php HTTP/1.1" 301 0 "-" "Mozilla/5.0 (Macintosh; Intel Mac OS X 10_15_7) AppleWebKit/537.36 (KHTML, like Gecko) Chrome/131.0.0.0 Safari/537.36"
3.27.215.4 - - [16/Jul/2026:14:19:08 +0000] "GET /qa/phpinfo.php HTTP/1.1" 404 45498 "-" "Mozilla/5.0 (Macintosh; Intel Mac OS X 10_15_7) AppleWebKit/537.36 (KHTML, like Gecko) Chrome/131.0.0.0 Safari/537.36"
3.27.215.4 - - [16/Jul/2026:14:19:11 +0000] "GET /preview/phpinfo.php HTTP/1.1" 301 0 "-" "Mozilla/5.0 (Macintosh; Intel Mac OS X 10_15_7) AppleWebKit/537.36 (KHTML, like Gecko) Chrome/131.0.0.0 Safari/537.36"
3.27.215.4 - - [16/Jul/2026:14:19:16 +0000] "GET /preview/phpinfo.php HTTP/1.1" 404 45500 "-" "Mozilla/5.0 (Macintosh; Intel Mac OS X 10_15_7) AppleWebKit/537.36 (KHTML, like Gecko) Chrome/131.0.0.0 Safari/537.36"
3.27.215.4 - - [16/Jul/2026:14:19:19 +0000] "GET /www/phpinfo.php HTTP/1.1" 301 0 "-" "Mozilla/5.0 (Macintosh; Intel Mac OS X 10_15_7) AppleWebKit/537.36 (KHTML, like Gecko) Chrome/131.0.0.0 Safari/537.36"
3.27.215.4 - - [16/Jul/2026:14:19:20 +0000] "GET /www/phpinfo.php HTTP/1.1" 404 45496 "-" "Mozilla/5.0 (Macintosh; Intel Mac OS X 10_15_7) AppleWebKit/537.36 (KHTML, like Gecko) Chrome/131.0.0.0 Safari/537.36"
3.27.215.4 - - [16/Jul/2026:14:19:24 +0000] "GET /htdocs/phpinfo.php HTTP/1.1" 301 0 "-" "Mozilla/5.0 (Macintosh; Intel Mac OS X 10_15_7) AppleWebKit/537.36 (KHTML, like Gecko) Chrome/131.0.0.0 Safari/537.36"
3.27.215.4 - - [16/Jul/2026:14:19:26 +0000] "GET /htdocs/phpinfo.php HTTP/1.1" 404 45502 "-" "Mozilla/5.0 (Macintosh; Intel Mac OS X 10_15_7) AppleWebKit/537.36 (KHTML, like Gecko) Chrome/131.0.0.0 Safari/537.36"
3.27.215.4 - - [16/Jul/2026:14:19:28 +0000] "GET /public_html/phpinfo.php HTTP/1.1" 301 0 "-" "Mozilla/5.0 (Macintosh; Intel Mac OS X 10_15_7) AppleWebKit/537.36 (KHTML, like Gecko) Chrome/131.0.0.0 Safari/537.36"
3.27.215.4 - - [16/Jul/2026:14:19:31 +0000] "GET /public_html/phpinfo.php HTTP/1.1" 404 45504 "-" "Mozilla/5.0 (Macintosh; Intel Mac OS X 10_15_7) AppleWebKit/537.36 (KHTML, like Gecko) Chrome/131.0.0.0 Safari/537.36"
3.27.215.4 - - [16/Jul/2026:14:19:34 +0000] "GET /site/phpinfo.php HTTP/1.1" 301 0 "-" "Mozilla/5.0 (Macintosh; Intel Mac OS X 10_15_7) AppleWebKit/537.36 (KHTML, like Gecko) Chrome/131.0.0.0 Safari/537.36"
51.68.247.209 - - [16/Jul/2026:14:19:35 +0000] "GET /products/11316512606423 HTTP/2" 404 39253 "-" "Mozilla/5.0 (compatible; AhrefsBot/7.0; +http://ahrefs.com/robot/)"
3.27.215.4 - - [16/Jul/2026:14:19:36 +0000] "GET /site/phpinfo.php HTTP/1.1" 404 45518 "-" "Mozilla/5.0 (Macintosh; Intel Mac OS X 10_15_7) AppleWebKit/537.36 (KHTML, like Gecko) Chrome/131.0.0.0 Safari/537.36"
124.227.221.180 - - [16/Jul/2026:14:19:35 +0000] "POST /wp-comments-post.php HTTP/1.1" 302 0 "-" "Mozilla/5.0 (Windows NT 10.0; Win64; x64) AppleWebKit/537.36 (KHTML, like Gecko) Chrome/108.0.0.0 Safari/537.36 Edg/108.0.1462.46"
3.27.215.4 - - [16/Jul/2026:14:19:42 +0000] "GET /docs/phpinfo.php HTTP/1.1" 301 0 "-" "Mozilla/5.0 (Macintosh; Intel Mac OS X 10_15_7) AppleWebKit/537.36 (KHTML, like Gecko) Chrome/131.0.0.0 Safari/537.36"
124.227.221.180 - - [16/Jul/2026:14:19:42 +0000] "GET /fundraising-regulator-launches-code-consultation/?unapproved=299&moderation-hash=8bc60ac69e731d7b6e2b45165a5d8534 HTTP/1.1" 200 46244 "-" "Mozilla/5.0 (Windows NT 10.0; Win64; x64) AppleWebKit/537.36 (KHTML, like Gecko) Chrome/108.0.0.0 Safari/537.36 Edg/108.0.1462.46"
3.27.215.4 - - [16/Jul/2026:14:19:45 +0000] "GET /docs/phpinfo.php HTTP/1.1" 404 45499 "-" "Mozilla/5.0 (Macintosh; Intel Mac OS X 10_15_7) AppleWebKit/537.36 (KHTML, like Gecko) Chrome/131.0.0.0 Safari/537.36"
3.27.215.4 - - [16/Jul/2026:14:19:49 +0000] "GET /wp-admin/phpinfo.php HTTP/1.1" 404 1251 "-" "Mozilla/5.0 (Macintosh; Intel Mac OS X 10_15_7) AppleWebKit/537.36 (KHTML, like Gecko) Chrome/131.0.0.0 Safari/537.36"
3.27.215.4 - - [16/Jul/2026:14:19:49 +0000] "GET /administrator/phpinfo.php HTTP/1.1" 301 0 "-" "Mozilla/5.0 (Macintosh; Intel Mac OS X 10_15_7) AppleWebKit/537.36 (KHTML, like Gecko) Chrome/131.0.0.0 Safari/537.36"
3.27.215.4 - - [16/Jul/2026:14:19:52 +0000] "GET /administrator/phpinfo.php HTTP/1.1" 404 45504 "-" "Mozilla/5.0 (Macintosh; Intel Mac OS X 10_15_7) AppleWebKit/537.36 (KHTML, like Gecko) Chrome/131.0.0.0 Safari/537.36"
3.27.215.4 - - [16/Jul/2026:14:19:56 +0000] "GET /core/phpinfo.php HTTP/1.1" 301 0 "-" "Mozilla/5.0 (Macintosh; Intel Mac OS X 10_15_7) AppleWebKit/537.36 (KHTML, like Gecko) Chrome/131.0.0.0 Safari/537.36"
209.42.17.20 - - [16/Jul/2026:14:20:00 +0000] "POST /wp-cron.php?doing_wp_cron=1784211600.2517659664154052734375 HTTP/1.1" 200 0 "-" "WordPress/7.0.1; https://ebifo.org"
3.27.215.4 - - [16/Jul/2026:14:19:58 +0000] "GET /core/phpinfo.php HTTP/1.1" 404 45494 "-" "Mozilla/5.0 (Macintosh; Intel Mac OS X 10_15_7) AppleWebKit/537.36 (KHTML, like Gecko) Chrome/131.0.0.0 Safari/537.36"
3.27.215.4 - - [16/Jul/2026:14:20:01 +0000] "GET /includes/phpinfo.php HTTP/1.1" 301 0 "-" "Mozilla/5.0 (Macintosh; Intel Mac OS X 10_15_7) AppleWebKit/537.36 (KHTML, like Gecko) Chrome/131.0.0.0 Safari/537.36"
3.27.215.4 - - [16/Jul/2026:14:20:04 +0000] "GET /includes/phpinfo.php HTTP/1.1" 404 45502 "-" "Mozilla/5.0 (Macintosh; Intel Mac OS X 10_15_7) AppleWebKit/537.36 (KHTML, like Gecko) Chrome/131.0.0.0 Safari/537.36"
92.222.108.97 - - [16/Jul/2026:14:20:41 +0000] "GET /products/11279578948168 HTTP/2" 404 39253 "-" "Mozilla/5.0 (compatible; AhrefsBot/7.0; +http://ahrefs.com/robot/)"
170.64.145.139 - - [16/Jul/2026:14:21:01 +0000] "GET /wp-admin/install.php HTTP/1.1" 404 3419 "-" "Mozilla/5.0 (Macintosh; Intel Mac OS X 10_10_1) AppleWebKit/537.36 (KHTML, like Gecko) Chrome/39.0.2171.95 Safari/537.36"
170.64.145.139 - - [16/Jul/2026:14:21:07 +0000] "GET /wp/wp-admin/install.php HTTP/1.1" 404 3419 "-" "Mozilla/5.0 (Macintosh; Intel Mac OS X 10_10_1) AppleWebKit/537.36 (KHTML, like Gecko) Chrome/39.0.2171.95 Safari/537.36"
170.64.145.139 - - [16/Jul/2026:14:21:13 +0000] "GET /new/wp-admin/install.php HTTP/1.1" 404 3419 "-" "Mozilla/5.0 (Macintosh; Intel Mac OS X 10_10_1) AppleWebKit/537.36 (KHTML, like Gecko) Chrome/39.0.2171.95 Safari/537.36"
170.64.145.139 - - [16/Jul/2026:14:21:19 +0000] "GET /old/wp-admin/install.php HTTP/1.1" 404 3419 "-" "Mozilla/5.0 (Macintosh; Intel Mac OS X 10_10_1) AppleWebKit/537.36 (KHTML, like Gecko) Chrome/39.0.2171.95 Safari/537.36"
170.64.145.139 - - [16/Jul/2026:14:21:25 +0000] "GET /wordpress/wp-admin/install.php HTTP/1.1" 404 3419 "-" "Mozilla/5.0 (Macintosh; Intel Mac OS X 10_10_1) AppleWebKit/537.36 (KHTML, like Gecko) Chrome/39.0.2171.95 Safari/537.36"
170.64.145.139 - - [16/Jul/2026:14:21:31 +0000] "GET /test/wp-admin/install.php HTTP/1.1" 404 3419 "-" "Mozilla/5.0 (Macintosh; Intel Mac OS X 10_10_1) AppleWebKit/537.36 (KHTML, like Gecko) Chrome/39.0.2171.95 Safari/537.36"
170.64.145.139 - - [16/Jul/2026:14:21:37 +0000] "GET /blog/wp-admin/install.php HTTP/1.1" 404 3419 "-" "Mozilla/5.0 (Macintosh; Intel Mac OS X 10_10_1) AppleWebKit/537.36 (KHTML, like Gecko) Chrome/39.0.2171.95 Safari/537.36"
170.64.145.139 - - [16/Jul/2026:14:21:40 +0000] "GET /cms/wp-admin/install.php HTTP/1.1" 404 3419 "-" "Mozilla/5.0 (Macintosh; Intel Mac OS X 10_10_1) AppleWebKit/537.36 (KHTML, like Gecko) Chrome/39.0.2171.95 Safari/537.36"
170.64.145.139 - - [16/Jul/2026:14:21:47 +0000] "GET /web/wp-admin/install.php HTTP/1.1" 404 3419 "-" "Mozilla/5.0 (Macintosh; Intel Mac OS X 10_10_1) AppleWebKit/537.36 (KHTML, like Gecko) Chrome/39.0.2171.95 Safari/537.36"
54.37.118.73 - - [16/Jul/2026:14:21:48 +0000] "GET /products/11180559277274 HTTP/2" 404 39252 "-" "Mozilla/5.0 (compatible; AhrefsBot/7.0; +http://ahrefs.com/robot/)"
170.64.145.139 - - [16/Jul/2026:14:21:53 +0000] "GET /backup/wp-admin/install.php HTTP/1.1" 404 3419 "-" "Mozilla/5.0 (Macintosh; Intel Mac OS X 10_10_1) AppleWebKit/537.36 (KHTML, like Gecko) Chrome/39.0.2171.95 Safari/537.36"
170.64.145.139 - - [16/Jul/2026:14:22:00 +0000] "GET /site/wp-admin/install.php HTTP/1.1" 404 3419 "-" "Mozilla/5.0 (Macintosh; Intel Mac OS X 10_10_1) AppleWebKit/537.36 (KHTML, like Gecko) Chrome/39.0.2171.95 Safari/537.36"
170.64.145.139 - - [16/Jul/2026:14:22:05 +0000] "GET /oldsite/wp-admin/install.php HTTP/1.1" 404 3419 "-" "Mozilla/5.0 (Macintosh; Intel Mac OS X 10_10_1) AppleWebKit/537.36 (KHTML, like Gecko) Chrome/39.0.2171.95 Safari/537.36"
170.64.145.139 - - [16/Jul/2026:14:22:09 +0000] "GET /shop/wp-admin/install.php HTTP/1.1" 404 3419 "-" "Mozilla/5.0 (Macintosh; Intel Mac OS X 10_10_1) AppleWebKit/537.36 (KHTML, like Gecko) Chrome/39.0.2171.95 Safari/537.36"
209.42.17.20 - - [16/Jul/2026:14:29:19 +0000] "POST /wp-cron.php?doing_wp_cron=1784212159.7239129543304443359375 HTTP/1.1" 200 0 "-" "WordPress/7.0.1; https://ebifo.org"
52.167.144.171 - - [16/Jul/2026:14:29:13 +0000] "GET /items/Y564710588/ HTTP/2" 301 0 "-" "Mozilla/5.0 AppleWebKit/537.36 (KHTML, like Gecko; compatible; bingbot/2.0; +http://www.bing.com/bingbot.htm) Chrome/116.0.1938.76 Safari/537.36"
92.222.104.195 - - [16/Jul/2026:14:33:04 +0000] "GET /products/10303009449465 HTTP/2" 404 39252 "-" "Mozilla/5.0 (compatible; AhrefsBot/7.0; +http://ahrefs.com/robot/)"
209.42.17.20 - - [16/Jul/2026:14:33:15 +0000] "POST /wp-cron.php?doing_wp_cron=1784212395.0181529521942138671875 HTTP/1.1" 200 0 "-" "WordPress/7.0.1; https://ebifo.org"
209.42.17.20 - - [16/Jul/2026:14:34:26 +0000] "POST /wp-cron.php?doing_wp_cron=1784212466.1339480876922607421875 HTTP/1.1" 200 0 "-" "WordPress/7.0.1; https://ebifo.org"
52.167.144.142 - - [16/Jul/2026:14:34:19 +0000] "GET /items/V451588943/ HTTP/2" 301 0 "-" "Mozilla/5.0 AppleWebKit/537.36 (KHTML, like Gecko; compatible; bingbot/2.0; +http://www.bing.com/bingbot.htm) Chrome/116.0.1938.76 Safari/537.36"
51.75.236.150 - - [16/Jul/2026:14:34:25 +0000] "GET /items/J973973775/ HTTP/2" 404 39444 "-" "Mozilla/5.0 (compatible; AhrefsBot/7.0; +http://ahrefs.com/robot/)"
209.42.17.20 - - [16/Jul/2026:14:34:36 +0000] "POST /wp-cron.php?doing_wp_cron=1784212476.5438160896301269531250 HTTP/1.1" 200 0 "-" "WordPress/7.0.1; https://ebifo.org"
5.39.1.240 - - [16/Jul/2026:14:35:44 +0000] "GET /items/J972911221/ HTTP/2" 404 39193 "-" "Mozilla/5.0 (compatible; AhrefsBot/7.0; +http://ahrefs.com/robot/)"
209.42.17.20 - - [16/Jul/2026:14:35:54 +0000] "POST /wp-cron.php?doing_wp_cron=1784212554.9176499843597412109375 HTTP/1.1" 200 0 "-" "WordPress/7.0.1; https://ebifo.org"
51.75.236.130 - - [16/Jul/2026:14:36:56 +0000] "GET /items/J972142963/ HTTP/2" 404 39199 "-" "Mozilla/5.0 (compatible; AhrefsBot/7.0; +http://ahrefs.com/robot/)"
209.42.17.20 - - [16/Jul/2026:14:37:07 +0000] "POST /wp-cron.php?doing_wp_cron=1784212627.4306559562683105468750 HTTP/1.1" 200 0 "-" "WordPress/7.0.1; https://ebifo.org"
5.39.1.229 - - [16/Jul/2026:14:38:19 +0000] "GET /items/J972053777/ HTTP/2" 404 39193 "-" "Mozilla/5.0 (compatible; AhrefsBot/7.0; +http://ahrefs.com/robot/)"
209.42.17.20 - - [16/Jul/2026:14:38:22 +0000] "POST /wp-cron.php?doing_wp_cron=1784212702.4733650684356689453125 HTTP/1.1" 200 0 "-" "WordPress/7.0.1; https://ebifo.org"
5.39.1.238 - - [16/Jul/2026:14:39:47 +0000] "GET /items/J971217198/ HTTP/2" 404 39194 "-" "Mozilla/5.0 (compatible; AhrefsBot/7.0; +http://ahrefs.com/robot/)"
54.37.118.72 - - [16/Jul/2026:14:40:57 +0000] "GET /products/9141856736030 HTTP/2" 404 39239 "-" "Mozilla/5.0 (compatible; AhrefsBot/7.0; +http://ahrefs.com/robot/)"
209.42.17.20 - - [16/Jul/2026:14:41:06 +0000] "POST /wp-cron.php?doing_wp_cron=1784212866.5370600223541259765625 HTTP/1.1" 200 0 "-" "WordPress/7.0.1; https://ebifo.org"
92.222.108.99 - - [16/Jul/2026:14:42:05 +0000] "GET /products/33641806675318 HTTP/2" 404 39253 "-" "Mozilla/5.0 (compatible; AhrefsBot/7.0; +http://ahrefs.com/robot/)"
209.42.17.20 - - [16/Jul/2026:14:42:16 +0000] "POST /wp-cron.php?doing_wp_cron=1784212936.2154359817504882812500 HTTP/1.1" 200 0 "-" "WordPress/7.0.1; https://ebifo.org"
209.42.17.20 - - [16/Jul/2026:14:43:14 +0000] "POST /wp-cron.php?doing_wp_cron=1784212994.9363698959350585937500 HTTP/1.1" 200 0 "-" "WordPress/7.0.1; https://ebifo.org"
51.68.247.200 - - [16/Jul/2026:14:43:12 +0000] "GET /products/32108779927170 HTTP/2" 404 39253 "-" "Mozilla/5.0 (compatible; AhrefsBot/7.0; +http://ahrefs.com/robot/)"
51.68.247.210 - - [16/Jul/2026:14:44:19 +0000] "GET /products/29812844823875 HTTP/2" 404 39254 "-" "Mozilla/5.0 (compatible; AhrefsBot/7.0; +http://ahrefs.com/robot/)"
209.42.17.20 - - [16/Jul/2026:14:44:30 +0000] "POST /wp-cron.php?doing_wp_cron=1784213070.2172760963439941406250 HTTP/1.1" 200 0 "-" "WordPress/7.0.1; https://ebifo.org"
209.42.17.20 - - [16/Jul/2026:14:45:29 +0000] "POST /wp-cron.php?doing_wp_cron=1784213129.1292109489440917968750 HTTP/1.1" 200 0 "-" "WordPress/7.0.1; https://ebifo.org"
5.39.1.239 - - [16/Jul/2026:14:45:26 +0000] "GET /products/2973358523177 HTTP/2" 404 39238 "-" "Mozilla/5.0 (compatible; AhrefsBot/7.0; +http://ahrefs.com/robot/)"
94.23.188.193 - - [16/Jul/2026:14:46:34 +0000] "GET /products/28877793516553 HTTP/2" 404 39253 "-" "Mozilla/5.0 (compatible; AhrefsBot/7.0; +http://ahrefs.com/robot/)"
209.42.17.20 - - [16/Jul/2026:14:46:44 +0000] "POST /wp-cron.php?doing_wp_cron=1784213204.6291189193725585937500 HTTP/1.1" 200 0 "-" "WordPress/7.0.1; https://ebifo.org"
209.42.17.20 - - [16/Jul/2026:14:47:44 +0000] "POST /wp-cron.php?doing_wp_cron=1784213264.4531049728393554687500 HTTP/1.1" 200 0 "-" "WordPress/7.0.1; https://ebifo.org"
51.68.247.199 - - [16/Jul/2026:14:47:41 +0000] "GET /products/23047032121050 HTTP/2" 404 39253 "-" "Mozilla/5.0 (compatible; AhrefsBot/7.0; +http://ahrefs.com/robot/)"
92.222.108.108 - - [16/Jul/2026:14:48:48 +0000] "GET /products/23039180530707 HTTP/2" 404 39252 "-" "Mozilla/5.0 (compatible; AhrefsBot/7.0; +http://ahrefs.com/robot/)"
209.42.17.20 - - [16/Jul/2026:14:57:09 +0000] "POST /wp-cron.php?doing_wp_cron=1784213829.1168160438537597656250 HTTP/1.1" 200 0 "-" "WordPress/7.0.1; https://ebifo.org"
136.244.106.102 - - [16/Jul/2026:14:57:07 +0000] "GET /wp-content/plugins/hqayznabrwuqzaca/kmqbqomqkmddnrstD.php?p= HTTP/1.1" 301 0 "-" "Mozilla/5.0 (X11; Linux x86_64) AppleWebKit/537.36 (KHTML, like Gecko) Chrome/143.0.0.0 Safari/537.36"
136.244.106.102 - - [16/Jul/2026:14:57:09 +0000] "GET /wp-content/plugins/hqayznabrwuqzaca/kmqbqomqkmddnrstD.php HTTP/1.1" 404 39272 "-" "Mozilla/5.0 (X11; Linux x86_64) AppleWebKit/537.36 (KHTML, like Gecko) Chrome/143.0.0.0 Safari/537.36"
209.42.17.20 - - [16/Jul/2026:15:00:05 +0000] "POST /wp-cron.php?doing_wp_cron=1784214005.1393868923187255859375 HTTP/1.1" 200 0 "-" "WordPress/7.0.1; https://ebifo.org"
52.167.144.214 - - [16/Jul/2026:15:00:02 +0000] "GET /items/H151783837/ HTTP/2" 301 0 "-" "Mozilla/5.0 AppleWebKit/537.36 (KHTML, like Gecko; compatible; bingbot/2.0; +http://www.bing.com/bingbot.htm) Chrome/116.0.1938.76 Safari/537.36"
66.249.79.36 - - [16/Jul/2026:15:02:23 +0000] "GET /robots.txt HTTP/1.1" 200 102 "-" "Mozilla/5.0 (compatible; Googlebot/2.1; +http://www.google.com/bot.html)"
209.42.17.20 - - [16/Jul/2026:15:02:25 +0000] "POST /wp-cron.php?doing_wp_cron=1784214145.2232449054718017578125 HTTP/1.1" 200 0 "-" "WordPress/7.0.1; https://ebifo.org"
66.249.79.36 - - [16/Jul/2026:15:02:23 +0000] "GET /items/K623637939/ HTTP/1.1" 301 0 "-" "Mozilla/5.0 (Linux; Android 6.0.1; Nexus 5X Build/MMB29P) AppleWebKit/537.36 (KHTML, like Gecko) Chrome/150.0.7871.124 Mobile Safari/537.36 (compatible; Googlebot/2.1; +http://www.google.com/bot.html)"
66.249.79.137 - - [16/Jul/2026:15:02:25 +0000] "GET /items/K623637939/ HTTP/1.1" 404 39201 "-" "Mozilla/5.0 (Linux; Android 6.0.1; Nexus 5X Build/MMB29P) AppleWebKit/537.36 (KHTML, like Gecko) Chrome/150.0.7871.124 Mobile Safari/537.36 (compatible; Googlebot/2.1; +http://www.google.com/bot.html)"
209.42.17.20 - - [16/Jul/2026:15:03:21 +0000] "POST /wp-cron.php?doing_wp_cron=1784214201.7595748901367187500000 HTTP/1.1" 200 0 "-" "WordPress/7.0.1; https://ebifo.org"
37.59.204.150 - - [16/Jul/2026:15:03:19 +0000] "GET /products/21730772498683 HTTP/2" 404 39254 "-" "Mozilla/5.0 (compatible; AhrefsBot/7.0; +http://ahrefs.com/robot/)"
5.39.1.240 - - [16/Jul/2026:15:04:32 +0000] "GET /products/20985930105172 HTTP/2" 404 39253 "-" "Mozilla/5.0 (compatible; AhrefsBot/7.0; +http://ahrefs.com/robot/)"
209.42.17.20 - - [16/Jul/2026:15:04:34 +0000] "POST /wp-cron.php?doing_wp_cron=1784214274.4262149333953857421875 HTTP/1.1" 200 0 "-" "WordPress/7.0.1; https://ebifo.org"
51.68.247.201 - - [16/Jul/2026:15:05:50 +0000] "GET /products/17121935504888 HTTP/2" 404 39254 "-" "Mozilla/5.0 (compatible; AhrefsBot/7.0; +http://ahrefs.com/robot/)"
51.68.247.204 - - [16/Jul/2026:15:07:08 +0000] "GET /products/9146982352932 HTTP/2" 404 39239 "-" "Mozilla/5.0 (compatible; AhrefsBot/7.0; +http://ahrefs.com/robot/)"
209.42.17.20 - - [16/Jul/2026:15:07:09 +0000] "POST /wp-cron.php?doing_wp_cron=1784214429.7329530715942382812500 HTTP/1.1" 200 0 "-" "WordPress/7.0.1; https://ebifo.org"
209.42.17.20 - - [16/Jul/2026:15:08:44 +0000] "POST /wp-cron.php?doing_wp_cron=1784214524.1187610626220703125000 HTTP/1.1" 200 0 "-" "WordPress/7.0.1; https://ebifo.org"
51.68.247.202 - - [16/Jul/2026:15:08:42 +0000] "GET /products/6084421540964 HTTP/2" 404 39237 "-" "Mozilla/5.0 (compatible; AhrefsBot/7.0; +http://ahrefs.com/robot/)"
209.42.17.20 - - [16/Jul/2026:15:10:19 +0000] "POST /wp-cron.php?doing_wp_cron=1784214619.3867108821868896484375 HTTP/1.1" 200 0 "-" "WordPress/7.0.1; https://ebifo.org"
92.222.104.194 - - [16/Jul/2026:15:10:17 +0000] "GET /products/5988779482493 HTTP/2" 404 39240 "-" "Mozilla/5.0 (compatible; AhrefsBot/7.0; +http://ahrefs.com/robot/)"
209.42.17.20 - - [16/Jul/2026:15:11:22 +0000] "POST /wp-cron.php?doing_wp_cron=1784214682.2858428955078125000000 HTTP/1.1" 200 0 "-" "WordPress/7.0.1; https://ebifo.org"
51.75.236.135 - - [16/Jul/2026:15:11:20 +0000] "GET /products/5794882268296 HTTP/2" 404 39235 "-" "Mozilla/5.0 (compatible; AhrefsBot/7.0; +http://ahrefs.com/robot/)"
92.222.104.211 - - [16/Jul/2026:15:12:22 +0000] "GET /products/5743833233665 HTTP/2" 404 39235 "-" "Mozilla/5.0 (compatible; AhrefsBot/7.0; +http://ahrefs.com/robot/)"
92.222.104.220 - - [16/Jul/2026:15:13:27 +0000] "GET /products/8168740586069 HTTP/2" 404 39239 "-" "Mozilla/5.0 (compatible; AhrefsBot/7.0; +http://ahrefs.com/robot/)"
20.63.63.128 - - [16/Jul/2026:15:14:05 +0000] "GET /wp-login.php?action=register HTTP/1.1" 302 0 "-" "-"
20.63.63.128 - - [16/Jul/2026:15:14:07 +0000] "GET /wp-login.php?registration=disabled HTTP/1.1" 200 6949 "-" "-"
5.39.1.252 - - [16/Jul/2026:15:14:24 +0000] "GET /products/4859799589931 HTTP/2" 404 39248 "-" "Mozilla/5.0 (compatible; AhrefsBot/7.0; +http://ahrefs.com/robot/)"
20.63.63.128 - - [16/Jul/2026:15:15:16 +0000] "GET /wp-admin/index.php HTTP/1.1" 302 0 "-" "-"
20.63.63.128 - - [16/Jul/2026:15:15:18 +0000] "GET /wp-login.php?redirect_to=https%3A%2F%2Fmail.ebifo.org%2Fwp-admin%2Findex.php&reauth=1 HTTP/1.1" 200 6771 "-" "-"
92.222.108.99 - - [16/Jul/2026:15:15:26 +0000] "GET /products/448056958376 HTTP/2" 404 39207 "-" "Mozilla/5.0 (compatible; AhrefsBot/7.0; +http://ahrefs.com/robot/)"
20.63.63.128 - - [16/Jul/2026:15:15:29 +0000] "GET /feed/ HTTP/1.1" 200 100766 "-" "-"
54.37.118.67 - - [16/Jul/2026:15:16:29 +0000] "GET /products/17645524647343 HTTP/2" 404 39253 "-" "Mozilla/5.0 (compatible; AhrefsBot/7.0; +http://ahrefs.com/robot/)"
5.39.1.235 - - [16/Jul/2026:15:17:32 +0000] "GET /products/10471962530586 HTTP/2" 404 39249 "-" "Mozilla/5.0 (compatible; AhrefsBot/7.0; +http://ahrefs.com/robot/)"
37.59.204.137 - - [16/Jul/2026:15:18:35 +0000] "GET /items/J974184545/ HTTP/2" 404 39196 "-" "Mozilla/5.0 (compatible; AhrefsBot/7.0; +http://ahrefs.com/robot/)"
209.42.17.20 - - [16/Jul/2026:15:18:45 +0000] "POST /wp-cron.php?doing_wp_cron=1784215125.9203460216522216796875 HTTP/1.1" 200 0 "-" "WordPress/7.0.1; https://ebifo.org"
185.93.89.147 - - [16/Jul/2026:15:19:25 +0000] "GET /.git/config HTTP/1.1" 403 1242 "-" "Mozilla/5.0 (compatible; GitFinder/1.0)"
176.31.139.29 - - [16/Jul/2026:15:19:37 +0000] "GET /products/15348377690145 HTTP/2" 404 39251 "-" "Mozilla/5.0 (compatible; AhrefsBot/7.0; +http://ahrefs.com/robot/)"
209.42.17.20 - - [16/Jul/2026:15:19:40 +0000] "POST /wp-cron.php?doing_wp_cron=1784215180.3131918907165527343750 HTTP/1.1" 200 0 "-" "WordPress/7.0.1; https://ebifo.org"
51.75.236.134 - - [16/Jul/2026:15:20:40 +0000] "GET /items/J973262966/ HTTP/2" 404 39199 "-" "Mozilla/5.0 (compatible; AhrefsBot/7.0; +http://ahrefs.com/robot/)"
54.37.118.82 - - [16/Jul/2026:15:21:42 +0000] "GET /items/J973002884/ HTTP/2" 404 39193 "-" "Mozilla/5.0 (compatible; AhrefsBot/7.0; +http://ahrefs.com/robot/)"
209.42.17.20 - - [16/Jul/2026:15:21:52 +0000] "POST /wp-cron.php?doing_wp_cron=1784215312.3207631111145019531250 HTTP/1.1" 200 0 "-" "WordPress/7.0.1; https://ebifo.org"
40.77.167.7 - - [16/Jul/2026:15:22:17 +0000] "GET /items/F302804785/ HTTP/2" 301 0 "-" "Mozilla/5.0 AppleWebKit/537.36 (KHTML, like Gecko; compatible; bingbot/2.0; +http://www.bing.com/bingbot.htm) Chrome/116.0.1938.76 Safari/537.36"
92.222.108.119 - - [16/Jul/2026:15:22:44 +0000] "GET /products/11819849368874 HTTP/2" 404 39255 "-" "Mozilla/5.0 (compatible; AhrefsBot/7.0; +http://ahrefs.com/robot/)"
51.68.247.210 - - [16/Jul/2026:15:23:49 +0000] "GET /items/J972865642/ HTTP/2" 404 39194 "-" "Mozilla/5.0 (compatible; AhrefsBot/7.0; +http://ahrefs.com/robot/)"
209.42.17.20 - - [16/Jul/2026:15:23:59 +0000] "POST /wp-cron.php?doing_wp_cron=1784215439.0291841030120849609375 HTTP/1.1" 200 0 "-" "WordPress/7.0.1; https://ebifo.org"
51.75.236.151 - - [16/Jul/2026:15:25:02 +0000] "GET /items/J972464090/ HTTP/2" 404 39194 "-" "Mozilla/5.0 (compatible; AhrefsBot/7.0; +http://ahrefs.com/robot/)"
209.42.17.20 - - [16/Jul/2026:15:25:15 +0000] "POST /wp-cron.php?doing_wp_cron=1784215515.4145960807800292968750 HTTP/1.1" 200 0 "-" "WordPress/7.0.1; https://ebifo.org"
94.23.188.203 - - [16/Jul/2026:15:26:05 +0000] "GET /products/10425193431628 HTTP/2" 404 39253 "-" "Mozilla/5.0 (compatible; AhrefsBot/7.0; +http://ahrefs.com/robot/)"
209.42.17.20 - - [16/Jul/2026:15:26:15 +0000] "POST /wp-cron.php?doing_wp_cron=1784215575.7249639034271240234375 HTTP/1.1" 200 0 "-" "WordPress/7.0.1; https://ebifo.org"
209.42.17.20 - - [16/Jul/2026:15:31:36 +0000] "POST /wp-cron.php?doing_wp_cron=1784215896.2380459308624267578125 HTTP/1.1" 200 0 "-" "WordPress/7.0.1; https://ebifo.org"
40.77.167.132 - - [16/Jul/2026:15:31:28 +0000] "GET /items/T804818636/ HTTP/2" 301 0 "-" "Mozilla/5.0 AppleWebKit/537.36 (KHTML, like Gecko; compatible; bingbot/2.0; +http://www.bing.com/bingbot.htm) Chrome/116.0.1938.76 Safari/537.36"
209.42.17.20 - - [16/Jul/2026:15:32:25 +0000] "POST /wp-cron.php?doing_wp_cron=1784215945.5699989795684814453125 HTTP/1.1" 200 0 "-" "WordPress/7.0.1; https://ebifo.org"
51.75.236.159 - - [16/Jul/2026:15:32:18 +0000] "GET /items/J971384080/ HTTP/2" 404 39195 "-" "Mozilla/5.0 (compatible; AhrefsBot/7.0; +http://ahrefs.com/robot/)"
51.68.247.195 - - [16/Jul/2026:15:33:46 +0000] "GET /items/J974835340/ HTTP/2" 404 39193 "-" "Mozilla/5.0 (compatible; AhrefsBot/7.0; +http://ahrefs.com/robot/)"
209.42.17.20 - - [16/Jul/2026:15:33:55 +0000] "POST /wp-cron.php?doing_wp_cron=1784216035.8366210460662841796875 HTTP/1.1" 200 0 "-" "WordPress/7.0.1; https://ebifo.org"
176.31.139.22 - - [16/Jul/2026:15:35:32 +0000] "GET /items/J974033538/ HTTP/2" 404 39193 "-" "Mozilla/5.0 (compatible; AhrefsBot/7.0; +http://ahrefs.com/robot/)"
209.42.17.20 - - [16/Jul/2026:15:35:43 +0000] "POST /wp-cron.php?doing_wp_cron=1784216143.4212241172790527343750 HTTP/1.1" 200 0 "-" "WordPress/7.0.1; https://ebifo.org"
5.39.1.227 - - [16/Jul/2026:15:37:08 +0000] "GET /items/J973775982/ HTTP/2" 404 39199 "-" "Mozilla/5.0 (compatible; AhrefsBot/7.0; +http://ahrefs.com/robot/)"
209.42.17.20 - - [16/Jul/2026:15:37:09 +0000] "POST /wp-cron.php?doing_wp_cron=1784216229.8407599925994873046875 HTTP/1.1" 200 0 "-" "WordPress/7.0.1; https://ebifo.org"
92.222.104.215 - - [16/Jul/2026:15:38:52 +0000] "GET /items/J972659036/ HTTP/2" 404 39194 "-" "Mozilla/5.0 (compatible; AhrefsBot/7.0; +http://ahrefs.com/robot/)"
5.39.1.245 - - [16/Jul/2026:15:40:36 +0000] "GET /products/36057702658128 HTTP/2" 404 39490 "-" "Mozilla/5.0 (compatible; AhrefsBot/7.0; +http://ahrefs.com/robot/)"
209.42.17.20 - - [16/Jul/2026:15:40:39 +0000] "POST /wp-cron.php?doing_wp_cron=1784216439.9349610805511474609375 HTTP/1.1" 200 0 "-" "WordPress/7.0.1; https://ebifo.org"
92.222.104.193 - - [16/Jul/2026:15:42:33 +0000] "GET /products/31130807014001 HTTP/2" 404 39253 "-" "Mozilla/5.0 (compatible; AhrefsBot/7.0; +http://ahrefs.com/robot/)"
209.42.17.20 - - [16/Jul/2026:15:42:44 +0000] "POST /wp-cron.php?doing_wp_cron=1784216564.4169409275054931640625 HTTP/1.1" 200 0 "-" "WordPress/7.0.1; https://ebifo.org"
216.73.216.157 - - [16/Jul/2026:15:43:42 +0000] "GET /robots.txt HTTP/2" 200 102 "-" "Mozilla/5.0 AppleWebKit/537.36 (KHTML, like Gecko; compatible; ClaudeBot/1.0; +claudebot@anthropic.com)"
94.23.188.196 - - [16/Jul/2026:15:43:31 +0000] "GET /products/3575420061514 HTTP/2" 404 39372 "-" "Mozilla/5.0 (compatible; AhrefsBot/7.0; +http://ahrefs.com/robot/)"
209.42.17.20 - - [16/Jul/2026:15:43:43 +0000] "POST /wp-cron.php?doing_wp_cron=1784216623.0225319862365722656250 HTTP/1.1" 200 0 "-" "WordPress/7.0.1; https://ebifo.org"
216.73.216.157 - - [16/Jul/2026:15:43:42 +0000] "GET /sitemap-9.xml HTTP/2" 200 0 "-" "Mozilla/5.0 AppleWebKit/537.36 (KHTML, like Gecko; compatible; ClaudeBot/1.0; +claudebot@anthropic.com)"
216.73.216.157 - - [16/Jul/2026:15:44:23 +0000] "GET /sitemap-2.xml HTTP/2" 200 0 "-" "Mozilla/5.0 AppleWebKit/537.36 (KHTML, like Gecko; compatible; ClaudeBot/1.0; +claudebot@anthropic.com)"
209.42.17.20 - - [16/Jul/2026:15:44:35 +0000] "POST /wp-cron.php?doing_wp_cron=1784216675.6372659206390380859375 HTTP/1.1" 200 0 "-" "WordPress/7.0.1; https://ebifo.org"
216.73.216.157 - - [16/Jul/2026:15:44:40 +0000] "GET /sitemap-18.xml HTTP/2" 200 0 "-" "Mozilla/5.0 AppleWebKit/537.36 (KHTML, like Gecko; compatible; ClaudeBot/1.0; +claudebot@anthropic.com)"
54.37.118.82 - - [16/Jul/2026:15:44:40 +0000] "GET /products/29524334588749 HTTP/2" 404 39328 "-" "Mozilla/5.0 (compatible; AhrefsBot/7.0; +http://ahrefs.com/robot/)"
216.73.216.157 - - [16/Jul/2026:15:44:55 +0000] "GET /sitemap-12.xml HTTP/2" 200 0 "-" "Mozilla/5.0 AppleWebKit/537.36 (KHTML, like Gecko; compatible; ClaudeBot/1.0; +claudebot@anthropic.com)"
209.42.17.20 - - [16/Jul/2026:15:45:03 +0000] "POST /wp-cron.php?doing_wp_cron=1784216703.7744259834289550781250 HTTP/1.1" 200 0 "-" "WordPress/7.0.1; https://ebifo.org"
216.73.216.157 - - [16/Jul/2026:15:45:09 +0000] "GET /sitemap-16.xml HTTP/2" 200 0 "-" "Mozilla/5.0 AppleWebKit/537.36 (KHTML, like Gecko; compatible; ClaudeBot/1.0; +claudebot@anthropic.com)"
94.23.188.212 - - [16/Jul/2026:15:45:49 +0000] "GET /products/25926877408215 HTTP/2" 404 39255 "-" "Mozilla/5.0 (compatible; AhrefsBot/7.0; +http://ahrefs.com/robot/)"
216.73.216.157 - - [16/Jul/2026:15:45:56 +0000] "GET /sitemap-7.xml HTTP/2" 200 0 "-" "Mozilla/5.0 AppleWebKit/537.36 (KHTML, like Gecko; compatible; ClaudeBot/1.0; +claudebot@anthropic.com)"
216.73.216.157 - - [16/Jul/2026:15:46:23 +0000] "GET /sitemap-10.xml HTTP/2" 200 0 "-" "Mozilla/5.0 AppleWebKit/537.36 (KHTML, like Gecko; compatible; ClaudeBot/1.0; +claudebot@anthropic.com)"
216.73.216.157 - - [16/Jul/2026:15:46:32 +0000] "GET /sitemap-4.xml HTTP/2" 200 0 "-" "Mozilla/5.0 AppleWebKit/537.36 (KHTML, like Gecko; compatible; ClaudeBot/1.0; +claudebot@anthropic.com)"
216.73.216.157 - - [16/Jul/2026:15:46:36 +0000] "GET /sitemap-11.xml HTTP/2" 200 0 "-" "Mozilla/5.0 AppleWebKit/537.36 (KHTML, like Gecko; compatible; ClaudeBot/1.0; +claudebot@anthropic.com)"
216.73.216.157 - - [16/Jul/2026:15:46:48 +0000] "GET /sitemap-14.xml HTTP/2" 200 0 "-" "Mozilla/5.0 AppleWebKit/537.36 (KHTML, like Gecko; compatible; ClaudeBot/1.0; +claudebot@anthropic.com)"
92.222.108.99 - - [16/Jul/2026:15:46:57 +0000] "GET /products/23920922424896 HTTP/2" 404 39252 "-" "Mozilla/5.0 (compatible; AhrefsBot/7.0; +http://ahrefs.com/robot/)"
209.42.17.20 - - [16/Jul/2026:15:47:08 +0000] "POST /wp-cron.php?doing_wp_cron=1784216828.6262218952178955078125 HTTP/1.1" 200 0 "-" "WordPress/7.0.1; https://ebifo.org"
216.73.216.157 - - [16/Jul/2026:15:47:07 +0000] "GET /sitemap-17.xml HTTP/2" 200 0 "-" "Mozilla/5.0 AppleWebKit/537.36 (KHTML, like Gecko; compatible; ClaudeBot/1.0; +claudebot@anthropic.com)"
