17.241.227.21 - - [16/Jul/2026:14:14:40 +0000] "GET /wp-content/plugins/the-events-calendar/build/css/tribe-events-single-full.css?ver=6.16.5 HTTP/2" 200 3187 "https://ebifo.org/" "Mozilla/5.0 (Macintosh; Intel Mac OS X 10_15_7) AppleWebKit/605.1.15 (KHTML, like Gecko) Version/17.4 Safari/605.1.15 (Applebot/0.1; +http://www.apple.com/go/applebot)"
3.27.215.4 - - [16/Jul/2026:14:14:39 +0000] "GET /development/.env HTTP/1.1" 404 45496 "-" "Mozilla/5.0 (Macintosh; Intel Mac OS X 10_15_7) AppleWebKit/537.36 (KHTML, like Gecko) Chrome/131.0.0.0 Safari/537.36"
17.241.227.21 - - [16/Jul/2026:14:14:42 +0000] "GET /wp-content/plugins/the-events-calendar/build/css/tribe-events-single-skeleton.css?ver=6.16.5 HTTP/2" 200 3356 "https://ebifo.org/" "Mozilla/5.0 (Macintosh; Intel Mac OS X 10_15_7) AppleWebKit/605.1.15 (KHTML, like Gecko) Version/17.4 Safari/605.1.15 (Applebot/0.1; +http://www.apple.com/go/applebot)"
17.241.227.21 - - [16/Jul/2026:14:14:43 +0000] "GET /wp-content/plugins/the-events-calendar/build/css/integrations/plugins/elementor/widgets/widget-base.css?ver=6.16.5 HTTP/2" 200 300 "https://ebifo.org/" "Mozilla/5.0 (Macintosh; Intel Mac OS X 10_15_7) AppleWebKit/605.1.15 (KHTML, like Gecko) Version/17.4 Safari/605.1.15 (Applebot/0.1; +http://www.apple.com/go/applebot)"
3.27.215.4 - - [16/Jul/2026:14:14:42 +0000] "GET /production/.env HTTP/1.1" 301 0 "-" "Mozilla/5.0 (Macintosh; Intel Mac OS X 10_15_7) AppleWebKit/537.36 (KHTML, like Gecko) Chrome/131.0.0.0 Safari/537.36"
17.241.227.21 - - [16/Jul/2026:14:14:45 +0000] "GET /wp-content/plugins/give/build/assets/dist/css/give.css?ver=4.16.0 HTTP/2" 200 43170 "https://ebifo.org/" "Mozilla/5.0 (Macintosh; Intel Mac OS X 10_15_7) AppleWebKit/605.1.15 (KHTML, like Gecko) Version/17.4 Safari/605.1.15 (Applebot/0.1; +http://www.apple.com/go/applebot)"
3.27.215.4 - - [16/Jul/2026:14:14:44 +0000] "GET /production/.env HTTP/1.1" 404 45493 "-" "Mozilla/5.0 (Macintosh; Intel Mac OS X 10_15_7) AppleWebKit/537.36 (KHTML, like Gecko) Chrome/131.0.0.0 Safari/537.36"
17.241.227.21 - - [16/Jul/2026:14:14:46 +0000] "GET /wp-content/plugins/give/build/assets/dist/css/design-system/foundation.css?ver=1.2.0 HTTP/2" 200 1221 "https://ebifo.org/" "Mozilla/5.0 (Macintosh; Intel Mac OS X 10_15_7) AppleWebKit/605.1.15 (KHTML, like Gecko) Version/17.4 Safari/605.1.15 (Applebot/0.1; +http://www.apple.com/go/applebot)"
17.241.227.21 - - [16/Jul/2026:14:14:48 +0000] "GET /wp-content/themes/alone/style.css?ver=7.8.8 HTTP/2" 200 870 "https://ebifo.org/" "Mozilla/5.0 (Macintosh; Intel Mac OS X 10_15_7) AppleWebKit/605.1.15 (KHTML, like Gecko) Version/17.4 Safari/605.1.15 (Applebot/0.1; +http://www.apple.com/go/applebot)"
3.27.215.4 - - [16/Jul/2026:14:14:46 +0000] "GET /config/app/.env HTTP/1.1" 301 0 "-" "Mozilla/5.0 (Macintosh; Intel Mac OS X 10_15_7) AppleWebKit/537.36 (KHTML, like Gecko) Chrome/131.0.0.0 Safari/537.36"
17.241.227.21 - - [16/Jul/2026:14:14:49 +0000] "GET /wp-content/themes/alone/css/woocommerce.css?ver=7.8.8 HTTP/2" 200 11340 "https://ebifo.org/" "Mozilla/5.0 (Macintosh; Intel Mac OS X 10_15_7) AppleWebKit/605.1.15 (KHTML, like Gecko) Version/17.4 Safari/605.1.15 (Applebot/0.1; +http://www.apple.com/go/applebot)"
17.241.227.21 - - [16/Jul/2026:14:14:51 +0000] "GET /wp-content/themes/alone/css/give.css?ver=7.8.8 HTTP/2" 200 9668 "https://ebifo.org/" "Mozilla/5.0 (Macintosh; Intel Mac OS X 10_15_7) AppleWebKit/605.1.15 (KHTML, like Gecko) Version/17.4 Safari/605.1.15 (Applebot/0.1; +http://www.apple.com/go/applebot)"
17.241.227.21 - - [16/Jul/2026:14:14:52 +0000] "GET /wp-content/themes/alone/css/events.css?ver=7.8.8 HTTP/2" 200 3260 "https://ebifo.org/" "Mozilla/5.0 (Macintosh; Intel Mac OS X 10_15_7) AppleWebKit/605.1.15 (KHTML, like Gecko) Version/17.4 Safari/605.1.15 (Applebot/0.1; +http://www.apple.com/go/applebot)"
3.27.215.4 - - [16/Jul/2026:14:14:49 +0000] "GET /config/app/.env HTTP/1.1" 404 45569 "-" "Mozilla/5.0 (Macintosh; Intel Mac OS X 10_15_7) AppleWebKit/537.36 (KHTML, like Gecko) Chrome/131.0.0.0 Safari/537.36"
17.241.227.21 - - [16/Jul/2026:14:14:54 +0000] "GET /wp-content/themes/alone/css/sermone.css?ver=7.8.8 HTTP/2" 200 133 "https://ebifo.org/" "Mozilla/5.0 (Macintosh; Intel Mac OS X 10_15_7) AppleWebKit/605.1.15 (KHTML, like Gecko) Version/17.4 Safari/605.1.15 (Applebot/0.1; +http://www.apple.com/go/applebot)"
3.27.215.4 - - [16/Jul/2026:14:14:53 +0000] "GET /.env.vault HTTP/1.1" 301 0 "-" "Mozilla/5.0 (Macintosh; Intel Mac OS X 10_15_7) AppleWebKit/537.36 (KHTML, like Gecko) Chrome/131.0.0.0 Safari/537.36"
17.241.227.21 - - [16/Jul/2026:14:14:55 +0000] "GET /wp-content/plugins/elementor/assets/css/frontend.min.css?ver=4.1.4 HTTP/2" 200 6613 "https://ebifo.org/" "Mozilla/5.0 (Macintosh; Intel Mac OS X 10_15_7) AppleWebKit/605.1.15 (KHTML, like Gecko) Version/17.4 Safari/605.1.15 (Applebot/0.1; +http://www.apple.com/go/applebot)"
17.241.227.21 - - [16/Jul/2026:14:14:57 +0000] "GET /wp-content/plugins/elementor/assets/css/widget-image.min.css?ver=4.1.4 HTTP/2" 200 96 "https://ebifo.org/" "Mozilla/5.0 (Macintosh; Intel Mac OS X 10_15_7) AppleWebKit/605.1.15 (KHTML, like Gecko) Version/17.4 Safari/605.1.15 (Applebot/0.1; +http://www.apple.com/go/applebot)"
3.27.215.4 - - [16/Jul/2026:14:14:55 +0000] "GET /.env.vault HTTP/1.1" 404 45509 "-" "Mozilla/5.0 (Macintosh; Intel Mac OS X 10_15_7) AppleWebKit/537.36 (KHTML, like Gecko) Chrome/131.0.0.0 Safari/537.36"
17.241.227.21 - - [16/Jul/2026:14:14:58 +0000] "GET /wp-content/plugins/elementor-pro/assets/css/widget-nav-menu.min.css?ver=4.1.1 HTTP/2" 200 3241 "https://ebifo.org/" "Mozilla/5.0 (Macintosh; Intel Mac OS X 10_15_7) AppleWebKit/605.1.15 (KHTML, like Gecko) Version/17.4 Safari/605.1.15 (Applebot/0.1; +http://www.apple.com/go/applebot)"
209.42.17.20 - - [16/Jul/2026:14:14:59 +0000] "POST /wp-cron.php?doing_wp_cron=1784211299.8141438961029052734375 HTTP/1.1" 200 0 "-" "WordPress/7.0.1; https://ebifo.org"
3.27.215.4 - - [16/Jul/2026:14:14:58 +0000] "GET /.env.fly HTTP/1.1" 301 0 "-" "Mozilla/5.0 (Macintosh; Intel Mac OS X 10_15_7) AppleWebKit/537.36 (KHTML, like Gecko) Chrome/131.0.0.0 Safari/537.36"
17.241.227.21 - - [16/Jul/2026:14:15:00 +0000] "GET /wp-content/plugins/elementor-pro/assets/css/modules/sticky.min.css?ver=4.1.1 HTTP/2" 200 162 "https://ebifo.org/" "Mozilla/5.0 (Macintosh; Intel Mac OS X 10_15_7) AppleWebKit/605.1.15 (KHTML, like Gecko) Version/17.4 Safari/605.1.15 (Applebot/0.1; +http://www.apple.com/go/applebot)"
17.241.227.21 - - [16/Jul/2026:14:15:01 +0000] "GET /wp-content/plugins/elementor/assets/css/widget-heading.min.css?ver=4.1.4 HTTP/2" 200 126 "https://ebifo.org/" "Mozilla/5.0 (Macintosh; Intel Mac OS X 10_15_7) AppleWebKit/605.1.15 (KHTML, like Gecko) Version/17.4 Safari/605.1.15 (Applebot/0.1; +http://www.apple.com/go/applebot)"
17.241.227.21 - - [16/Jul/2026:14:15:03 +0000] "GET /wp-content/plugins/elementor/assets/css/widget-icon-list.min.css?ver=4.1.4 HTTP/2" 200 928 "https://ebifo.org/" "Mozilla/5.0 (Macintosh; Intel Mac OS X 10_15_7) AppleWebKit/605.1.15 (KHTML, like Gecko) Version/17.4 Safari/605.1.15 (Applebot/0.1; +http://www.apple.com/go/applebot)"
17.241.227.21 - - [16/Jul/2026:14:15:04 +0000] "GET /wp-content/plugins/elementor/assets/css/widget-social-icons.min.css?ver=4.1.4 HTTP/2" 200 1039 "https://ebifo.org/" "Mozilla/5.0 (Macintosh; Intel Mac OS X 10_15_7) AppleWebKit/605.1.15 (KHTML, like Gecko) Version/17.4 Safari/605.1.15 (Applebot/0.1; +http://www.apple.com/go/applebot)"
17.241.227.21 - - [16/Jul/2026:14:15:06 +0000] "GET /wp-content/plugins/elementor/assets/css/conditionals/apple-webkit.min.css?ver=4.1.4 HTTP/2" 200 464 "https://ebifo.org/" "Mozilla/5.0 (Macintosh; Intel Mac OS X 10_15_7) AppleWebKit/605.1.15 (KHTML, like Gecko) Version/17.4 Safari/605.1.15 (Applebot/0.1; +http://www.apple.com/go/applebot)"
3.27.215.4 - - [16/Jul/2026:14:15:00 +0000] "GET /.env.fly HTTP/1.1" 404 45497 "-" "Mozilla/5.0 (Macintosh; Intel Mac OS X 10_15_7) AppleWebKit/537.36 (KHTML, like Gecko) Chrome/131.0.0.0 Safari/537.36"
17.241.227.21 - - [16/Jul/2026:14:15:07 +0000] "GET /wp-content/plugins/elementor/assets/lib/animations/styles/fadeInUp.min.css?ver=4.1.4 HTTP/2" 200 130 "https://ebifo.org/" "Mozilla/5.0 (Macintosh; Intel Mac OS X 10_15_7) AppleWebKit/605.1.15 (KHTML, like Gecko) Version/17.4 Safari/605.1.15 (Applebot/0.1; +http://www.apple.com/go/applebot)"
3.27.215.4 - - [16/Jul/2026:14:15:07 +0000] "GET /.env.railway HTTP/1.1" 301 0 "-" "Mozilla/5.0 (Macintosh; Intel Mac OS X 10_15_7) AppleWebKit/537.36 (KHTML, like Gecko) Chrome/131.0.0.0 Safari/537.36"
17.241.227.21 - - [16/Jul/2026:14:15:09 +0000] "GET /wp-content/plugins/elementor/assets/lib/animations/styles/fadeIn.min.css?ver=4.1.4 HTTP/2" 200 77 "https://ebifo.org/" "Mozilla/5.0 (Macintosh; Intel Mac OS X 10_15_7) AppleWebKit/605.1.15 (KHTML, like Gecko) Version/17.4 Safari/605.1.15 (Applebot/0.1; +http://www.apple.com/go/applebot)"
17.241.227.21 - - [16/Jul/2026:14:15:10 +0000] "GET /wp-content/plugins/elementor/assets/lib/animations/styles/fadeInLeft.min.css?ver=4.1.4 HTTP/2" 200 137 "https://ebifo.org/" "Mozilla/5.0 (Macintosh; Intel Mac OS X 10_15_7) AppleWebKit/605.1.15 (KHTML, like Gecko) Version/17.4 Safari/605.1.15 (Applebot/0.1; +http://www.apple.com/go/applebot)"
3.27.215.4 - - [16/Jul/2026:14:15:08 +0000] "GET /.env.railway HTTP/1.1" 404 45506 "-" "Mozilla/5.0 (Macintosh; Intel Mac OS X 10_15_7) AppleWebKit/537.36 (KHTML, like Gecko) Chrome/131.0.0.0 Safari/537.36"
17.241.227.21 - - [16/Jul/2026:14:15:12 +0000] "GET /wp-content/plugins/elementor/assets/lib/animations/styles/fadeInRight.min.css?ver=4.1.4 HTTP/2" 200 139 "https://ebifo.org/" "Mozilla/5.0 (Macintosh; Intel Mac OS X 10_15_7) AppleWebKit/605.1.15 (KHTML, like Gecko) Version/17.4 Safari/605.1.15 (Applebot/0.1; +http://www.apple.com/go/applebot)"
37.59.204.156 - - [16/Jul/2026:14:15:09 +0000] "GET /products/5188156823037 HTTP/2" 404 39235 "-" "Mozilla/5.0 (compatible; AhrefsBot/7.0; +http://ahrefs.com/robot/)"
17.241.227.21 - - [16/Jul/2026:14:15:13 +0000] "GET /wp-content/plugins/elementor/assets/lib/animations/styles/e-animation-bob.min.css?ver=4.1.4 HTTP/2" 200 216 "https://ebifo.org/" "Mozilla/5.0 (Macintosh; Intel Mac OS X 10_15_7) AppleWebKit/605.1.15 (KHTML, like Gecko) Version/17.4 Safari/605.1.15 (Applebot/0.1; +http://www.apple.com/go/applebot)"
3.27.215.4 - - [16/Jul/2026:14:15:12 +0000] "GET /.env.render HTTP/1.1" 301 0 "-" "Mozilla/5.0 (Macintosh; Intel Mac OS X 10_15_7) AppleWebKit/537.36 (KHTML, like Gecko) Chrome/131.0.0.0 Safari/537.36"
17.241.227.21 - - [16/Jul/2026:14:15:15 +0000] "GET /wp-content/plugins/elementor-pro/assets/css/modules/motion-fx.min.css?ver=4.1.1 HTTP/2" 200 240 "https://ebifo.org/" "Mozilla/5.0 (Macintosh; Intel Mac OS X 10_15_7) AppleWebKit/605.1.15 (KHTML, like Gecko) Version/17.4 Safari/605.1.15 (Applebot/0.1; +http://www.apple.com/go/applebot)"
17.241.227.21 - - [16/Jul/2026:14:15:16 +0000] "GET /wp-content/plugins/elementor/assets/css/widget-spacer.min.css?ver=4.1.4 HTTP/2" 200 287 "https://ebifo.org/" "Mozilla/5.0 (Macintosh; Intel Mac OS X 10_15_7) AppleWebKit/605.1.15 (KHTML, like Gecko) Version/17.4 Safari/605.1.15 (Applebot/0.1; +http://www.apple.com/go/applebot)"
3.27.215.4 - - [16/Jul/2026:14:15:15 +0000] "GET /.env.render HTTP/1.1" 404 45505 "-" "Mozilla/5.0 (Macintosh; Intel Mac OS X 10_15_7) AppleWebKit/537.36 (KHTML, like Gecko) Chrome/131.0.0.0 Safari/537.36"
17.241.227.21 - - [16/Jul/2026:14:15:18 +0000] "GET /wp-content/plugins/elementor/assets/css/widget-video.min.css?ver=4.1.4 HTTP/2" 200 328 "https://ebifo.org/" "Mozilla/5.0 (Macintosh; Intel Mac OS X 10_15_7) AppleWebKit/605.1.15 (KHTML, like Gecko) Version/17.4 Safari/605.1.15 (Applebot/0.1; +http://www.apple.com/go/applebot)"
17.241.227.21 - - [16/Jul/2026:14:15:19 +0000] "GET /wp-content/plugins/elementor/assets/css/widget-accordion.min.css?ver=4.1.4 HTTP/2" 200 353 "https://ebifo.org/" "Mozilla/5.0 (Macintosh; Intel Mac OS X 10_15_7) AppleWebKit/605.1.15 (KHTML, like Gecko) Version/17.4 Safari/605.1.15 (Applebot/0.1; +http://www.apple.com/go/applebot)"
3.27.215.4 - - [16/Jul/2026:14:15:17 +0000] "GET /.env.vercel HTTP/1.1" 301 0 "-" "Mozilla/5.0 (Macintosh; Intel Mac OS X 10_15_7) AppleWebKit/537.36 (KHTML, like Gecko) Chrome/131.0.0.0 Safari/537.36"
17.241.227.21 - - [16/Jul/2026:14:15:20 +0000] "GET /wp-content/plugins/ubermenu/pro/assets/css/ubermenu.min.css?ver=3.8.5 HTTP/2" 200 8670 "https://ebifo.org/" "Mozilla/5.0 (Macintosh; Intel Mac OS X 10_15_7) AppleWebKit/605.1.15 (KHTML, like Gecko) Version/17.4 Safari/605.1.15 (Applebot/0.1; +http://www.apple.com/go/applebot)"
17.241.227.21 - - [16/Jul/2026:14:15:22 +0000] "GET /wp-content/plugins/ubermenu/assets/css/skins/minimal.css?ver=7.0.1 HTTP/2" 200 623 "https://ebifo.org/" "Mozilla/5.0 (Macintosh; Intel Mac OS X 10_15_7) AppleWebKit/605.1.15 (KHTML, like Gecko) Version/17.4 Safari/605.1.15 (Applebot/0.1; +http://www.apple.com/go/applebot)"
17.241.227.21 - - [16/Jul/2026:14:15:23 +0000] "GET /wp-content/plugins/ubermenu/assets/fontawesome/css/all.min.css?ver=7.0.1 HTTP/2" 200 12370 "https://ebifo.org/" "Mozilla/5.0 (Macintosh; Intel Mac OS X 10_15_7) AppleWebKit/605.1.15 (KHTML, like Gecko) Version/17.4 Safari/605.1.15 (Applebot/0.1; +http://www.apple.com/go/applebot)"
3.27.215.4 - - [16/Jul/2026:14:15:21 +0000] "GET /.env.vercel HTTP/1.1" 404 45501 "-" "Mozilla/5.0 (Macintosh; Intel Mac OS X 10_15_7) AppleWebKit/537.36 (KHTML, like Gecko) Chrome/131.0.0.0 Safari/537.36"
17.241.227.21 - - [16/Jul/2026:14:15:25 +0000] "GET /wp-content/plugins/essential-addons-for-elementor-lite/assets/front-end/css/view/general.min.css?ver=6.6.9 HTTP/2" 200 1420 "https://ebifo.org/" "Mozilla/5.0 (Macintosh; Intel Mac OS X 10_15_7) AppleWebKit/605.1.15 (KHTML, like Gecko) Version/17.4 Safari/605.1.15 (Applebot/0.1; +http://www.apple.com/go/applebot)"
17.241.227.21 - - [16/Jul/2026:14:15:26 +0000] "GET /wp-content/plugins/bearsthemes-addons/assets/css/swiper.min.css?ver=7.0.1 HTTP/2" 200 2180 "https://ebifo.org/" "Mozilla/5.0 (Macintosh; Intel Mac OS X 10_15_7) AppleWebKit/605.1.15 (KHTML, like Gecko) Version/17.4 Safari/605.1.15 (Applebot/0.1; +http://www.apple.com/go/applebot)"
17.241.227.21 - - [16/Jul/2026:14:15:28 +0000] "GET /wp-content/plugins/bearsthemes-addons/assets/css/tooltipster.css?ver=7.0.1 HTTP/2" 200 1528 "https://ebifo.org/" "Mozilla/5.0 (Macintosh; Intel Mac OS X 10_15_7) AppleWebKit/605.1.15 (KHTML, like Gecko) Version/17.4 Safari/605.1.15 (Applebot/0.1; +http://www.apple.com/go/applebot)"
3.27.215.4 - - [16/Jul/2026:14:15:25 +0000] "GET /.env.supabase HTTP/1.1" 301 0 "-" "Mozilla/5.0 (Macintosh; Intel Mac OS X 10_15_7) AppleWebKit/537.36 (KHTML, like Gecko) Chrome/131.0.0.0 Safari/537.36"
17.241.227.21 - - [16/Jul/2026:14:15:29 +0000] "GET /wp-content/plugins/bearsthemes-addons/assets/css/magnific-popup.css?ver=7.0.1 HTTP/2" 200 1660 "https://ebifo.org/" "Mozilla/5.0 (Macintosh; Intel Mac OS X 10_15_7) AppleWebKit/605.1.15 (KHTML, like Gecko) Version/17.4 Safari/605.1.15 (Applebot/0.1; +http://www.apple.com/go/applebot)"
17.241.227.21 - - [16/Jul/2026:14:15:31 +0000] "GET /wp-content/plugins/bearsthemes-addons/assets/css/elements.css?ver=7.0.1 HTTP/2" 200 27816 "https://ebifo.org/" "Mozilla/5.0 (Macintosh; Intel Mac OS X 10_15_7) AppleWebKit/605.1.15 (KHTML, like Gecko) Version/17.4 Safari/605.1.15 (Applebot/0.1; +http://www.apple.com/go/applebot)"
3.27.215.4 - - [16/Jul/2026:14:15:29 +0000] "GET /.env.supabase HTTP/1.1" 404 45496 "-" "Mozilla/5.0 (Macintosh; Intel Mac OS X 10_15_7) AppleWebKit/537.36 (KHTML, like Gecko) Chrome/131.0.0.0 Safari/537.36"
17.241.227.21 - - [16/Jul/2026:14:15:32 +0000] "GET /wp-content/plugins/bearsthemes-addons/assets/css/woocommerce.css?ver=7.0.1 HTTP/2" 200 1608 "https://ebifo.org/" "Mozilla/5.0 (Macintosh; Intel Mac OS X 10_15_7) AppleWebKit/605.1.15 (KHTML, like Gecko) Version/17.4 Safari/605.1.15 (Applebot/0.1; +http://www.apple.com/go/applebot)"
17.241.227.21 - - [16/Jul/2026:14:15:34 +0000] "GET /wp-content/plugins/bearsthemes-addons/assets/css/give.css?ver=7.0.1 HTTP/2" 200 17597 "https://ebifo.org/" "Mozilla/5.0 (Macintosh; Intel Mac OS X 10_15_7) AppleWebKit/605.1.15 (KHTML, like Gecko) Version/17.4 Safari/605.1.15 (Applebot/0.1; +http://www.apple.com/go/applebot)"
17.241.227.21 - - [16/Jul/2026:14:15:35 +0000] "GET /wp-content/plugins/bearsthemes-addons/assets/css/events.css?ver=7.0.1 HTTP/2" 200 9313 "https://ebifo.org/" "Mozilla/5.0 (Macintosh; Intel Mac OS X 10_15_7) AppleWebKit/605.1.15 (KHTML, like Gecko) Version/17.4 Safari/605.1.15 (Applebot/0.1; +http://www.apple.com/go/applebot)"
3.27.215.4 - - [16/Jul/2026:14:15:33 +0000] "GET /.env.neon HTTP/1.1" 301 0 "-" "Mozilla/5.0 (Macintosh; Intel Mac OS X 10_15_7) AppleWebKit/537.36 (KHTML, like Gecko) Chrome/131.0.0.0 Safari/537.36"
17.241.227.21 - - [16/Jul/2026:14:15:37 +0000] "GET /wp-content/plugins/bearsthemes-addons/assets/css/sermone.css?ver=7.0.1 HTTP/2" 200 2697 "https://ebifo.org/" "Mozilla/5.0 (Macintosh; Intel Mac OS X 10_15_7) AppleWebKit/605.1.15 (KHTML, like Gecko) Version/17.4 Safari/605.1.15 (Applebot/0.1; +http://www.apple.com/go/applebot)"
17.241.227.21 - - [16/Jul/2026:14:15:38 +0000] "GET /wp-content/uploads/elementor/google-fonts/css/roboto.css?ver=1753686476 HTTP/2" 200 1877 "https://ebifo.org/" "Mozilla/5.0 (Macintosh; Intel Mac OS X 10_15_7) AppleWebKit/605.1.15 (KHTML, like Gecko) Version/17.4 Safari/605.1.15 (Applebot/0.1; +http://www.apple.com/go/applebot)"
3.27.215.4 - - [16/Jul/2026:14:15:37 +0000] "GET /.env.neon HTTP/1.1" 404 45494 "-" "Mozilla/5.0 (Macintosh; Intel Mac OS X 10_15_7) AppleWebKit/537.36 (KHTML, like Gecko) Chrome/131.0.0.0 Safari/537.36"
17.241.227.21 - - [16/Jul/2026:14:15:40 +0000] "GET /wp-content/uploads/elementor/google-fonts/css/robotoslab.css?ver=1753686469 HTTP/2" 200 714 "https://ebifo.org/" "Mozilla/5.0 (Macintosh; Intel Mac OS X 10_15_7) AppleWebKit/605.1.15 (KHTML, like Gecko) Version/17.4 Safari/605.1.15 (Applebot/0.1; +http://www.apple.com/go/applebot)"
3.27.215.4 - - [16/Jul/2026:14:15:39 +0000] "GET /phpinfo.php HTTP/1.1" 301 0 "-" "Mozilla/5.0 (Macintosh; Intel Mac OS X 10_15_7) AppleWebKit/537.36 (KHTML, like Gecko) Chrome/131.0.0.0 Safari/537.36"
17.241.227.21 - - [16/Jul/2026:14:15:41 +0000] "GET /wp-content/uploads/elementor/google-fonts/css/poppins.css?ver=1753686470 HTTP/2" 200 784 "https://ebifo.org/" "Mozilla/5.0 (Macintosh; Intel Mac OS X 10_15_7) AppleWebKit/605.1.15 (KHTML, like Gecko) Version/17.4 Safari/605.1.15 (Applebot/0.1; +http://www.apple.com/go/applebot)"
17.241.227.21 - - [16/Jul/2026:14:15:42 +0000] "GET /wp-includes/js/jquery/jquery.min.js?ver=3.7.1 HTTP/2" 200 29744 "https://ebifo.org/" "Mozilla/5.0 (Macintosh; Intel Mac OS X 10_15_7) AppleWebKit/605.1.15 (KHTML, like Gecko) Version/17.4 Safari/605.1.15 (Applebot/0.1; +http://www.apple.com/go/applebot)"
3.27.215.4 - - [16/Jul/2026:14:15:41 +0000] "GET /phpinfo.php HTTP/1.1" 404 45496 "-" "Mozilla/5.0 (Macintosh; Intel Mac OS X 10_15_7) AppleWebKit/537.36 (KHTML, like Gecko) Chrome/131.0.0.0 Safari/537.36"
17.241.227.21 - - [16/Jul/2026:14:15:44 +0000] "GET /wp-includes/js/jquery/jquery-migrate.min.js?ver=3.4.1 HTTP/2" 200 4678 "https://ebifo.org/" "Mozilla/5.0 (Macintosh; Intel Mac OS X 10_15_7) AppleWebKit/605.1.15 (KHTML, like Gecko) Version/17.4 Safari/605.1.15 (Applebot/0.1; +http://www.apple.com/go/applebot)"
3.27.215.4 - - [16/Jul/2026:14:15:44 +0000] "GET /info.php HTTP/1.1" 301 0 "-" "Mozilla/5.0 (Macintosh; Intel Mac OS X 10_15_7) AppleWebKit/537.36 (KHTML, like Gecko) Chrome/131.0.0.0 Safari/537.36"
17.241.227.21 - - [16/Jul/2026:14:15:45 +0000] "GET /wp-content/plugins/sermone//dist/sermone.frontend.bundle.js?ver=1.0.0 HTTP/2" 200 60807 "https://ebifo.org/" "Mozilla/5.0 (Macintosh; Intel Mac OS X 10_15_7) AppleWebKit/605.1.15 (KHTML, like Gecko) Version/17.4 Safari/605.1.15 (Applebot/0.1; +http://www.apple.com/go/applebot)"
17.241.227.21 - - [16/Jul/2026:14:15:47 +0000] "GET /wp-content/plugins/woocommerce/assets/js/jquery-blockui/jquery.blockUI.min.js?ver=2.7.0-wc.10.9.1 HTTP/2" 200 3277 "https://ebifo.org/" "Mozilla/5.0 (Macintosh; Intel Mac OS X 10_15_7) AppleWebKit/605.1.15 (KHTML, like Gecko) Version/17.4 Safari/605.1.15 (Applebot/0.1; +http://www.apple.com/go/applebot)"
3.27.215.4 - - [16/Jul/2026:14:15:45 +0000] "GET /info.php HTTP/1.1" 404 45494 "-" "Mozilla/5.0 (Macintosh; Intel Mac OS X 10_15_7) AppleWebKit/537.36 (KHTML, like Gecko) Chrome/131.0.0.0 Safari/537.36"
17.241.227.21 - - [16/Jul/2026:14:15:48 +0000] "GET /wp-content/plugins/woocommerce/assets/js/frontend/add-to-cart.min.js?ver=10.9.1 HTTP/2" 200 1296 "https://ebifo.org/" "Mozilla/5.0 (Macintosh; Intel Mac OS X 10_15_7) AppleWebKit/605.1.15 (KHTML, like Gecko) Version/17.4 Safari/605.1.15 (Applebot/0.1; +http://www.apple.com/go/applebot)"
3.27.215.4 - - [16/Jul/2026:14:15:48 +0000] "GET /php.php HTTP/1.1" 301 0 "-" "Mozilla/5.0 (Macintosh; Intel Mac OS X 10_15_7) AppleWebKit/537.36 (KHTML, like Gecko) Chrome/131.0.0.0 Safari/537.36"
17.241.227.21 - - [16/Jul/2026:14:15:50 +0000] "GET /wp-content/plugins/woocommerce/assets/js/js-cookie/js.cookie.min.js?ver=2.1.4-wc.10.9.1 HTTP/2" 200 760 "https://ebifo.org/" "Mozilla/5.0 (Macintosh; Intel Mac OS X 10_15_7) AppleWebKit/605.1.15 (KHTML, like Gecko) Version/17.4 Safari/605.1.15 (Applebot/0.1; +http://www.apple.com/go/applebot)"
3.27.215.4 - - [16/Jul/2026:14:15:49 +0000] "GET /php.php HTTP/1.1" 404 45497 "-" "Mozilla/5.0 (Macintosh; Intel Mac OS X 10_15_7) AppleWebKit/537.36 (KHTML, like Gecko) Chrome/131.0.0.0 Safari/537.36"
17.241.227.21 - - [16/Jul/2026:14:15:51 +0000] "GET /wp-content/plugins/woocommerce/assets/js/frontend/woocommerce.min.js?ver=10.9.1 HTTP/2" 200 1384 "https://ebifo.org/" "Mozilla/5.0 (Macintosh; Intel Mac OS X 10_15_7) AppleWebKit/605.1.15 (KHTML, like Gecko) Version/17.4 Safari/605.1.15 (Applebot/0.1; +http://www.apple.com/go/applebot)"
17.241.227.21 - - [16/Jul/2026:14:15:53 +0000] "GET /wp-includes/js/dist/hooks.min.js?ver=7496969728ca0f95732d HTTP/2" 200 1734 "https://ebifo.org/" "Mozilla/5.0 (Macintosh; Intel Mac OS X 10_15_7) AppleWebKit/605.1.15 (KHTML, like Gecko) Version/17.4 Safari/605.1.15 (Applebot/0.1; +http://www.apple.com/go/applebot)"
3.27.215.4 - - [16/Jul/2026:14:15:52 +0000] "GET /i.php HTTP/1.1" 301 0 "-" "Mozilla/5.0 (Macintosh; Intel Mac OS X 10_15_7) AppleWebKit/537.36 (KHTML, like Gecko) Chrome/131.0.0.0 Safari/537.36"
17.241.227.21 - - [16/Jul/2026:14:15:54 +0000] "GET /wp-includes/js/dist/i18n.min.js?ver=781d11515ad3d91786ec HTTP/2" 200 2354 "https://ebifo.org/" "Mozilla/5.0 (Macintosh; Intel Mac OS X 10_15_7) AppleWebKit/605.1.15 (KHTML, like Gecko) Version/17.4 Safari/605.1.15 (Applebot/0.1; +http://www.apple.com/go/applebot)"
17.241.227.21 - - [16/Jul/2026:14:15:56 +0000] "GET /wp-content/plugins/give/build/assets/dist/js/give.js?ver=8540f4f50a2032d9c5b5 HTTP/2" 200 46238 "https://ebifo.org/" "Mozilla/5.0 (Macintosh; Intel Mac OS X 10_15_7) AppleWebKit/605.1.15 (KHTML, like Gecko) Version/17.4 Safari/605.1.15 (Applebot/0.1; +http://www.apple.com/go/applebot)"
3.27.215.4 - - [16/Jul/2026:14:15:54 +0000] "GET /i.php HTTP/1.1" 404 45487 "-" "Mozilla/5.0 (Macintosh; Intel Mac OS X 10_15_7) AppleWebKit/537.36 (KHTML, like Gecko) Chrome/131.0.0.0 Safari/537.36"
17.241.227.21 - - [16/Jul/2026:14:15:57 +0000] "GET /wp-content/themes/alone/js/posts-loadmore.js?ver=7.0.1 HTTP/2" 200 917 "https://ebifo.org/" "Mozilla/5.0 (Macintosh; Intel Mac OS X 10_15_7) AppleWebKit/605.1.15 (KHTML, like Gecko) Version/17.4 Safari/605.1.15 (Applebot/0.1; +http://www.apple.com/go/applebot)"
3.27.215.4 - - [16/Jul/2026:14:15:56 +0000] "GET /pi.php HTTP/1.1" 301 0 "-" "Mozilla/5.0 (Macintosh; Intel Mac OS X 10_15_7) AppleWebKit/537.36 (KHTML, like Gecko) Chrome/131.0.0.0 Safari/537.36"
17.241.227.21 - - [16/Jul/2026:14:15:58 +0000] "GET /wp-content/themes/alone/js/give-loadmore.js?ver=7.0.1 HTTP/2" 200 1695 "https://ebifo.org/" "Mozilla/5.0 (Macintosh; Intel Mac OS X 10_15_7) AppleWebKit/605.1.15 (KHTML, like Gecko) Version/17.4 Safari/605.1.15 (Applebot/0.1; +http://www.apple.com/go/applebot)"
17.241.227.21 - - [16/Jul/2026:14:16:00 +0000] "GET /wp-content/plugins/woocommerce/assets/client/blocks/wc-blocks.css?ver=wc-10.9.1 HTTP/2" 200 2391 "https://ebifo.org/" "Mozilla/5.0 (Macintosh; Intel Mac OS X 10_15_7) AppleWebKit/605.1.15 (KHTML, like Gecko) Version/17.4 Safari/605.1.15 (Applebot/0.1; +http://www.apple.com/go/applebot)"
209.42.17.20 - - [16/Jul/2026:14:16:00 +0000] "POST /wp-cron.php?doing_wp_cron=1784211360.4450709819793701171875 HTTP/1.1" 200 0 "-" "WordPress/7.0.1; https://ebifo.org"
3.27.215.4 - - [16/Jul/2026:14:15:58 +0000] "GET /pi.php HTTP/1.1" 404 45489 "-" "Mozilla/5.0 (Macintosh; Intel Mac OS X 10_15_7) AppleWebKit/537.36 (KHTML, like Gecko) Chrome/131.0.0.0 Safari/537.36"
17.241.227.21 - - [16/Jul/2026:14:16:01 +0000] "GET /wp-content/plugins/woocommerce/assets/css/photoswipe/photoswipe.min.css?ver=10.9.1 HTTP/2" 200 846 "https://ebifo.org/" "Mozilla/5.0 (Macintosh; Intel Mac OS X 10_15_7) AppleWebKit/605.1.15 (KHTML, like Gecko) Version/17.4 Safari/605.1.15 (Applebot/0.1; +http://www.apple.com/go/applebot)"
17.241.227.21 - - [16/Jul/2026:14:16:03 +0000] "GET /wp-content/plugins/woocommerce/assets/css/photoswipe/default-skin/default-skin.min.css?ver=10.9.1 HTTP/2" 200 1759 "https://ebifo.org/" "Mozilla/5.0 (Macintosh; Intel Mac OS X 10_15_7) AppleWebKit/605.1.15 (KHTML, like Gecko) Version/17.4 Safari/605.1.15 (Applebot/0.1; +http://www.apple.com/go/applebot)"
17.241.227.21 - - [16/Jul/2026:14:16:04 +0000] "GET /wp-content/plugins/the-events-calendar/common/build/js/user-agent.js?ver=da75d0bdea6dde3898df HTTP/2" 200 171 "https://ebifo.org/" "Mozilla/5.0 (Macintosh; Intel Mac OS X 10_15_7) AppleWebKit/605.1.15 (KHTML, like Gecko) Version/17.4 Safari/605.1.15 (Applebot/0.1; +http://www.apple.com/go/applebot)"
17.241.227.21 - - [16/Jul/2026:14:16:06 +0000] "GET /wp-includes/js/dist/vendor/react.min.js?ver=18.3.1.1 HTTP/2" 200 4117 "https://ebifo.org/" "Mozilla/5.0 (Macintosh; Intel Mac OS X 10_15_7) AppleWebKit/605.1.15 (KHTML, like Gecko) Version/17.4 Safari/605.1.15 (Applebot/0.1; +http://www.apple.com/go/applebot)"
3.27.215.4 - - [16/Jul/2026:14:16:01 +0000] "GET /pinfo.php HTTP/1.1" 301 0 "-" "Mozilla/5.0 (Macintosh; Intel Mac OS X 10_15_7) AppleWebKit/537.36 (KHTML, like Gecko) Chrome/131.0.0.0 Safari/537.36"
17.241.227.21 - - [16/Jul/2026:14:16:07 +0000] "GET /wp-includes/js/dist/vendor/react-jsx-runtime.min.js?ver=18.3.1 HTTP/2" 200 613 "https://ebifo.org/" "Mozilla/5.0 (Macintosh; Intel Mac OS X 10_15_7) AppleWebKit/605.1.15 (KHTML, like Gecko) Version/17.4 Safari/605.1.15 (Applebot/0.1; +http://www.apple.com/go/applebot)"
17.241.227.21 - - [16/Jul/2026:14:16:09 +0000] "GET /wp-includes/js/dist/url.min.js?ver=bb0f766c3d2efe497871 HTTP/2" 200 3629 "https://ebifo.org/" "Mozilla/5.0 (Macintosh; Intel Mac OS X 10_15_7) AppleWebKit/605.1.15 (KHTML, like Gecko) Version/17.4 Safari/605.1.15 (Applebot/0.1; +http://www.apple.com/go/applebot)"
3.27.215.4 - - [16/Jul/2026:14:16:07 +0000] "GET /pinfo.php HTTP/1.1" 404 45505 "-" "Mozilla/5.0 (Macintosh; Intel Mac OS X 10_15_7) AppleWebKit/537.36 (KHTML, like Gecko) Chrome/131.0.0.0 Safari/537.36"
34.127.127.219 - - [16/Jul/2026:14:16:07 +0000] "GET / HTTP/1.1" 200 414488 "-" "Mozilla/5.0 (Windows NT 10.0; Win64; x64) AppleWebKit/537.36 (KHTML, like Gecko) Chrome/89.0.4389.114 Safari/537.36"
34.127.127.219 - - [16/Jul/2026:14:16:10 +0000] "GET //wp-includes/wlwmanifest.xml HTTP/1.1" 404 1251 "-" "Mozilla/5.0 (Windows NT 10.0; Win64; x64) AppleWebKit/537.36 (KHTML, like Gecko) Chrome/89.0.4389.114 Safari/537.36"
34.127.127.219 - - [16/Jul/2026:14:16:10 +0000] "GET //xmlrpc.php?rsd HTTP/1.1" 403 1242 "-" "Mozilla/5.0 (Windows NT 10.0; Win64; x64) AppleWebKit/537.36 (KHTML, like Gecko) Chrome/89.0.4389.114 Safari/537.36"
17.241.227.21 - - [16/Jul/2026:14:16:10 +0000] "GET /wp-includes/js/dist/api-fetch.min.js?ver=d7efe4dc1468d36c39b8 HTTP/2" 200 2692 "https://ebifo.org/" "Mozilla/5.0 (Macintosh; Intel Mac OS X 10_15_7) AppleWebKit/605.1.15 (KHTML, like Gecko) Version/17.4 Safari/605.1.15 (Applebot/0.1; +http://www.apple.com/go/applebot)"
3.27.215.4 - - [16/Jul/2026:14:16:10 +0000] "GET /test.php HTTP/1.1" 301 0 "-" "Mozilla/5.0 (Macintosh; Intel Mac OS X 10_15_7) AppleWebKit/537.36 (KHTML, like Gecko) Chrome/131.0.0.0 Safari/537.36"
17.241.227.21 - - [16/Jul/2026:14:16:11 +0000] "GET /wp-includes/js/dist/vendor/react-dom.min.js?ver=18.3.1.1 HTTP/2" 200 41410 "https://ebifo.org/" "Mozilla/5.0 (Macintosh; Intel Mac OS X 10_15_7) AppleWebKit/605.1.15 (KHTML, like Gecko) Version/17.4 Safari/605.1.15 (Applebot/0.1; +http://www.apple.com/go/applebot)"
17.241.227.21 - - [16/Jul/2026:14:16:13 +0000] "GET /wp-includes/js/dist/dom-ready.min.js?ver=a06281ae5cf5500e9317 HTTP/2" 200 420 "https://ebifo.org/" "Mozilla/5.0 (Macintosh; Intel Mac OS X 10_15_7) AppleWebKit/605.1.15 (KHTML, like Gecko) Version/17.4 Safari/605.1.15 (Applebot/0.1; +http://www.apple.com/go/applebot)"
34.127.127.219 - - [16/Jul/2026:14:16:10 +0000] "GET / HTTP/1.1" 200 414488 "-" "Mozilla/5.0 (Windows NT 10.0; Win64; x64) AppleWebKit/537.36 (KHTML, like Gecko) Chrome/89.0.4389.114 Safari/537.36"
17.241.227.21 - - [16/Jul/2026:14:16:14 +0000] "GET /wp-includes/js/dist/a11y.min.js?ver=af934e5259bc51b8718e HTTP/2" 200 935 "https://ebifo.org/" "Mozilla/5.0 (Macintosh; Intel Mac OS X 10_15_7) AppleWebKit/605.1.15 (KHTML, like Gecko) Version/17.4 Safari/605.1.15 (Applebot/0.1; +http://www.apple.com/go/applebot)"
3.27.215.4 - - [16/Jul/2026:14:16:11 +0000] "GET /test.php HTTP/1.1" 404 45494 "-" "Mozilla/5.0 (Macintosh; Intel Mac OS X 10_15_7) AppleWebKit/537.36 (KHTML, like Gecko) Chrome/131.0.0.0 Safari/537.36"
34.127.127.219 - - [16/Jul/2026:14:16:14 +0000] "GET //?author=1 HTTP/1.1" 301 0 "-" "Mozilla/5.0 (Windows NT 10.0; Win64; x64) AppleWebKit/537.36 (KHTML, like Gecko) Chrome/89.0.4389.114 Safari/537.36"
17.241.227.21 - - [16/Jul/2026:14:16:16 +0000] "GET /wp-includes/js/dist/blob.min.js?ver=198af75fe06d924090d8 HTTP/2" 200 564 "https://ebifo.org/" "Mozilla/5.0 (Macintosh; Intel Mac OS X 10_15_7) AppleWebKit/605.1.15 (KHTML, like Gecko) Version/17.4 Safari/605.1.15 (Applebot/0.1; +http://www.apple.com/go/applebot)"
3.27.215.4 - - [16/Jul/2026:14:16:15 +0000] "GET /phpinfo HTTP/1.1" 301 0 "-" "Mozilla/5.0 (Macintosh; Intel Mac OS X 10_15_7) AppleWebKit/537.36 (KHTML, like Gecko) Chrome/131.0.0.0 Safari/537.36"
17.241.227.21 - - [16/Jul/2026:14:16:17 +0000] "GET /wp-includes/js/dist/block-serialization-default-parser.min.js?ver=bff55bd3f1ce9df0c99c HTTP/2" 200 1092 "https://ebifo.org/" "Mozilla/5.0 (Macintosh; Intel Mac OS X 10_15_7) AppleWebKit/605.1.15 (KHTML, like Gecko) Version/17.4 Safari/605.1.15 (Applebot/0.1; +http://www.apple.com/go/applebot)"
92.222.108.106 - - [16/Jul/2026:14:16:16 +0000] "GET /products/39484388832081 HTTP/2" 404 39253 "-" "Mozilla/5.0 (compatible; AhrefsBot/7.0; +http://ahrefs.com/robot/)"
34.127.127.219 - - [16/Jul/2026:14:16:16 +0000] "GET //?author=2 HTTP/1.1" 301 0 "-" "Mozilla/5.0 (Windows NT 10.0; Win64; x64) AppleWebKit/537.36 (KHTML, like Gecko) Chrome/89.0.4389.114 Safari/537.36"
17.241.227.21 - - [16/Jul/2026:14:16:19 +0000] "GET /wp-includes/js/dist/autop.min.js?ver=9d0d0901b46f0a9027c9 HTTP/2" 200 2067 "https://ebifo.org/" "Mozilla/5.0 (Macintosh; Intel Mac OS X 10_15_7) AppleWebKit/605.1.15 (KHTML, like Gecko) Version/17.4 Safari/605.1.15 (Applebot/0.1; +http://www.apple.com/go/applebot)"
3.27.215.4 - - [16/Jul/2026:14:16:17 +0000] "GET /phpinfo HTTP/1.1" 404 45496 "-" "Mozilla/5.0 (Macintosh; Intel Mac OS X 10_15_7) AppleWebKit/537.36 (KHTML, like Gecko) Chrome/131.0.0.0 Safari/537.36"
34.127.127.219 - - [16/Jul/2026:14:16:18 +0000] "GET //?author=3 HTTP/1.1" 301 0 "-" "Mozilla/5.0 (Windows NT 10.0; Win64; x64) AppleWebKit/537.36 (KHTML, like Gecko) Chrome/89.0.4389.114 Safari/537.36"
17.241.227.21 - - [16/Jul/2026:14:16:20 +0000] "GET /wp-includes/js/dist/deprecated.min.js?ver=990e85f234fee8f7d446 HTTP/2" 200 698 "https://ebifo.org/" "Mozilla/5.0 (Macintosh; Intel Mac OS X 10_15_7) AppleWebKit/605.1.15 (KHTML, like Gecko) Version/17.4 Safari/605.1.15 (Applebot/0.1; +http://www.apple.com/go/applebot)"
34.127.127.219 - - [16/Jul/2026:14:16:20 +0000] "GET //wp-json/wp/v2/users/ HTTP/1.1" 200 1860 "-" "Mozilla/5.0 (Windows NT 10.0; Win64; x64) AppleWebKit/537.36 (KHTML, like Gecko) Chrome/89.0.4389.114 Safari/537.36"
17.241.227.21 - - [16/Jul/2026:14:16:22 +0000] "GET /wp-includes/js/dist/dom.min.js?ver=66a6cf58e0c4cd128af0 HTTP/2" 200 4822 "https://ebifo.org/" "Mozilla/5.0 (Macintosh; Intel Mac OS X 10_15_7) AppleWebKit/605.1.15 (KHTML, like Gecko) Version/17.4 Safari/605.1.15 (Applebot/0.1; +http://www.apple.com/go/applebot)"
34.127.127.219 - - [16/Jul/2026:14:16:22 +0000] "POST //xmlrpc.php HTTP/1.1" 403 1242 "-" "Mozilla/5.0 (Windows NT 10.0; Win64; x64) AppleWebKit/537.36 (KHTML, like Gecko) Chrome/89.0.4389.114 Safari/537.36"
3.27.215.4 - - [16/Jul/2026:14:16:20 +0000] "GET /p.php HTTP/1.1" 301 0 "-" "Mozilla/5.0 (Macintosh; Intel Mac OS X 10_15_7) AppleWebKit/537.36 (KHTML, like Gecko) Chrome/131.0.0.0 Safari/537.36"
17.241.227.21 - - [16/Jul/2026:14:16:23 +0000] "GET /wp-includes/js/dist/escape-html.min.js?ver=3f093e5cca67aa0f8b56 HTTP/2" 200 537 "https://ebifo.org/" "Mozilla/5.0 (Macintosh; Intel Mac OS X 10_15_7) AppleWebKit/605.1.15 (KHTML, like Gecko) Version/17.4 Safari/605.1.15 (Applebot/0.1; +http://www.apple.com/go/applebot)"
3.27.215.4 - - [16/Jul/2026:14:16:22 +0000] "GET /p.php HTTP/1.1" 404 45491 "-" "Mozilla/5.0 (Macintosh; Intel Mac OS X 10_15_7) AppleWebKit/537.36 (KHTML, like Gecko) Chrome/131.0.0.0 Safari/537.36"
17.241.227.21 - - [16/Jul/2026:14:16:24 +0000] "GET /wp-includes/js/dist/element.min.js?ver=15ba804677f72a8db97b HTTP/2" 200 5024 "https://ebifo.org/" "Mozilla/5.0 (Macintosh; Intel Mac OS X 10_15_7) AppleWebKit/605.1.15 (KHTML, like Gecko) Version/17.4 Safari/605.1.15 (Applebot/0.1; +http://www.apple.com/go/applebot)"
17.241.227.21 - - [16/Jul/2026:14:16:26 +0000] "GET /wp-includes/js/dist/is-shallow-equal.min.js?ver=5d84b9f3cb50d2ce7d04 HTTP/2" 200 523 "https://ebifo.org/" "Mozilla/5.0 (Macintosh; Intel Mac OS X 10_15_7) AppleWebKit/605.1.15 (KHTML, like Gecko) Version/17.4 Safari/605.1.15 (Applebot/0.1; +http://www.apple.com/go/applebot)"
3.27.215.4 - - [16/Jul/2026:14:16:25 +0000] "GET /debug.php HTTP/1.1" 301 0 "-" "Mozilla/5.0 (Macintosh; Intel Mac OS X 10_15_7) AppleWebKit/537.36 (KHTML, like Gecko) Chrome/131.0.0.0 Safari/537.36"
17.241.227.21 - - [16/Jul/2026:14:16:27 +0000] "GET /wp-includes/js/dist/keycodes.min.js?ver=aa1a141e3468afe7f852 HTTP/2" 200 1492 "https://ebifo.org/" "Mozilla/5.0 (Macintosh; Intel Mac OS X 10_15_7) AppleWebKit/605.1.15 (KHTML, like Gecko) Version/17.4 Safari/605.1.15 (Applebot/0.1; +http://www.apple.com/go/applebot)"
17.241.227.21 - - [16/Jul/2026:14:16:29 +0000] "GET /wp-includes/js/dist/priority-queue.min.js?ver=1f0e89e247bc0bd3f9b9 HTTP/2" 200 1514 "https://ebifo.org/" "Mozilla/5.0 (Macintosh; Intel Mac OS X 10_15_7) AppleWebKit/605.1.15 (KHTML, like Gecko) Version/17.4 Safari/605.1.15 (Applebot/0.1; +http://www.apple.com/go/applebot)"
3.27.215.4 - - [16/Jul/2026:14:16:27 +0000] "GET /debug.php HTTP/1.1" 404 45506 "-" "Mozilla/5.0 (Macintosh; Intel Mac OS X 10_15_7) AppleWebKit/537.36 (KHTML, like Gecko) Chrome/131.0.0.0 Safari/537.36"
17.241.227.21 - - [16/Jul/2026:14:16:30 +0000] "GET /wp-includes/js/dist/undo-manager.min.js?ver=27bb0ae036a2c9d4a1b5 HTTP/2" 200 871 "https://ebifo.org/" "Mozilla/5.0 (Macintosh; Intel Mac OS X 10_15_7) AppleWebKit/605.1.15 (KHTML, like Gecko) Version/17.4 Safari/605.1.15 (Applebot/0.1; +http://www.apple.com/go/applebot)"
3.27.215.4 - - [16/Jul/2026:14:16:30 +0000] "GET /admin/phpinfo.php HTTP/1.1" 301 0 "-" "Mozilla/5.0 (Macintosh; Intel Mac OS X 10_15_7) AppleWebKit/537.36 (KHTML, like Gecko) Chrome/131.0.0.0 Safari/537.36"
17.241.227.21 - - [16/Jul/2026:14:16:32 +0000] "GET /wp-includes/js/dist/compose.min.js?ver=fbe37f6b46750554f947 HTTP/2" 200 10730 "https://ebifo.org/" "Mozilla/5.0 (Macintosh; Intel Mac OS X 10_15_7) AppleWebKit/605.1.15 (KHTML, like Gecko) Version/17.4 Safari/605.1.15 (Applebot/0.1; +http://www.apple.com/go/applebot)"
17.241.227.21 - - [16/Jul/2026:14:16:33 +0000] "GET /wp-includes/js/dist/private-apis.min.js?ver=835912f0086b9e59aed4 HTTP/2" 200 997 "https://ebifo.org/" "Mozilla/5.0 (Macintosh; Intel Mac OS X 10_15_7) AppleWebKit/605.1.15 (KHTML, like Gecko) Version/17.4 Safari/605.1.15 (Applebot/0.1; +http://www.apple.com/go/applebot)"
3.27.215.4 - - [16/Jul/2026:14:16:31 +0000] "GET /admin/phpinfo.php HTTP/1.1" 404 45500 "-" "Mozilla/5.0 (Macintosh; Intel Mac OS X 10_15_7) AppleWebKit/537.36 (KHTML, like Gecko) Chrome/131.0.0.0 Safari/537.36"
17.241.227.21 - - [16/Jul/2026:14:16:34 +0000] "GET /wp-includes/js/dist/redux-routine.min.js?ver=64f9f5001aabc046c605 HTTP/2" 200 3223 "https://ebifo.org/" "Mozilla/5.0 (Macintosh; Intel Mac OS X 10_15_7) AppleWebKit/605.1.15 (KHTML, like Gecko) Version/17.4 Safari/605.1.15 (Applebot/0.1; +http://www.apple.com/go/applebot)"
3.27.215.4 - - [16/Jul/2026:14:16:34 +0000] "GET /test/phpinfo.php HTTP/1.1" 301 0 "-" "Mozilla/5.0 (Macintosh; Intel Mac OS X 10_15_7) AppleWebKit/537.36 (KHTML, like Gecko) Chrome/131.0.0.0 Safari/537.36"
17.241.227.21 - - [16/Jul/2026:14:16:36 +0000] "GET /wp-includes/js/dist/data.min.js?ver=1756b6a2676c1b3369ab HTTP/2" 200 9420 "https://ebifo.org/" "Mozilla/5.0 (Macintosh; Intel Mac OS X 10_15_7) AppleWebKit/605.1.15 (KHTML, like Gecko) Version/17.4 Safari/605.1.15 (Applebot/0.1; +http://www.apple.com/go/applebot)"
17.241.227.21 - - [16/Jul/2026:14:16:37 +0000] "GET /wp-includes/js/dist/html-entities.min.js?ver=8c6fa5b869dfeadc4af2 HTTP/2" 200 441 "https://ebifo.org/" "Mozilla/5.0 (Macintosh; Intel Mac OS X 10_15_7) AppleWebKit/605.1.15 (KHTML, like Gecko) Version/17.4 Safari/605.1.15 (Applebot/0.1; +http://www.apple.com/go/applebot)"
3.27.215.4 - - [16/Jul/2026:14:16:36 +0000] "GET /test/phpinfo.php HTTP/1.1" 404 45500 "-" "Mozilla/5.0 (Macintosh; Intel Mac OS X 10_15_7) AppleWebKit/537.36 (KHTML, like Gecko) Chrome/131.0.0.0 Safari/537.36"
17.241.227.21 - - [16/Jul/2026:14:16:39 +0000] "GET /wp-includes/js/dist/rich-text.min.js?ver=16449e6108f48327f368 HTTP/2" 200 13480 "https://ebifo.org/" "Mozilla/5.0 (Macintosh; Intel Mac OS X 10_15_7) AppleWebKit/605.1.15 (KHTML, like Gecko) Version/17.4 Safari/605.1.15 (Applebot/0.1; +http://www.apple.com/go/applebot)"
17.241.227.21 - - [16/Jul/2026:14:16:40 +0000] "GET /wp-includes/js/dist/shortcode.min.js?ver=11742fe18cc215d3d5ab HTTP/2" 200 1499 "https://ebifo.org/" "Mozilla/5.0 (Macintosh; Intel Mac OS X 10_15_7) AppleWebKit/605.1.15 (KHTML, like Gecko) Version/17.4 Safari/605.1.15 (Applebot/0.1; +http://www.apple.com/go/applebot)"
3.27.215.4 - - [16/Jul/2026:14:16:39 +0000] "GET /dev/phpinfo.php HTTP/1.1" 301 0 "-" "Mozilla/5.0 (Macintosh; Intel Mac OS X 10_15_7) AppleWebKit/537.36 (KHTML, like Gecko) Chrome/131.0.0.0 Safari/537.36"
17.241.227.21 - - [16/Jul/2026:14:16:41 +0000] "GET /wp-includes/js/dist/warning.min.js?ver=36fdbdc984d93aee8a97 HTTP/2" 200 407 "https://ebifo.org/" "Mozilla/5.0 (Macintosh; Intel Mac OS X 10_15_7) AppleWebKit/605.1.15 (KHTML, like Gecko) Version/17.4 Safari/605.1.15 (Applebot/0.1; +http://www.apple.com/go/applebot)"
3.27.215.4 - - [16/Jul/2026:14:16:40 +0000] "GET /dev/phpinfo.php HTTP/1.1" 404 45498 "-" "Mozilla/5.0 (Macintosh; Intel Mac OS X 10_15_7) AppleWebKit/537.36 (KHTML, like Gecko) Chrome/131.0.0.0 Safari/537.36"
17.241.219.95 - - [16/Jul/2026:14:16:44 +0000] "GET /wp-includes/js/dist/shortcode.min.js?ver=11742fe18cc215d3d5ab HTTP/2" 200 1499 "https://ebifo.org/" "Mozilla/5.0 (Macintosh; Intel Mac OS X 10_15_7) AppleWebKit/605.1.15 (KHTML, like Gecko) Version/17.4 Safari/605.1.15 (Applebot/0.1; +http://www.apple.com/go/applebot)"
17.241.219.95 - - [16/Jul/2026:14:16:44 +0000] "GET /wp-includes/js/dist/warning.min.js?ver=36fdbdc984d93aee8a97 HTTP/2" 200 407 "https://ebifo.org/" "Mozilla/5.0 (Macintosh; Intel Mac OS X 10_15_7) AppleWebKit/605.1.15 (KHTML, like Gecko) Version/17.4 Safari/605.1.15 (Applebot/0.1; +http://www.apple.com/go/applebot)"
3.27.215.4 - - [16/Jul/2026:14:16:43 +0000] "GET /old/phpinfo.php HTTP/1.1" 301 0 "-" "Mozilla/5.0 (Macintosh; Intel Mac OS X 10_15_7) AppleWebKit/537.36 (KHTML, like Gecko) Chrome/131.0.0.0 Safari/537.36"
17.241.219.95 - - [16/Jul/2026:14:16:46 +0000] "GET /wp-includes/js/dist/blocks.min.js?ver=ef38e42500165bfda301 HTTP/2" 200 54171 "https://ebifo.org/" "Mozilla/5.0 (Macintosh; Intel Mac OS X 10_15_7) AppleWebKit/605.1.15 (KHTML, like Gecko) Version/17.4 Safari/605.1.15 (Applebot/0.1; +http://www.apple.com/go/applebot)"
3.27.215.4 - - [16/Jul/2026:14:16:45 +0000] "GET /old/phpinfo.php HTTP/1.1" 404 45500 "-" "Mozilla/5.0 (Macintosh; Intel Mac OS X 10_15_7) AppleWebKit/537.36 (KHTML, like Gecko) Chrome/131.0.0.0 Safari/537.36"
17.241.219.95 - - [16/Jul/2026:14:16:47 +0000] "GET /wp-includes/js/dist/vendor/moment.min.js?ver=2.30.1 HTTP/2" 200 18383 "https://ebifo.org/" "Mozilla/5.0 (Macintosh; Intel Mac OS X 10_15_7) AppleWebKit/605.1.15 (KHTML, like Gecko) Version/17.4 Safari/605.1.15 (Applebot/0.1; +http://www.apple.com/go/applebot)"
17.241.219.95 - - [16/Jul/2026:14:16:49 +0000] "GET /wp-includes/js/dist/date.min.js?ver=c9f8e7dd3232716f34e9 HTTP/2" 200 22977 "https://ebifo.org/" "Mozilla/5.0 (Macintosh; Intel Mac OS X 10_15_7) AppleWebKit/605.1.15 (KHTML, like Gecko) Version/17.4 Safari/605.1.15 (Applebot/0.1; +http://www.apple.com/go/applebot)"
3.27.215.4 - - [16/Jul/2026:14:16:48 +0000] "GET /tmp/phpinfo.php HTTP/1.1" 301 0 "-" "Mozilla/5.0 (Macintosh; Intel Mac OS X 10_15_7) AppleWebKit/537.36 (KHTML, like Gecko) Chrome/131.0.0.0 Safari/537.36"
17.241.219.95 - - [16/Jul/2026:14:16:50 +0000] "GET /wp-includes/js/dist/keyboard-shortcuts.min.js?ver=2ed78d3b4c23f38804e0 HTTP/2" 200 1481 "https://ebifo.org/" "Mozilla/5.0 (Macintosh; Intel Mac OS X 10_15_7) AppleWebKit/605.1.15 (KHTML, like Gecko) Version/17.4 Safari/605.1.15 (Applebot/0.1; +http://www.apple.com/go/applebot)"
17.241.219.95 - - [16/Jul/2026:14:16:51 +0000] "GET /wp-includes/js/dist/commands.min.js?ver=e3d8bba53f4ffea4fcd2 HTTP/2" 200 19300 "https://ebifo.org/" "Mozilla/5.0 (Macintosh; Intel Mac OS X 10_15_7) AppleWebKit/605.1.15 (KHTML, like Gecko) Version/17.4 Safari/605.1.15 (Applebot/0.1; +http://www.apple.com/go/applebot)"
3.27.215.4 - - [16/Jul/2026:14:16:49 +0000] "GET /tmp/phpinfo.php HTTP/1.1" 404 45507 "-" "Mozilla/5.0 (Macintosh; Intel Mac OS X 10_15_7) AppleWebKit/537.36 (KHTML, like Gecko) Chrome/131.0.0.0 Safari/537.36"
17.241.219.95 - - [16/Jul/2026:14:16:53 +0000] "GET /wp-includes/js/dist/notices.min.js?ver=218d0173a31ae7269246 HTTP/2" 200 1760 "https://ebifo.org/" "Mozilla/5.0 (Macintosh; Intel Mac OS X 10_15_7) AppleWebKit/605.1.15 (KHTML, like Gecko) Version/17.4 Safari/605.1.15 (Applebot/0.1; +http://www.apple.com/go/applebot)"
17.241.219.95 - - [16/Jul/2026:14:16:54 +0000] "GET /wp-includes/js/dist/preferences-persistence.min.js?ver=e8033be98338d1861bca HTTP/2" 200 2054 "https://ebifo.org/" "Mozilla/5.0 (Macintosh; Intel Mac OS X 10_15_7) AppleWebKit/605.1.15 (KHTML, like Gecko) Version/17.4 Safari/605.1.15 (Applebot/0.1; +http://www.apple.com/go/applebot)"
3.27.215.4 - - [16/Jul/2026:14:16:52 +0000] "GET /public/phpinfo.php HTTP/1.1" 301 0 "-" "Mozilla/5.0 (Macintosh; Intel Mac OS X 10_15_7) AppleWebKit/537.36 (KHTML, like Gecko) Chrome/131.0.0.0 Safari/537.36"
17.241.219.95 - - [16/Jul/2026:14:16:56 +0000] "GET /wp-includes/js/dist/preferences.min.js?ver=035813168e404aa30193 HTTP/2" 200 3108 "https://ebifo.org/" "Mozilla/5.0 (Macintosh; Intel Mac OS X 10_15_7) AppleWebKit/605.1.15 (KHTML, like Gecko) Version/17.4 Safari/605.1.15 (Applebot/0.1; +http://www.apple.com/go/applebot)"
17.241.219.95 - - [16/Jul/2026:14:16:57 +0000] "GET /wp-includes/js/dist/style-engine.min.js?ver=faa37ce61b7ec8394b2a HTTP/2" 200 2243 "https://ebifo.org/" "Mozilla/5.0 (Macintosh; Intel Mac OS X 10_15_7) AppleWebKit/605.1.15 (KHTML, like Gecko) Version/17.4 Safari/605.1.15 (Applebot/0.1; +http://www.apple.com/go/applebot)"
3.27.215.4 - - [16/Jul/2026:14:16:55 +0000] "GET /public/phpinfo.php HTTP/1.1" 404 45509 "-" "Mozilla/5.0 (Macintosh; Intel Mac OS X 10_15_7) AppleWebKit/537.36 (KHTML, like Gecko) Chrome/131.0.0.0 Safari/537.36"
17.241.219.95 - - [16/Jul/2026:14:16:58 +0000] "GET /wp-includes/js/dist/theme.min.js?ver=e22ce547a4420507b323 HTTP/2" 200 21174 "https://ebifo.org/" "Mozilla/5.0 (Macintosh; Intel Mac OS X 10_15_7) AppleWebKit/605.1.15 (KHTML, like Gecko) Version/17.4 Safari/605.1.15 (Applebot/0.1; +http://www.apple.com/go/applebot)"
17.241.219.95 - - [16/Jul/2026:14:17:00 +0000] "GET /wp-includes/js/dist/token-list.min.js?ver=16f0aebdd39d87c2a84b HTTP/2" 200 678 "https://ebifo.org/" "Mozilla/5.0 (Macintosh; Intel Mac OS X 10_15_7) AppleWebKit/605.1.15 (KHTML, like Gecko) Version/17.4 Safari/605.1.15 (Applebot/0.1; +http://www.apple.com/go/applebot)"
209.42.17.20 - - [16/Jul/2026:14:17:00 +0000] "POST /wp-cron.php?doing_wp_cron=1784211420.5060739517211914062500 HTTP/1.1" 200 0 "-" "WordPress/7.0.1; https://ebifo.org"
3.27.215.4 - - [16/Jul/2026:14:16:58 +0000] "GET /info HTTP/1.1" 301 0 "-" "Mozilla/5.0 (Macintosh; Intel Mac OS X 10_15_7) AppleWebKit/537.36 (KHTML, like Gecko) Chrome/131.0.0.0 Safari/537.36"
17.241.219.95 - - [16/Jul/2026:14:17:01 +0000] "GET /wp-includes/js/dist/upload-media.min.js?ver=d359c2cccf866d7082d2 HTTP/2" 200 7528 "https://ebifo.org/" "Mozilla/5.0 (Macintosh; Intel Mac OS X 10_15_7) AppleWebKit/605.1.15 (KHTML, like Gecko) Version/17.4 Safari/605.1.15 (Applebot/0.1; +http://www.apple.com/go/applebot)"
17.241.219.95 - - [16/Jul/2026:14:17:03 +0000] "GET /wp-includes/js/dist/block-editor.min.js?ver=f3d941bcb2e86c269881 HTTP/2" 200 313912 "https://ebifo.org/" "Mozilla/5.0 (Macintosh; Intel Mac OS X 10_15_7) AppleWebKit/605.1.15 (KHTML, like Gecko) Version/17.4 Safari/605.1.15 (Applebot/0.1; +http://www.apple.com/go/applebot)"
17.241.219.95 - - [16/Jul/2026:14:17:04 +0000] "GET /wp-includes/js/dist/core-data.min.js?ver=89931f90e4df5eb5f8a3 HTTP/2" 200 65316 "https://ebifo.org/" "Mozilla/5.0 (Macintosh; Intel Mac OS X 10_15_7) AppleWebKit/605.1.15 (KHTML, like Gecko) Version/17.4 Safari/605.1.15 (Applebot/0.1; +http://www.apple.com/go/applebot)"
17.241.219.95 - - [16/Jul/2026:14:17:05 +0000] "GET /wp-content/plugins/give/build/entitiesPublic.js?ver=b759f2adda1f29c50713 HTTP/2" 200 321 "https://ebifo.org/" "Mozilla/5.0 (Macintosh; Intel Mac OS X 10_15_7) AppleWebKit/605.1.15 (KHTML, like Gecko) Version/17.4 Safari/605.1.15 (Applebot/0.1; +http://www.apple.com/go/applebot)"
17.241.219.95 - - [16/Jul/2026:14:17:07 +0000] "GET /wp-content/themes/alone/js/priority-menu.js?ver=7.8.8 HTTP/2" 200 433 "https://ebifo.org/" "Mozilla/5.0 (Macintosh; Intel Mac OS X 10_15_7) AppleWebKit/605.1.15 (KHTML, like Gecko) Version/17.4 Safari/605.1.15 (Applebot/0.1; +http://www.apple.com/go/applebot)"
3.27.215.4 - - [16/Jul/2026:14:17:00 +0000] "GET /info HTTP/1.1" 404 45490 "-" "Mozilla/5.0 (Macintosh; Intel Mac OS X 10_15_7) AppleWebKit/537.36 (KHTML, like Gecko) Chrome/131.0.0.0 Safari/537.36"
17.241.219.95 - - [16/Jul/2026:14:17:08 +0000] "GET /wp-content/themes/alone/js/main.js?ver=7.8.8 HTTP/2" 200 1071 "https://ebifo.org/" "Mozilla/5.0 (Macintosh; Intel Mac OS X 10_15_7) AppleWebKit/605.1.15 (KHTML, like Gecko) Version/17.4 Safari/605.1.15 (Applebot/0.1; +http://www.apple.com/go/applebot)"
17.241.219.95 - - [16/Jul/2026:14:17:10 +0000] "GET /wp-content/themes/alone/js/woocommerce.js?ver=20200828 HTTP/2" 200 851 "https://ebifo.org/" "Mozilla/5.0 (Macintosh; Intel Mac OS X 10_15_7) AppleWebKit/605.1.15 (KHTML, like Gecko) Version/17.4 Safari/605.1.15 (Applebot/0.1; +http://www.apple.com/go/applebot)"
3.27.215.4 - - [16/Jul/2026:14:17:08 +0000] "GET /php-info.php HTTP/1.1" 301 0 "-" "Mozilla/5.0 (Macintosh; Intel Mac OS X 10_15_7) AppleWebKit/537.36 (KHTML, like Gecko) Chrome/131.0.0.0 Safari/537.36"
17.241.219.95 - - [16/Jul/2026:14:17:11 +0000] "GET /wp-content/themes/alone/js/waypoints.min.js?ver=7.0.1 HTTP/2" 200 2867 "https://ebifo.org/" "Mozilla/5.0 (Macintosh; Intel Mac OS X 10_15_7) AppleWebKit/605.1.15 (KHTML, like Gecko) Version/17.4 Safari/605.1.15 (Applebot/0.1; +http://www.apple.com/go/applebot)"
3.27.215.4 - - [16/Jul/2026:14:17:10 +0000] "GET /php-info.php HTTP/1.1" 404 45494 "-" "Mozilla/5.0 (Macintosh; Intel Mac OS X 10_15_7) AppleWebKit/537.36 (KHTML, like Gecko) Chrome/131.0.0.0 Safari/537.36"
17.241.219.95 - - [16/Jul/2026:14:17:12 +0000] "GET /wp-content/themes/alone/js/progressbar.min.js?ver=7.0.1 HTTP/2" 200 8389 "https://ebifo.org/" "Mozilla/5.0 (Macintosh; Intel Mac OS X 10_15_7) AppleWebKit/605.1.15 (KHTML, like Gecko) Version/17.4 Safari/605.1.15 (Applebot/0.1; +http://www.apple.com/go/applebot)"
17.241.219.95 - - [16/Jul/2026:14:17:14 +0000] "GET /wp-content/themes/alone/js/give.js?ver=20200828 HTTP/2" 200 711 "https://ebifo.org/" "Mozilla/5.0 (Macintosh; Intel Mac OS X 10_15_7) AppleWebKit/605.1.15 (KHTML, like Gecko) Version/17.4 Safari/605.1.15 (Applebot/0.1; +http://www.apple.com/go/applebot)"
3.27.215.4 - - [16/Jul/2026:14:17:13 +0000] "GET /phpversion.php HTTP/1.1" 301 0 "-" "Mozilla/5.0 (Macintosh; Intel Mac OS X 10_15_7) AppleWebKit/537.36 (KHTML, like Gecko) Chrome/131.0.0.0 Safari/537.36"
17.241.219.95 - - [16/Jul/2026:14:17:15 +0000] "GET /wp-content/plugins/elementor/assets/js/webpack.runtime.min.js?ver=4.1.4 HTTP/2" 200 2338 "https://ebifo.org/" "Mozilla/5.0 (Macintosh; Intel Mac OS X 10_15_7) AppleWebKit/605.1.15 (KHTML, like Gecko) Version/17.4 Safari/605.1.15 (Applebot/0.1; +http://www.apple.com/go/applebot)"
