16.184.44.156 - - [16/Jul/2026:13:36:43 +0000] "GET /server-status.php HTTP/1.1" 401 53 "-" "Mozilla/5.0 (Macintosh; Intel Mac OS X 10_15_7) AppleWebKit/537.36 (KHTML, like Gecko) Chrome/131.0.0.0 Safari/537.36"
16.184.44.156 - - [16/Jul/2026:13:36:43 +0000] "GET /_profiler/phpinfo HTTP/1.1" 401 53 "-" "Mozilla/5.0 (Macintosh; Intel Mac OS X 10_15_7) AppleWebKit/537.36 (KHTML, like Gecko) Chrome/131.0.0.0 Safari/537.36"
16.184.44.156 - - [16/Jul/2026:13:36:43 +0000] "GET /_environment HTTP/1.1" 401 53 "-" "Mozilla/5.0 (Macintosh; Intel Mac OS X 10_15_7) AppleWebKit/537.36 (KHTML, like Gecko) Chrome/131.0.0.0 Safari/537.36"
16.52.74.18 - - [16/Jul/2026:13:36:33 +0000] "GET /mailjet/.env HTTP/1.1" 404 45492 "-" "Mozilla/5.0 (Macintosh; Intel Mac OS X 10_15_7) AppleWebKit/537.36 (KHTML, like Gecko) Chrome/131.0.0.0 Safari/537.36"
16.52.74.18 - - [16/Jul/2026:13:36:33 +0000] "GET /aws/.env HTTP/1.1" 404 45508 "-" "Mozilla/5.0 (X11; Linux x86_64) AppleWebKit/537.36 (KHTML, like Gecko) Chrome/131.0.0.0 Safari/537.36"
16.184.44.156 - - [16/Jul/2026:13:36:44 +0000] "GET /webroot/index.php/_environment HTTP/1.1" 401 53 "-" "Mozilla/5.0 (Macintosh; Intel Mac OS X 10_15_7) AppleWebKit/537.36 (KHTML, like Gecko) Chrome/131.0.0.0 Safari/537.36"
16.184.44.156 - - [16/Jul/2026:13:36:44 +0000] "GET /mail/phpinfo.php HTTP/1.1" 401 53 "-" "Mozilla/5.0 (Macintosh; Intel Mac OS X 10_15_7) AppleWebKit/537.36 (KHTML, like Gecko) Chrome/131.0.0.0 Safari/537.36"
16.184.44.156 - - [16/Jul/2026:13:36:44 +0000] "GET /cpanel/phpinfo.php HTTP/1.1" 401 53 "-" "Mozilla/5.0 (Macintosh; Intel Mac OS X 10_15_7) AppleWebKit/537.36 (KHTML, like Gecko) Chrome/131.0.0.0 Safari/537.36"
16.184.44.156 - - [16/Jul/2026:13:36:45 +0000] "GET /hosting/phpinfo.php HTTP/1.1" 401 53 "-" "Mozilla/5.0 (Macintosh; Intel Mac OS X 10_15_7) AppleWebKit/537.36 (KHTML, like Gecko) Chrome/131.0.0.0 Safari/537.36"
16.184.44.156 - - [16/Jul/2026:13:36:45 +0000] "GET /webmail/phpinfo.php HTTP/1.1" 401 53 "-" "Mozilla/5.0 (Macintosh; Intel Mac OS X 10_15_7) AppleWebKit/537.36 (KHTML, like Gecko) Chrome/131.0.0.0 Safari/537.36"
16.184.44.156 - - [16/Jul/2026:13:36:45 +0000] "GET /smtp/phpinfo.php HTTP/1.1" 401 53 "-" "Mozilla/5.0 (Macintosh; Intel Mac OS X 10_15_7) AppleWebKit/537.36 (KHTML, like Gecko) Chrome/131.0.0.0 Safari/537.36"
16.184.44.156 - - [16/Jul/2026:13:36:45 +0000] "GET /phpinfo.php.bak HTTP/1.1" 401 53 "-" "Mozilla/5.0 (Macintosh; Intel Mac OS X 10_15_7) AppleWebKit/537.36 (KHTML, like Gecko) Chrome/131.0.0.0 Safari/537.36"
16.184.44.156 - - [16/Jul/2026:13:36:46 +0000] "GET /phpinfo.php.old HTTP/1.1" 401 53 "-" "Mozilla/5.0 (Macintosh; Intel Mac OS X 10_15_7) AppleWebKit/537.36 (KHTML, like Gecko) Chrome/131.0.0.0 Safari/537.36"
16.184.44.156 - - [16/Jul/2026:13:36:46 +0000] "GET /phpinfo.php~ HTTP/1.1" 401 53 "-" "Mozilla/5.0 (Macintosh; Intel Mac OS X 10_15_7) AppleWebKit/537.36 (KHTML, like Gecko) Chrome/131.0.0.0 Safari/537.36"
16.184.44.156 - - [16/Jul/2026:13:36:46 +0000] "GET /info.php.bak HTTP/1.1" 401 53 "-" "Mozilla/5.0 (Macintosh; Intel Mac OS X 10_15_7) AppleWebKit/537.36 (KHTML, like Gecko) Chrome/131.0.0.0 Safari/537.36"
16.184.44.156 - - [16/Jul/2026:13:36:47 +0000] "GET /phpinfo.php.save HTTP/1.1" 401 53 "-" "Mozilla/5.0 (Macintosh; Intel Mac OS X 10_15_7) AppleWebKit/537.36 (KHTML, like Gecko) Chrome/131.0.0.0 Safari/537.36"
16.184.44.156 - - [16/Jul/2026:13:36:47 +0000] "GET /staging/phpinfo.php HTTP/1.1" 401 53 "-" "Mozilla/5.0 (Macintosh; Intel Mac OS X 10_15_7) AppleWebKit/537.36 (KHTML, like Gecko) Chrome/131.0.0.0 Safari/537.36"
16.184.44.156 - - [16/Jul/2026:13:36:47 +0000] "GET /beta/phpinfo.php HTTP/1.1" 401 53 "-" "Mozilla/5.0 (Macintosh; Intel Mac OS X 10_15_7) AppleWebKit/537.36 (KHTML, like Gecko) Chrome/131.0.0.0 Safari/537.36"
16.184.44.156 - - [16/Jul/2026:13:36:48 +0000] "GET /uat/phpinfo.php HTTP/1.1" 401 53 "-" "Mozilla/5.0 (Macintosh; Intel Mac OS X 10_15_7) AppleWebKit/537.36 (KHTML, like Gecko) Chrome/131.0.0.0 Safari/537.36"
16.184.44.156 - - [16/Jul/2026:13:36:48 +0000] "GET /qa/phpinfo.php HTTP/1.1" 401 53 "-" "Mozilla/5.0 (Macintosh; Intel Mac OS X 10_15_7) AppleWebKit/537.36 (KHTML, like Gecko) Chrome/131.0.0.0 Safari/537.36"
16.184.44.156 - - [16/Jul/2026:13:36:48 +0000] "GET /preview/phpinfo.php HTTP/1.1" 401 53 "-" "Mozilla/5.0 (Macintosh; Intel Mac OS X 10_15_7) AppleWebKit/537.36 (KHTML, like Gecko) Chrome/131.0.0.0 Safari/537.36"
94.23.188.216 - - [16/Jul/2026:13:36:36 +0000] "GET /products/36446150428120 HTTP/2" 404 39252 "-" "Mozilla/5.0 (compatible; AhrefsBot/7.0; +http://ahrefs.com/robot/)"
16.184.44.156 - - [16/Jul/2026:13:36:48 +0000] "GET /www/phpinfo.php HTTP/1.1" 401 53 "-" "Mozilla/5.0 (Macintosh; Intel Mac OS X 10_15_7) AppleWebKit/537.36 (KHTML, like Gecko) Chrome/131.0.0.0 Safari/537.36"
16.184.44.156 - - [16/Jul/2026:13:36:49 +0000] "GET /htdocs/phpinfo.php HTTP/1.1" 401 53 "-" "Mozilla/5.0 (Macintosh; Intel Mac OS X 10_15_7) AppleWebKit/537.36 (KHTML, like Gecko) Chrome/131.0.0.0 Safari/537.36"
16.184.44.156 - - [16/Jul/2026:13:36:49 +0000] "GET /public_html/phpinfo.php HTTP/1.1" 401 53 "-" "Mozilla/5.0 (Macintosh; Intel Mac OS X 10_15_7) AppleWebKit/537.36 (KHTML, like Gecko) Chrome/131.0.0.0 Safari/537.36"
16.184.44.156 - - [16/Jul/2026:13:36:49 +0000] "GET /site/phpinfo.php HTTP/1.1" 401 53 "-" "Mozilla/5.0 (Macintosh; Intel Mac OS X 10_15_7) AppleWebKit/537.36 (KHTML, like Gecko) Chrome/131.0.0.0 Safari/537.36"
16.184.44.156 - - [16/Jul/2026:13:36:50 +0000] "GET /docs/phpinfo.php HTTP/1.1" 401 53 "-" "Mozilla/5.0 (Macintosh; Intel Mac OS X 10_15_7) AppleWebKit/537.36 (KHTML, like Gecko) Chrome/131.0.0.0 Safari/537.36"
16.184.44.156 - - [16/Jul/2026:13:36:50 +0000] "GET /wp-admin/phpinfo.php HTTP/1.1" 401 53 "-" "Mozilla/5.0 (Macintosh; Intel Mac OS X 10_15_7) AppleWebKit/537.36 (KHTML, like Gecko) Chrome/131.0.0.0 Safari/537.36"
16.184.44.156 - - [16/Jul/2026:13:36:50 +0000] "GET /administrator/phpinfo.php HTTP/1.1" 401 53 "-" "Mozilla/5.0 (Macintosh; Intel Mac OS X 10_15_7) AppleWebKit/537.36 (KHTML, like Gecko) Chrome/131.0.0.0 Safari/537.36"
16.184.44.156 - - [16/Jul/2026:13:36:50 +0000] "GET /core/phpinfo.php HTTP/1.1" 401 53 "-" "Mozilla/5.0 (Macintosh; Intel Mac OS X 10_15_7) AppleWebKit/537.36 (KHTML, like Gecko) Chrome/131.0.0.0 Safari/537.36"
16.184.44.156 - - [16/Jul/2026:13:36:51 +0000] "GET /includes/phpinfo.php HTTP/1.1" 401 53 "-" "Mozilla/5.0 (Macintosh; Intel Mac OS X 10_15_7) AppleWebKit/537.36 (KHTML, like Gecko) Chrome/131.0.0.0 Safari/537.36"
16.52.74.18 - - [16/Jul/2026:13:36:41 +0000] "GET /brevo/.env HTTP/1.1" 200 0 "-" "Mozilla/5.0 (Macintosh; Intel Mac OS X 10_15_7) AppleWebKit/537.36 (KHTML, like Gecko) Chrome/131.0.0.0 Safari/537.36"
16.52.74.18 - - [16/Jul/2026:13:36:41 +0000] "GET /azure/.env HTTP/1.1" 200 0 "-" "Mozilla/5.0 (X11; Linux x86_64) AppleWebKit/537.36 (KHTML, like Gecko) Chrome/131.0.0.0 Safari/537.36"
66.249.79.139 - - [16/Jul/2026:13:36:50 +0000] "GET /products/2179869032403 HTTP/1.1" 404 39240 "-" "Mozilla/5.0 (Linux; Android 6.0.1; Nexus 5X Build/MMB29P) AppleWebKit/537.36 (KHTML, like Gecko) Chrome/150.0.7871.124 Mobile Safari/537.36 (compatible; Googlebot/2.1; +http://www.google.com/bot.html)"
16.52.74.18 - - [16/Jul/2026:13:36:49 +0000] "GET /gcp/.env HTTP/1.1" 200 0 "-" "Mozilla/5.0 (X11; Linux x86_64) AppleWebKit/537.36 (KHTML, like Gecko) Chrome/131.0.0.0 Safari/537.36"
16.52.74.18 - - [16/Jul/2026:13:36:49 +0000] "GET /transactional/.env HTTP/1.1" 200 0 "-" "Mozilla/5.0 (Macintosh; Intel Mac OS X 10_15_7) AppleWebKit/537.36 (KHTML, like Gecko) Chrome/131.0.0.0 Safari/537.36"
16.52.74.18 - - [16/Jul/2026:13:36:58 +0000] "GET /bulk/.env HTTP/1.1" 200 0 "-" "Mozilla/5.0 (Macintosh; Intel Mac OS X 10_15_7) AppleWebKit/537.36 (KHTML, like Gecko) Chrome/131.0.0.0 Safari/537.36"
16.52.74.18 - - [16/Jul/2026:13:36:58 +0000] "GET /cloud/.env HTTP/1.1" 200 0 "-" "Mozilla/5.0 (X11; Linux x86_64) AppleWebKit/537.36 (KHTML, like Gecko) Chrome/131.0.0.0 Safari/537.36"
209.42.17.20 - - [16/Jul/2026:13:37:09 +0000] "POST /wp-cron.php?doing_wp_cron=1784209029.0190660953521728515625 HTTP/1.1" 200 0 "-" "WordPress/7.0.1; https://ebifo.org"
209.42.17.20 - - [16/Jul/2026:13:37:09 +0000] "POST /wp-cron.php?doing_wp_cron=1784209029.0315840244293212890625 HTTP/1.1" 200 0 "-" "WordPress/7.0.1; https://ebifo.org"
16.52.74.18 - - [16/Jul/2026:13:37:06 +0000] "GET /infrastructure/.env HTTP/1.1" 404 45489 "-" "Mozilla/5.0 (X11; Linux x86_64) AppleWebKit/537.36 (KHTML, like Gecko) Chrome/131.0.0.0 Safari/537.36"
16.52.74.18 - - [16/Jul/2026:13:37:06 +0000] "GET /aws/.env HTTP/1.1" 200 0 "-" "Mozilla/5.0 (Macintosh; Intel Mac OS X 10_15_7) AppleWebKit/537.36 (KHTML, like Gecko) Chrome/131.0.0.0 Safari/537.36"
209.42.17.20 - - [16/Jul/2026:13:37:17 +0000] "POST /wp-cron.php?doing_wp_cron=1784209037.0233929157257080078125 HTTP/1.1" 200 0 "-" "WordPress/7.0.1; https://ebifo.org"
209.42.17.20 - - [16/Jul/2026:13:37:17 +0000] "POST /wp-cron.php?doing_wp_cron=1784209037.1187961101531982421875 HTTP/1.1" 200 0 "-" "WordPress/7.0.1; https://ebifo.org"
16.52.74.18 - - [16/Jul/2026:13:37:14 +0000] "GET /azure/.env HTTP/1.1" 200 0 "-" "Mozilla/5.0 (Macintosh; Intel Mac OS X 10_15_7) AppleWebKit/537.36 (KHTML, like Gecko) Chrome/131.0.0.0 Safari/537.36"
16.52.74.18 - - [16/Jul/2026:13:37:14 +0000] "GET /docker/.env HTTP/1.1" 200 0 "-" "Mozilla/5.0 (X11; Linux x86_64) AppleWebKit/537.36 (KHTML, like Gecko) Chrome/131.0.0.0 Safari/537.36"
16.52.74.18 - - [16/Jul/2026:13:37:22 +0000] "GET /gcp/.env HTTP/1.1" 200 0 "-" "Mozilla/5.0 (Macintosh; Intel Mac OS X 10_15_7) AppleWebKit/537.36 (KHTML, like Gecko) Chrome/131.0.0.0 Safari/537.36"
16.52.74.18 - - [16/Jul/2026:13:37:22 +0000] "GET /k8s/.env HTTP/1.1" 200 0 "-" "Mozilla/5.0 (X11; Linux x86_64) AppleWebKit/537.36 (KHTML, like Gecko) Chrome/131.0.0.0 Safari/537.36"
16.52.74.18 - - [16/Jul/2026:13:37:30 +0000] "GET /cloud/.env HTTP/1.1" 200 0 "-" "Mozilla/5.0 (Macintosh; Intel Mac OS X 10_15_7) AppleWebKit/537.36 (KHTML, like Gecko) Chrome/131.0.0.0 Safari/537.36"
16.52.74.18 - - [16/Jul/2026:13:37:30 +0000] "GET /kubernetes/.env HTTP/1.1" 200 0 "-" "Mozilla/5.0 (X11; Linux x86_64) AppleWebKit/537.36 (KHTML, like Gecko) Chrome/131.0.0.0 Safari/537.36"
16.52.74.18 - - [16/Jul/2026:13:37:38 +0000] "GET /infrastructure/.env HTTP/1.1" 200 0 "-" "Mozilla/5.0 (Macintosh; Intel Mac OS X 10_15_7) AppleWebKit/537.36 (KHTML, like Gecko) Chrome/131.0.0.0 Safari/537.36"
16.52.74.18 - - [16/Jul/2026:13:37:38 +0000] "GET /terraform/.env HTTP/1.1" 200 0 "-" "Mozilla/5.0 (X11; Linux x86_64) AppleWebKit/537.36 (KHTML, like Gecko) Chrome/131.0.0.0 Safari/537.36"
16.52.74.18 - - [16/Jul/2026:13:37:55 +0000] "GET /.git/.env HTTP/1.1" 403 1242 "-" "Mozilla/5.0 (X11; Linux x86_64) AppleWebKit/537.36 (KHTML, like Gecko) Chrome/131.0.0.0 Safari/537.36"
16.52.74.18 - - [16/Jul/2026:13:37:47 +0000] "GET /docker/.env HTTP/1.1" 200 0 "-" "Mozilla/5.0 (Macintosh; Intel Mac OS X 10_15_7) AppleWebKit/537.36 (KHTML, like Gecko) Chrome/131.0.0.0 Safari/537.36"
16.52.74.18 - - [16/Jul/2026:13:37:47 +0000] "GET /ansible/.env HTTP/1.1" 200 0 "-" "Mozilla/5.0 (X11; Linux x86_64) AppleWebKit/537.36 (KHTML, like Gecko) Chrome/131.0.0.0 Safari/537.36"
16.52.74.18 - - [16/Jul/2026:13:37:55 +0000] "GET /k8s/.env HTTP/1.1" 200 0 "-" "Mozilla/5.0 (Macintosh; Intel Mac OS X 10_15_7) AppleWebKit/537.36 (KHTML, like Gecko) Chrome/131.0.0.0 Safari/537.36"
16.52.74.18 - - [16/Jul/2026:13:37:55 +0000] "GET /ci/.env HTTP/1.1" 200 0 "-" "Mozilla/5.0 (X11; Linux x86_64) AppleWebKit/537.36 (KHTML, like Gecko) Chrome/131.0.0.0 Safari/537.36"
209.42.17.20 - - [16/Jul/2026:13:38:06 +0000] "POST /wp-cron.php?doing_wp_cron=1784209086.1178500652313232421875 HTTP/1.1" 200 0 "-" "WordPress/7.0.1; https://ebifo.org"
16.52.74.18 - - [16/Jul/2026:13:38:03 +0000] "GET /kubernetes/.env HTTP/1.1" 200 0 "-" "Mozilla/5.0 (Macintosh; Intel Mac OS X 10_15_7) AppleWebKit/537.36 (KHTML, like Gecko) Chrome/131.0.0.0 Safari/537.36"
16.52.74.18 - - [16/Jul/2026:13:38:03 +0000] "GET /cd/.env HTTP/1.1" 200 0 "-" "Mozilla/5.0 (X11; Linux x86_64) AppleWebKit/537.36 (KHTML, like Gecko) Chrome/131.0.0.0 Safari/537.36"
94.23.188.218 - - [16/Jul/2026:13:38:00 +0000] "GET /products/36406687118603 HTTP/2" 404 39252 "-" "Mozilla/5.0 (compatible; AhrefsBot/7.0; +http://ahrefs.com/robot/)"
16.52.74.18 - - [16/Jul/2026:13:38:11 +0000] "GET /terraform/.env HTTP/1.1" 200 0 "-" "Mozilla/5.0 (Macintosh; Intel Mac OS X 10_15_7) AppleWebKit/537.36 (KHTML, like Gecko) Chrome/131.0.0.0 Safari/537.36"
16.52.74.18 - - [16/Jul/2026:13:38:11 +0000] "GET /jenkins/.env HTTP/1.1" 200 0 "-" "Mozilla/5.0 (X11; Linux x86_64) AppleWebKit/537.36 (KHTML, like Gecko) Chrome/131.0.0.0 Safari/537.36"
16.52.74.18 - - [16/Jul/2026:13:38:27 +0000] "GET /.git/.env HTTP/1.1" 403 1242 "-" "Mozilla/5.0 (Macintosh; Intel Mac OS X 10_15_7) AppleWebKit/537.36 (KHTML, like Gecko) Chrome/131.0.0.0 Safari/537.36"
16.52.74.18 - - [16/Jul/2026:13:38:19 +0000] "GET /ansible/.env HTTP/1.1" 404 45519 "-" "Mozilla/5.0 (Macintosh; Intel Mac OS X 10_15_7) AppleWebKit/537.36 (KHTML, like Gecko) Chrome/131.0.0.0 Safari/537.36"
16.52.74.18 - - [16/Jul/2026:13:38:19 +0000] "GET /gitlab/.env HTTP/1.1" 200 0 "-" "Mozilla/5.0 (X11; Linux x86_64) AppleWebKit/537.36 (KHTML, like Gecko) Chrome/131.0.0.0 Safari/537.36"
216.73.216.157 - - [16/Jul/2026:13:38:25 +0000] "GET /sitemap-15.xml HTTP/2" 200 0 "-" "Mozilla/5.0 AppleWebKit/537.36 (KHTML, like Gecko; compatible; ClaudeBot/1.0; +claudebot@anthropic.com)"
216.73.216.157 - - [16/Jul/2026:13:38:25 +0000] "GET /sitemap-6.xml HTTP/2" 200 0 "-" "Mozilla/5.0 AppleWebKit/537.36 (KHTML, like Gecko; compatible; ClaudeBot/1.0; +claudebot@anthropic.com)"
16.52.74.18 - - [16/Jul/2026:13:38:28 +0000] "GET /github/.env HTTP/1.1" 200 0 "-" "Mozilla/5.0 (X11; Linux x86_64) AppleWebKit/537.36 (KHTML, like Gecko) Chrome/131.0.0.0 Safari/537.36"
16.52.74.18 - - [16/Jul/2026:13:38:28 +0000] "GET /ci/.env HTTP/1.1" 200 0 "-" "Mozilla/5.0 (Macintosh; Intel Mac OS X 10_15_7) AppleWebKit/537.36 (KHTML, like Gecko) Chrome/131.0.0.0 Safari/537.36"
16.52.74.18 - - [16/Jul/2026:13:38:36 +0000] "GET /cd/.env HTTP/1.1" 200 0 "-" "Mozilla/5.0 (Macintosh; Intel Mac OS X 10_15_7) AppleWebKit/537.36 (KHTML, like Gecko) Chrome/131.0.0.0 Safari/537.36"
16.52.74.18 - - [16/Jul/2026:13:38:36 +0000] "GET /actions/.env HTTP/1.1" 200 0 "-" "Mozilla/5.0 (X11; Linux x86_64) AppleWebKit/537.36 (KHTML, like Gecko) Chrome/131.0.0.0 Safari/537.36"
16.52.74.18 - - [16/Jul/2026:13:38:44 +0000] "GET /jenkins/.env HTTP/1.1" 200 0 "-" "Mozilla/5.0 (Macintosh; Intel Mac OS X 10_15_7) AppleWebKit/537.36 (KHTML, like Gecko) Chrome/131.0.0.0 Safari/537.36"
16.52.74.18 - - [16/Jul/2026:13:38:44 +0000] "GET /circleci/.env HTTP/1.1" 200 0 "-" "Mozilla/5.0 (X11; Linux x86_64) AppleWebKit/537.36 (KHTML, like Gecko) Chrome/131.0.0.0 Safari/537.36"
16.52.74.18 - - [16/Jul/2026:13:38:52 +0000] "GET /gitlab/.env HTTP/1.1" 200 0 "-" "Mozilla/5.0 (Macintosh; Intel Mac OS X 10_15_7) AppleWebKit/537.36 (KHTML, like Gecko) Chrome/131.0.0.0 Safari/537.36"
16.52.74.18 - - [16/Jul/2026:13:38:52 +0000] "GET /travis/.env HTTP/1.1" 200 0 "-" "Mozilla/5.0 (X11; Linux x86_64) AppleWebKit/537.36 (KHTML, like Gecko) Chrome/131.0.0.0 Safari/537.36"
209.42.17.20 - - [16/Jul/2026:13:39:03 +0000] "POST /wp-cron.php?doing_wp_cron=1784209143.4166541099548339843750 HTTP/1.1" 200 0 "-" "WordPress/7.0.1; https://ebifo.org"
16.52.74.18 - - [16/Jul/2026:13:39:00 +0000] "GET /github/.env HTTP/1.1" 200 0 "-" "Mozilla/5.0 (Macintosh; Intel Mac OS X 10_15_7) AppleWebKit/537.36 (KHTML, like Gecko) Chrome/131.0.0.0 Safari/537.36"
16.52.74.18 - - [16/Jul/2026:13:39:00 +0000] "GET /buildkite/.env HTTP/1.1" 200 0 "-" "Mozilla/5.0 (X11; Linux x86_64) AppleWebKit/537.36 (KHTML, like Gecko) Chrome/131.0.0.0 Safari/537.36"
52.35.186.106 - - [16/Jul/2026:13:39:00 +0000] "GET / HTTP/2" 200 0 "-" "Mozilla/5.0 (Linux; Android 16; SM-S931B) AppleWebKit/537.36 (KHTML, like Gecko) Chrome/150.0.7871.124 Mobile Safari/537.36"
16.52.74.18 - - [16/Jul/2026:13:39:08 +0000] "GET /actions/.env HTTP/1.1" 200 0 "-" "Mozilla/5.0 (Macintosh; Intel Mac OS X 10_15_7) AppleWebKit/537.36 (KHTML, like Gecko) Chrome/131.0.0.0 Safari/537.36"
16.52.74.18 - - [16/Jul/2026:13:39:08 +0000] "GET /mysql/.env HTTP/1.1" 200 0 "-" "Mozilla/5.0 (X11; Linux x86_64) AppleWebKit/537.36 (KHTML, like Gecko) Chrome/131.0.0.0 Safari/537.36"
16.52.74.18 - - [16/Jul/2026:13:39:17 +0000] "GET /postgres/.env HTTP/1.1" 200 0 "-" "Mozilla/5.0 (X11; Linux x86_64) AppleWebKit/537.36 (KHTML, like Gecko) Chrome/131.0.0.0 Safari/537.36"
16.52.74.18 - - [16/Jul/2026:13:39:17 +0000] "GET /circleci/.env HTTP/1.1" 404 45498 "-" "Mozilla/5.0 (Macintosh; Intel Mac OS X 10_15_7) AppleWebKit/537.36 (KHTML, like Gecko) Chrome/131.0.0.0 Safari/537.36"
16.52.74.18 - - [16/Jul/2026:13:39:25 +0000] "GET /travis/.env HTTP/1.1" 404 45496 "-" "Mozilla/5.0 (Macintosh; Intel Mac OS X 10_15_7) AppleWebKit/537.36 (KHTML, like Gecko) Chrome/131.0.0.0 Safari/537.36"
16.52.74.18 - - [16/Jul/2026:13:39:25 +0000] "GET /mongodb/.env HTTP/1.1" 200 0 "-" "Mozilla/5.0 (X11; Linux x86_64) AppleWebKit/537.36 (KHTML, like Gecko) Chrome/131.0.0.0 Safari/537.36"
16.52.74.18 - - [16/Jul/2026:13:39:33 +0000] "GET /buildkite/.env HTTP/1.1" 404 45499 "-" "Mozilla/5.0 (Macintosh; Intel Mac OS X 10_15_7) AppleWebKit/537.36 (KHTML, like Gecko) Chrome/131.0.0.0 Safari/537.36"
16.52.74.18 - - [16/Jul/2026:13:39:33 +0000] "GET /redis/.env HTTP/1.1" 200 0 "-" "Mozilla/5.0 (X11; Linux x86_64) AppleWebKit/537.36 (KHTML, like Gecko) Chrome/131.0.0.0 Safari/537.36"
92.222.108.116 - - [16/Jul/2026:13:39:36 +0000] "GET /products/35466227411128 HTTP/2" 404 39252 "-" "Mozilla/5.0 (compatible; AhrefsBot/7.0; +http://ahrefs.com/robot/)"
16.52.74.18 - - [16/Jul/2026:13:39:41 +0000] "GET /mysql/.env HTTP/1.1" 200 0 "-" "Mozilla/5.0 (Macintosh; Intel Mac OS X 10_15_7) AppleWebKit/537.36 (KHTML, like Gecko) Chrome/131.0.0.0 Safari/537.36"
16.52.74.18 - - [16/Jul/2026:13:39:41 +0000] "GET /elasticsearch/.env HTTP/1.1" 200 0 "-" "Mozilla/5.0 (X11; Linux x86_64) AppleWebKit/537.36 (KHTML, like Gecko) Chrome/131.0.0.0 Safari/537.36"
16.52.74.18 - - [16/Jul/2026:13:39:49 +0000] "GET /postgres/.env HTTP/1.1" 200 0 "-" "Mozilla/5.0 (Macintosh; Intel Mac OS X 10_15_7) AppleWebKit/537.36 (KHTML, like Gecko) Chrome/131.0.0.0 Safari/537.36"
16.52.74.18 - - [16/Jul/2026:13:39:49 +0000] "GET /rabbitmq/.env HTTP/1.1" 200 0 "-" "Mozilla/5.0 (X11; Linux x86_64) AppleWebKit/537.36 (KHTML, like Gecko) Chrome/131.0.0.0 Safari/537.36"
209.42.17.20 - - [16/Jul/2026:13:40:00 +0000] "POST /wp-cron.php?doing_wp_cron=1784209200.6160690784454345703125 HTTP/1.1" 200 0 "-" "WordPress/7.0.1; https://ebifo.org"
16.52.74.18 - - [16/Jul/2026:13:39:57 +0000] "GET /kafka/.env HTTP/1.1" 200 0 "-" "Mozilla/5.0 (X11; Linux x86_64) AppleWebKit/537.36 (KHTML, like Gecko) Chrome/131.0.0.0 Safari/537.36"
16.52.74.18 - - [16/Jul/2026:13:39:57 +0000] "GET /mongodb/.env HTTP/1.1" 200 0 "-" "Mozilla/5.0 (Macintosh; Intel Mac OS X 10_15_7) AppleWebKit/537.36 (KHTML, like Gecko) Chrome/131.0.0.0 Safari/537.36"
16.52.74.18 - - [16/Jul/2026:13:40:06 +0000] "GET /redis/.env HTTP/1.1" 200 0 "-" "Mozilla/5.0 (Macintosh; Intel Mac OS X 10_15_7) AppleWebKit/537.36 (KHTML, like Gecko) Chrome/131.0.0.0 Safari/537.36"
16.52.74.18 - - [16/Jul/2026:13:40:06 +0000] "GET /queue/.env HTTP/1.1" 200 0 "-" "Mozilla/5.0 (X11; Linux x86_64) AppleWebKit/537.36 (KHTML, like Gecko) Chrome/131.0.0.0 Safari/537.36"
16.52.74.18 - - [16/Jul/2026:13:40:14 +0000] "GET /elasticsearch/.env HTTP/1.1" 404 45504 "-" "Mozilla/5.0 (Macintosh; Intel Mac OS X 10_15_7) AppleWebKit/537.36 (KHTML, like Gecko) Chrome/131.0.0.0 Safari/537.36"
16.52.74.18 - - [16/Jul/2026:13:40:14 +0000] "GET /worker/.env HTTP/1.1" 404 45487 "-" "Mozilla/5.0 (X11; Linux x86_64) AppleWebKit/537.36 (KHTML, like Gecko) Chrome/131.0.0.0 Safari/537.36"
216.73.216.157 - - [16/Jul/2026:13:40:16 +0000] "GET /sitemap-4.xml HTTP/2" 200 0 "-" "Mozilla/5.0 AppleWebKit/537.36 (KHTML, like Gecko; compatible; ClaudeBot/1.0; +claudebot@anthropic.com)"
216.73.216.157 - - [16/Jul/2026:13:40:23 +0000] "GET /sitemap-3.xml HTTP/2" 200 0 "-" "Mozilla/5.0 AppleWebKit/537.36 (KHTML, like Gecko; compatible; ClaudeBot/1.0; +claudebot@anthropic.com)"
16.52.74.18 - - [16/Jul/2026:13:40:22 +0000] "GET /job/.env HTTP/1.1" 404 45482 "-" "Mozilla/5.0 (X11; Linux x86_64) AppleWebKit/537.36 (KHTML, like Gecko) Chrome/131.0.0.0 Safari/537.36"
16.52.74.18 - - [16/Jul/2026:13:40:22 +0000] "GET /rabbitmq/.env HTTP/1.1" 404 45499 "-" "Mozilla/5.0 (Macintosh; Intel Mac OS X 10_15_7) AppleWebKit/537.36 (KHTML, like Gecko) Chrome/131.0.0.0 Safari/537.36"
216.73.216.157 - - [16/Jul/2026:13:40:28 +0000] "GET /sitemap-20.xml HTTP/2" 200 0 "-" "Mozilla/5.0 AppleWebKit/537.36 (KHTML, like Gecko; compatible; ClaudeBot/1.0; +claudebot@anthropic.com)"
16.52.74.18 - - [16/Jul/2026:13:40:30 +0000] "GET /kafka/.env HTTP/1.1" 200 0 "-" "Mozilla/5.0 (Macintosh; Intel Mac OS X 10_15_7) AppleWebKit/537.36 (KHTML, like Gecko) Chrome/131.0.0.0 Safari/537.36"
16.52.74.18 - - [16/Jul/2026:13:40:30 +0000] "GET /test/.env HTTP/1.1" 200 0 "-" "Mozilla/5.0 (X11; Linux x86_64) AppleWebKit/537.36 (KHTML, like Gecko) Chrome/131.0.0.0 Safari/537.36"
16.52.74.18 - - [16/Jul/2026:13:40:38 +0000] "GET /qa/.env HTTP/1.1" 200 0 "-" "Mozilla/5.0 (X11; Linux x86_64) AppleWebKit/537.36 (KHTML, like Gecko) Chrome/131.0.0.0 Safari/537.36"
16.52.74.18 - - [16/Jul/2026:13:40:38 +0000] "GET /queue/.env HTTP/1.1" 200 0 "-" "Mozilla/5.0 (Macintosh; Intel Mac OS X 10_15_7) AppleWebKit/537.36 (KHTML, like Gecko) Chrome/131.0.0.0 Safari/537.36"
16.52.74.18 - - [16/Jul/2026:13:40:46 +0000] "GET /worker/.env HTTP/1.1" 404 45494 "-" "Mozilla/5.0 (Macintosh; Intel Mac OS X 10_15_7) AppleWebKit/537.36 (KHTML, like Gecko) Chrome/131.0.0.0 Safari/537.36"
16.52.74.18 - - [16/Jul/2026:13:40:46 +0000] "GET /preview/.env HTTP/1.1" 404 45493 "-" "Mozilla/5.0 (X11; Linux x86_64) AppleWebKit/537.36 (KHTML, like Gecko) Chrome/131.0.0.0 Safari/537.36"
16.52.74.18 - - [16/Jul/2026:13:40:55 +0000] "GET /job/.env HTTP/1.1" 404 45503 "-" "Mozilla/5.0 (Macintosh; Intel Mac OS X 10_15_7) AppleWebKit/537.36 (KHTML, like Gecko) Chrome/131.0.0.0 Safari/537.36"
16.52.74.18 - - [16/Jul/2026:13:40:55 +0000] "GET /beta/.env HTTP/1.1" 404 45457 "-" "Mozilla/5.0 (X11; Linux x86_64) AppleWebKit/537.36 (KHTML, like Gecko) Chrome/131.0.0.0 Safari/537.36"
216.73.216.157 - - [16/Jul/2026:13:40:58 +0000] "GET /sitemap-10.xml HTTP/2" 200 0 "-" "Mozilla/5.0 AppleWebKit/537.36 (KHTML, like Gecko; compatible; ClaudeBot/1.0; +claudebot@anthropic.com)"
209.42.17.20 - - [16/Jul/2026:13:41:05 +0000] "POST /wp-cron.php?doing_wp_cron=1784209265.7142789363861083984375 HTTP/1.1" 200 0 "-" "WordPress/7.0.1; https://ebifo.org"
16.52.74.18 - - [16/Jul/2026:13:41:03 +0000] "GET /uat/.env HTTP/1.1" 200 0 "-" "Mozilla/5.0 (X11; Linux x86_64) AppleWebKit/537.36 (KHTML, like Gecko) Chrome/131.0.0.0 Safari/537.36"
16.52.74.18 - - [16/Jul/2026:13:41:03 +0000] "GET /test/.env HTTP/1.1" 200 0 "-" "Mozilla/5.0 (Macintosh; Intel Mac OS X 10_15_7) AppleWebKit/537.36 (KHTML, like Gecko) Chrome/131.0.0.0 Safari/537.36"
216.73.216.157 - - [16/Jul/2026:13:41:10 +0000] "GET /sitemap.xml HTTP/2" 200 0 "-" "Mozilla/5.0 AppleWebKit/537.36 (KHTML, like Gecko; compatible; ClaudeBot/1.0; +claudebot@anthropic.com)"
16.52.74.18 - - [16/Jul/2026:13:41:11 +0000] "GET /qa/.env HTTP/1.1" 404 45493 "-" "Mozilla/5.0 (Macintosh; Intel Mac OS X 10_15_7) AppleWebKit/537.36 (KHTML, like Gecko) Chrome/131.0.0.0 Safari/537.36"
16.52.74.18 - - [16/Jul/2026:13:41:11 +0000] "GET /stage/.env HTTP/1.1" 200 0 "-" "Mozilla/5.0 (X11; Linux x86_64) AppleWebKit/537.36 (KHTML, like Gecko) Chrome/131.0.0.0 Safari/537.36"
92.222.104.196 - - [16/Jul/2026:13:41:11 +0000] "GET /products/21180477320753 HTTP/2" 404 39253 "-" "Mozilla/5.0 (compatible; AhrefsBot/7.0; +http://ahrefs.com/robot/)"
16.52.74.18 - - [16/Jul/2026:13:41:19 +0000] "GET /preview/.env HTTP/1.1" 200 0 "-" "Mozilla/5.0 (Macintosh; Intel Mac OS X 10_15_7) AppleWebKit/537.36 (KHTML, like Gecko) Chrome/131.0.0.0 Safari/537.36"
16.52.74.18 - - [16/Jul/2026:13:41:19 +0000] "GET /development/.env HTTP/1.1" 200 0 "-" "Mozilla/5.0 (X11; Linux x86_64) AppleWebKit/537.36 (KHTML, like Gecko) Chrome/131.0.0.0 Safari/537.36"
16.52.74.18 - - [16/Jul/2026:13:41:27 +0000] "GET /beta/.env HTTP/1.1" 200 0 "-" "Mozilla/5.0 (Macintosh; Intel Mac OS X 10_15_7) AppleWebKit/537.36 (KHTML, like Gecko) Chrome/131.0.0.0 Safari/537.36"
16.52.74.18 - - [16/Jul/2026:13:41:27 +0000] "GET /production/.env HTTP/1.1" 200 0 "-" "Mozilla/5.0 (X11; Linux x86_64) AppleWebKit/537.36 (KHTML, like Gecko) Chrome/131.0.0.0 Safari/537.36"
216.73.216.157 - - [16/Jul/2026:13:41:36 +0000] "GET /sitemap-8.xml HTTP/2" 200 0 "-" "Mozilla/5.0 AppleWebKit/537.36 (KHTML, like Gecko; compatible; ClaudeBot/1.0; +claudebot@anthropic.com)"
16.52.74.18 - - [16/Jul/2026:13:41:35 +0000] "GET /uat/.env HTTP/1.1" 200 0 "-" "Mozilla/5.0 (Macintosh; Intel Mac OS X 10_15_7) AppleWebKit/537.36 (KHTML, like Gecko) Chrome/131.0.0.0 Safari/537.36"
16.52.74.18 - - [16/Jul/2026:13:41:36 +0000] "GET /config/app/.env HTTP/1.1" 404 45558 "-" "Mozilla/5.0 (X11; Linux x86_64) AppleWebKit/537.36 (KHTML, like Gecko) Chrome/131.0.0.0 Safari/537.36"
16.52.74.18 - - [16/Jul/2026:13:41:44 +0000] "GET /stage/.env HTTP/1.1" 404 45496 "-" "Mozilla/5.0 (Macintosh; Intel Mac OS X 10_15_7) AppleWebKit/537.36 (KHTML, like Gecko) Chrome/131.0.0.0 Safari/537.36"
16.52.74.18 - - [16/Jul/2026:13:41:44 +0000] "GET /.env.vault HTTP/1.1" 200 0 "-" "Mozilla/5.0 (X11; Linux x86_64) AppleWebKit/537.36 (KHTML, like Gecko) Chrome/131.0.0.0 Safari/537.36"
66.249.79.32 - - [16/Jul/2026:13:41:54 +0000] "GET /products/36848627477281 HTTP/1.1" 301 0 "-" "Mozilla/5.0 (Linux; Android 6.0.1; Nexus 5X Build/MMB29P) AppleWebKit/537.36 (KHTML, like Gecko) Chrome/150.0.7871.124 Mobile Safari/537.36 (compatible; Googlebot/2.1; +http://www.google.com/bot.html)"
16.52.74.18 - - [16/Jul/2026:13:41:52 +0000] "GET /development/.env HTTP/1.1" 200 0 "-" "Mozilla/5.0 (Macintosh; Intel Mac OS X 10_15_7) AppleWebKit/537.36 (KHTML, like Gecko) Chrome/131.0.0.0 Safari/537.36"
16.52.74.18 - - [16/Jul/2026:13:41:52 +0000] "GET /.env.fly HTTP/1.1" 200 0 "-" "Mozilla/5.0 (X11; Linux x86_64) AppleWebKit/537.36 (KHTML, like Gecko) Chrome/131.0.0.0 Safari/537.36"
16.52.74.18 - - [16/Jul/2026:13:42:00 +0000] "GET /.env.railway HTTP/1.1" 200 0 "-" "Mozilla/5.0 (X11; Linux x86_64) AppleWebKit/537.36 (KHTML, like Gecko) Chrome/131.0.0.0 Safari/537.36"
16.52.74.18 - - [16/Jul/2026:13:42:00 +0000] "GET /production/.env HTTP/1.1" 200 0 "-" "Mozilla/5.0 (Macintosh; Intel Mac OS X 10_15_7) AppleWebKit/537.36 (KHTML, like Gecko) Chrome/131.0.0.0 Safari/537.36"
209.42.17.20 - - [16/Jul/2026:13:42:11 +0000] "POST /wp-cron.php?doing_wp_cron=1784209331.4176061153411865234375 HTTP/1.1" 200 0 "-" "WordPress/7.0.1; https://ebifo.org"
16.52.74.18 - - [16/Jul/2026:13:42:08 +0000] "GET /config/app/.env HTTP/1.1" 200 0 "-" "Mozilla/5.0 (Macintosh; Intel Mac OS X 10_15_7) AppleWebKit/537.36 (KHTML, like Gecko) Chrome/131.0.0.0 Safari/537.36"
16.52.74.18 - - [16/Jul/2026:13:42:08 +0000] "GET /.env.render HTTP/1.1" 200 0 "-" "Mozilla/5.0 (X11; Linux x86_64) AppleWebKit/537.36 (KHTML, like Gecko) Chrome/131.0.0.0 Safari/537.36"
209.42.17.20 - - [16/Jul/2026:13:42:19 +0000] "POST /wp-cron.php?doing_wp_cron=1784209339.5152940750122070312500 HTTP/1.1" 200 0 "-" "WordPress/7.0.1; https://ebifo.org"
209.42.17.20 - - [16/Jul/2026:13:42:19 +0000] "POST /wp-cron.php?doing_wp_cron=1784209339.6149260997772216796875 HTTP/1.1" 200 0 "-" "WordPress/7.0.1; https://ebifo.org"
209.42.17.20 - - [16/Jul/2026:13:42:21 +0000] "POST /wp-cron.php?doing_wp_cron=1784209340.9361119270324707031250 HTTP/1.1" 200 0 "-" "WordPress/7.0.1; https://ebifo.org"
66.249.79.139 - - [16/Jul/2026:13:42:09 +0000] "GET /products/36848627477281 HTTP/1.1" 404 39255 "-" "Mozilla/5.0 (Linux; Android 6.0.1; Nexus 5X Build/MMB29P) AppleWebKit/537.36 (KHTML, like Gecko) Chrome/150.0.7871.124 Mobile Safari/537.36 (compatible; Googlebot/2.1; +http://www.google.com/bot.html)"
16.52.74.18 - - [16/Jul/2026:13:42:16 +0000] "GET /.env.vault HTTP/1.1" 200 0 "-" "Mozilla/5.0 (Macintosh; Intel Mac OS X 10_15_7) AppleWebKit/537.36 (KHTML, like Gecko) Chrome/131.0.0.0 Safari/537.36"
16.52.74.18 - - [16/Jul/2026:13:42:16 +0000] "GET /.env.vercel HTTP/1.1" 200 0 "-" "Mozilla/5.0 (X11; Linux x86_64) AppleWebKit/537.36 (KHTML, like Gecko) Chrome/131.0.0.0 Safari/537.36"
92.222.108.108 - - [16/Jul/2026:13:42:15 +0000] "GET /products/34601106243554 HTTP/2" 404 39253 "-" "Mozilla/5.0 (compatible; AhrefsBot/7.0; +http://ahrefs.com/robot/)"
216.73.216.157 - - [16/Jul/2026:13:42:30 +0000] "GET /sitemap-16.xml HTTP/2" 200 0 "-" "Mozilla/5.0 AppleWebKit/537.36 (KHTML, like Gecko; compatible; ClaudeBot/1.0; +claudebot@anthropic.com)"
16.52.74.18 - - [16/Jul/2026:13:42:25 +0000] "GET /.env.supabase HTTP/1.1" 404 45484 "-" "Mozilla/5.0 (X11; Linux x86_64) AppleWebKit/537.36 (KHTML, like Gecko) Chrome/131.0.0.0 Safari/537.36"
16.52.74.18 - - [16/Jul/2026:13:42:25 +0000] "GET /.env.fly HTTP/1.1" 200 0 "-" "Mozilla/5.0 (Macintosh; Intel Mac OS X 10_15_7) AppleWebKit/537.36 (KHTML, like Gecko) Chrome/131.0.0.0 Safari/537.36"
16.52.74.18 - - [16/Jul/2026:13:42:33 +0000] "GET /.env.railway HTTP/1.1" 200 0 "-" "Mozilla/5.0 (Macintosh; Intel Mac OS X 10_15_7) AppleWebKit/537.36 (KHTML, like Gecko) Chrome/131.0.0.0 Safari/537.36"
16.52.74.18 - - [16/Jul/2026:13:42:33 +0000] "GET /.env.neon HTTP/1.1" 200 0 "-" "Mozilla/5.0 (X11; Linux x86_64) AppleWebKit/537.36 (KHTML, like Gecko) Chrome/131.0.0.0 Safari/537.36"
16.52.74.18 - - [16/Jul/2026:13:42:41 +0000] "GET /phpinfo.php HTTP/1.1" 404 45494 "-" "Mozilla/5.0 (X11; Linux x86_64) AppleWebKit/537.36 (KHTML, like Gecko) Chrome/131.0.0.0 Safari/537.36"
16.52.74.18 - - [16/Jul/2026:13:42:41 +0000] "GET /.env.render HTTP/1.1" 404 45496 "-" "Mozilla/5.0 (Macintosh; Intel Mac OS X 10_15_7) AppleWebKit/537.36 (KHTML, like Gecko) Chrome/131.0.0.0 Safari/537.36"
16.52.74.18 - - [16/Jul/2026:13:42:49 +0000] "GET /.env.vercel HTTP/1.1" 404 45486 "-" "Mozilla/5.0 (Macintosh; Intel Mac OS X 10_15_7) AppleWebKit/537.36 (KHTML, like Gecko) Chrome/131.0.0.0 Safari/537.36"
16.52.74.18 - - [16/Jul/2026:13:42:49 +0000] "GET /info.php HTTP/1.1" 404 45492 "-" "Mozilla/5.0 (X11; Linux x86_64) AppleWebKit/537.36 (KHTML, like Gecko) Chrome/131.0.0.0 Safari/537.36"
16.52.74.18 - - [16/Jul/2026:13:42:52 +0000] "GET /.env.supabase HTTP/1.1" 404 45494 "-" "Mozilla/5.0 (Macintosh; Intel Mac OS X 10_15_7) AppleWebKit/537.36 (KHTML, like Gecko) Chrome/131.0.0.0 Safari/537.36"
16.52.74.18 - - [16/Jul/2026:13:42:52 +0000] "GET /php.php HTTP/1.1" 404 45497 "-" "Mozilla/5.0 (X11; Linux x86_64) AppleWebKit/537.36 (KHTML, like Gecko) Chrome/131.0.0.0 Safari/537.36"
16.52.74.18 - - [16/Jul/2026:13:42:54 +0000] "GET /.env.neon HTTP/1.1" 404 45496 "-" "Mozilla/5.0 (Macintosh; Intel Mac OS X 10_15_7) AppleWebKit/537.36 (KHTML, like Gecko) Chrome/131.0.0.0 Safari/537.36"
16.52.74.18 - - [16/Jul/2026:13:42:54 +0000] "GET /i.php HTTP/1.1" 404 45489 "-" "Mozilla/5.0 (X11; Linux x86_64) AppleWebKit/537.36 (KHTML, like Gecko) Chrome/131.0.0.0 Safari/537.36"
16.52.74.18 - - [16/Jul/2026:13:42:56 +0000] "GET /phpinfo.php HTTP/1.1" 404 45487 "-" "Mozilla/5.0 (Macintosh; Intel Mac OS X 10_15_7) AppleWebKit/537.36 (KHTML, like Gecko) Chrome/131.0.0.0 Safari/537.36"
209.42.17.20 - - [16/Jul/2026:13:42:59 +0000] "POST /wp-cron.php?doing_wp_cron=1784209379.1696779727935791015625 HTTP/1.1" 200 0 "-" "WordPress/7.0.1; https://ebifo.org"
16.52.74.18 - - [16/Jul/2026:13:42:57 +0000] "GET /pi.php HTTP/1.1" 404 45490 "-" "Mozilla/5.0 (X11; Linux x86_64) AppleWebKit/537.36 (KHTML, like Gecko) Chrome/131.0.0.0 Safari/537.36"
16.52.74.18 - - [16/Jul/2026:13:42:58 +0000] "GET /info.php HTTP/1.1" 404 45495 "-" "Mozilla/5.0 (Macintosh; Intel Mac OS X 10_15_7) AppleWebKit/537.36 (KHTML, like Gecko) Chrome/131.0.0.0 Safari/537.36"
16.52.74.18 - - [16/Jul/2026:13:42:59 +0000] "GET /pinfo.php HTTP/1.1" 404 45506 "-" "Mozilla/5.0 (X11; Linux x86_64) AppleWebKit/537.36 (KHTML, like Gecko) Chrome/131.0.0.0 Safari/537.36"
216.73.216.157 - - [16/Jul/2026:13:42:59 +0000] "GET /sitemap-18.xml HTTP/2" 404 39226 "-" "Mozilla/5.0 AppleWebKit/537.36 (KHTML, like Gecko; compatible; ClaudeBot/1.0; +claudebot@anthropic.com)"
16.52.74.18 - - [16/Jul/2026:13:43:01 +0000] "GET /php.php HTTP/1.1" 404 45492 "-" "Mozilla/5.0 (Macintosh; Intel Mac OS X 10_15_7) AppleWebKit/537.36 (KHTML, like Gecko) Chrome/131.0.0.0 Safari/537.36"
16.52.74.18 - - [16/Jul/2026:13:43:04 +0000] "GET /test.php HTTP/1.1" 404 45492 "-" "Mozilla/5.0 (X11; Linux x86_64) AppleWebKit/537.36 (KHTML, like Gecko) Chrome/131.0.0.0 Safari/537.36"
16.52.74.18 - - [16/Jul/2026:13:43:06 +0000] "GET /i.php HTTP/1.1" 404 45493 "-" "Mozilla/5.0 (Macintosh; Intel Mac OS X 10_15_7) AppleWebKit/537.36 (KHTML, like Gecko) Chrome/131.0.0.0 Safari/537.36"
16.52.74.18 - - [16/Jul/2026:13:43:06 +0000] "GET /phpinfo HTTP/1.1" 404 45496 "-" "Mozilla/5.0 (X11; Linux x86_64) AppleWebKit/537.36 (KHTML, like Gecko) Chrome/131.0.0.0 Safari/537.36"
16.52.74.18 - - [16/Jul/2026:13:43:09 +0000] "GET /pi.php HTTP/1.1" 404 45495 "-" "Mozilla/5.0 (Macintosh; Intel Mac OS X 10_15_7) AppleWebKit/537.36 (KHTML, like Gecko) Chrome/131.0.0.0 Safari/537.36"
16.52.74.18 - - [16/Jul/2026:13:43:09 +0000] "GET /p.php HTTP/1.1" 404 45491 "-" "Mozilla/5.0 (X11; Linux x86_64) AppleWebKit/537.36 (KHTML, like Gecko) Chrome/131.0.0.0 Safari/537.36"
16.52.74.18 - - [16/Jul/2026:13:43:11 +0000] "GET /pinfo.php HTTP/1.1" 404 45499 "-" "Mozilla/5.0 (Macintosh; Intel Mac OS X 10_15_7) AppleWebKit/537.36 (KHTML, like Gecko) Chrome/131.0.0.0 Safari/537.36"
16.52.74.18 - - [16/Jul/2026:13:43:11 +0000] "GET /debug.php HTTP/1.1" 404 45507 "-" "Mozilla/5.0 (X11; Linux x86_64) AppleWebKit/537.36 (KHTML, like Gecko) Chrome/131.0.0.0 Safari/537.36"
16.52.74.18 - - [16/Jul/2026:13:43:13 +0000] "GET /test.php HTTP/1.1" 404 45494 "-" "Mozilla/5.0 (Macintosh; Intel Mac OS X 10_15_7) AppleWebKit/537.36 (KHTML, like Gecko) Chrome/131.0.0.0 Safari/537.36"
16.52.74.18 - - [16/Jul/2026:13:43:13 +0000] "GET /admin/phpinfo.php HTTP/1.1" 404 45500 "-" "Mozilla/5.0 (X11; Linux x86_64) AppleWebKit/537.36 (KHTML, like Gecko) Chrome/131.0.0.0 Safari/537.36"
16.52.74.18 - - [16/Jul/2026:13:43:15 +0000] "GET /phpinfo HTTP/1.1" 404 45494 "-" "Mozilla/5.0 (Macintosh; Intel Mac OS X 10_15_7) AppleWebKit/537.36 (KHTML, like Gecko) Chrome/131.0.0.0 Safari/537.36"
16.52.74.18 - - [16/Jul/2026:13:43:15 +0000] "GET /test/phpinfo.php HTTP/1.1" 404 45500 "-" "Mozilla/5.0 (X11; Linux x86_64) AppleWebKit/537.36 (KHTML, like Gecko) Chrome/131.0.0.0 Safari/537.36"
16.52.74.18 - - [16/Jul/2026:13:43:17 +0000] "GET /p.php HTTP/1.1" 404 45488 "-" "Mozilla/5.0 (Macintosh; Intel Mac OS X 10_15_7) AppleWebKit/537.36 (KHTML, like Gecko) Chrome/131.0.0.0 Safari/537.36"
16.52.74.18 - - [16/Jul/2026:13:43:18 +0000] "GET /dev/phpinfo.php HTTP/1.1" 404 45493 "-" "Mozilla/5.0 (X11; Linux x86_64) AppleWebKit/537.36 (KHTML, like Gecko) Chrome/131.0.0.0 Safari/537.36"
16.52.74.18 - - [16/Jul/2026:13:43:20 +0000] "GET /debug.php HTTP/1.1" 404 45500 "-" "Mozilla/5.0 (Macintosh; Intel Mac OS X 10_15_7) AppleWebKit/537.36 (KHTML, like Gecko) Chrome/131.0.0.0 Safari/537.36"
16.52.74.18 - - [16/Jul/2026:13:43:20 +0000] "GET /old/phpinfo.php HTTP/1.1" 404 45498 "-" "Mozilla/5.0 (X11; Linux x86_64) AppleWebKit/537.36 (KHTML, like Gecko) Chrome/131.0.0.0 Safari/537.36"
16.52.74.18 - - [16/Jul/2026:13:43:22 +0000] "GET /admin/phpinfo.php HTTP/1.1" 404 45493 "-" "Mozilla/5.0 (Macintosh; Intel Mac OS X 10_15_7) AppleWebKit/537.36 (KHTML, like Gecko) Chrome/131.0.0.0 Safari/537.36"
16.52.74.18 - - [16/Jul/2026:13:43:22 +0000] "GET /tmp/phpinfo.php HTTP/1.1" 404 45500 "-" "Mozilla/5.0 (X11; Linux x86_64) AppleWebKit/537.36 (KHTML, like Gecko) Chrome/131.0.0.0 Safari/537.36"
92.222.108.122 - - [16/Jul/2026:13:43:23 +0000] "GET /products/20479883277 HTTP/2" 404 39257 "-" "Mozilla/5.0 (compatible; AhrefsBot/7.0; +http://ahrefs.com/robot/)"
16.52.74.18 - - [16/Jul/2026:13:43:24 +0000] "GET /test/phpinfo.php HTTP/1.1" 404 45491 "-" "Mozilla/5.0 (Macintosh; Intel Mac OS X 10_15_7) AppleWebKit/537.36 (KHTML, like Gecko) Chrome/131.0.0.0 Safari/537.36"
16.52.74.18 - - [16/Jul/2026:13:43:25 +0000] "GET /public/phpinfo.php HTTP/1.1" 404 45501 "-" "Mozilla/5.0 (X11; Linux x86_64) AppleWebKit/537.36 (KHTML, like Gecko) Chrome/131.0.0.0 Safari/537.36"
16.52.74.18 - - [16/Jul/2026:13:43:27 +0000] "GET /dev/phpinfo.php HTTP/1.1" 404 45491 "-" "Mozilla/5.0 (Macintosh; Intel Mac OS X 10_15_7) AppleWebKit/537.36 (KHTML, like Gecko) Chrome/131.0.0.0 Safari/537.36"
16.52.74.18 - - [16/Jul/2026:13:43:27 +0000] "GET /info HTTP/1.1" 404 45489 "-" "Mozilla/5.0 (X11; Linux x86_64) AppleWebKit/537.36 (KHTML, like Gecko) Chrome/131.0.0.0 Safari/537.36"
16.52.74.18 - - [16/Jul/2026:13:43:29 +0000] "GET /old/phpinfo.php HTTP/1.1" 404 45499 "-" "Mozilla/5.0 (Macintosh; Intel Mac OS X 10_15_7) AppleWebKit/537.36 (KHTML, like Gecko) Chrome/131.0.0.0 Safari/537.36"
16.52.74.18 - - [16/Jul/2026:13:43:29 +0000] "GET /php-info.php HTTP/1.1" 404 45501 "-" "Mozilla/5.0 (X11; Linux x86_64) AppleWebKit/537.36 (KHTML, like Gecko) Chrome/131.0.0.0 Safari/537.36"
216.73.216.157 - - [16/Jul/2026:13:43:30 +0000] "GET /sitemap-9.xml HTTP/2" 404 39186 "-" "Mozilla/5.0 AppleWebKit/537.36 (KHTML, like Gecko; compatible; ClaudeBot/1.0; +claudebot@anthropic.com)"
16.52.74.18 - - [16/Jul/2026:13:43:31 +0000] "GET /phpversion.php HTTP/1.1" 404 45496 "-" "Mozilla/5.0 (X11; Linux x86_64) AppleWebKit/537.36 (KHTML, like Gecko) Chrome/131.0.0.0 Safari/537.36"
16.52.74.18 - - [16/Jul/2026:13:43:31 +0000] "GET /tmp/phpinfo.php HTTP/1.1" 404 45493 "-" "Mozilla/5.0 (Macintosh; Intel Mac OS X 10_15_7) AppleWebKit/537.36 (KHTML, like Gecko) Chrome/131.0.0.0 Safari/537.36"
16.52.74.18 - - [16/Jul/2026:13:43:34 +0000] "GET /_phpinfo.php HTTP/1.1" 404 45493 "-" "Mozilla/5.0 (X11; Linux x86_64) AppleWebKit/537.36 (KHTML, like Gecko) Chrome/131.0.0.0 Safari/537.36"
16.52.74.18 - - [16/Jul/2026:13:43:34 +0000] "GET /public/phpinfo.php HTTP/1.1" 404 45490 "-" "Mozilla/5.0 (Macintosh; Intel Mac OS X 10_15_7) AppleWebKit/537.36 (KHTML, like Gecko) Chrome/131.0.0.0 Safari/537.36"
16.52.74.18 - - [16/Jul/2026:13:43:36 +0000] "GET /old_phpinfo.php HTTP/1.1" 404 45503 "-" "Mozilla/5.0 (X11; Linux x86_64) AppleWebKit/537.36 (KHTML, like Gecko) Chrome/131.0.0.0 Safari/537.36"
16.52.74.18 - - [16/Jul/2026:13:43:36 +0000] "GET /info HTTP/1.1" 404 45490 "-" "Mozilla/5.0 (Macintosh; Intel Mac OS X 10_15_7) AppleWebKit/537.36 (KHTML, like Gecko) Chrome/131.0.0.0 Safari/537.36"
16.52.74.18 - - [16/Jul/2026:13:43:38 +0000] "GET /server-info.php HTTP/1.1" 404 45504 "-" "Mozilla/5.0 (X11; Linux x86_64) AppleWebKit/537.36 (KHTML, like Gecko) Chrome/131.0.0.0 Safari/537.36"
16.52.74.18 - - [16/Jul/2026:13:43:38 +0000] "GET /php-info.php HTTP/1.1" 404 45490 "-" "Mozilla/5.0 (Macintosh; Intel Mac OS X 10_15_7) AppleWebKit/537.36 (KHTML, like Gecko) Chrome/131.0.0.0 Safari/537.36"
16.52.74.18 - - [16/Jul/2026:13:43:40 +0000] "GET /server-status.php HTTP/1.1" 404 45508 "-" "Mozilla/5.0 (X11; Linux x86_64) AppleWebKit/537.36 (KHTML, like Gecko) Chrome/131.0.0.0 Safari/537.36"
16.52.74.18 - - [16/Jul/2026:13:43:40 +0000] "GET /phpversion.php HTTP/1.1" 404 45494 "-" "Mozilla/5.0 (Macintosh; Intel Mac OS X 10_15_7) AppleWebKit/537.36 (KHTML, like Gecko) Chrome/131.0.0.0 Safari/537.36"
16.52.74.18 - - [16/Jul/2026:13:43:42 +0000] "GET /_profiler/phpinfo HTTP/1.1" 404 45506 "-" "Mozilla/5.0 (X11; Linux x86_64) AppleWebKit/537.36 (KHTML, like Gecko) Chrome/131.0.0.0 Safari/537.36"
16.52.74.18 - - [16/Jul/2026:13:43:43 +0000] "GET /_phpinfo.php HTTP/1.1" 404 45491 "-" "Mozilla/5.0 (Macintosh; Intel Mac OS X 10_15_7) AppleWebKit/537.36 (KHTML, like Gecko) Chrome/131.0.0.0 Safari/537.36"
16.52.74.18 - - [16/Jul/2026:13:43:45 +0000] "GET /_environment HTTP/1.1" 404 45497 "-" "Mozilla/5.0 (X11; Linux x86_64) AppleWebKit/537.36 (KHTML, like Gecko) Chrome/131.0.0.0 Safari/537.36"
16.52.74.18 - - [16/Jul/2026:13:43:45 +0000] "GET /old_phpinfo.php HTTP/1.1" 404 45500 "-" "Mozilla/5.0 (Macintosh; Intel Mac OS X 10_15_7) AppleWebKit/537.36 (KHTML, like Gecko) Chrome/131.0.0.0 Safari/537.36"
16.52.74.18 - - [16/Jul/2026:13:43:47 +0000] "GET /webroot/index.php/_environment HTTP/1.1" 301 0 "-" "Mozilla/5.0 (X11; Linux x86_64) AppleWebKit/537.36 (KHTML, like Gecko) Chrome/131.0.0.0 Safari/537.36"
16.52.74.18 - - [16/Jul/2026:13:43:47 +0000] "GET /server-info.php HTTP/1.1" 404 45499 "-" "Mozilla/5.0 (Macintosh; Intel Mac OS X 10_15_7) AppleWebKit/537.36 (KHTML, like Gecko) Chrome/131.0.0.0 Safari/537.36"
16.52.74.18 - - [16/Jul/2026:13:43:49 +0000] "GET /webroot/_environment HTTP/1.1" 404 45493 "-" "Mozilla/5.0 (X11; Linux x86_64) AppleWebKit/537.36 (KHTML, like Gecko) Chrome/131.0.0.0 Safari/537.36"
16.52.74.18 - - [16/Jul/2026:13:43:49 +0000] "GET /server-status.php HTTP/1.1" 404 45481 "-" "Mozilla/5.0 (Macintosh; Intel Mac OS X 10_15_7) AppleWebKit/537.36 (KHTML, like Gecko) Chrome/131.0.0.0 Safari/537.36"
16.52.74.18 - - [16/Jul/2026:13:43:50 +0000] "GET /mail/phpinfo.php HTTP/1.1" 404 45497 "-" "Mozilla/5.0 (X11; Linux x86_64) AppleWebKit/537.36 (KHTML, like Gecko) Chrome/131.0.0.0 Safari/537.36"
16.52.74.18 - - [16/Jul/2026:13:43:51 +0000] "GET /_profiler/phpinfo HTTP/1.1" 404 45506 "-" "Mozilla/5.0 (Macintosh; Intel Mac OS X 10_15_7) AppleWebKit/537.36 (KHTML, like Gecko) Chrome/131.0.0.0 Safari/537.36"
16.52.74.18 - - [16/Jul/2026:13:43:52 +0000] "GET /cpanel/phpinfo.php HTTP/1.1" 404 45503 "-" "Mozilla/5.0 (X11; Linux x86_64) AppleWebKit/537.36 (KHTML, like Gecko) Chrome/131.0.0.0 Safari/537.36"
16.52.74.18 - - [16/Jul/2026:13:43:53 +0000] "GET /_environment HTTP/1.1" 404 45496 "-" "Mozilla/5.0 (Macintosh; Intel Mac OS X 10_15_7) AppleWebKit/537.36 (KHTML, like Gecko) Chrome/131.0.0.0 Safari/537.36"
16.52.74.18 - - [16/Jul/2026:13:43:55 +0000] "GET /webroot/index.php/_environment HTTP/1.1" 301 0 "-" "Mozilla/5.0 (Macintosh; Intel Mac OS X 10_15_7) AppleWebKit/537.36 (KHTML, like Gecko) Chrome/131.0.0.0 Safari/537.36"
16.52.74.18 - - [16/Jul/2026:13:43:55 +0000] "GET /hosting/phpinfo.php HTTP/1.1" 404 45503 "-" "Mozilla/5.0 (X11; Linux x86_64) AppleWebKit/537.36 (KHTML, like Gecko) Chrome/131.0.0.0 Safari/537.36"
16.52.74.18 - - [16/Jul/2026:13:43:57 +0000] "GET /webmail/phpinfo.php HTTP/1.1" 200 13565 "-" "Mozilla/5.0 (X11; Linux x86_64) AppleWebKit/537.36 (KHTML, like Gecko) Chrome/131.0.0.0 Safari/537.36"
16.52.74.18 - - [16/Jul/2026:13:43:56 +0000] "GET /webroot/_environment HTTP/1.1" 404 45507 "-" "Mozilla/5.0 (Macintosh; Intel Mac OS X 10_15_7) AppleWebKit/537.36 (KHTML, like Gecko) Chrome/131.0.0.0 Safari/537.36"
209.42.17.20 - - [16/Jul/2026:13:43:59 +0000] "POST /wp-cron.php?doing_wp_cron=1784209439.1990270614624023437500 HTTP/1.1" 200 0 "-" "WordPress/7.0.1; https://ebifo.org"
16.52.74.18 - - [16/Jul/2026:13:43:57 +0000] "GET /smtp/phpinfo.php HTTP/1.1" 404 45499 "-" "Mozilla/5.0 (X11; Linux x86_64) AppleWebKit/537.36 (KHTML, like Gecko) Chrome/131.0.0.0 Safari/537.36"
209.42.17.20 - - [16/Jul/2026:13:44:02 +0000] "POST /wp-cron.php?doing_wp_cron=1784209442.9427380561828613281250 HTTP/1.1" 200 0 "-" "WordPress/7.0.1; https://ebifo.org"
16.52.74.18 - - [16/Jul/2026:13:43:59 +0000] "GET /mail/phpinfo.php HTTP/1.1" 404 45487 "-" "Mozilla/5.0 (Macintosh; Intel Mac OS X 10_15_7) AppleWebKit/537.36 (KHTML, like Gecko) Chrome/131.0.0.0 Safari/537.36"
16.52.74.18 - - [16/Jul/2026:13:43:59 +0000] "GET /phpinfo.php.bak HTTP/1.1" 404 45507 "-" "Mozilla/5.0 (X11; Linux x86_64) AppleWebKit/537.36 (KHTML, like Gecko) Chrome/131.0.0.0 Safari/537.36"
16.52.74.18 - - [16/Jul/2026:13:44:03 +0000] "GET /cpanel/phpinfo.php HTTP/1.1" 404 45493 "-" "Mozilla/5.0 (Macintosh; Intel Mac OS X 10_15_7) AppleWebKit/537.36 (KHTML, like Gecko) Chrome/131.0.0.0 Safari/537.36"
16.52.74.18 - - [16/Jul/2026:13:44:04 +0000] "GET /phpinfo.php.old HTTP/1.1" 404 45505 "-" "Mozilla/5.0 (X11; Linux x86_64) AppleWebKit/537.36 (KHTML, like Gecko) Chrome/131.0.0.0 Safari/537.36"
16.52.74.18 - - [16/Jul/2026:13:44:05 +0000] "GET /hosting/phpinfo.php HTTP/1.1" 404 45495 "-" "Mozilla/5.0 (Macintosh; Intel Mac OS X 10_15_7) AppleWebKit/537.36 (KHTML, like Gecko) Chrome/131.0.0.0 Safari/537.36"
16.52.74.18 - - [16/Jul/2026:13:44:07 +0000] "GET /webmail/phpinfo.php HTTP/1.1" 200 13567 "-" "Mozilla/5.0 (Macintosh; Intel Mac OS X 10_15_7) AppleWebKit/537.36 (KHTML, like Gecko) Chrome/131.0.0.0 Safari/537.36"
16.52.74.18 - - [16/Jul/2026:13:44:06 +0000] "GET /phpinfo.php~ HTTP/1.1" 404 45499 "-" "Mozilla/5.0 (X11; Linux x86_64) AppleWebKit/537.36 (KHTML, like Gecko) Chrome/131.0.0.0 Safari/537.36"
16.52.74.18 - - [16/Jul/2026:13:44:08 +0000] "GET /smtp/phpinfo.php HTTP/1.1" 404 45492 "-" "Mozilla/5.0 (Macintosh; Intel Mac OS X 10_15_7) AppleWebKit/537.36 (KHTML, like Gecko) Chrome/131.0.0.0 Safari/537.36"
16.52.74.18 - - [16/Jul/2026:13:44:08 +0000] "GET /info.php.bak HTTP/1.1" 404 45494 "-" "Mozilla/5.0 (X11; Linux x86_64) AppleWebKit/537.36 (KHTML, like Gecko) Chrome/131.0.0.0 Safari/537.36"
16.52.74.18 - - [16/Jul/2026:13:44:09 +0000] "GET /phpinfo.php.bak HTTP/1.1" 404 45502 "-" "Mozilla/5.0 (Macintosh; Intel Mac OS X 10_15_7) AppleWebKit/537.36 (KHTML, like Gecko) Chrome/131.0.0.0 Safari/537.36"
16.52.74.18 - - [16/Jul/2026:13:44:10 +0000] "GET /phpinfo.php.save HTTP/1.1" 404 45507 "-" "Mozilla/5.0 (X11; Linux x86_64) AppleWebKit/537.36 (KHTML, like Gecko) Chrome/131.0.0.0 Safari/537.36"
16.52.74.18 - - [16/Jul/2026:13:44:12 +0000] "GET /phpinfo.php.old HTTP/1.1" 404 45502 "-" "Mozilla/5.0 (Macintosh; Intel Mac OS X 10_15_7) AppleWebKit/537.36 (KHTML, like Gecko) Chrome/131.0.0.0 Safari/537.36"
16.52.74.18 - - [16/Jul/2026:13:44:12 +0000] "GET /staging/phpinfo.php HTTP/1.1" 404 45503 "-" "Mozilla/5.0 (X11; Linux x86_64) AppleWebKit/537.36 (KHTML, like Gecko) Chrome/131.0.0.0 Safari/537.36"
16.52.74.18 - - [16/Jul/2026:13:44:14 +0000] "GET /phpinfo.php~ HTTP/1.1" 404 45488 "-" "Mozilla/5.0 (Macintosh; Intel Mac OS X 10_15_7) AppleWebKit/537.36 (KHTML, like Gecko) Chrome/131.0.0.0 Safari/537.36"
16.52.74.18 - - [16/Jul/2026:13:44:14 +0000] "GET /beta/phpinfo.php HTTP/1.1" 404 45498 "-" "Mozilla/5.0 (X11; Linux x86_64) AppleWebKit/537.36 (KHTML, like Gecko) Chrome/131.0.0.0 Safari/537.36"
16.52.74.18 - - [16/Jul/2026:13:44:16 +0000] "GET /info.php.bak HTTP/1.1" 404 45492 "-" "Mozilla/5.0 (Macintosh; Intel Mac OS X 10_15_7) AppleWebKit/537.36 (KHTML, like Gecko) Chrome/131.0.0.0 Safari/537.36"
16.52.74.18 - - [16/Jul/2026:13:44:16 +0000] "GET /uat/phpinfo.php HTTP/1.1" 404 45498 "-" "Mozilla/5.0 (X11; Linux x86_64) AppleWebKit/537.36 (KHTML, like Gecko) Chrome/131.0.0.0 Safari/537.36"
16.52.74.18 - - [16/Jul/2026:13:44:18 +0000] "GET /phpinfo.php.save HTTP/1.1" 404 45501 "-" "Mozilla/5.0 (Macintosh; Intel Mac OS X 10_15_7) AppleWebKit/537.36 (KHTML, like Gecko) Chrome/131.0.0.0 Safari/537.36"
16.52.74.18 - - [16/Jul/2026:13:44:19 +0000] "GET /qa/phpinfo.php HTTP/1.1" 404 45500 "-" "Mozilla/5.0 (X11; Linux x86_64) AppleWebKit/537.36 (KHTML, like Gecko) Chrome/131.0.0.0 Safari/537.36"
216.73.216.157 - - [16/Jul/2026:13:44:20 +0000] "GET /sitemap-5.xml HTTP/2" 404 39187 "-" "Mozilla/5.0 AppleWebKit/537.36 (KHTML, like Gecko; compatible; ClaudeBot/1.0; +claudebot@anthropic.com)"
16.52.74.18 - - [16/Jul/2026:13:44:20 +0000] "GET /staging/phpinfo.php HTTP/1.1" 404 45492 "-" "Mozilla/5.0 (Macintosh; Intel Mac OS X 10_15_7) AppleWebKit/537.36 (KHTML, like Gecko) Chrome/131.0.0.0 Safari/537.36"
216.73.216.157 - - [16/Jul/2026:13:44:21 +0000] "GET /sitemap-11.xml HTTP/2" 404 39227 "-" "Mozilla/5.0 AppleWebKit/537.36 (KHTML, like Gecko; compatible; ClaudeBot/1.0; +claudebot@anthropic.com)"
16.52.74.18 - - [16/Jul/2026:13:44:21 +0000] "GET /preview/phpinfo.php HTTP/1.1" 404 45502 "-" "Mozilla/5.0 (X11; Linux x86_64) AppleWebKit/537.36 (KHTML, like Gecko) Chrome/131.0.0.0 Safari/537.36"
16.52.74.18 - - [16/Jul/2026:13:44:23 +0000] "GET /beta/phpinfo.php HTTP/1.1" 404 45491 "-" "Mozilla/5.0 (Macintosh; Intel Mac OS X 10_15_7) AppleWebKit/537.36 (KHTML, like Gecko) Chrome/131.0.0.0 Safari/537.36"
16.52.74.18 - - [16/Jul/2026:13:44:25 +0000] "GET /www/phpinfo.php HTTP/1.1" 404 45498 "-" "Mozilla/5.0 (X11; Linux x86_64) AppleWebKit/537.36 (KHTML, like Gecko) Chrome/131.0.0.0 Safari/537.36"
16.52.74.18 - - [16/Jul/2026:13:44:26 +0000] "GET /uat/phpinfo.php HTTP/1.1" 404 45491 "-" "Mozilla/5.0 (Macintosh; Intel Mac OS X 10_15_7) AppleWebKit/537.36 (KHTML, like Gecko) Chrome/131.0.0.0 Safari/537.36"
216.73.216.157 - - [16/Jul/2026:13:44:27 +0000] "GET /sitemap-14.xml HTTP/2" 200 0 "-" "Mozilla/5.0 AppleWebKit/537.36 (KHTML, like Gecko; compatible; ClaudeBot/1.0; +claudebot@anthropic.com)"
16.52.74.18 - - [16/Jul/2026:13:44:29 +0000] "GET /htdocs/phpinfo.php HTTP/1.1" 404 45500 "-" "Mozilla/5.0 (X11; Linux x86_64) AppleWebKit/537.36 (KHTML, like Gecko) Chrome/131.0.0.0 Safari/537.36"
16.52.74.18 - - [16/Jul/2026:13:44:29 +0000] "GET /qa/phpinfo.php HTTP/1.1" 404 45489 "-" "Mozilla/5.0 (Macintosh; Intel Mac OS X 10_15_7) AppleWebKit/537.36 (KHTML, like Gecko) Chrome/131.0.0.0 Safari/537.36"
37.59.204.133 - - [16/Jul/2026:13:44:29 +0000] "GET /products/33181244926881 HTTP/2" 404 39255 "-" "Mozilla/5.0 (compatible; AhrefsBot/7.0; +http://ahrefs.com/robot/)"
16.52.74.18 - - [16/Jul/2026:13:44:32 +0000] "GET /public_html/phpinfo.php HTTP/1.1" 404 45504 "-" "Mozilla/5.0 (X11; Linux x86_64) AppleWebKit/537.36 (KHTML, like Gecko) Chrome/131.0.0.0 Safari/537.36"
16.52.74.18 - - [16/Jul/2026:13:44:33 +0000] "GET /preview/phpinfo.php HTTP/1.1" 404 45494 "-" "Mozilla/5.0 (Macintosh; Intel Mac OS X 10_15_7) AppleWebKit/537.36 (KHTML, like Gecko) Chrome/131.0.0.0 Safari/537.36"
