74.125.150.33 - - [16/Jul/2026:12:12:45 +0000] "GET /wp-includes/js/dist/vendor/lodash.min.js?ver=4.18.1 HTTP/1.1" 200 25200 "https://basicconceptenergy.com/items/P72119068/" "Mozilla/5.0 (X11; Linux x86_64) AppleWebKit/537.36 (KHTML, like Gecko) Chrome/149.0.7827.200 Safari/537.36"
74.125.150.32 - - [16/Jul/2026:12:12:53 +0000] "GET /wp-includes/js/dist/vendor/moment.min.js?ver=2.30.1 HTTP/1.1" 200 18383 "https://basicconceptenergy.com/items/P72119068/" "Mozilla/5.0 (X11; Linux x86_64) AppleWebKit/537.36 (KHTML, like Gecko) Chrome/149.0.7827.200 Safari/537.36"
209.42.17.20 - - [16/Jul/2026:12:12:55 +0000] "POST /wp-cron.php?doing_wp_cron=1784203975.8296329975128173828125 HTTP/1.1" 200 0 "-" "WordPress/7.0.1; https://basicconceptenergy.com"
74.125.150.32 - - [16/Jul/2026:12:12:46 +0000] "POST /?wc-ajax=yith-woocompare-reload-compare HTTP/1.1" 200 380 "https://basicconceptenergy.com/items/V244064301/" "Mozilla/5.0 (X11; Linux x86_64) AppleWebKit/537.36 (KHTML, like Gecko) Chrome/149.0.7827.200 Safari/537.36"
74.125.150.32 - - [16/Jul/2026:12:12:57 +0000] "GET /wp-includes/js/dist/hooks.min.js?ver=7496969728ca0f95732d HTTP/1.1" 200 1734 "https://basicconceptenergy.com/items/P72119068/" "Mozilla/5.0 (X11; Linux x86_64) AppleWebKit/537.36 (KHTML, like Gecko) Chrome/149.0.7827.200 Safari/537.36"
74.125.150.33 - - [16/Jul/2026:12:12:57 +0000] "GET /wp-includes/js/dist/deprecated.min.js?ver=990e85f234fee8f7d446 HTTP/1.1" 200 698 "https://basicconceptenergy.com/items/P72119068/" "Mozilla/5.0 (X11; Linux x86_64) AppleWebKit/537.36 (KHTML, like Gecko) Chrome/149.0.7827.200 Safari/537.36"
74.125.150.33 - - [16/Jul/2026:12:12:46 +0000] "GET /wp-json/yith/wishlist/v1/lists/?_locale=user HTTP/1.1" 401 119 "https://basicconceptenergy.com/items/V244064301/" "Mozilla/5.0 (X11; Linux x86_64) AppleWebKit/537.36 (KHTML, like Gecko) Chrome/149.0.7827.200 Safari/537.36"
74.125.150.33 - - [16/Jul/2026:12:12:57 +0000] "GET /wp-includes/js/dist/date.min.js?ver=c9f8e7dd3232716f34e9 HTTP/1.1" 200 22977 "https://basicconceptenergy.com/items/P72119068/" "Mozilla/5.0 (X11; Linux x86_64) AppleWebKit/537.36 (KHTML, like Gecko) Chrome/149.0.7827.200 Safari/537.36"
74.125.150.33 - - [16/Jul/2026:12:12:57 +0000] "GET /wp-content/plugins/yith-woocommerce-compare/plugin-fw/dist/lapilli-ui/date/index.js?ver=a688abdf8f9c4a18e904 HTTP/1.1" 200 7175 "https://basicconceptenergy.com/items/P72119068/" "Mozilla/5.0 (X11; Linux x86_64) AppleWebKit/537.36 (KHTML, like Gecko) Chrome/149.0.7827.200 Safari/537.36"
74.125.150.32 - - [16/Jul/2026:12:13:00 +0000] "GET /wp-content/plugins/yith-woocommerce-compare/plugin-fw/dist/lapilli-ui/styles/index.js?ver=05a5b5e59191f74ac904 HTTP/1.1" 200 15938 "https://basicconceptenergy.com/items/P72119068/" "Mozilla/5.0 (X11; Linux x86_64) AppleWebKit/537.36 (KHTML, like Gecko) Chrome/149.0.7827.200 Safari/537.36"
74.125.150.32 - - [16/Jul/2026:12:13:01 +0000] "GET /wp-content/plugins/yith-woocommerce-compare/plugin-fw/dist/lapilli-ui/components/index.js?ver=fe5275fad0fd47db7c63 HTTP/1.1" 200 32052 "https://basicconceptenergy.com/items/P72119068/" "Mozilla/5.0 (X11; Linux x86_64) AppleWebKit/537.36 (KHTML, like Gecko) Chrome/149.0.7827.200 Safari/537.36"
74.125.150.32 - - [16/Jul/2026:12:13:01 +0000] "GET /wp-includes/js/dist/url.min.js?ver=bb0f766c3d2efe497871 HTTP/1.1" 200 3629 "https://basicconceptenergy.com/items/P72119068/" "Mozilla/5.0 (X11; Linux x86_64) AppleWebKit/537.36 (KHTML, like Gecko) Chrome/149.0.7827.200 Safari/537.36"
74.125.150.32 - - [16/Jul/2026:12:13:02 +0000] "GET /wp-includes/js/dist/i18n.min.js?ver=781d11515ad3d91786ec HTTP/1.1" 200 2354 "https://basicconceptenergy.com/items/P72119068/" "Mozilla/5.0 (X11; Linux x86_64) AppleWebKit/537.36 (KHTML, like Gecko) Chrome/149.0.7827.200 Safari/537.36"
74.125.150.32 - - [16/Jul/2026:12:13:02 +0000] "GET /wp-includes/js/dist/api-fetch.min.js?ver=d7efe4dc1468d36c39b8 HTTP/1.1" 200 2692 "https://basicconceptenergy.com/items/P72119068/" "Mozilla/5.0 (X11; Linux x86_64) AppleWebKit/537.36 (KHTML, like Gecko) Chrome/149.0.7827.200 Safari/537.36"
74.125.150.32 - - [16/Jul/2026:12:13:02 +0000] "GET /wp-content/plugins/yith-woocommerce-wishlist/assets/js/dist/components/add-to-wishlist/index.js?ver=74f63692d5dd73780ee4 HTTP/1.1" 200 93106 "https://basicconceptenergy.com/items/P72119068/" "Mozilla/5.0 (X11; Linux x86_64) AppleWebKit/537.36 (KHTML, like Gecko) Chrome/149.0.7827.200 Safari/537.36"
74.125.150.32 - - [16/Jul/2026:12:13:02 +0000] "GET /wp-content/plugins/yith-woocommerce-wishlist/assets/js/add-to-wishlist-gutenberg.min.js?ver=4.14.0 HTTP/1.1" 200 149 "https://basicconceptenergy.com/items/P72119068/" "Mozilla/5.0 (X11; Linux x86_64) AppleWebKit/537.36 (KHTML, like Gecko) Chrome/149.0.7827.200 Safari/537.36"
74.125.150.32 - - [16/Jul/2026:12:13:03 +0000] "GET /wp-content/plugins/woocommerce/assets/js/prettyPhoto/jquery.prettyPhoto.min.js?ver=3.1.6 HTTP/1.1" 200 5401 "https://basicconceptenergy.com/items/P72119068/" "Mozilla/5.0 (X11; Linux x86_64) AppleWebKit/537.36 (KHTML, like Gecko) Chrome/149.0.7827.200 Safari/537.36"
74.125.150.32 - - [16/Jul/2026:12:13:04 +0000] "GET /wp-content/plugins/yith-woocommerce-wishlist/assets/js/jquery.yith-wcwl.min.js?ver=4.14.0 HTTP/1.1" 200 6454 "https://basicconceptenergy.com/items/P72119068/" "Mozilla/5.0 (X11; Linux x86_64) AppleWebKit/537.36 (KHTML, like Gecko) Chrome/149.0.7827.200 Safari/537.36"
74.125.150.32 - - [16/Jul/2026:12:13:04 +0000] "GET /wp-content/plugins/contact-form-7/includes/js/index.js?ver=6.1.5 HTTP/1.1" 200 4008 "https://basicconceptenergy.com/items/P72119068/" "Mozilla/5.0 (X11; Linux x86_64) AppleWebKit/537.36 (KHTML, like Gecko) Chrome/149.0.7827.200 Safari/537.36"
74.125.150.32 - - [16/Jul/2026:12:13:04 +0000] "GET /wp-content/plugins/woocommerce/assets/js/frontend/add-to-cart-variation.min.js?ver=10.7.0 HTTP/1.1" 200 3712 "https://basicconceptenergy.com/items/P72119068/" "Mozilla/5.0 (X11; Linux x86_64) AppleWebKit/537.36 (KHTML, like Gecko) Chrome/149.0.7827.200 Safari/537.36"
74.125.150.32 - - [16/Jul/2026:12:13:05 +0000] "GET /wp-content/plugins/woo-smart-quick-view/assets/libs/slick/slick.min.js?ver=4.3.1 HTTP/1.1" 200 10097 "https://basicconceptenergy.com/items/P72119068/" "Mozilla/5.0 (X11; Linux x86_64) AppleWebKit/537.36 (KHTML, like Gecko) Chrome/149.0.7827.200 Safari/537.36"
74.125.150.32 - - [16/Jul/2026:12:13:05 +0000] "GET /wp-content/plugins/woocommerce/assets/js/frontend/cart-fragments.min.js?ver=10.7.0 HTTP/1.1" 200 943 "https://basicconceptenergy.com/items/P72119068/" "Mozilla/5.0 (X11; Linux x86_64) AppleWebKit/537.36 (KHTML, like Gecko) Chrome/149.0.7827.200 Safari/537.36"
74.125.150.32 - - [16/Jul/2026:12:13:06 +0000] "GET /wp-content/themes/electro/assets/js/jquery.waypoints.min.js?ver=3.6.9 HTTP/1.1" 200 2592 "https://basicconceptenergy.com/items/P72119068/" "Mozilla/5.0 (X11; Linux x86_64) AppleWebKit/537.36 (KHTML, like Gecko) Chrome/149.0.7827.200 Safari/537.36"
74.125.150.32 - - [16/Jul/2026:12:13:07 +0000] "GET /wp-content/themes/electro/assets/js/typeahead.bundle.min.js?ver=3.6.9 HTTP/1.1" 200 13586 "https://basicconceptenergy.com/items/P72119068/" "Mozilla/5.0 (X11; Linux x86_64) AppleWebKit/537.36 (KHTML, like Gecko) Chrome/149.0.7827.200 Safari/537.36"
74.125.150.32 - - [16/Jul/2026:12:13:07 +0000] "GET /wp-content/themes/electro/assets/js/handlebars.min.js?ver=3.6.9 HTTP/1.1" 200 14315 "https://basicconceptenergy.com/items/P72119068/" "Mozilla/5.0 (X11; Linux x86_64) AppleWebKit/537.36 (KHTML, like Gecko) Chrome/149.0.7827.200 Safari/537.36"
74.125.150.32 - - [16/Jul/2026:12:13:07 +0000] "GET /wp-content/themes/electro/assets/js/electro.min.js?ver=3.6.9 HTTP/1.1" 200 5310 "https://basicconceptenergy.com/items/P72119068/" "Mozilla/5.0 (X11; Linux x86_64) AppleWebKit/537.36 (KHTML, like Gecko) Chrome/149.0.7827.200 Safari/537.36"
74.125.150.32 - - [16/Jul/2026:12:13:08 +0000] "GET /wp-content/themes/electro/assets/js/owl.carousel.min.js?ver=3.6.9 HTTP/1.1" 200 11206 "https://basicconceptenergy.com/items/P72119068/" "Mozilla/5.0 (X11; Linux x86_64) AppleWebKit/537.36 (KHTML, like Gecko) Chrome/149.0.7827.200 Safari/537.36"
74.125.150.32 - - [16/Jul/2026:12:13:08 +0000] "GET /wp-content/plugins/elementor/assets/js/webpack.runtime.min.js?ver=4.0.4 HTTP/1.1" 200 2280 "https://basicconceptenergy.com/items/P72119068/" "Mozilla/5.0 (X11; Linux x86_64) AppleWebKit/537.36 (KHTML, like Gecko) Chrome/149.0.7827.200 Safari/537.36"
74.125.150.32 - - [16/Jul/2026:12:12:57 +0000] "POST /?wc-ajax=get_refreshed_fragments HTTP/1.1" 200 0 "https://basicconceptenergy.com/items/V244064301/" "Mozilla/5.0 (X11; Linux x86_64) AppleWebKit/537.36 (KHTML, like Gecko) Chrome/149.0.7827.200 Safari/537.36"
74.125.150.32 - - [16/Jul/2026:12:13:08 +0000] "GET /wp-content/plugins/elementor/assets/js/frontend-modules.min.js?ver=4.0.4 HTTP/1.1" 200 15445 "https://basicconceptenergy.com/items/P72119068/" "Mozilla/5.0 (X11; Linux x86_64) AppleWebKit/537.36 (KHTML, like Gecko) Chrome/149.0.7827.200 Safari/537.36"
74.125.150.32 - - [16/Jul/2026:12:12:58 +0000] "GET /wp-admin/admin-ajax.php?action=products_live_search&fn=get_ajax_search HTTP/1.1" 200 0 "https://basicconceptenergy.com/items/V244064301/" "Mozilla/5.0 (X11; Linux x86_64) AppleWebKit/537.36 (KHTML, like Gecko) Chrome/149.0.7827.200 Safari/537.36"
74.125.150.32 - - [16/Jul/2026:12:13:10 +0000] "GET /wp-content/plugins/woocommerce/assets/js/sourcebuster/sourcebuster.min.js?ver=10.7.0 HTTP/1.1" 200 4609 "https://basicconceptenergy.com/items/P72119068/" "Mozilla/5.0 (X11; Linux x86_64) AppleWebKit/537.36 (KHTML, like Gecko) Chrome/149.0.7827.200 Safari/537.36"
74.125.150.32 - - [16/Jul/2026:12:13:11 +0000] "GET /wp-content/plugins/woocommerce/assets/js/frontend/order-attribution.min.js?ver=10.7.0 HTTP/1.1" 200 1020 "https://basicconceptenergy.com/items/P72119068/" "Mozilla/5.0 (X11; Linux x86_64) AppleWebKit/537.36 (KHTML, like Gecko) Chrome/149.0.7827.200 Safari/537.36"
74.125.150.32 - - [16/Jul/2026:12:13:11 +0000] "GET /wp-content/plugins/essential-addons-for-elementor-lite/assets/front-end/js/view/general.min.js?ver=6.6.2 HTTP/1.1" 200 3898 "https://basicconceptenergy.com/items/P72119068/" "Mozilla/5.0 (X11; Linux x86_64) AppleWebKit/537.36 (KHTML, like Gecko) Chrome/149.0.7827.200 Safari/537.36"
74.125.150.32 - - [16/Jul/2026:12:13:11 +0000] "GET /wp-content/plugins/yith-woocommerce-compare/assets/js/jquery.dataTables.min.js?ver=1.10.18 HTTP/1.1" 200 28885 "https://basicconceptenergy.com/items/P72119068/" "Mozilla/5.0 (X11; Linux x86_64) AppleWebKit/537.36 (KHTML, like Gecko) Chrome/149.0.7827.200 Safari/537.36"
74.125.150.32 - - [16/Jul/2026:12:13:12 +0000] "GET /wp-content/plugins/yith-woocommerce-compare/assets/js/woocompare.min.js?ver=3.9.0 HTTP/1.1" 200 3571 "https://basicconceptenergy.com/items/P72119068/" "Mozilla/5.0 (X11; Linux x86_64) AppleWebKit/537.36 (KHTML, like Gecko) Chrome/149.0.7827.200 Safari/537.36"
74.125.150.32 - - [16/Jul/2026:12:13:12 +0000] "GET /wp-content/plugins/yith-woocommerce-compare/assets/js/FixedColumns.min.js?ver=3.2.6 HTTP/1.1" 200 6078 "https://basicconceptenergy.com/items/P72119068/" "Mozilla/5.0 (X11; Linux x86_64) AppleWebKit/537.36 (KHTML, like Gecko) Chrome/149.0.7827.200 Safari/537.36"
74.125.150.32 - - [16/Jul/2026:12:13:12 +0000] "GET /wp-content/plugins/elementor-pro/assets/js/webpack-pro.runtime.min.js?ver=4.0.4 HTTP/1.1" 200 2609 "https://basicconceptenergy.com/items/P72119068/" "Mozilla/5.0 (X11; Linux x86_64) AppleWebKit/537.36 (KHTML, like Gecko) Chrome/149.0.7827.200 Safari/537.36"
74.125.150.32 - - [16/Jul/2026:12:13:12 +0000] "GET /wp-content/plugins/woocommerce/assets/js/frontend/woocommerce.min.js?ver=10.7.0 HTTP/1.1" 200 1332 "https://basicconceptenergy.com/items/P72119068/" "Mozilla/5.0 (X11; Linux x86_64) AppleWebKit/537.36 (KHTML, like Gecko) Chrome/149.0.7827.200 Safari/537.36"
74.125.150.32 - - [16/Jul/2026:12:13:12 +0000] "GET /wp-content/uploads/2026/04/BASIC-CONCEPT-DESIGN-FILES-1.png HTTP/1.1" 200 7709 "https://basicconceptenergy.com/items/P72119068/" "Mozilla/5.0 (X11; Linux x86_64) AppleWebKit/537.36 (KHTML, like Gecko) Chrome/149.0.7827.200 Safari/537.36"
74.125.150.32 - - [16/Jul/2026:12:13:13 +0000] "GET /wp-content/plugins/jetpack/jetpack_vendor/automattic/woocommerce-analytics/build/woocommerce-analytics-client.js?minify=false&ver=e434986d5efc1358e217 HTTP/1.1" 200 4139 "https://basicconceptenergy.com/items/P72119068/" "Mozilla/5.0 (X11; Linux x86_64) AppleWebKit/537.36 (KHTML, like Gecko) Chrome/149.0.7827.200 Safari/537.36"
74.125.150.32 - - [16/Jul/2026:12:13:13 +0000] "GET /wp-content/plugins/woocommerce/assets/js/flexslider/jquery.flexslider.min.js?ver=2.7.2-wc.10.7.0 HTTP/1.1" 200 6017 "https://basicconceptenergy.com/items/P72119068/" "Mozilla/5.0 (X11; Linux x86_64) AppleWebKit/537.36 (KHTML, like Gecko) Chrome/149.0.7827.200 Safari/537.36"
74.125.150.32 - - [16/Jul/2026:12:13:13 +0000] "GET /wp-content/plugins/woocommerce/assets/js/photoswipe/photoswipe.min.js?ver=4.1.1-wc.10.7.0 HTTP/1.1" 200 11652 "https://basicconceptenergy.com/items/P72119068/" "Mozilla/5.0 (X11; Linux x86_64) AppleWebKit/537.36 (KHTML, like Gecko) Chrome/149.0.7827.200 Safari/537.36"
74.125.150.32 - - [16/Jul/2026:12:13:14 +0000] "GET /wp-content/plugins/woocommerce/assets/js/frontend/single-product.min.js?ver=10.7.0 HTTP/1.1" 200 2700 "https://basicconceptenergy.com/items/P72119068/" "Mozilla/5.0 (X11; Linux x86_64) AppleWebKit/537.36 (KHTML, like Gecko) Chrome/149.0.7827.200 Safari/537.36"
209.42.17.20 - - [16/Jul/2026:12:13:25 +0000] "POST /wp-cron.php?doing_wp_cron=1784204005.6176390647888183593750 HTTP/1.1" 200 0 "-" "WordPress/7.0.1; https://basicconceptenergy.com"
74.125.150.32 - - [16/Jul/2026:12:13:14 +0000] "GET /wp-json/yith/wishlist/v1/lists/?_locale=user HTTP/1.1" 401 119 "https://basicconceptenergy.com/items/P72119068/" "Mozilla/5.0 (X11; Linux x86_64) AppleWebKit/537.36 (KHTML, like Gecko) Chrome/149.0.7827.200 Safari/537.36"
74.125.150.32 - - [16/Jul/2026:12:13:26 +0000] "GET /wp-content/uploads/2026/04/8.4-300x300.png HTTP/1.1" 200 28941 "https://basicconceptenergy.com/items/P72119068/" "Mozilla/5.0 (X11; Linux x86_64) AppleWebKit/537.36 (KHTML, like Gecko) Chrome/149.0.7827.200 Safari/537.36"
74.125.150.32 - - [16/Jul/2026:12:13:21 +0000] "POST /?wc-ajax=yith-woocompare-reload-compare HTTP/1.1" 200 380 "https://basicconceptenergy.com/items/P72119068/" "Mozilla/5.0 (X11; Linux x86_64) AppleWebKit/537.36 (KHTML, like Gecko) Chrome/149.0.7827.200 Safari/537.36"
74.125.150.32 - - [16/Jul/2026:12:13:43 +0000] "GET /wp-content/uploads/2026/04/solar-2-300x300.png HTTP/1.1" 200 23106 "https://basicconceptenergy.com/items/P72119068/" "Mozilla/5.0 (X11; Linux x86_64) AppleWebKit/537.36 (KHTML, like Gecko) Chrome/149.0.7827.200 Safari/537.36"
74.125.150.32 - - [16/Jul/2026:12:13:44 +0000] "POST /?wc-ajax=get_refreshed_fragments HTTP/1.1" 200 0 "https://basicconceptenergy.com/items/P72119068/" "Mozilla/5.0 (X11; Linux x86_64) AppleWebKit/537.36 (KHTML, like Gecko) Chrome/149.0.7827.200 Safari/537.36"
74.125.150.32 - - [16/Jul/2026:12:13:45 +0000] "GET /wp-admin/admin-ajax.php?action=products_live_search&fn=get_ajax_search HTTP/1.1" 200 0 "https://basicconceptenergy.com/items/P72119068/" "Mozilla/5.0 (X11; Linux x86_64) AppleWebKit/537.36 (KHTML, like Gecko) Chrome/149.0.7827.200 Safari/537.36"
104.210.140.135 - - [16/Jul/2026:12:17:41 +0000] "GET /robots.txt HTTP/2" 200 76 "-" "Mozilla/5.0 (Macintosh; Intel Mac OS X 10_15_7) AppleWebKit/537.36 (KHTML, like Gecko) Chrome/131.0.0.0 Safari/537.36; compatible; OAI-SearchBot/1.0; +https://openai.com/searchbot"
43.157.22.57 - - [16/Jul/2026:12:18:30 +0000] "GET /wp-content/uploads/2026/04/2-3-300x300.webp HTTP/1.1" 200 4736 "-" "Mozilla/5.0 (iPhone; CPU iPhone OS 13_2_3 like Mac OS X) AppleWebKit/605.1.15 (KHTML, like Gecko) Version/13.0.3 Mobile/15E148 Safari/604.1"
146.70.194.254 - - [16/Jul/2026:12:19:30 +0000] "GET / HTTP/1.1" 401 36 "-" "Mozilla/5.0 (Windows NT 10.0; Win64; x64) AppleWebKit/537.36 (KHTML, like Gecko) Chrome/78.0.3904.108 Safari/537.36"
146.70.194.254 - - [16/Jul/2026:12:19:30 +0000] "GET //wp-includes/wlwmanifest.xml HTTP/1.1" 401 36 "-" "Mozilla/5.0 (Windows NT 10.0; Win64; x64) AppleWebKit/537.36 (KHTML, like Gecko) Chrome/78.0.3904.108 Safari/537.36"
146.70.194.254 - - [16/Jul/2026:12:19:30 +0000] "GET //xmlrpc.php?rsd HTTP/1.1" 401 36 "-" "Mozilla/5.0 (Windows NT 10.0; Win64; x64) AppleWebKit/537.36 (KHTML, like Gecko) Chrome/78.0.3904.108 Safari/537.36"
146.70.194.254 - - [16/Jul/2026:12:19:30 +0000] "GET / HTTP/1.1" 401 36 "-" "Mozilla/5.0 (Windows NT 10.0; Win64; x64) AppleWebKit/537.36 (KHTML, like Gecko) Chrome/78.0.3904.108 Safari/537.36"
146.70.194.254 - - [16/Jul/2026:12:19:30 +0000] "GET //blog/wp-includes/wlwmanifest.xml HTTP/1.1" 401 36 "-" "Mozilla/5.0 (Windows NT 10.0; Win64; x64) AppleWebKit/537.36 (KHTML, like Gecko) Chrome/78.0.3904.108 Safari/537.36"
146.70.194.254 - - [16/Jul/2026:12:19:30 +0000] "GET //web/wp-includes/wlwmanifest.xml HTTP/1.1" 401 36 "-" "Mozilla/5.0 (Windows NT 10.0; Win64; x64) AppleWebKit/537.36 (KHTML, like Gecko) Chrome/78.0.3904.108 Safari/537.36"
146.70.194.254 - - [16/Jul/2026:12:19:30 +0000] "GET //wordpress/wp-includes/wlwmanifest.xml HTTP/1.1" 401 36 "-" "Mozilla/5.0 (Windows NT 10.0; Win64; x64) AppleWebKit/537.36 (KHTML, like Gecko) Chrome/78.0.3904.108 Safari/537.36"
146.70.194.254 - - [16/Jul/2026:12:19:31 +0000] "GET //website/wp-includes/wlwmanifest.xml HTTP/1.1" 401 36 "-" "Mozilla/5.0 (Windows NT 10.0; Win64; x64) AppleWebKit/537.36 (KHTML, like Gecko) Chrome/78.0.3904.108 Safari/537.36"
146.70.194.254 - - [16/Jul/2026:12:19:31 +0000] "GET //wp/wp-includes/wlwmanifest.xml HTTP/1.1" 401 36 "-" "Mozilla/5.0 (Windows NT 10.0; Win64; x64) AppleWebKit/537.36 (KHTML, like Gecko) Chrome/78.0.3904.108 Safari/537.36"
146.70.194.254 - - [16/Jul/2026:12:19:31 +0000] "GET //news/wp-includes/wlwmanifest.xml HTTP/1.1" 401 36 "-" "Mozilla/5.0 (Windows NT 10.0; Win64; x64) AppleWebKit/537.36 (KHTML, like Gecko) Chrome/78.0.3904.108 Safari/537.36"
146.70.194.254 - - [16/Jul/2026:12:19:31 +0000] "GET //2018/wp-includes/wlwmanifest.xml HTTP/1.1" 401 36 "-" "Mozilla/5.0 (Windows NT 10.0; Win64; x64) AppleWebKit/537.36 (KHTML, like Gecko) Chrome/78.0.3904.108 Safari/537.36"
146.70.194.254 - - [16/Jul/2026:12:19:31 +0000] "GET //2019/wp-includes/wlwmanifest.xml HTTP/1.1" 401 36 "-" "Mozilla/5.0 (Windows NT 10.0; Win64; x64) AppleWebKit/537.36 (KHTML, like Gecko) Chrome/78.0.3904.108 Safari/537.36"
146.70.194.254 - - [16/Jul/2026:12:19:31 +0000] "GET //shop/wp-includes/wlwmanifest.xml HTTP/1.1" 401 36 "-" "Mozilla/5.0 (Windows NT 10.0; Win64; x64) AppleWebKit/537.36 (KHTML, like Gecko) Chrome/78.0.3904.108 Safari/537.36"
146.70.194.254 - - [16/Jul/2026:12:19:31 +0000] "GET //wp1/wp-includes/wlwmanifest.xml HTTP/1.1" 401 36 "-" "Mozilla/5.0 (Windows NT 10.0; Win64; x64) AppleWebKit/537.36 (KHTML, like Gecko) Chrome/78.0.3904.108 Safari/537.36"
146.70.194.254 - - [16/Jul/2026:12:19:31 +0000] "GET //test/wp-includes/wlwmanifest.xml HTTP/1.1" 401 36 "-" "Mozilla/5.0 (Windows NT 10.0; Win64; x64) AppleWebKit/537.36 (KHTML, like Gecko) Chrome/78.0.3904.108 Safari/537.36"
146.70.194.254 - - [16/Jul/2026:12:19:31 +0000] "GET //media/wp-includes/wlwmanifest.xml HTTP/1.1" 401 36 "-" "Mozilla/5.0 (Windows NT 10.0; Win64; x64) AppleWebKit/537.36 (KHTML, like Gecko) Chrome/78.0.3904.108 Safari/537.36"
146.70.194.254 - - [16/Jul/2026:12:19:31 +0000] "GET //wp2/wp-includes/wlwmanifest.xml HTTP/1.1" 401 36 "-" "Mozilla/5.0 (Windows NT 10.0; Win64; x64) AppleWebKit/537.36 (KHTML, like Gecko) Chrome/78.0.3904.108 Safari/537.36"
146.70.194.254 - - [16/Jul/2026:12:19:31 +0000] "GET //site/wp-includes/wlwmanifest.xml HTTP/1.1" 401 36 "-" "Mozilla/5.0 (Windows NT 10.0; Win64; x64) AppleWebKit/537.36 (KHTML, like Gecko) Chrome/78.0.3904.108 Safari/537.36"
146.70.194.254 - - [16/Jul/2026:12:19:31 +0000] "GET //cms/wp-includes/wlwmanifest.xml HTTP/1.1" 401 36 "-" "Mozilla/5.0 (Windows NT 10.0; Win64; x64) AppleWebKit/537.36 (KHTML, like Gecko) Chrome/78.0.3904.108 Safari/537.36"
146.70.194.254 - - [16/Jul/2026:12:19:31 +0000] "GET //sito/wp-includes/wlwmanifest.xml HTTP/1.1" 401 36 "-" "Mozilla/5.0 (Windows NT 10.0; Win64; x64) AppleWebKit/537.36 (KHTML, like Gecko) Chrome/78.0.3904.108 Safari/537.36"
209.42.17.20 - - [16/Jul/2026:12:25:31 +0000] "POST /wp-cron.php?doing_wp_cron=1784204731.5539131164550781250000 HTTP/1.1" 200 0 "-" "WordPress/7.0.1; https://basicconceptenergy.com"
66.249.68.32 - - [16/Jul/2026:12:25:29 +0000] "GET /items/Z115908018/ HTTP/1.1" 404 31324 "-" "Mozilla/5.0 (Linux; Android 6.0.1; Nexus 5X Build/MMB29P) AppleWebKit/537.36 (KHTML, like Gecko) Chrome/150.0.7871.114 Mobile Safari/537.36 (compatible; Googlebot/2.1; +http://www.google.com/bot.html)"
209.42.17.20 - - [16/Jul/2026:12:28:30 +0000] "POST /wp-cron.php?doing_wp_cron=1784204910.9842998981475830078125 HTTP/1.1" 200 0 "-" "WordPress/7.0.1; https://basicconceptenergy.com"
43.154.140.188 - - [16/Jul/2026:12:28:29 +0000] "GET /author/stephen/ HTTP/1.1" 200 33419 "-" "Mozilla/5.0 (iPhone; CPU iPhone OS 13_2_3 like Mac OS X) AppleWebKit/605.1.15 (KHTML, like Gecko) Version/13.0.3 Mobile/15E148 Safari/604.1"
209.42.17.20 - - [16/Jul/2026:12:31:47 +0000] "POST /wp-cron.php?doing_wp_cron=1784205107.3452069759368896484375 HTTP/1.1" 200 0 "-" "WordPress/7.0.1; https://basicconceptenergy.com"
66.249.68.32 - - [16/Jul/2026:12:31:45 +0000] "GET /items/R87153129/ HTTP/1.1" 404 31540 "-" "Mozilla/5.0 (Linux; Android 6.0.1; Nexus 5X Build/MMB29P) AppleWebKit/537.36 (KHTML, like Gecko) Chrome/150.0.7871.114 Mobile Safari/537.36 (compatible; Googlebot/2.1; +http://www.google.com/bot.html)"
66.249.68.32 - - [16/Jul/2026:12:32:17 +0000] "GET /shop/pg/1AvailableInfo/ HTTP/1.1" 404 31576 "-" "Mozilla/5.0 (Linux; Android 6.0.1; Nexus 5X Build/MMB29P) AppleWebKit/537.36 (KHTML, like Gecko) Chrome/150.0.7871.114 Mobile Safari/537.36 (compatible; Googlebot/2.1; +http://www.google.com/bot.html)"
43.157.142.101 - - [16/Jul/2026:12:36:09 +0000] "GET /wp-content/uploads/2026/04/2-3-150x150.webp HTTP/1.1" 200 1690 "-" "Mozilla/5.0 (iPhone; CPU iPhone OS 13_2_3 like Mac OS X) AppleWebKit/605.1.15 (KHTML, like Gecko) Version/13.0.3 Mobile/15E148 Safari/604.1"
209.42.17.20 - - [16/Jul/2026:12:39:39 +0000] "POST /wp-cron.php?doing_wp_cron=1784205579.7637829780578613281250 HTTP/1.1" 200 0 "-" "WordPress/7.0.1; https://basicconceptenergy.com"
52.167.144.140 - - [16/Jul/2026:12:39:38 +0000] "GET /shop/pg/1AgreementInfo/ HTTP/2" 301 0 "-" "Mozilla/5.0 AppleWebKit/537.36 (KHTML, like Gecko; compatible; bingbot/2.0; +http://www.bing.com/bingbot.htm) Chrome/116.0.1938.76 Safari/537.36"
209.42.17.20 - - [16/Jul/2026:12:40:32 +0000] "POST /wp-cron.php?doing_wp_cron=1784205632.1428570747375488281250 HTTP/1.1" 200 0 "-" "WordPress/7.0.1; https://basicconceptenergy.com"
66.249.68.34 - - [16/Jul/2026:12:40:30 +0000] "GET /items/S72517876// HTTP/1.1" 301 0 "-" "Mozilla/5.0 (Linux; Android 6.0.1; Nexus 5X Build/MMB29P) AppleWebKit/537.36 (KHTML, like Gecko) Chrome/150.0.7871.114 Mobile Safari/537.36 (compatible; Googlebot/2.1; +http://www.google.com/bot.html)"
66.249.68.34 - - [16/Jul/2026:12:40:32 +0000] "GET /items/S72517876/ HTTP/1.1" 404 31539 "-" "Mozilla/5.0 (Linux; Android 6.0.1; Nexus 5X Build/MMB29P) AppleWebKit/537.36 (KHTML, like Gecko) Chrome/150.0.7871.114 Mobile Safari/537.36 (compatible; Googlebot/2.1; +http://www.google.com/bot.html)"
209.42.17.20 - - [16/Jul/2026:12:43:09 +0000] "POST /wp-cron.php?doing_wp_cron=1784205789.5030729770660400390625 HTTP/1.1" 200 0 "-" "WordPress/7.0.1; https://basicconceptenergy.com"
170.106.192.3 - - [16/Jul/2026:12:43:07 +0000] "GET /?action=yith-woocompare-add-product&id=3935 HTTP/1.1" 302 0 "-" "Mozilla/5.0 (iPhone; CPU iPhone OS 13_2_3 like Mac OS X) AppleWebKit/605.1.15 (KHTML, like Gecko) Version/13.0.3 Mobile/15E148 Safari/604.1"
170.106.192.3 - - [16/Jul/2026:12:43:13 +0000] "GET / HTTP/1.1" 200 57371 "https://basicconceptenergy.com?action=yith-woocompare-add-product&id=3935" "Mozilla/5.0 (iPhone; CPU iPhone OS 13_2_3 like Mac OS X) AppleWebKit/605.1.15 (KHTML, like Gecko) Version/13.0.3 Mobile/15E148 Safari/604.1"
43.153.96.79 - - [16/Jul/2026:12:57:48 +0000] "GET /wp-content/plugins/essential-blocks/assets/images HTTP/1.1" 301 795 "-" "Mozilla/5.0 (iPhone; CPU iPhone OS 13_2_3 like Mac OS X) AppleWebKit/605.1.15 (KHTML, like Gecko) Version/13.0.3 Mobile/15E148 Safari/604.1"
43.153.96.79 - - [16/Jul/2026:12:57:51 +0000] "GET /wp-content/plugins/essential-blocks/assets/images/ HTTP/1.1" 403 1242 "https://basicconceptenergy.com/wp-content/plugins/essential-blocks/assets/images" "Mozilla/5.0 (iPhone; CPU iPhone OS 13_2_3 like Mac OS X) AppleWebKit/605.1.15 (KHTML, like Gecko) Version/13.0.3 Mobile/15E148 Safari/604.1"
209.42.17.20 - - [16/Jul/2026:12:59:27 +0000] "POST /wp-cron.php?doing_wp_cron=1784206766.9974939823150634765625 HTTP/1.1" 200 0 "-" "WordPress/7.0.1; https://basicconceptenergy.com"
66.249.68.32 - - [16/Jul/2026:12:59:24 +0000] "GET /items/Z251495604/ HTTP/1.1" 404 31233 "-" "Mozilla/5.0 (compatible; Googlebot/2.1; +http://www.google.com/bot.html)"
66.249.68.34 - - [16/Jul/2026:12:59:25 +0000] "GET /items/Z251495604/ HTTP/1.1" 404 31325 "-" "Mozilla/5.0 (Linux; Android 6.0.1; Nexus 5X Build/MMB29P) AppleWebKit/537.36 (KHTML, like Gecko) Chrome/150.0.7871.114 Mobile Safari/537.36 (compatible; Googlebot/2.1; +http://www.google.com/bot.html)"
43.164.190.124 - - [16/Jul/2026:12:59:39 +0000] "GET / HTTP/1.1" 200 57360 "http://www.basicconceptenergy.com" "Mozilla/5.0 (iPhone; CPU iPhone OS 13_2_3 like Mac OS X) AppleWebKit/605.1.15 (KHTML, like Gecko) Version/13.0.3 Mobile/15E148 Safari/604.1"
209.42.17.20 - - [16/Jul/2026:13:09:48 +0000] "POST /wp-cron.php?doing_wp_cron=1784207388.7928309440612792968750 HTTP/1.1" 200 0 "-" "WordPress/7.0.1; https://basicconceptenergy.com"
43.153.135.208 - - [16/Jul/2026:13:09:46 +0000] "GET /product/11kw-as-series-off-grid-solar-hybrid-inverter/ HTTP/1.1" 200 38271 "-" "Mozilla/5.0 (iPhone; CPU iPhone OS 13_2_3 like Mac OS X) AppleWebKit/605.1.15 (KHTML, like Gecko) Version/13.0.3 Mobile/15E148 Safari/604.1"
209.42.17.20 - - [16/Jul/2026:13:10:24 +0000] "POST /wp-cron.php?doing_wp_cron=1784207424.0988099575042724609375 HTTP/1.1" 200 0 "-" "WordPress/7.0.1; https://basicconceptenergy.com"
74.125.150.33 - - [16/Jul/2026:13:10:22 +0000] "GET /items/V244064301/ HTTP/1.1" 404 31270 "-" "Mozilla/5.0 (X11; Linux x86_64) AppleWebKit/537.36 (KHTML, like Gecko) Chrome/149.0.7827.200 Safari/537.36"
66.249.68.32 - - [16/Jul/2026:13:10:22 +0000] "GET /items/Z264989412/ HTTP/1.1" 404 31323 "-" "Mozilla/5.0 (Linux; Android 6.0.1; Nexus 5X Build/MMB29P) AppleWebKit/537.36 (KHTML, like Gecko) Chrome/150.0.7871.124 Mobile Safari/537.36 (compatible; Googlebot/2.1; +http://www.google.com/bot.html)"
74.125.150.32 - - [16/Jul/2026:13:10:29 +0000] "POST /?wc-ajax=yith-woocompare-reload-compare HTTP/1.1" 200 380 "https://basicconceptenergy.com/items/V244064301/" "Mozilla/5.0 (X11; Linux x86_64) AppleWebKit/537.36 (KHTML, like Gecko) Chrome/149.0.7827.200 Safari/537.36"
74.125.150.32 - - [16/Jul/2026:13:10:29 +0000] "GET /wp-json/yith/wishlist/v1/lists/?_locale=user HTTP/1.1" 401 119 "https://basicconceptenergy.com/items/V244064301/" "Mozilla/5.0 (X11; Linux x86_64) AppleWebKit/537.36 (KHTML, like Gecko) Chrome/149.0.7827.200 Safari/537.36"
74.125.150.32 - - [16/Jul/2026:13:10:33 +0000] "GET /wp-content/plugins/jetpack/jetpack_vendor/automattic/woocommerce-analytics/build/193.js?minify=false&ver=d0600ea7dd576bb65bec HTTP/1.1" 200 2865 "https://basicconceptenergy.com/items/V244064301/" "Mozilla/5.0 (X11; Linux x86_64) AppleWebKit/537.36 (KHTML, like Gecko) Chrome/149.0.7827.200 Safari/537.36"
74.125.150.32 - - [16/Jul/2026:13:10:33 +0000] "POST /?wc-ajax=get_refreshed_fragments HTTP/1.1" 200 367 "https://basicconceptenergy.com/items/V244064301/" "Mozilla/5.0 (X11; Linux x86_64) AppleWebKit/537.36 (KHTML, like Gecko) Chrome/149.0.7827.200 Safari/537.36"
74.125.150.32 - - [16/Jul/2026:13:10:32 +0000] "GET /wp-admin/admin-ajax.php?action=products_live_search&fn=get_ajax_search HTTP/1.1" 200 6 "https://basicconceptenergy.com/items/V244064301/" "Mozilla/5.0 (X11; Linux x86_64) AppleWebKit/537.36 (KHTML, like Gecko) Chrome/149.0.7827.200 Safari/537.36"
74.125.150.32 - - [16/Jul/2026:13:10:35 +0000] "GET /wp-content/plugins/elementor/assets/js/shared-frontend-handlers.03caa53373b56d3bab67.bundle.min.js HTTP/1.1" 200 2511 "https://basicconceptenergy.com/items/V244064301/" "Mozilla/5.0 (X11; Linux x86_64) AppleWebKit/537.36 (KHTML, like Gecko) Chrome/149.0.7827.200 Safari/537.36"
74.125.150.32 - - [16/Jul/2026:13:10:35 +0000] "GET /wp-content/plugins/elementor-pro/assets/js/woocommerce-menu-cart.33fbf47b819947e7a2a7.bundle.min.js HTTP/1.1" 200 1433 "https://basicconceptenergy.com/items/V244064301/" "Mozilla/5.0 (X11; Linux x86_64) AppleWebKit/537.36 (KHTML, like Gecko) Chrome/149.0.7827.200 Safari/537.36"
74.125.150.32 - - [16/Jul/2026:13:10:36 +0000] "GET /wp-json/yith/wishlist/v1/products/?product_ids%5B0%5D=3936&product_ids%5B1%5D=3935&product_ids%5B2%5D=3937&product_ids%5B3%5D=2693&product_ids%5B4%5D=2704&product_ids%5B5%5D=2695&_locale=user HTTP/1.1" 200 179 "https://basicconceptenergy.com/items/V244064301/" "Mozilla/5.0 (X11; Linux x86_64) AppleWebKit/537.36 (KHTML, like Gecko) Chrome/149.0.7827.200 Safari/537.36"
74.125.150.32 - - [16/Jul/2026:13:11:09 +0000] "GET /items/P72119068/ HTTP/1.1" 404 31486 "-" "Mozilla/5.0 (X11; Linux x86_64) AppleWebKit/537.36 (KHTML, like Gecko) Chrome/149.0.7827.200 Safari/537.36"
74.125.150.32 - - [16/Jul/2026:13:11:11 +0000] "GET /wp-content/plugins/woo-smart-quick-view/assets/libs/slick/slick.css?ver=7.0.1 HTTP/1.1" 200 461 "https://basicconceptenergy.com/items/P72119068/" "Mozilla/5.0 (X11; Linux x86_64) AppleWebKit/537.36 (KHTML, like Gecko) Chrome/149.0.7827.200 Safari/537.36"
74.125.150.34 - - [16/Jul/2026:13:11:12 +0000] "GET /wp-content/plugins/woo-smart-quick-view/assets/libs/perfect-scrollbar/css/perfect-scrollbar.min.css?ver=7.0.1 HTTP/1.1" 200 507 "https://basicconceptenergy.com/items/P72119068/" "Mozilla/5.0 (X11; Linux x86_64) AppleWebKit/537.36 (KHTML, like Gecko) Chrome/149.0.7827.200 Safari/537.36"
74.125.150.34 - - [16/Jul/2026:13:11:12 +0000] "GET /wp-content/plugins/yith-woocommerce-compare/assets/css/widget.css?ver=3.9.0 HTTP/1.1" 200 410 "https://basicconceptenergy.com/items/P72119068/" "Mozilla/5.0 (X11; Linux x86_64) AppleWebKit/537.36 (KHTML, like Gecko) Chrome/149.0.7827.200 Safari/537.36"
74.125.150.33 - - [16/Jul/2026:13:11:12 +0000] "GET /wp-content/plugins/revslider/public/css/sr7.css?ver=6.7.52 HTTP/1.1" 200 1409 "https://basicconceptenergy.com/items/P72119068/" "Mozilla/5.0 (X11; Linux x86_64) AppleWebKit/537.36 (KHTML, like Gecko) Chrome/149.0.7827.200 Safari/537.36"
74.125.150.34 - - [16/Jul/2026:13:11:13 +0000] "GET /wp-content/plugins/contact-form-7/includes/css/styles.css?ver=6.1.5 HTTP/1.1" 200 899 "https://basicconceptenergy.com/items/P72119068/" "Mozilla/5.0 (X11; Linux x86_64) AppleWebKit/537.36 (KHTML, like Gecko) Chrome/149.0.7827.200 Safari/537.36"
74.125.150.33 - - [16/Jul/2026:13:11:13 +0000] "GET /wp-content/plugins/ti-woocommerce-wishlist/assets/css/webfont.min.css?ver=2.11.1 HTTP/1.1" 200 786 "https://basicconceptenergy.com/items/P72119068/" "Mozilla/5.0 (X11; Linux x86_64) AppleWebKit/537.36 (KHTML, like Gecko) Chrome/149.0.7827.200 Safari/537.36"
74.125.150.32 - - [16/Jul/2026:13:11:14 +0000] "GET /wp-content/plugins/elementor/assets/css/frontend.min.css?ver=4.0.4 HTTP/1.1" 200 6613 "https://basicconceptenergy.com/items/P72119068/" "Mozilla/5.0 (X11; Linux x86_64) AppleWebKit/537.36 (KHTML, like Gecko) Chrome/149.0.7827.200 Safari/537.36"
74.125.150.33 - - [16/Jul/2026:13:11:14 +0000] "GET /wp-content/plugins/yith-woocommerce-compare/assets/css/jquery.dataTables.css?ver=1.10.18 HTTP/1.1" 200 1866 "https://basicconceptenergy.com/items/P72119068/" "Mozilla/5.0 (X11; Linux x86_64) AppleWebKit/537.36 (KHTML, like Gecko) Chrome/149.0.7827.200 Safari/537.36"
74.125.150.32 - - [16/Jul/2026:13:11:15 +0000] "GET /wp-content/plugins/elementor/assets/css/widget-image.min.css?ver=4.0.4 HTTP/1.1" 200 96 "https://basicconceptenergy.com/items/P72119068/" "Mozilla/5.0 (X11; Linux x86_64) AppleWebKit/537.36 (KHTML, like Gecko) Chrome/149.0.7827.200 Safari/537.36"
74.125.150.32 - - [16/Jul/2026:13:11:15 +0000] "GET /wp-content/themes/electro/assets/vendor/fontawesome/css/all.min.css?ver=3.6.9 HTTP/1.1" 200 21985 "https://basicconceptenergy.com/items/P72119068/" "Mozilla/5.0 (X11; Linux x86_64) AppleWebKit/537.36 (KHTML, like Gecko) Chrome/149.0.7827.200 Safari/537.36"
74.125.150.33 - - [16/Jul/2026:13:11:16 +0000] "GET /wp-content/plugins/jetpack/jetpack_vendor/automattic/jetpack-newsletter/build/reader-link.css?ver=6569e23e23e0349e92b7 HTTP/1.1" 200 751 "https://basicconceptenergy.com/items/P72119068/" "Mozilla/5.0 (X11; Linux x86_64) AppleWebKit/537.36 (KHTML, like Gecko) Chrome/149.0.7827.200 Safari/537.36"
74.125.150.32 - - [16/Jul/2026:13:11:17 +0000] "GET /wp-content/plugins/elementor/assets/css/widget-spacer.min.css?ver=4.0.4 HTTP/1.1" 200 287 "https://basicconceptenergy.com/items/P72119068/" "Mozilla/5.0 (X11; Linux x86_64) AppleWebKit/537.36 (KHTML, like Gecko) Chrome/149.0.7827.200 Safari/537.36"
74.125.150.32 - - [16/Jul/2026:13:11:18 +0000] "GET /wp-content/uploads/elementor/css/post-43.css?ver=1780904844 HTTP/1.1" 200 1195 "https://basicconceptenergy.com/items/P72119068/" "Mozilla/5.0 (X11; Linux x86_64) AppleWebKit/537.36 (KHTML, like Gecko) Chrome/149.0.7827.200 Safari/537.36"
74.125.150.32 - - [16/Jul/2026:13:11:18 +0000] "GET /wp-content/plugins/elementor/assets/css/conditionals/apple-webkit.min.css?ver=4.0.4 HTTP/1.1" 200 464 "https://basicconceptenergy.com/items/P72119068/" "Mozilla/5.0 (X11; Linux x86_64) AppleWebKit/537.36 (KHTML, like Gecko) Chrome/149.0.7827.200 Safari/537.36"
74.125.150.32 - - [16/Jul/2026:13:11:19 +0000] "GET /wp-content/plugins/ti-woocommerce-wishlist/assets/css/public.min.css?ver=2.11.1 HTTP/1.1" 200 5294 "https://basicconceptenergy.com/items/P72119068/" "Mozilla/5.0 (X11; Linux x86_64) AppleWebKit/537.36 (KHTML, like Gecko) Chrome/149.0.7827.200 Safari/537.36"
74.125.150.32 - - [16/Jul/2026:13:11:19 +0000] "GET /wp-content/plugins/elementor-pro/assets/css/widget-woocommerce-menu-cart.min.css?ver=4.0.4 HTTP/1.1" 200 2323 "https://basicconceptenergy.com/items/P72119068/" "Mozilla/5.0 (X11; Linux x86_64) AppleWebKit/537.36 (KHTML, like Gecko) Chrome/149.0.7827.200 Safari/537.36"
74.125.150.32 - - [16/Jul/2026:13:11:19 +0000] "GET /wp-content/uploads/elementor/css/post-3884.css?ver=1780904847 HTTP/1.1" 200 1640 "https://basicconceptenergy.com/items/P72119068/" "Mozilla/5.0 (X11; Linux x86_64) AppleWebKit/537.36 (KHTML, like Gecko) Chrome/149.0.7827.200 Safari/537.36"
74.125.150.32 - - [16/Jul/2026:13:11:20 +0000] "GET /wp-includes/js/dist/vendor/wp-polyfill.min.js?ver=3.15.0 HTTP/1.1" 200 11581 "https://basicconceptenergy.com/items/P72119068/" "Mozilla/5.0 (X11; Linux x86_64) AppleWebKit/537.36 (KHTML, like Gecko) Chrome/149.0.7827.200 Safari/537.36"
74.125.150.32 - - [16/Jul/2026:13:11:20 +0000] "GET /wp-includes/js/dist/vendor/react.min.js?ver=18.3.1.1 HTTP/1.1" 200 4117 "https://basicconceptenergy.com/items/P72119068/" "Mozilla/5.0 (X11; Linux x86_64) AppleWebKit/537.36 (KHTML, like Gecko) Chrome/149.0.7827.200 Safari/537.36"
74.125.150.32 - - [16/Jul/2026:13:11:21 +0000] "GET /wp-content/themes/electro/assets/js/bootstrap.bundle.min.js?ver=3.6.9 HTTP/1.1" 200 21633 "https://basicconceptenergy.com/items/P72119068/" "Mozilla/5.0 (X11; Linux x86_64) AppleWebKit/537.36 (KHTML, like Gecko) Chrome/149.0.7827.200 Safari/537.36"
74.125.150.32 - - [16/Jul/2026:13:11:21 +0000] "GET /wp-content/plugins/revslider/public/js/libs/tptools.js?ver=6.7.52 HTTP/1.1" 200 72873 "https://basicconceptenergy.com/items/P72119068/" "Mozilla/5.0 (X11; Linux x86_64) AppleWebKit/537.36 (KHTML, like Gecko) Chrome/149.0.7827.200 Safari/537.36"
74.125.150.32 - - [16/Jul/2026:13:11:22 +0000] "GET /wp-content/plugins/woocommerce/assets/js/frontend/add-to-cart.min.js?ver=10.7.0 HTTP/1.1" 200 1296 "https://basicconceptenergy.com/items/P72119068/" "Mozilla/5.0 (X11; Linux x86_64) AppleWebKit/537.36 (KHTML, like Gecko) Chrome/149.0.7827.200 Safari/537.36"
74.125.150.32 - - [16/Jul/2026:13:11:23 +0000] "GET /wp-content/plugins/yith-woocommerce-compare/assets/js/imagesloaded.pkgd.min.js?ver=3.1.8 HTTP/1.1" 200 2233 "https://basicconceptenergy.com/items/P72119068/" "Mozilla/5.0 (X11; Linux x86_64) AppleWebKit/537.36 (KHTML, like Gecko) Chrome/149.0.7827.200 Safari/537.36"
74.125.150.32 - - [16/Jul/2026:13:11:23 +0000] "GET /wp-includes/js/jquery/ui/core.min.js?ver=1.13.3 HTTP/1.1" 200 6812 "https://basicconceptenergy.com/items/P72119068/" "Mozilla/5.0 (X11; Linux x86_64) AppleWebKit/537.36 (KHTML, like Gecko) Chrome/149.0.7827.200 Safari/537.36"
74.125.150.32 - - [16/Jul/2026:13:11:24 +0000] "GET /wp-content/plugins/elementor-pro/assets/js/frontend.min.js?ver=4.0.4 HTTP/1.1" 200 6188 "https://basicconceptenergy.com/items/P72119068/" "Mozilla/5.0 (X11; Linux x86_64) AppleWebKit/537.36 (KHTML, like Gecko) Chrome/149.0.7827.200 Safari/537.36"
74.125.150.32 - - [16/Jul/2026:13:11:25 +0000] "GET /wp-content/plugins/woocommerce/assets/js/photoswipe/photoswipe-ui-default.min.js?ver=4.1.1-wc.10.7.0 HTTP/1.1" 200 3478 "https://basicconceptenergy.com/items/P72119068/" "Mozilla/5.0 (X11; Linux x86_64) AppleWebKit/537.36 (KHTML, like Gecko) Chrome/149.0.7827.200 Safari/537.36"
74.125.150.32 - - [16/Jul/2026:13:11:26 +0000] "GET /wp-content/plugins/elementor-pro/assets/js/elements-handlers.min.js?ver=4.0.4 HTTP/1.1" 200 10075 "https://basicconceptenergy.com/items/P72119068/" "Mozilla/5.0 (X11; Linux x86_64) AppleWebKit/537.36 (KHTML, like Gecko) Chrome/149.0.7827.200 Safari/537.36"
74.125.150.32 - - [16/Jul/2026:13:11:26 +0000] "GET /wp-content/plugins/woo-smart-quick-view/assets/libs/magnific-popup/jquery.magnific-popup.min.js?ver=4.3.1 HTTP/1.1" 200 7043 "https://basicconceptenergy.com/items/P72119068/" "Mozilla/5.0 (X11; Linux x86_64) AppleWebKit/537.36 (KHTML, like Gecko) Chrome/149.0.7827.200 Safari/537.36"
74.125.150.32 - - [16/Jul/2026:13:11:27 +0000] "GET /wp-content/plugins/contact-form-7/includes/swv/js/index.js?ver=6.1.5 HTTP/1.1" 200 3369 "https://basicconceptenergy.com/items/P72119068/" "Mozilla/5.0 (X11; Linux x86_64) AppleWebKit/537.36 (KHTML, like Gecko) Chrome/149.0.7827.200 Safari/537.36"
74.125.150.32 - - [16/Jul/2026:13:11:27 +0000] "GET /wp-content/plugins/ti-woocommerce-wishlist/assets/js/public.min.js?ver=2.11.1 HTTP/1.1" 200 5635 "https://basicconceptenergy.com/items/P72119068/" "Mozilla/5.0 (X11; Linux x86_64) AppleWebKit/537.36 (KHTML, like Gecko) Chrome/149.0.7827.200 Safari/537.36"
74.125.150.32 - - [16/Jul/2026:13:11:28 +0000] "GET /wp-content/plugins/elementor/assets/js/frontend.min.js?ver=4.0.4 HTTP/1.1" 200 10050 "https://basicconceptenergy.com/items/P72119068/" "Mozilla/5.0 (X11; Linux x86_64) AppleWebKit/537.36 (KHTML, like Gecko) Chrome/149.0.7827.200 Safari/537.36"
74.125.150.32 - - [16/Jul/2026:13:11:28 +0000] "GET /wp-includes/js/dist/vendor/react-dom.min.js?ver=18.3.1.1 HTTP/1.1" 200 41410 "https://basicconceptenergy.com/items/P72119068/" "Mozilla/5.0 (X11; Linux x86_64) AppleWebKit/537.36 (KHTML, like Gecko) Chrome/149.0.7827.200 Safari/537.36"
74.125.150.32 - - [16/Jul/2026:13:11:29 +0000] "GET /wp-content/plugins/revslider/public/js/sr7.js?ver=6.7.52 HTTP/1.1" 200 93099 "https://basicconceptenergy.com/items/P72119068/" "Mozilla/5.0 (X11; Linux x86_64) AppleWebKit/537.36 (KHTML, like Gecko) Chrome/149.0.7827.200 Safari/537.36"
74.125.150.32 - - [16/Jul/2026:13:11:30 +0000] "GET /wp-content/plugins/yith-woocommerce-wishlist/assets/js/jquery.selectBox.min.js?ver=1.2.0 HTTP/1.1" 200 3514 "https://basicconceptenergy.com/items/P72119068/" "Mozilla/5.0 (X11; Linux x86_64) AppleWebKit/537.36 (KHTML, like Gecko) Chrome/149.0.7827.200 Safari/537.36"
74.125.150.32 - - [16/Jul/2026:13:11:30 +0000] "GET /wp-content/plugins/woo-smart-quick-view/assets/js/frontend.js?ver=4.3.1 HTTP/1.1" 200 2170 "https://basicconceptenergy.com/items/P72119068/" "Mozilla/5.0 (X11; Linux x86_64) AppleWebKit/537.36 (KHTML, like Gecko) Chrome/149.0.7827.200 Safari/537.36"
74.125.150.32 - - [16/Jul/2026:13:11:32 +0000] "GET /wp-content/plugins/woo-smart-quick-view/assets/libs/perfect-scrollbar/js/perfect-scrollbar.jquery.min.js?ver=4.3.1 HTTP/1.1" 200 6139 "https://basicconceptenergy.com/items/P72119068/" "Mozilla/5.0 (X11; Linux x86_64) AppleWebKit/537.36 (KHTML, like Gecko) Chrome/149.0.7827.200 Safari/537.36"
74.125.150.32 - - [16/Jul/2026:13:11:32 +0000] "GET /wp-content/plugins/woocommerce/assets/js/zoom/jquery.zoom.min.js?ver=1.7.21-wc.10.7.0 HTTP/1.1" 200 1052 "https://basicconceptenergy.com/items/P72119068/" "Mozilla/5.0 (X11; Linux x86_64) AppleWebKit/537.36 (KHTML, like Gecko) Chrome/149.0.7827.200 Safari/537.36"
74.125.150.32 - - [16/Jul/2026:13:11:34 +0000] "GET /wp-content/themes/electro/assets/vendor/fontawesome/webfonts/fa-solid-900.woff2 HTTP/1.1" 200 156496 "https://basicconceptenergy.com/wp-content/themes/electro/assets/vendor/fontawesome/css/all.min.css?ver=3.6.9" "Mozilla/5.0 (X11; Linux x86_64) AppleWebKit/537.36 (KHTML, like Gecko) Chrome/149.0.7827.200 Safari/537.36"
209.42.17.20 - - [16/Jul/2026:13:11:39 +0000] "POST /wp-cron.php?doing_wp_cron=1784207499.9134919643402099609375 HTTP/1.1" 200 0 "-" "WordPress/7.0.1; https://basicconceptenergy.com"
74.125.150.32 - - [16/Jul/2026:13:11:37 +0000] "GET /wp-json/yith/wishlist/v1/lists/?_locale=user HTTP/1.1" 401 119 "https://basicconceptenergy.com/items/P72119068/" "Mozilla/5.0 (X11; Linux x86_64) AppleWebKit/537.36 (KHTML, like Gecko) Chrome/149.0.7827.200 Safari/537.36"
74.125.150.32 - - [16/Jul/2026:13:11:44 +0000] "POST /?wc-ajax=yith-woocompare-reload-compare HTTP/1.1" 200 380 "https://basicconceptenergy.com/items/P72119068/" "Mozilla/5.0 (X11; Linux x86_64) AppleWebKit/537.36 (KHTML, like Gecko) Chrome/149.0.7827.200 Safari/537.36"
74.125.150.32 - - [16/Jul/2026:13:11:50 +0000] "GET /wp-content/plugins/jetpack/jetpack_vendor/automattic/woocommerce-analytics/build/193.js?minify=false&ver=d0600ea7dd576bb65bec HTTP/1.1" 200 2865 "https://basicconceptenergy.com/items/P72119068/" "Mozilla/5.0 (X11; Linux x86_64) AppleWebKit/537.36 (KHTML, like Gecko) Chrome/149.0.7827.200 Safari/537.36"
74.125.150.32 - - [16/Jul/2026:13:11:49 +0000] "POST /?wc-ajax=get_refreshed_fragments HTTP/1.1" 200 367 "https://basicconceptenergy.com/items/P72119068/" "Mozilla/5.0 (X11; Linux x86_64) AppleWebKit/537.36 (KHTML, like Gecko) Chrome/149.0.7827.200 Safari/537.36"
74.125.150.32 - - [16/Jul/2026:13:11:49 +0000] "GET /wp-admin/admin-ajax.php?action=products_live_search&fn=get_ajax_search HTTP/1.1" 200 6 "https://basicconceptenergy.com/items/P72119068/" "Mozilla/5.0 (X11; Linux x86_64) AppleWebKit/537.36 (KHTML, like Gecko) Chrome/149.0.7827.200 Safari/537.36"
74.125.150.32 - - [16/Jul/2026:13:11:52 +0000] "GET /wp-content/plugins/elementor-pro/assets/js/woocommerce-menu-cart.33fbf47b819947e7a2a7.bundle.min.js HTTP/1.1" 200 1433 "https://basicconceptenergy.com/items/P72119068/" "Mozilla/5.0 (X11; Linux x86_64) AppleWebKit/537.36 (KHTML, like Gecko) Chrome/149.0.7827.200 Safari/537.36"
74.125.150.32 - - [16/Jul/2026:13:11:52 +0000] "GET /wp-content/plugins/elementor/assets/js/shared-frontend-handlers.03caa53373b56d3bab67.bundle.min.js HTTP/1.1" 200 2511 "https://basicconceptenergy.com/items/P72119068/" "Mozilla/5.0 (X11; Linux x86_64) AppleWebKit/537.36 (KHTML, like Gecko) Chrome/149.0.7827.200 Safari/537.36"
74.125.150.32 - - [16/Jul/2026:13:11:52 +0000] "GET /wp-json/yith/wishlist/v1/products/?product_ids%5B0%5D=3936&product_ids%5B1%5D=3935&product_ids%5B2%5D=3937&product_ids%5B3%5D=2693&product_ids%5B4%5D=2704&product_ids%5B5%5D=2695&_locale=user HTTP/1.1" 200 179 "https://basicconceptenergy.com/items/P72119068/" "Mozilla/5.0 (X11; Linux x86_64) AppleWebKit/537.36 (KHTML, like Gecko) Chrome/149.0.7827.200 Safari/537.36"
52.167.144.176 - - [16/Jul/2026:13:15:23 +0000] "GET /wp-content/uploads/2026/04/solar-2-100x100.png HTTP/2" 200 4583 "-" "Mozilla/5.0 AppleWebKit/537.36 (KHTML, like Gecko; compatible; bingbot/2.0; +http://www.bing.com/bingbot.htm) Chrome/116.0.1938.76 Safari/537.36"
43.153.74.75 - - [16/Jul/2026:13:19:07 +0000] "GET /category/cooking/ HTTP/1.1" 200 32381 "-" "Mozilla/5.0 (iPhone; CPU iPhone OS 13_2_3 like Mac OS X) AppleWebKit/605.1.15 (KHTML, like Gecko) Version/13.0.3 Mobile/15E148 Safari/604.1"
216.73.216.125 - - [16/Jul/2026:13:28:58 +0000] "GET /robots.txt HTTP/2" 200 76 "-" "Mozilla/5.0 AppleWebKit/537.36 (KHTML, like Gecko; compatible; ClaudeBot/1.0; +claudebot@anthropic.com)"
216.73.216.125 - - [16/Jul/2026:13:28:58 +0000] "GET /sitemap.xml HTTP/2" 200 0 "-" "Mozilla/5.0 AppleWebKit/537.36 (KHTML, like Gecko; compatible; ClaudeBot/1.0; +claudebot@anthropic.com)"
209.42.17.20 - - [16/Jul/2026:13:29:08 +0000] "POST /wp-cron.php?doing_wp_cron=1784208548.6149818897247314453125 HTTP/1.1" 200 0 "-" "WordPress/7.0.1; https://basicconceptenergy.com"
43.131.243.61 - - [16/Jul/2026:13:31:19 +0000] "GET /expanding-the-solar-supply-chain-finance/ HTTP/1.1" 200 36376 "-" "Mozilla/5.0 (iPhone; CPU iPhone OS 13_2_3 like Mac OS X) AppleWebKit/605.1.15 (KHTML, like Gecko) Version/13.0.3 Mobile/15E148 Safari/604.1"
209.42.17.20 - - [16/Jul/2026:13:31:35 +0000] "POST /wp-cron.php?doing_wp_cron=1784208695.4404580593109130859375 HTTP/1.1" 200 0 "-" "WordPress/7.0.1; https://basicconceptenergy.com"
209.42.17.20 - - [16/Jul/2026:13:34:46 +0000] "POST /wp-cron.php?doing_wp_cron=1784208886.9139740467071533203125 HTTP/1.1" 200 0 "-" "WordPress/7.0.1; https://basicconceptenergy.com"
66.249.68.32 - - [16/Jul/2026:13:34:32 +0000] "GET /items/X153177018/ HTTP/1.1" 404 31234 "-" "Mozilla/5.0 (compatible; Googlebot/2.1; +http://www.google.com/bot.html)"
66.249.68.32 - - [16/Jul/2026:13:34:48 +0000] "GET /items/X153177018/ HTTP/1.1" 404 31326 "-" "Mozilla/5.0 (Linux; Android 6.0.1; Nexus 5X Build/MMB29P) AppleWebKit/537.36 (KHTML, like Gecko) Chrome/150.0.7871.124 Mobile Safari/537.36 (compatible; Googlebot/2.1; +http://www.google.com/bot.html)"
209.42.17.20 - - [16/Jul/2026:13:37:48 +0000] "POST /wp-cron.php?doing_wp_cron=1784209068.5249071121215820312500 HTTP/1.1" 200 0 "-" "WordPress/7.0.1; https://basicconceptenergy.com"
66.249.68.32 - - [16/Jul/2026:13:37:35 +0000] "GET /items/K149714604/ HTTP/1.1" 404 31325 "-" "Mozilla/5.0 (Linux; Android 6.0.1; Nexus 5X Build/MMB29P) AppleWebKit/537.36 (KHTML, like Gecko) Chrome/150.0.7871.124 Mobile Safari/537.36 (compatible; Googlebot/2.1; +http://www.google.com/bot.html)"
66.249.68.32 - - [16/Jul/2026:13:38:15 +0000] "GET /items/L114530907// HTTP/1.1" 301 0 "-" "Mozilla/5.0 (Linux; Android 6.0.1; Nexus 5X Build/MMB29P) AppleWebKit/537.36 (KHTML, like Gecko) Chrome/150.0.7871.124 Mobile Safari/537.36 (compatible; Googlebot/2.1; +http://www.google.com/bot.html)"
209.42.17.20 - - [16/Jul/2026:13:38:26 +0000] "POST /wp-cron.php?doing_wp_cron=1784209106.1270189285278320312500 HTTP/1.1" 200 0 "-" "WordPress/7.0.1; https://basicconceptenergy.com"
162.62.213.187 - - [16/Jul/2026:13:38:34 +0000] "GET /feed/ HTTP/1.1" 200 2876 "-" "Mozilla/5.0 (iPhone; CPU iPhone OS 13_2_3 like Mac OS X) AppleWebKit/605.1.15 (KHTML, like Gecko) Version/13.0.3 Mobile/15E148 Safari/604.1"
66.249.68.32 - - [16/Jul/2026:13:38:43 +0000] "GET /items/L114530907/ HTTP/1.1" 404 31461 "-" "Mozilla/5.0 (Linux; Android 6.0.1; Nexus 5X Build/MMB29P) AppleWebKit/537.36 (KHTML, like Gecko) Chrome/150.0.7871.124 Mobile Safari/537.36 (compatible; Googlebot/2.1; +http://www.google.com/bot.html)"
40.77.167.123 - - [16/Jul/2026:13:42:48 +0000] "GET /wp-content/uploads/2026/04/98MEK5P-1-600x400.jpg HTTP/2" 200 35540 "-" "Mozilla/5.0 AppleWebKit/537.36 (KHTML, like Gecko; compatible; bingbot/2.0; +http://www.bing.com/bingbot.htm) Chrome/116.0.1938.76 Safari/537.36"
209.42.17.20 - - [16/Jul/2026:13:51:17 +0000] "POST /wp-cron.php?doing_wp_cron=1784209877.5059790611267089843750 HTTP/1.1" 200 0 "-" "WordPress/7.0.1; https://basicconceptenergy.com"
43.166.255.102 - - [16/Jul/2026:13:51:15 +0000] "GET /wp-json/oembed/1.0/embed?url=https%3A%2F%2Fbasicconceptenergy.com%2F HTTP/1.1" 200 1083 "-" "Mozilla/5.0 (iPhone; CPU iPhone OS 13_2_3 like Mac OS X) AppleWebKit/605.1.15 (KHTML, like Gecko) Version/13.0.3 Mobile/15E148 Safari/604.1"
209.42.17.20 - - [16/Jul/2026:13:54:20 +0000] "POST /wp-cron.php?doing_wp_cron=1784210060.1845679283142089843750 HTTP/1.1" 200 0 "-" "WordPress/7.0.1; https://basicconceptenergy.com"
66.249.68.33 - - [16/Jul/2026:13:54:18 +0000] "GET /items/I80085533/ HTTP/1.1" 404 31447 "-" "Mozilla/5.0 (compatible; Googlebot/2.1; +http://www.google.com/bot.html)"
209.42.17.20 - - [16/Jul/2026:14:00:28 +0000] "POST /wp-cron.php?doing_wp_cron=1784210428.5878028869628906250000 HTTP/1.1" 200 0 "-" "WordPress/7.0.1; https://basicconceptenergy.com"
66.249.68.34 - - [16/Jul/2026:14:00:25 +0000] "GET /items/C224012412/ HTTP/1.1" 404 31321 "-" "Mozilla/5.0 (Linux; Android 6.0.1; Nexus 5X Build/MMB29P) AppleWebKit/537.36 (KHTML, like Gecko) Chrome/150.0.7871.124 Mobile Safari/537.36 (compatible; Googlebot/2.1; +http://www.google.com/bot.html)"
43.153.104.196 - - [16/Jul/2026:14:02:36 +0000] "GET /wp-content/plugins/revslider/ HTTP/1.1" 200 0 "-" "Mozilla/5.0 (iPhone; CPU iPhone OS 13_2_3 like Mac OS X) AppleWebKit/605.1.15 (KHTML, like Gecko) Version/13.0.3 Mobile/15E148 Safari/604.1"
129.226.195.146 - - [16/Jul/2026:14:07:24 +0000] "GET /wp-content/uploads/2026/04/6-1.webp HTTP/1.1" 200 22618 "-" "Mozilla/5.0 (iPhone; CPU iPhone OS 13_2_3 like Mac OS X) AppleWebKit/605.1.15 (KHTML, like Gecko) Version/13.0.3 Mobile/15E148 Safari/604.1"
