74.125.150.32 - - [16/Jul/2026:16:17:18 +0000] "GET /wp-content/plugins/ti-woocommerce-wishlist/assets/fonts/tinvwl-webfont.woff2?ver=xu2uyi HTTP/1.1" 200 4404 "https://basicconceptenergy.com/items/P72119068/" "Mozilla/5.0 (X11; Linux x86_64) AppleWebKit/537.36 (KHTML, like Gecko) Chrome/149.0.7827.200 Safari/537.36"
74.125.150.32 - - [16/Jul/2026:16:17:18 +0000] "GET /wp-content/plugins/woo-smart-quick-view/assets/libs/perfect-scrollbar/css/custom-theme.css?ver=7.0.1 HTTP/1.1" 200 534 "https://basicconceptenergy.com/items/P72119068/" "Mozilla/5.0 (X11; Linux x86_64) AppleWebKit/537.36 (KHTML, like Gecko) Chrome/149.0.7827.200 Safari/537.36"
74.125.150.32 - - [16/Jul/2026:16:17:18 +0000] "GET /wp-content/plugins/ti-woocommerce-wishlist/assets/css/webfont.min.css?ver=2.11.1 HTTP/1.1" 200 786 "https://basicconceptenergy.com/items/P72119068/" "Mozilla/5.0 (X11; Linux x86_64) AppleWebKit/537.36 (KHTML, like Gecko) Chrome/149.0.7827.200 Safari/537.36"
74.125.150.32 - - [16/Jul/2026:16:17:19 +0000] "GET /wp-content/themes/electro/assets/css/colors/yellow.min.css?ver=3.6.9 HTTP/1.1" 200 4445 "https://basicconceptenergy.com/items/P72119068/" "Mozilla/5.0 (X11; Linux x86_64) AppleWebKit/537.36 (KHTML, like Gecko) Chrome/149.0.7827.200 Safari/537.36"
74.125.150.32 - - [16/Jul/2026:16:17:19 +0000] "GET /wp-content/themes/electro/elementor.css?ver=3.6.9 HTTP/1.1" 200 2893 "https://basicconceptenergy.com/items/P72119068/" "Mozilla/5.0 (X11; Linux x86_64) AppleWebKit/537.36 (KHTML, like Gecko) Chrome/149.0.7827.200 Safari/537.36"
74.125.150.32 - - [16/Jul/2026:16:17:20 +0000] "GET /wp-content/plugins/woocommerce/assets/js/js-cookie/js.cookie.min.js?ver=2.1.4-wc.10.7.0 HTTP/1.1" 200 760 "https://basicconceptenergy.com/items/P72119068/" "Mozilla/5.0 (X11; Linux x86_64) AppleWebKit/537.36 (KHTML, like Gecko) Chrome/149.0.7827.200 Safari/537.36"
74.125.150.32 - - [16/Jul/2026:16:17:20 +0000] "GET /wp-content/plugins/elementor/assets/css/widget-image.min.css?ver=4.0.4 HTTP/1.1" 200 96 "https://basicconceptenergy.com/items/P72119068/" "Mozilla/5.0 (X11; Linux x86_64) AppleWebKit/537.36 (KHTML, like Gecko) Chrome/149.0.7827.200 Safari/537.36"
74.125.150.32 - - [16/Jul/2026:16:17:21 +0000] "GET /wp-content/uploads/elementor/css/post-3851.css?ver=1780904847 HTTP/1.1" 200 683 "https://basicconceptenergy.com/items/P72119068/" "Mozilla/5.0 (X11; Linux x86_64) AppleWebKit/537.36 (KHTML, like Gecko) Chrome/149.0.7827.200 Safari/537.36"
74.125.150.32 - - [16/Jul/2026:16:17:21 +0000] "GET /wp-content/plugins/woocommerce/assets/js/jquery-blockui/jquery.blockUI.min.js?ver=2.7.0-wc.10.7.0 HTTP/1.1" 200 3277 "https://basicconceptenergy.com/items/P72119068/" "Mozilla/5.0 (X11; Linux x86_64) AppleWebKit/537.36 (KHTML, like Gecko) Chrome/149.0.7827.200 Safari/537.36"
74.125.150.32 - - [16/Jul/2026:16:17:22 +0000] "GET /wp-content/plugins/yith-woocommerce-compare/assets/css/compare.css?ver=3.9.0 HTTP/1.1" 200 3190 "https://basicconceptenergy.com/items/P72119068/" "Mozilla/5.0 (X11; Linux x86_64) AppleWebKit/537.36 (KHTML, like Gecko) Chrome/149.0.7827.200 Safari/537.36"
74.125.150.32 - - [16/Jul/2026:16:17:22 +0000] "GET /wp-includes/js/jquery/jquery.min.js?ver=3.7.1 HTTP/1.1" 200 29744 "https://basicconceptenergy.com/items/P72119068/" "Mozilla/5.0 (X11; Linux x86_64) AppleWebKit/537.36 (KHTML, like Gecko) Chrome/149.0.7827.200 Safari/537.36"
74.125.150.32 - - [16/Jul/2026:16:17:22 +0000] "GET /wp-content/plugins/essential-addons-for-elementor-lite/assets/front-end/css/view/general.min.css?ver=6.6.2 HTTP/1.1" 200 1420 "https://basicconceptenergy.com/items/P72119068/" "Mozilla/5.0 (X11; Linux x86_64) AppleWebKit/537.36 (KHTML, like Gecko) Chrome/149.0.7827.200 Safari/537.36"
74.125.150.32 - - [16/Jul/2026:16:17:23 +0000] "GET /wp-content/plugins/woocommerce/assets/css/photoswipe/photoswipe.min.css?ver=10.7.0 HTTP/1.1" 200 846 "https://basicconceptenergy.com/items/P72119068/" "Mozilla/5.0 (X11; Linux x86_64) AppleWebKit/537.36 (KHTML, like Gecko) Chrome/149.0.7827.200 Safari/537.36"
74.125.150.32 - - [16/Jul/2026:16:17:23 +0000] "GET /wp-content/plugins/yith-woocommerce-compare/assets/css/jquery.dataTables.css?ver=1.10.18 HTTP/1.1" 200 1866 "https://basicconceptenergy.com/items/P72119068/" "Mozilla/5.0 (X11; Linux x86_64) AppleWebKit/537.36 (KHTML, like Gecko) Chrome/149.0.7827.200 Safari/537.36"
74.125.150.32 - - [16/Jul/2026:16:17:24 +0000] "GET /wp-includes/css/dashicons.min.css?ver=7.0.1 HTTP/1.1" 200 35101 "https://basicconceptenergy.com/items/P72119068/" "Mozilla/5.0 (X11; Linux x86_64) AppleWebKit/537.36 (KHTML, like Gecko) Chrome/149.0.7827.200 Safari/537.36"
74.125.150.32 - - [16/Jul/2026:16:17:25 +0000] "GET /wp-content/plugins/elementor/assets/css/widget-heading.min.css?ver=4.0.4 HTTP/1.1" 200 126 "https://basicconceptenergy.com/items/P72119068/" "Mozilla/5.0 (X11; Linux x86_64) AppleWebKit/537.36 (KHTML, like Gecko) Chrome/149.0.7827.200 Safari/537.36"
74.125.150.33 - - [16/Jul/2026:16:17:26 +0000] "GET /wp-content/plugins/elementor/assets/lib/animations/styles/slideInRight.min.css?ver=4.0.4 HTTP/1.1" 200 155 "https://basicconceptenergy.com/items/P72119068/" "Mozilla/5.0 (X11; Linux x86_64) AppleWebKit/537.36 (KHTML, like Gecko) Chrome/149.0.7827.200 Safari/537.36"
74.125.150.32 - - [16/Jul/2026:16:17:26 +0000] "GET /wp-content/uploads/2026/04/2-3-300x300.webp HTTP/1.1" 200 4736 "https://basicconceptenergy.com/items/P72119068/" "Mozilla/5.0 (X11; Linux x86_64) AppleWebKit/537.36 (KHTML, like Gecko) Chrome/149.0.7827.200 Safari/537.36"
74.125.150.32 - - [16/Jul/2026:16:17:26 +0000] "GET /wp-content/plugins/elementor/assets/css/widget-social-icons.min.css?ver=4.0.4 HTTP/1.1" 200 1039 "https://basicconceptenergy.com/items/P72119068/" "Mozilla/5.0 (X11; Linux x86_64) AppleWebKit/537.36 (KHTML, like Gecko) Chrome/149.0.7827.200 Safari/537.36"
74.125.150.32 - - [16/Jul/2026:16:17:27 +0000] "GET /wp-includes/js/wp-util.min.js?ver=7.0.1 HTTP/1.1" 200 693 "https://basicconceptenergy.com/items/P72119068/" "Mozilla/5.0 (X11; Linux x86_64) AppleWebKit/537.36 (KHTML, like Gecko) Chrome/149.0.7827.200 Safari/537.36"
74.125.150.33 - - [16/Jul/2026:16:17:27 +0000] "GET /wp-includes/js/jquery/jquery-migrate.min.js?ver=3.4.1 HTTP/1.1" 200 4678 "https://basicconceptenergy.com/items/P72119068/" "Mozilla/5.0 (X11; Linux x86_64) AppleWebKit/537.36 (KHTML, like Gecko) Chrome/149.0.7827.200 Safari/537.36"
74.125.150.32 - - [16/Jul/2026:16:17:27 +0000] "GET /wp-content/plugins/elementor/assets/lib/animations/styles/e-animation-shrink.min.css?ver=4.0.4 HTTP/1.1" 200 95 "https://basicconceptenergy.com/items/P72119068/" "Mozilla/5.0 (X11; Linux x86_64) AppleWebKit/537.36 (KHTML, like Gecko) Chrome/149.0.7827.200 Safari/537.36"
74.125.150.33 - - [16/Jul/2026:16:17:28 +0000] "GET /wp-includes/js/underscore.min.js?ver=1.13.8 HTTP/1.1" 200 7228 "https://basicconceptenergy.com/items/P72119068/" "Mozilla/5.0 (X11; Linux x86_64) AppleWebKit/537.36 (KHTML, like Gecko) Chrome/149.0.7827.200 Safari/537.36"
74.125.150.32 - - [16/Jul/2026:16:17:28 +0000] "GET /wp-content/plugins/woocommerce/assets/client/blocks/wc-blocks.css?ver=wc-10.7.0 HTTP/1.1" 200 2391 "https://basicconceptenergy.com/items/P72119068/" "Mozilla/5.0 (X11; Linux x86_64) AppleWebKit/537.36 (KHTML, like Gecko) Chrome/149.0.7827.200 Safari/537.36"
74.125.150.32 - - [16/Jul/2026:16:17:28 +0000] "GET /wp-content/uploads/elementor/css/base-desktop.css?ver=6a26738f5566a HTTP/1.1" 200 691 "https://basicconceptenergy.com/items/P72119068/" "Mozilla/5.0 (X11; Linux x86_64) AppleWebKit/537.36 (KHTML, like Gecko) Chrome/149.0.7827.200 Safari/537.36"
74.125.150.33 - - [16/Jul/2026:16:17:29 +0000] "GET /wp-content/plugins/elementor/assets/css/widget-icon-list.min.css?ver=4.0.4 HTTP/1.1" 200 928 "https://basicconceptenergy.com/items/P72119068/" "Mozilla/5.0 (X11; Linux x86_64) AppleWebKit/537.36 (KHTML, like Gecko) Chrome/149.0.7827.200 Safari/537.36"
74.125.150.32 - - [16/Jul/2026:16:17:30 +0000] "GET /wp-content/plugins/elementor-pro/assets/js/woocommerce-menu-cart.33fbf47b819947e7a2a7.bundle.min.js HTTP/1.1" 200 1433 "https://basicconceptenergy.com/items/V244064301/" "Mozilla/5.0 (X11; Linux x86_64) AppleWebKit/537.36 (KHTML, like Gecko) Chrome/149.0.7827.200 Safari/537.36"
74.125.150.32 - - [16/Jul/2026:16:17:30 +0000] "GET /wp-content/plugins/elementor/assets/js/shared-frontend-handlers.03caa53373b56d3bab67.bundle.min.js HTTP/1.1" 200 2511 "https://basicconceptenergy.com/items/V244064301/" "Mozilla/5.0 (X11; Linux x86_64) AppleWebKit/537.36 (KHTML, like Gecko) Chrome/149.0.7827.200 Safari/537.36"
74.125.150.32 - - [16/Jul/2026:16:17:30 +0000] "GET /wp-content/plugins/woocommerce/assets/css/photoswipe/default-skin/default-skin.min.css?ver=10.7.0 HTTP/1.1" 200 1759 "https://basicconceptenergy.com/items/P72119068/" "Mozilla/5.0 (X11; Linux x86_64) AppleWebKit/537.36 (KHTML, like Gecko) Chrome/149.0.7827.200 Safari/537.36"
74.125.150.32 - - [16/Jul/2026:16:17:31 +0000] "GET /wp-content/plugins/essential-blocks/assets/js/eb-blocks-localize.js?ver=31d6cfe0d16ae931b73c HTTP/1.1" 200 0 "https://basicconceptenergy.com/items/P72119068/" "Mozilla/5.0 (X11; Linux x86_64) AppleWebKit/537.36 (KHTML, like Gecko) Chrome/149.0.7827.200 Safari/537.36"
74.125.150.33 - - [16/Jul/2026:16:17:31 +0000] "GET /wp-includes/js/dist/date.min.js?ver=c9f8e7dd3232716f34e9 HTTP/1.1" 200 22977 "https://basicconceptenergy.com/items/P72119068/" "Mozilla/5.0 (X11; Linux x86_64) AppleWebKit/537.36 (KHTML, like Gecko) Chrome/149.0.7827.200 Safari/537.36"
74.125.150.32 - - [16/Jul/2026:16:17:31 +0000] "GET /wp-includes/js/dist/deprecated.min.js?ver=990e85f234fee8f7d446 HTTP/1.1" 200 698 "https://basicconceptenergy.com/items/P72119068/" "Mozilla/5.0 (X11; Linux x86_64) AppleWebKit/537.36 (KHTML, like Gecko) Chrome/149.0.7827.200 Safari/537.36"
74.125.150.33 - - [16/Jul/2026:16:17:32 +0000] "GET /wp-content/plugins/yith-woocommerce-compare/plugin-fw/dist/lapilli-ui/components/index.js?ver=fe5275fad0fd47db7c63 HTTP/1.1" 200 32052 "https://basicconceptenergy.com/items/P72119068/" "Mozilla/5.0 (X11; Linux x86_64) AppleWebKit/537.36 (KHTML, like Gecko) Chrome/149.0.7827.200 Safari/537.36"
74.125.150.32 - - [16/Jul/2026:16:17:32 +0000] "GET /wp-content/plugins/yith-woocommerce-compare/plugin-fw/dist/lapilli-ui/date/index.js?ver=a688abdf8f9c4a18e904 HTTP/1.1" 200 7175 "https://basicconceptenergy.com/items/P72119068/" "Mozilla/5.0 (X11; Linux x86_64) AppleWebKit/537.36 (KHTML, like Gecko) Chrome/149.0.7827.200 Safari/537.36"
74.125.150.32 - - [16/Jul/2026:16:17:33 +0000] "GET /wp-content/plugins/contact-form-7/includes/swv/js/index.js?ver=6.1.5 HTTP/1.1" 200 3369 "https://basicconceptenergy.com/items/P72119068/" "Mozilla/5.0 (X11; Linux x86_64) AppleWebKit/537.36 (KHTML, like Gecko) Chrome/149.0.7827.200 Safari/537.36"
74.125.150.32 - - [16/Jul/2026:16:17:33 +0000] "GET /wp-content/plugins/yith-woocommerce-wishlist/assets/js/jquery.selectBox.min.js?ver=1.2.0 HTTP/1.1" 200 3514 "https://basicconceptenergy.com/items/P72119068/" "Mozilla/5.0 (X11; Linux x86_64) AppleWebKit/537.36 (KHTML, like Gecko) Chrome/149.0.7827.200 Safari/537.36"
74.125.150.32 - - [16/Jul/2026:16:17:33 +0000] "GET /wp-includes/js/dist/vendor/lodash.min.js?ver=4.18.1 HTTP/1.1" 200 25200 "https://basicconceptenergy.com/items/P72119068/" "Mozilla/5.0 (X11; Linux x86_64) AppleWebKit/537.36 (KHTML, like Gecko) Chrome/149.0.7827.200 Safari/537.36"
74.125.150.33 - - [16/Jul/2026:16:17:34 +0000] "GET /wp-content/plugins/contact-form-7/includes/js/index.js?ver=6.1.5 HTTP/1.1" 200 4008 "https://basicconceptenergy.com/items/P72119068/" "Mozilla/5.0 (X11; Linux x86_64) AppleWebKit/537.36 (KHTML, like Gecko) Chrome/149.0.7827.200 Safari/537.36"
74.125.150.32 - - [16/Jul/2026:16:17:34 +0000] "GET /wp-includes/js/dist/vendor/moment.min.js?ver=2.30.1 HTTP/1.1" 200 18383 "https://basicconceptenergy.com/items/P72119068/" "Mozilla/5.0 (X11; Linux x86_64) AppleWebKit/537.36 (KHTML, like Gecko) Chrome/149.0.7827.200 Safari/537.36"
74.125.150.33 - - [16/Jul/2026:16:17:34 +0000] "GET /wp-includes/js/dist/i18n.min.js?ver=781d11515ad3d91786ec HTTP/1.1" 200 2354 "https://basicconceptenergy.com/items/P72119068/" "Mozilla/5.0 (X11; Linux x86_64) AppleWebKit/537.36 (KHTML, like Gecko) Chrome/149.0.7827.200 Safari/537.36"
74.125.150.33 - - [16/Jul/2026:16:17:34 +0000] "GET /wp-content/plugins/yith-woocommerce-compare/plugin-fw/dist/lapilli-ui/styles/index.js?ver=05a5b5e59191f74ac904 HTTP/1.1" 200 15938 "https://basicconceptenergy.com/items/P72119068/" "Mozilla/5.0 (X11; Linux x86_64) AppleWebKit/537.36 (KHTML, like Gecko) Chrome/149.0.7827.200 Safari/537.36"
74.125.150.32 - - [16/Jul/2026:16:17:35 +0000] "GET /wp-includes/js/dist/api-fetch.min.js?ver=d7efe4dc1468d36c39b8 HTTP/1.1" 200 2692 "https://basicconceptenergy.com/items/P72119068/" "Mozilla/5.0 (X11; Linux x86_64) AppleWebKit/537.36 (KHTML, like Gecko) Chrome/149.0.7827.200 Safari/537.36"
74.125.150.32 - - [16/Jul/2026:16:17:35 +0000] "GET /wp-includes/js/dist/url.min.js?ver=bb0f766c3d2efe497871 HTTP/1.1" 200 3629 "https://basicconceptenergy.com/items/P72119068/" "Mozilla/5.0 (X11; Linux x86_64) AppleWebKit/537.36 (KHTML, like Gecko) Chrome/149.0.7827.200 Safari/537.36"
74.125.150.33 - - [16/Jul/2026:16:17:35 +0000] "GET /wp-includes/js/dist/hooks.min.js?ver=7496969728ca0f95732d HTTP/1.1" 200 1734 "https://basicconceptenergy.com/items/P72119068/" "Mozilla/5.0 (X11; Linux x86_64) AppleWebKit/537.36 (KHTML, like Gecko) Chrome/149.0.7827.200 Safari/537.36"
74.125.150.33 - - [16/Jul/2026:16:17:36 +0000] "GET /wp-content/plugins/woo-smart-quick-view/assets/libs/slick/slick.min.js?ver=4.3.1 HTTP/1.1" 200 10097 "https://basicconceptenergy.com/items/P72119068/" "Mozilla/5.0 (X11; Linux x86_64) AppleWebKit/537.36 (KHTML, like Gecko) Chrome/149.0.7827.200 Safari/537.36"
74.125.150.32 - - [16/Jul/2026:16:17:36 +0000] "GET /wp-content/plugins/woocommerce/assets/js/prettyPhoto/jquery.prettyPhoto.min.js?ver=3.1.6 HTTP/1.1" 200 5401 "https://basicconceptenergy.com/items/P72119068/" "Mozilla/5.0 (X11; Linux x86_64) AppleWebKit/537.36 (KHTML, like Gecko) Chrome/149.0.7827.200 Safari/537.36"
74.125.150.32 - - [16/Jul/2026:16:17:36 +0000] "GET /wp-content/plugins/yith-woocommerce-wishlist/assets/js/jquery.yith-wcwl.min.js?ver=4.14.0 HTTP/1.1" 200 6454 "https://basicconceptenergy.com/items/P72119068/" "Mozilla/5.0 (X11; Linux x86_64) AppleWebKit/537.36 (KHTML, like Gecko) Chrome/149.0.7827.200 Safari/537.36"
74.125.150.33 - - [16/Jul/2026:16:17:36 +0000] "GET /wp-content/plugins/yith-woocommerce-wishlist/assets/js/dist/components/add-to-wishlist/index.js?ver=74f63692d5dd73780ee4 HTTP/1.1" 200 93106 "https://basicconceptenergy.com/items/P72119068/" "Mozilla/5.0 (X11; Linux x86_64) AppleWebKit/537.36 (KHTML, like Gecko) Chrome/149.0.7827.200 Safari/537.36"
74.125.150.32 - - [16/Jul/2026:16:17:37 +0000] "GET /wp-content/plugins/woocommerce/assets/js/frontend/add-to-cart-variation.min.js?ver=10.7.0 HTTP/1.1" 200 3712 "https://basicconceptenergy.com/items/P72119068/" "Mozilla/5.0 (X11; Linux x86_64) AppleWebKit/537.36 (KHTML, like Gecko) Chrome/149.0.7827.200 Safari/537.36"
74.125.150.32 - - [16/Jul/2026:16:17:37 +0000] "GET /wp-content/themes/electro/assets/js/typeahead.bundle.min.js?ver=3.6.9 HTTP/1.1" 200 13586 "https://basicconceptenergy.com/items/P72119068/" "Mozilla/5.0 (X11; Linux x86_64) AppleWebKit/537.36 (KHTML, like Gecko) Chrome/149.0.7827.200 Safari/537.36"
74.125.150.32 - - [16/Jul/2026:16:17:37 +0000] "GET /wp-content/plugins/yith-woocommerce-wishlist/assets/js/add-to-wishlist-gutenberg.min.js?ver=4.14.0 HTTP/1.1" 200 149 "https://basicconceptenergy.com/items/P72119068/" "Mozilla/5.0 (X11; Linux x86_64) AppleWebKit/537.36 (KHTML, like Gecko) Chrome/149.0.7827.200 Safari/537.36"
74.125.150.32 - - [16/Jul/2026:16:17:38 +0000] "GET /wp-content/plugins/yith-woocommerce-compare/assets/js/jquery.dataTables.min.js?ver=1.10.18 HTTP/1.1" 200 28885 "https://basicconceptenergy.com/items/P72119068/" "Mozilla/5.0 (X11; Linux x86_64) AppleWebKit/537.36 (KHTML, like Gecko) Chrome/149.0.7827.200 Safari/537.36"
74.125.150.33 - - [16/Jul/2026:16:17:38 +0000] "GET /wp-content/plugins/woocommerce/assets/js/sourcebuster/sourcebuster.min.js?ver=10.7.0 HTTP/1.1" 200 4609 "https://basicconceptenergy.com/items/P72119068/" "Mozilla/5.0 (X11; Linux x86_64) AppleWebKit/537.36 (KHTML, like Gecko) Chrome/149.0.7827.200 Safari/537.36"
74.125.150.33 - - [16/Jul/2026:16:17:38 +0000] "GET /wp-content/plugins/jetpack/jetpack_vendor/automattic/woocommerce-analytics/build/woocommerce-analytics-client.js?minify=false&ver=e434986d5efc1358e217 HTTP/1.1" 200 4139 "https://basicconceptenergy.com/items/P72119068/" "Mozilla/5.0 (X11; Linux x86_64) AppleWebKit/537.36 (KHTML, like Gecko) Chrome/149.0.7827.200 Safari/537.36"
74.125.150.32 - - [16/Jul/2026:16:17:39 +0000] "GET /wp-content/plugins/woocommerce/assets/js/frontend/add-to-cart.min.js?ver=10.7.0 HTTP/1.1" 200 1296 "https://basicconceptenergy.com/items/P72119068/" "Mozilla/5.0 (X11; Linux x86_64) AppleWebKit/537.36 (KHTML, like Gecko) Chrome/149.0.7827.200 Safari/537.36"
74.125.150.33 - - [16/Jul/2026:16:17:39 +0000] "GET /wp-content/uploads/2026/04/BASIC-CONCEPT-DESIGN-FILES-1.png HTTP/1.1" 200 7709 "https://basicconceptenergy.com/items/P72119068/" "Mozilla/5.0 (X11; Linux x86_64) AppleWebKit/537.36 (KHTML, like Gecko) Chrome/149.0.7827.200 Safari/537.36"
74.125.150.32 - - [16/Jul/2026:16:17:39 +0000] "GET /wp-content/plugins/woocommerce/assets/js/frontend/single-product.min.js?ver=10.7.0 HTTP/1.1" 200 2700 "https://basicconceptenergy.com/items/P72119068/" "Mozilla/5.0 (X11; Linux x86_64) AppleWebKit/537.36 (KHTML, like Gecko) Chrome/149.0.7827.200 Safari/537.36"
74.125.150.32 - - [16/Jul/2026:16:17:40 +0000] "GET /wp-content/plugins/woocommerce/assets/js/frontend/cart-fragments.min.js?ver=10.7.0 HTTP/1.1" 200 943 "https://basicconceptenergy.com/items/P72119068/" "Mozilla/5.0 (X11; Linux x86_64) AppleWebKit/537.36 (KHTML, like Gecko) Chrome/149.0.7827.200 Safari/537.36"
74.125.150.32 - - [16/Jul/2026:16:17:40 +0000] "GET /wp-content/plugins/yith-woocommerce-compare/assets/js/FixedColumns.min.js?ver=3.2.6 HTTP/1.1" 200 6078 "https://basicconceptenergy.com/items/P72119068/" "Mozilla/5.0 (X11; Linux x86_64) AppleWebKit/537.36 (KHTML, like Gecko) Chrome/149.0.7827.200 Safari/537.36"
74.125.150.32 - - [16/Jul/2026:16:17:40 +0000] "GET /wp-content/plugins/woo-smart-quick-view/assets/libs/perfect-scrollbar/js/perfect-scrollbar.jquery.min.js?ver=4.3.1 HTTP/1.1" 200 6139 "https://basicconceptenergy.com/items/P72119068/" "Mozilla/5.0 (X11; Linux x86_64) AppleWebKit/537.36 (KHTML, like Gecko) Chrome/149.0.7827.200 Safari/537.36"
74.125.150.33 - - [16/Jul/2026:16:17:40 +0000] "GET /wp-content/themes/electro/assets/js/electro.min.js?ver=3.6.9 HTTP/1.1" 200 5310 "https://basicconceptenergy.com/items/P72119068/" "Mozilla/5.0 (X11; Linux x86_64) AppleWebKit/537.36 (KHTML, like Gecko) Chrome/149.0.7827.200 Safari/537.36"
74.125.150.33 - - [16/Jul/2026:16:17:41 +0000] "GET /wp-content/plugins/elementor/assets/js/frontend-modules.min.js?ver=4.0.4 HTTP/1.1" 200 15445 "https://basicconceptenergy.com/items/P72119068/" "Mozilla/5.0 (X11; Linux x86_64) AppleWebKit/537.36 (KHTML, like Gecko) Chrome/149.0.7827.200 Safari/537.36"
74.125.150.32 - - [16/Jul/2026:16:17:41 +0000] "GET /wp-content/plugins/elementor/assets/js/webpack.runtime.min.js?ver=4.0.4 HTTP/1.1" 200 2280 "https://basicconceptenergy.com/items/P72119068/" "Mozilla/5.0 (X11; Linux x86_64) AppleWebKit/537.36 (KHTML, like Gecko) Chrome/149.0.7827.200 Safari/537.36"
74.125.150.32 - - [16/Jul/2026:16:17:41 +0000] "GET /wp-content/plugins/yith-woocommerce-compare/assets/js/imagesloaded.pkgd.min.js?ver=3.1.8 HTTP/1.1" 200 2233 "https://basicconceptenergy.com/items/P72119068/" "Mozilla/5.0 (X11; Linux x86_64) AppleWebKit/537.36 (KHTML, like Gecko) Chrome/149.0.7827.200 Safari/537.36"
74.125.150.32 - - [16/Jul/2026:16:17:41 +0000] "GET /wp-content/plugins/yith-woocommerce-compare/assets/js/woocompare.min.js?ver=3.9.0 HTTP/1.1" 200 3571 "https://basicconceptenergy.com/items/P72119068/" "Mozilla/5.0 (X11; Linux x86_64) AppleWebKit/537.36 (KHTML, like Gecko) Chrome/149.0.7827.200 Safari/537.36"
74.125.150.32 - - [16/Jul/2026:16:17:42 +0000] "GET /wp-content/themes/electro/assets/js/owl.carousel.min.js?ver=3.6.9 HTTP/1.1" 200 11206 "https://basicconceptenergy.com/items/P72119068/" "Mozilla/5.0 (X11; Linux x86_64) AppleWebKit/537.36 (KHTML, like Gecko) Chrome/149.0.7827.200 Safari/537.36"
74.125.150.32 - - [16/Jul/2026:16:17:42 +0000] "GET /wp-content/plugins/woocommerce/assets/js/flexslider/jquery.flexslider.min.js?ver=2.7.2-wc.10.7.0 HTTP/1.1" 200 6017 "https://basicconceptenergy.com/items/P72119068/" "Mozilla/5.0 (X11; Linux x86_64) AppleWebKit/537.36 (KHTML, like Gecko) Chrome/149.0.7827.200 Safari/537.36"
74.125.150.33 - - [16/Jul/2026:16:17:42 +0000] "GET /wp-content/themes/electro/assets/js/handlebars.min.js?ver=3.6.9 HTTP/1.1" 200 14315 "https://basicconceptenergy.com/items/P72119068/" "Mozilla/5.0 (X11; Linux x86_64) AppleWebKit/537.36 (KHTML, like Gecko) Chrome/149.0.7827.200 Safari/537.36"
74.125.150.32 - - [16/Jul/2026:16:17:43 +0000] "GET /wp-content/plugins/woocommerce/assets/js/frontend/woocommerce.min.js?ver=10.7.0 HTTP/1.1" 200 1332 "https://basicconceptenergy.com/items/P72119068/" "Mozilla/5.0 (X11; Linux x86_64) AppleWebKit/537.36 (KHTML, like Gecko) Chrome/149.0.7827.200 Safari/537.36"
74.125.150.33 - - [16/Jul/2026:16:17:43 +0000] "GET /wp-content/plugins/woocommerce/assets/js/photoswipe/photoswipe.min.js?ver=4.1.1-wc.10.7.0 HTTP/1.1" 200 11652 "https://basicconceptenergy.com/items/P72119068/" "Mozilla/5.0 (X11; Linux x86_64) AppleWebKit/537.36 (KHTML, like Gecko) Chrome/149.0.7827.200 Safari/537.36"
74.125.150.32 - - [16/Jul/2026:16:17:43 +0000] "GET /wp-content/plugins/elementor-pro/assets/js/webpack-pro.runtime.min.js?ver=4.0.4 HTTP/1.1" 200 2609 "https://basicconceptenergy.com/items/P72119068/" "Mozilla/5.0 (X11; Linux x86_64) AppleWebKit/537.36 (KHTML, like Gecko) Chrome/149.0.7827.200 Safari/537.36"
74.125.150.32 - - [16/Jul/2026:16:17:43 +0000] "GET /wp-content/themes/electro/assets/js/jquery.waypoints.min.js?ver=3.6.9 HTTP/1.1" 200 2592 "https://basicconceptenergy.com/items/P72119068/" "Mozilla/5.0 (X11; Linux x86_64) AppleWebKit/537.36 (KHTML, like Gecko) Chrome/149.0.7827.200 Safari/537.36"
74.125.150.33 - - [16/Jul/2026:16:17:43 +0000] "GET /wp-content/plugins/essential-addons-for-elementor-lite/assets/front-end/js/view/general.min.js?ver=6.6.2 HTTP/1.1" 200 3898 "https://basicconceptenergy.com/items/P72119068/" "Mozilla/5.0 (X11; Linux x86_64) AppleWebKit/537.36 (KHTML, like Gecko) Chrome/149.0.7827.200 Safari/537.36"
74.125.150.32 - - [16/Jul/2026:16:17:44 +0000] "GET /wp-content/plugins/woocommerce/assets/js/frontend/order-attribution.min.js?ver=10.7.0 HTTP/1.1" 200 1020 "https://basicconceptenergy.com/items/P72119068/" "Mozilla/5.0 (X11; Linux x86_64) AppleWebKit/537.36 (KHTML, like Gecko) Chrome/149.0.7827.200 Safari/537.36"
74.125.150.33 - - [16/Jul/2026:16:17:44 +0000] "GET /wp-includes/js/jquery/ui/core.min.js?ver=1.13.3 HTTP/1.1" 200 6812 "https://basicconceptenergy.com/items/P72119068/" "Mozilla/5.0 (X11; Linux x86_64) AppleWebKit/537.36 (KHTML, like Gecko) Chrome/149.0.7827.200 Safari/537.36"
74.125.150.32 - - [16/Jul/2026:16:17:45 +0000] "GET /wp-content/uploads/2026/04/8.4-300x300.png HTTP/1.1" 200 28941 "https://basicconceptenergy.com/items/P72119068/" "Mozilla/5.0 (X11; Linux x86_64) AppleWebKit/537.36 (KHTML, like Gecko) Chrome/149.0.7827.200 Safari/537.36"
74.125.150.33 - - [16/Jul/2026:16:17:45 +0000] "GET /wp-content/uploads/2026/04/solar-2-300x300.png HTTP/1.1" 200 23106 "https://basicconceptenergy.com/items/P72119068/" "Mozilla/5.0 (X11; Linux x86_64) AppleWebKit/537.36 (KHTML, like Gecko) Chrome/149.0.7827.200 Safari/537.36"
74.125.150.32 - - [16/Jul/2026:16:17:44 +0000] "GET /wp-json/yith/wishlist/v1/products/?product_ids%5B0%5D=3936&product_ids%5B1%5D=3935&product_ids%5B2%5D=3937&product_ids%5B3%5D=2693&product_ids%5B4%5D=2704&product_ids%5B5%5D=2695&_locale=user HTTP/1.1" 200 0 "https://basicconceptenergy.com/items/V244064301/" "Mozilla/5.0 (X11; Linux x86_64) AppleWebKit/537.36 (KHTML, like Gecko) Chrome/149.0.7827.200 Safari/537.36"
209.42.17.20 - - [16/Jul/2026:16:17:56 +0000] "POST /wp-cron.php?doing_wp_cron=1784218676.8257970809936523437500 HTTP/1.1" 200 0 "-" "WordPress/7.0.1; https://basicconceptenergy.com"
74.125.150.32 - - [16/Jul/2026:16:17:48 +0000] "GET /wp-json/yith/wishlist/v1/lists/?_locale=user HTTP/1.1" 401 119 "https://basicconceptenergy.com/items/P72119068/" "Mozilla/5.0 (X11; Linux x86_64) AppleWebKit/537.36 (KHTML, like Gecko) Chrome/149.0.7827.200 Safari/537.36"
74.125.150.32 - - [16/Jul/2026:16:17:49 +0000] "POST /?wc-ajax=yith-woocompare-reload-compare HTTP/1.1" 200 380 "https://basicconceptenergy.com/items/P72119068/" "Mozilla/5.0 (X11; Linux x86_64) AppleWebKit/537.36 (KHTML, like Gecko) Chrome/149.0.7827.200 Safari/537.36"
74.125.150.32 - - [16/Jul/2026:16:18:03 +0000] "GET /wp-content/plugins/jetpack/jetpack_vendor/automattic/woocommerce-analytics/build/193.js?minify=false&ver=d0600ea7dd576bb65bec HTTP/1.1" 200 2865 "https://basicconceptenergy.com/items/P72119068/" "Mozilla/5.0 (X11; Linux x86_64) AppleWebKit/537.36 (KHTML, like Gecko) Chrome/149.0.7827.200 Safari/537.36"
74.125.150.32 - - [16/Jul/2026:16:18:02 +0000] "POST /?wc-ajax=get_refreshed_fragments HTTP/1.1" 200 367 "https://basicconceptenergy.com/items/P72119068/" "Mozilla/5.0 (X11; Linux x86_64) AppleWebKit/537.36 (KHTML, like Gecko) Chrome/149.0.7827.200 Safari/537.36"
74.125.150.32 - - [16/Jul/2026:16:18:02 +0000] "GET /wp-admin/admin-ajax.php?action=products_live_search&fn=get_ajax_search HTTP/1.1" 200 6 "https://basicconceptenergy.com/items/P72119068/" "Mozilla/5.0 (X11; Linux x86_64) AppleWebKit/537.36 (KHTML, like Gecko) Chrome/149.0.7827.200 Safari/537.36"
209.42.17.20 - - [16/Jul/2026:16:18:26 +0000] "POST /wp-cron.php?doing_wp_cron=1784218706.5217890739440917968750 HTTP/1.1" 200 0 "-" "WordPress/7.0.1; https://basicconceptenergy.com"
74.125.150.32 - - [16/Jul/2026:16:18:14 +0000] "GET /wp-json/yith/wishlist/v1/products/?product_ids%5B0%5D=3936&product_ids%5B1%5D=3935&product_ids%5B2%5D=3937&product_ids%5B3%5D=2693&product_ids%5B4%5D=2704&product_ids%5B5%5D=2695&_locale=user HTTP/1.1" 200 179 "https://basicconceptenergy.com/items/P72119068/" "Mozilla/5.0 (X11; Linux x86_64) AppleWebKit/537.36 (KHTML, like Gecko) Chrome/149.0.7827.200 Safari/537.36"
150.109.230.210 - - [16/Jul/2026:16:22:32 +0000] "GET /wp-content/uploads/2026/04/3-300x300.webp HTTP/1.1" 200 13092 "-" "Mozilla/5.0 (iPhone; CPU iPhone OS 13_2_3 like Mac OS X) AppleWebKit/605.1.15 (KHTML, like Gecko) Version/13.0.3 Mobile/15E148 Safari/604.1"
209.42.17.20 - - [16/Jul/2026:16:29:57 +0000] "POST /wp-cron.php?doing_wp_cron=1784219397.1219360828399658203125 HTTP/1.1" 200 0 "-" "WordPress/7.0.1; https://basicconceptenergy.com"
43.173.1.69 - - [16/Jul/2026:16:29:44 +0000] "GET /product-category/inverters/ HTTP/1.1" 200 35683 "-" "Mozilla/5.0 (iPhone; CPU iPhone OS 13_2_3 like Mac OS X) AppleWebKit/605.1.15 (KHTML, like Gecko) Version/13.0.3 Mobile/15E148 Safari/604.1"
209.42.17.20 - - [16/Jul/2026:16:31:42 +0000] "POST /wp-cron.php?doing_wp_cron=1784219502.3404769897460937500000 HTTP/1.1" 200 0 "-" "WordPress/7.0.1; https://basicconceptenergy.com"
66.249.68.33 - - [16/Jul/2026:16:31:32 +0000] "GET /items/S314764684/ HTTP/1.1" 404 31324 "-" "Mozilla/5.0 (Linux; Android 6.0.1; Nexus 5X Build/MMB29P) AppleWebKit/537.36 (KHTML, like Gecko) Chrome/150.0.7871.124 Mobile Safari/537.36 (compatible; Googlebot/2.1; +http://www.google.com/bot.html)"
209.42.17.20 - - [16/Jul/2026:16:36:02 +0000] "POST /wp-cron.php?doing_wp_cron=1784219762.6309731006622314453125 HTTP/1.1" 200 0 "-" "WordPress/7.0.1; https://basicconceptenergy.com"
5.133.192.140 - - [16/Jul/2026:16:35:50 +0000] "GET / HTTP/1.1" 200 57329 "-" "Mozilla/5.0 (Windows NT 10.0; Win64; x64) AppleWebKit/537.36 (KHTML, like Gecko) Chrome/105.0.0.0 Safari/537.36"
5.133.192.140 - - [16/Jul/2026:16:36:04 +0000] "GET /wp-content/uploads/2026/04/BASIC-CONCEPT-DESIGN-FILES-1.png HTTP/1.1" 200 7709 "-" "Mozilla/5.0 (Windows NT 10.0; Win64; x64) AppleWebKit/537.36 (KHTML, like Gecko) Chrome/105.0.0.0 Safari/537.36"
209.42.17.20 - - [16/Jul/2026:16:40:27 +0000] "POST /wp-cron.php?doing_wp_cron=1784220027.1142408847808837890625 HTTP/1.1" 200 0 "-" "WordPress/7.0.1; https://basicconceptenergy.com"
43.156.79.172 - - [16/Jul/2026:16:40:16 +0000] "GET /?add-to-cart=3938 HTTP/1.1" 200 58804 "-" "Mozilla/5.0 (iPhone; CPU iPhone OS 13_2_3 like Mac OS X) AppleWebKit/605.1.15 (KHTML, like Gecko) Version/13.0.3 Mobile/15E148 Safari/604.1"
40.77.167.75 - - [16/Jul/2026:16:42:10 +0000] "GET /wp-content/uploads/2026/04/7NUHLGblack6-3.png HTTP/2" 200 1993 "-" "Mozilla/5.0 AppleWebKit/537.36 (KHTML, like Gecko; compatible; bingbot/2.0; +http://www.bing.com/bingbot.htm) Chrome/116.0.1938.76 Safari/537.36"
209.42.17.20 - - [16/Jul/2026:16:49:57 +0000] "POST /wp-cron.php?doing_wp_cron=1784220597.9180030822753906250000 HTTP/1.1" 200 0 "-" "WordPress/7.0.1; https://basicconceptenergy.com"
66.249.68.34 - - [16/Jul/2026:16:49:46 +0000] "GET /items/O316017836/ HTTP/1.1" 404 31325 "-" "Mozilla/5.0 (Linux; Android 6.0.1; Nexus 5X Build/MMB29P) AppleWebKit/537.36 (KHTML, like Gecko) Chrome/150.0.7871.124 Mobile Safari/537.36 (compatible; Googlebot/2.1; +http://www.google.com/bot.html)"
209.42.17.20 - - [16/Jul/2026:16:50:44 +0000] "POST /wp-cron.php?doing_wp_cron=1784220644.8240079879760742187500 HTTP/1.1" 200 0 "-" "WordPress/7.0.1; https://basicconceptenergy.com"
129.226.174.80 - - [16/Jul/2026:16:50:33 +0000] "GET /surviving-sustainably-on-solar-energy-2023/embed/ HTTP/1.1" 200 7542 "-" "Mozilla/5.0 (iPhone; CPU iPhone OS 13_2_3 like Mac OS X) AppleWebKit/605.1.15 (KHTML, like Gecko) Version/13.0.3 Mobile/15E148 Safari/604.1"
43.166.237.57 - - [16/Jul/2026:17:01:07 +0000] "GET / HTTP/1.1" 200 57340 "-" "Mozilla/5.0 (iPhone; CPU iPhone OS 13_2_3 like Mac OS X) AppleWebKit/605.1.15 (KHTML, like Gecko) Version/13.0.3 Mobile/15E148 Safari/604.1"
209.42.17.20 - - [16/Jul/2026:17:01:20 +0000] "POST /wp-cron.php?doing_wp_cron=1784221280.3282630443572998046875 HTTP/1.1" 200 0 "-" "WordPress/7.0.1; https://basicconceptenergy.com"
209.42.17.20 - - [16/Jul/2026:17:04:02 +0000] "POST /wp-cron.php?doing_wp_cron=1784221442.8394110202789306640625 HTTP/1.1" 200 0 "-" "WordPress/7.0.1; https://basicconceptenergy.com"
66.249.68.34 - - [16/Jul/2026:17:03:50 +0000] "GET /items/I240716967/ HTTP/1.1" 404 31324 "-" "Mozilla/5.0 (Linux; Android 6.0.1; Nexus 5X Build/MMB29P) AppleWebKit/537.36 (KHTML, like Gecko) Chrome/150.0.7871.124 Mobile Safari/537.36 (compatible; Googlebot/2.1; +http://www.google.com/bot.html)"
66.249.68.32 - - [16/Jul/2026:17:04:10 +0000] "GET /items/Z57226654/ HTTP/1.1" 404 31541 "-" "Mozilla/5.0 (Linux; Android 6.0.1; Nexus 5X Build/MMB29P) AppleWebKit/537.36 (KHTML, like Gecko) Chrome/150.0.7871.124 Mobile Safari/537.36 (compatible; Googlebot/2.1; +http://www.google.com/bot.html)"
66.249.68.32 - - [16/Jul/2026:17:05:17 +0000] "GET /wp-content/plugins/essential-addons-for-elementor-lite/assets/front-end/img/image-masking/svg-shapes/ HTTP/1.1" 403 1242 "-" "Mozilla/5.0 (Linux; Android 6.0.1; Nexus 5X Build/MMB29P) AppleWebKit/537.36 (KHTML, like Gecko) Chrome/150.0.7871.124 Mobile Safari/537.36 (compatible; Googlebot/2.1; +http://www.google.com/bot.html)"
40.77.167.27 - - [16/Jul/2026:17:05:29 +0000] "GET /wp-content/uploads/2026/04/9KB7XWB-3-1024x683.jpg HTTP/2" 200 148813 "-" "Mozilla/5.0 AppleWebKit/537.36 (KHTML, like Gecko; compatible; bingbot/2.0; +http://www.bing.com/bingbot.htm) Chrome/116.0.1938.76 Safari/537.36"
209.42.17.20 - - [16/Jul/2026:17:08:25 +0000] "POST /wp-cron.php?doing_wp_cron=1784221705.9332880973815917968750 HTTP/1.1" 200 0 "-" "WordPress/7.0.1; https://basicconceptenergy.com"
66.249.68.33 - - [16/Jul/2026:17:08:23 +0000] "GET /items/U50320058/ HTTP/1.1" 404 31539 "-" "Mozilla/5.0 (Linux; Android 6.0.1; Nexus 5X Build/MMB29P) AppleWebKit/537.36 (KHTML, like Gecko) Chrome/150.0.7871.124 Mobile Safari/537.36 (compatible; Googlebot/2.1; +http://www.google.com/bot.html)"
124.156.204.51 - - [16/Jul/2026:17:08:52 +0000] "GET /?action=yith-woocompare-add-product&id=2693 HTTP/1.1" 302 0 "-" "Mozilla/5.0 (iPhone; CPU iPhone OS 13_2_3 like Mac OS X) AppleWebKit/605.1.15 (KHTML, like Gecko) Version/13.0.3 Mobile/15E148 Safari/604.1"
124.156.204.51 - - [16/Jul/2026:17:08:56 +0000] "GET / HTTP/1.1" 200 57732 "https://basicconceptenergy.com?action=yith-woocompare-add-product&id=2693" "Mozilla/5.0 (iPhone; CPU iPhone OS 13_2_3 like Mac OS X) AppleWebKit/605.1.15 (KHTML, like Gecko) Version/13.0.3 Mobile/15E148 Safari/604.1"
209.42.17.20 - - [16/Jul/2026:17:11:13 +0000] "POST /wp-cron.php?doing_wp_cron=1784221873.0524010658264160156250 HTTP/1.1" 200 0 "-" "WordPress/7.0.1; https://basicconceptenergy.com"
74.125.150.32 - - [16/Jul/2026:17:11:11 +0000] "GET /items/V244064301/ HTTP/1.1" 404 31272 "-" "Mozilla/5.0 (X11; Linux x86_64) AppleWebKit/537.36 (KHTML, like Gecko) Chrome/149.0.7827.200 Safari/537.36"
74.125.150.32 - - [16/Jul/2026:17:11:13 +0000] "GET /wp-content/themes/electro/assets/vendor/fontawesome/css/all.min.css?ver=3.6.9 HTTP/1.1" 200 21985 "https://basicconceptenergy.com/items/V244064301/" "Mozilla/5.0 (X11; Linux x86_64) AppleWebKit/537.36 (KHTML, like Gecko) Chrome/149.0.7827.200 Safari/537.36"
74.125.150.34 - - [16/Jul/2026:17:11:13 +0000] "GET /wp-content/plugins/elementor/assets/css/frontend.min.css?ver=4.0.4 HTTP/1.1" 200 6613 "https://basicconceptenergy.com/items/V244064301/" "Mozilla/5.0 (X11; Linux x86_64) AppleWebKit/537.36 (KHTML, like Gecko) Chrome/149.0.7827.200 Safari/537.36"
74.125.150.32 - - [16/Jul/2026:17:11:13 +0000] "GET /wp-content/plugins/yith-woocommerce-compare/assets/css/widget.css?ver=3.9.0 HTTP/1.1" 200 410 "https://basicconceptenergy.com/items/V244064301/" "Mozilla/5.0 (X11; Linux x86_64) AppleWebKit/537.36 (KHTML, like Gecko) Chrome/149.0.7827.200 Safari/537.36"
74.125.150.34 - - [16/Jul/2026:17:11:13 +0000] "GET /wp-content/plugins/elementor-pro/assets/css/widget-woocommerce-menu-cart.min.css?ver=4.0.4 HTTP/1.1" 200 2323 "https://basicconceptenergy.com/items/V244064301/" "Mozilla/5.0 (X11; Linux x86_64) AppleWebKit/537.36 (KHTML, like Gecko) Chrome/149.0.7827.200 Safari/537.36"
74.125.150.34 - - [16/Jul/2026:17:11:14 +0000] "GET /wp-content/plugins/elementor/assets/css/widget-spacer.min.css?ver=4.0.4 HTTP/1.1" 200 287 "https://basicconceptenergy.com/items/V244064301/" "Mozilla/5.0 (X11; Linux x86_64) AppleWebKit/537.36 (KHTML, like Gecko) Chrome/149.0.7827.200 Safari/537.36"
74.125.150.33 - - [16/Jul/2026:17:11:14 +0000] "GET /wp-content/plugins/revslider/public/css/sr7.css?ver=6.7.52 HTTP/1.1" 200 1409 "https://basicconceptenergy.com/items/V244064301/" "Mozilla/5.0 (X11; Linux x86_64) AppleWebKit/537.36 (KHTML, like Gecko) Chrome/149.0.7827.200 Safari/537.36"
74.125.150.34 - - [16/Jul/2026:17:11:14 +0000] "GET /wp-content/plugins/ti-woocommerce-wishlist/assets/css/public.min.css?ver=2.11.1 HTTP/1.1" 200 5294 "https://basicconceptenergy.com/items/V244064301/" "Mozilla/5.0 (X11; Linux x86_64) AppleWebKit/537.36 (KHTML, like Gecko) Chrome/149.0.7827.200 Safari/537.36"
74.125.150.34 - - [16/Jul/2026:17:11:14 +0000] "GET /wp-content/plugins/elementor/assets/css/conditionals/apple-webkit.min.css?ver=4.0.4 HTTP/1.1" 200 464 "https://basicconceptenergy.com/items/V244064301/" "Mozilla/5.0 (X11; Linux x86_64) AppleWebKit/537.36 (KHTML, like Gecko) Chrome/149.0.7827.200 Safari/537.36"
74.125.150.32 - - [16/Jul/2026:17:11:15 +0000] "GET /wp-content/uploads/elementor/css/post-43.css?ver=1780904844 HTTP/1.1" 200 1195 "https://basicconceptenergy.com/items/V244064301/" "Mozilla/5.0 (X11; Linux x86_64) AppleWebKit/537.36 (KHTML, like Gecko) Chrome/149.0.7827.200 Safari/537.36"
74.125.150.33 - - [16/Jul/2026:17:11:15 +0000] "GET /wp-content/plugins/woo-smart-quick-view/assets/libs/perfect-scrollbar/css/perfect-scrollbar.min.css?ver=7.0.1 HTTP/1.1" 200 507 "https://basicconceptenergy.com/items/V244064301/" "Mozilla/5.0 (X11; Linux x86_64) AppleWebKit/537.36 (KHTML, like Gecko) Chrome/149.0.7827.200 Safari/537.36"
74.125.150.33 - - [16/Jul/2026:17:11:15 +0000] "GET /wp-content/plugins/contact-form-7/includes/css/styles.css?ver=6.1.5 HTTP/1.1" 200 899 "https://basicconceptenergy.com/items/V244064301/" "Mozilla/5.0 (X11; Linux x86_64) AppleWebKit/537.36 (KHTML, like Gecko) Chrome/149.0.7827.200 Safari/537.36"
74.125.150.33 - - [16/Jul/2026:17:11:16 +0000] "GET /wp-content/plugins/jetpack/jetpack_vendor/automattic/jetpack-newsletter/build/reader-link.css?ver=6569e23e23e0349e92b7 HTTP/1.1" 200 751 "https://basicconceptenergy.com/items/V244064301/" "Mozilla/5.0 (X11; Linux x86_64) AppleWebKit/537.36 (KHTML, like Gecko) Chrome/149.0.7827.200 Safari/537.36"
74.125.150.33 - - [16/Jul/2026:17:11:16 +0000] "GET /wp-content/uploads/elementor/css/post-3884.css?ver=1780904847 HTTP/1.1" 200 1640 "https://basicconceptenergy.com/items/V244064301/" "Mozilla/5.0 (X11; Linux x86_64) AppleWebKit/537.36 (KHTML, like Gecko) Chrome/149.0.7827.200 Safari/537.36"
74.125.150.33 - - [16/Jul/2026:17:11:16 +0000] "GET /wp-includes/js/dist/vendor/wp-polyfill.min.js?ver=3.15.0 HTTP/1.1" 200 11581 "https://basicconceptenergy.com/items/V244064301/" "Mozilla/5.0 (X11; Linux x86_64) AppleWebKit/537.36 (KHTML, like Gecko) Chrome/149.0.7827.200 Safari/537.36"
74.125.150.32 - - [16/Jul/2026:17:11:16 +0000] "GET /wp-includes/js/dist/vendor/react.min.js?ver=18.3.1.1 HTTP/1.1" 200 4117 "https://basicconceptenergy.com/items/V244064301/" "Mozilla/5.0 (X11; Linux x86_64) AppleWebKit/537.36 (KHTML, like Gecko) Chrome/149.0.7827.200 Safari/537.36"
74.125.150.33 - - [16/Jul/2026:17:11:17 +0000] "GET /wp-includes/js/dist/vendor/react-dom.min.js?ver=18.3.1.1 HTTP/1.1" 200 41410 "https://basicconceptenergy.com/items/V244064301/" "Mozilla/5.0 (X11; Linux x86_64) AppleWebKit/537.36 (KHTML, like Gecko) Chrome/149.0.7827.200 Safari/537.36"
74.125.150.32 - - [16/Jul/2026:17:11:18 +0000] "GET /wp-content/plugins/woo-smart-quick-view/assets/libs/magnific-popup/jquery.magnific-popup.min.js?ver=4.3.1 HTTP/1.1" 200 7043 "https://basicconceptenergy.com/items/V244064301/" "Mozilla/5.0 (X11; Linux x86_64) AppleWebKit/537.36 (KHTML, like Gecko) Chrome/149.0.7827.200 Safari/537.36"
74.125.150.33 - - [16/Jul/2026:17:11:18 +0000] "GET /wp-content/plugins/woo-smart-quick-view/assets/js/frontend.js?ver=4.3.1 HTTP/1.1" 200 2170 "https://basicconceptenergy.com/items/V244064301/" "Mozilla/5.0 (X11; Linux x86_64) AppleWebKit/537.36 (KHTML, like Gecko) Chrome/149.0.7827.200 Safari/537.36"
74.125.150.33 - - [16/Jul/2026:17:11:18 +0000] "GET /wp-content/plugins/ti-woocommerce-wishlist/assets/js/public.min.js?ver=2.11.1 HTTP/1.1" 200 5635 "https://basicconceptenergy.com/items/V244064301/" "Mozilla/5.0 (X11; Linux x86_64) AppleWebKit/537.36 (KHTML, like Gecko) Chrome/149.0.7827.200 Safari/537.36"
74.125.150.33 - - [16/Jul/2026:17:11:19 +0000] "GET /wp-content/themes/electro/assets/js/bootstrap.bundle.min.js?ver=3.6.9 HTTP/1.1" 200 21633 "https://basicconceptenergy.com/items/V244064301/" "Mozilla/5.0 (X11; Linux x86_64) AppleWebKit/537.36 (KHTML, like Gecko) Chrome/149.0.7827.200 Safari/537.36"
74.125.150.32 - - [16/Jul/2026:17:11:19 +0000] "GET /wp-content/plugins/elementor/assets/js/frontend.min.js?ver=4.0.4 HTTP/1.1" 200 10050 "https://basicconceptenergy.com/items/V244064301/" "Mozilla/5.0 (X11; Linux x86_64) AppleWebKit/537.36 (KHTML, like Gecko) Chrome/149.0.7827.200 Safari/537.36"
74.125.150.32 - - [16/Jul/2026:17:11:20 +0000] "GET /wp-content/plugins/elementor-pro/assets/js/frontend.min.js?ver=4.0.4 HTTP/1.1" 200 6188 "https://basicconceptenergy.com/items/V244064301/" "Mozilla/5.0 (X11; Linux x86_64) AppleWebKit/537.36 (KHTML, like Gecko) Chrome/149.0.7827.200 Safari/537.36"
74.125.150.32 - - [16/Jul/2026:17:11:20 +0000] "GET /wp-content/plugins/elementor-pro/assets/js/elements-handlers.min.js?ver=4.0.4 HTTP/1.1" 200 10075 "https://basicconceptenergy.com/items/V244064301/" "Mozilla/5.0 (X11; Linux x86_64) AppleWebKit/537.36 (KHTML, like Gecko) Chrome/149.0.7827.200 Safari/537.36"
74.125.150.32 - - [16/Jul/2026:17:11:21 +0000] "GET /wp-content/plugins/revslider/public/js/libs/tptools.js?ver=6.7.52 HTTP/1.1" 200 72873 "https://basicconceptenergy.com/items/V244064301/" "Mozilla/5.0 (X11; Linux x86_64) AppleWebKit/537.36 (KHTML, like Gecko) Chrome/149.0.7827.200 Safari/537.36"
74.125.150.32 - - [16/Jul/2026:17:11:22 +0000] "GET /wp-content/plugins/revslider/public/js/sr7.js?ver=6.7.52 HTTP/1.1" 200 93099 "https://basicconceptenergy.com/items/V244064301/" "Mozilla/5.0 (X11; Linux x86_64) AppleWebKit/537.36 (KHTML, like Gecko) Chrome/149.0.7827.200 Safari/537.36"
74.125.150.32 - - [16/Jul/2026:17:11:23 +0000] "GET /wp-content/plugins/woocommerce/assets/js/zoom/jquery.zoom.min.js?ver=1.7.21-wc.10.7.0 HTTP/1.1" 200 1052 "https://basicconceptenergy.com/items/V244064301/" "Mozilla/5.0 (X11; Linux x86_64) AppleWebKit/537.36 (KHTML, like Gecko) Chrome/149.0.7827.200 Safari/537.36"
74.125.150.32 - - [16/Jul/2026:17:11:23 +0000] "GET /wp-content/plugins/woocommerce/assets/js/photoswipe/photoswipe-ui-default.min.js?ver=4.1.1-wc.10.7.0 HTTP/1.1" 200 3478 "https://basicconceptenergy.com/items/V244064301/" "Mozilla/5.0 (X11; Linux x86_64) AppleWebKit/537.36 (KHTML, like Gecko) Chrome/149.0.7827.200 Safari/537.36"
74.125.150.32 - - [16/Jul/2026:17:11:23 +0000] "GET /wp-content/themes/electro/assets/vendor/fontawesome/webfonts/fa-solid-900.woff2 HTTP/1.1" 200 156496 "https://basicconceptenergy.com/wp-content/themes/electro/assets/vendor/fontawesome/css/all.min.css?ver=3.6.9" "Mozilla/5.0 (X11; Linux x86_64) AppleWebKit/537.36 (KHTML, like Gecko) Chrome/149.0.7827.200 Safari/537.36"
209.42.17.20 - - [16/Jul/2026:17:11:25 +0000] "POST /wp-cron.php?doing_wp_cron=1784221885.8452908992767333984375 HTTP/1.1" 200 0 "-" "WordPress/7.0.1; https://basicconceptenergy.com"
74.125.150.32 - - [16/Jul/2026:17:11:23 +0000] "GET /wp-json/yith/wishlist/v1/lists/?_locale=user HTTP/1.1" 401 119 "https://basicconceptenergy.com/items/V244064301/" "Mozilla/5.0 (X11; Linux x86_64) AppleWebKit/537.36 (KHTML, like Gecko) Chrome/149.0.7827.200 Safari/537.36"
74.125.150.32 - - [16/Jul/2026:17:11:23 +0000] "POST /?wc-ajax=yith-woocompare-reload-compare HTTP/1.1" 200 380 "https://basicconceptenergy.com/items/V244064301/" "Mozilla/5.0 (X11; Linux x86_64) AppleWebKit/537.36 (KHTML, like Gecko) Chrome/149.0.7827.200 Safari/537.36"
74.125.150.32 - - [16/Jul/2026:17:11:26 +0000] "POST /?wc-ajax=get_refreshed_fragments HTTP/1.1" 200 367 "https://basicconceptenergy.com/items/V244064301/" "Mozilla/5.0 (X11; Linux x86_64) AppleWebKit/537.36 (KHTML, like Gecko) Chrome/149.0.7827.200 Safari/537.36"
74.125.150.32 - - [16/Jul/2026:17:11:26 +0000] "GET /wp-admin/admin-ajax.php?action=products_live_search&fn=get_ajax_search HTTP/1.1" 200 6 "https://basicconceptenergy.com/items/V244064301/" "Mozilla/5.0 (X11; Linux x86_64) AppleWebKit/537.36 (KHTML, like Gecko) Chrome/149.0.7827.200 Safari/537.36"
74.125.150.32 - - [16/Jul/2026:17:11:31 +0000] "GET /wp-content/plugins/elementor/assets/js/shared-frontend-handlers.03caa53373b56d3bab67.bundle.min.js HTTP/1.1" 200 2511 "https://basicconceptenergy.com/items/V244064301/" "Mozilla/5.0 (X11; Linux x86_64) AppleWebKit/537.36 (KHTML, like Gecko) Chrome/149.0.7827.200 Safari/537.36"
74.125.150.32 - - [16/Jul/2026:17:11:31 +0000] "GET /wp-content/plugins/elementor-pro/assets/js/woocommerce-menu-cart.33fbf47b819947e7a2a7.bundle.min.js HTTP/1.1" 200 1433 "https://basicconceptenergy.com/items/V244064301/" "Mozilla/5.0 (X11; Linux x86_64) AppleWebKit/537.36 (KHTML, like Gecko) Chrome/149.0.7827.200 Safari/537.36"
74.125.150.34 - - [16/Jul/2026:17:12:09 +0000] "GET /items/P72119068/ HTTP/1.1" 404 31487 "-" "Mozilla/5.0 (X11; Linux x86_64) AppleWebKit/537.36 (KHTML, like Gecko) Chrome/149.0.7827.200 Safari/537.36"
74.125.150.33 - - [16/Jul/2026:17:12:16 +0000] "GET /wp-json/yith/wishlist/v1/lists/?_locale=user HTTP/1.1" 401 119 "https://basicconceptenergy.com/items/P72119068/" "Mozilla/5.0 (X11; Linux x86_64) AppleWebKit/537.36 (KHTML, like Gecko) Chrome/149.0.7827.200 Safari/537.36"
74.125.150.32 - - [16/Jul/2026:17:12:16 +0000] "POST /?wc-ajax=yith-woocompare-reload-compare HTTP/1.1" 200 380 "https://basicconceptenergy.com/items/P72119068/" "Mozilla/5.0 (X11; Linux x86_64) AppleWebKit/537.36 (KHTML, like Gecko) Chrome/149.0.7827.200 Safari/537.36"
74.125.150.32 - - [16/Jul/2026:17:12:21 +0000] "GET /wp-admin/admin-ajax.php?action=products_live_search&fn=get_ajax_search HTTP/1.1" 200 6 "https://basicconceptenergy.com/items/P72119068/" "Mozilla/5.0 (X11; Linux x86_64) AppleWebKit/537.36 (KHTML, like Gecko) Chrome/149.0.7827.200 Safari/537.36"
74.125.150.32 - - [16/Jul/2026:17:12:21 +0000] "POST /?wc-ajax=get_refreshed_fragments HTTP/1.1" 200 367 "https://basicconceptenergy.com/items/P72119068/" "Mozilla/5.0 (X11; Linux x86_64) AppleWebKit/537.36 (KHTML, like Gecko) Chrome/149.0.7827.200 Safari/537.36"
209.42.17.20 - - [16/Jul/2026:17:16:57 +0000] "POST /wp-cron.php?doing_wp_cron=1784222217.5730619430541992187500 HTTP/1.1" 200 0 "-" "WordPress/7.0.1; https://basicconceptenergy.com"
66.249.68.33 - - [16/Jul/2026:17:16:55 +0000] "GET /items/H172509563/ HTTP/1.1" 404 31324 "-" "Mozilla/5.0 (Linux; Android 6.0.1; Nexus 5X Build/MMB29P) AppleWebKit/537.36 (KHTML, like Gecko) Chrome/150.0.7871.124 Mobile Safari/537.36 (compatible; Googlebot/2.1; +http://www.google.com/bot.html)"
66.249.68.33 - - [16/Jul/2026:17:17:17 +0000] "GET /items/P87499381/ HTTP/1.1" 404 31540 "-" "Mozilla/5.0 (Linux; Android 6.0.1; Nexus 5X Build/MMB29P) AppleWebKit/537.36 (KHTML, like Gecko) Chrome/150.0.7871.124 Mobile Safari/537.36 (compatible; Googlebot/2.1; +http://www.google.com/bot.html)"
101.32.15.141 - - [16/Jul/2026:17:17:57 +0000] "GET /product-category/inverters/?add-to-cart=2704 HTTP/1.1" 200 37199 "-" "Mozilla/5.0 (iPhone; CPU iPhone OS 13_2_3 like Mac OS X) AppleWebKit/605.1.15 (KHTML, like Gecko) Version/13.0.3 Mobile/15E148 Safari/604.1"
185.93.89.147 - - [16/Jul/2026:17:18:43 +0000] "GET / HTTP/1.1" 401 53 "-" "Mozilla/5.0 (compatible; jscrawler/0.1; +https://github.com/)"
40.77.167.63 - - [16/Jul/2026:17:18:52 +0000] "GET /wp-content/uploads/2026/04/KL7V2Q3-3-1024x683.jpg HTTP/2" 200 117945 "-" "Mozilla/5.0 AppleWebKit/537.36 (KHTML, like Gecko; compatible; bingbot/2.0; +http://www.bing.com/bingbot.htm) Chrome/116.0.1938.76 Safari/537.36"
209.42.17.20 - - [16/Jul/2026:17:26:17 +0000] "POST /wp-cron.php?doing_wp_cron=1784222777.2219669818878173828125 HTTP/1.1" 200 0 "-" "WordPress/7.0.1; https://basicconceptenergy.com"
66.249.68.34 - - [16/Jul/2026:17:26:14 +0000] "GET /items/Z283427604/ HTTP/1.1" 404 31325 "-" "Mozilla/5.0 (Linux; Android 6.0.1; Nexus 5X Build/MMB29P) AppleWebKit/537.36 (KHTML, like Gecko) Chrome/150.0.7871.124 Mobile Safari/537.36 (compatible; Googlebot/2.1; +http://www.google.com/bot.html)"
209.42.17.20 - - [16/Jul/2026:17:27:01 +0000] "POST /wp-cron.php?doing_wp_cron=1784222821.6821160316467285156250 HTTP/1.1" 200 0 "-" "WordPress/7.0.1; https://basicconceptenergy.com"
66.249.68.32 - - [16/Jul/2026:17:26:59 +0000] "GET /items/P46580008/ HTTP/1.1" 404 31540 "-" "Mozilla/5.0 (Linux; Android 6.0.1; Nexus 5X Build/MMB29P) AppleWebKit/537.36 (KHTML, like Gecko) Chrome/150.0.7871.124 Mobile Safari/537.36 (compatible; Googlebot/2.1; +http://www.google.com/bot.html)"
209.42.17.20 - - [16/Jul/2026:17:28:37 +0000] "POST /wp-cron.php?doing_wp_cron=1784222917.5131359100341796875000 HTTP/1.1" 200 0 "-" "WordPress/7.0.1; https://basicconceptenergy.com"
43.156.232.154 - - [16/Jul/2026:17:28:35 +0000] "GET /?action=yith-woocompare-add-product&id=2704 HTTP/1.1" 302 0 "-" "Mozilla/5.0 (iPhone; CPU iPhone OS 13_2_3 like Mac OS X) AppleWebKit/605.1.15 (KHTML, like Gecko) Version/13.0.3 Mobile/15E148 Safari/604.1"
43.156.232.154 - - [16/Jul/2026:17:28:40 +0000] "GET / HTTP/1.1" 200 57697 "https://basicconceptenergy.com?action=yith-woocompare-add-product&id=2704" "Mozilla/5.0 (iPhone; CPU iPhone OS 13_2_3 like Mac OS X) AppleWebKit/605.1.15 (KHTML, like Gecko) Version/13.0.3 Mobile/15E148 Safari/604.1"
44.215.199.25 - - [16/Jul/2026:17:29:04 +0000] "GET /robots.txt HTTP/1.1" 200 76 "-" "Mozilla/5.0 (Macintosh; Intel Mac OS X 10_10_1) AppleWebKit/600.2.5 (KHTML, like Gecko) Version/8.0.2 Safari/600.2.5 (Gort)"