HEX
Server: LiteSpeed
System: Linux s12873.lon1.stableserver.net 5.14.0-611.11.1.el9_7.x86_64 #1 SMP PREEMPT_DYNAMIC Wed Dec 3 09:47:37 EST 2025 x86_64
User: jairicem (1242)
PHP: 8.2.31
Disabled: NONE
Upload Files
File: //home/jairicem/access-logs/basicconceptenergy.com.oas.com.ng
209.42.17.20 - - [16/Jul/2026:12:40:28 +0000] "POST /wp-cron.php?doing_wp_cron=1784205628.5238358974456787109375 HTTP/1.1" 200 0 "-" "WordPress/7.0.1; https://basicconceptenergy.com"
2a06:98c0:3600::103 - - [16/Jul/2026:12:40:28 +0000] "GET /wp-admin/install.php?step=1 HTTP/1.1" 200 558 "-" "http://basicconceptenergy.com/wp-admin/install.php?step=1"
43.164.190.124 - - [16/Jul/2026:12:59:36 +0000] "GET / HTTP/1.1" 301 0 "-" "Mozilla/5.0 (iPhone; CPU iPhone OS 13_2_3 like Mac OS X) AppleWebKit/605.1.15 (KHTML, like Gecko) Version/13.0.3 Mobile/15E148 Safari/604.1"
124.221.163.189 - - [16/Jul/2026:14:22:11 +0000] "GET / HTTP/1.1" 301 0 "-" "Mozilla/5.0 (iPhone; CPU iPhone OS 13_2_3 like Mac OS X) AppleWebKit/605.1.15 (KHTML, like Gecko) Version/13.0.3 Mobile/15E148 Safari/604.1"
209.42.17.20 - - [16/Jul/2026:14:26:09 +0000] "POST /wp-cron.php?doing_wp_cron=1784211969.8256139755249023437500 HTTP/1.1" 200 0 "-" "WordPress/7.0.1; https://basicconceptenergy.com"
2a06:98c0:3600::103 - - [16/Jul/2026:14:26:09 +0000] "GET /wp-admin/install.php?step=1 HTTP/1.1" 200 558 "-" "http://basicconceptenergy.com/wp-admin/install.php?step=1"
116.211.236.110 - - [16/Jul/2026:14:42:09 +0000] "GET /wp-json/wp/v2/posts HTTP/1.0" 200 0 "-" "Mozilla/5.0 (Windows NT 10.0; Win64; x64) AppleWebKit/537.36 (KHTML, like Gecko) Chrome/120.0.0.0 Safari/537.36"
209.42.17.20 - - [16/Jul/2026:14:42:20 +0000] "POST /wp-cron.php?doing_wp_cron=1784212940.6248669624328613281250 HTTP/1.1" 200 0 "-" "WordPress/7.0.1; https://basicconceptenergy.com"
122.246.3.12 - - [16/Jul/2026:14:42:18 +0000] "GET /wp-json/wp/v2/posts HTTP/1.0" 200 2949 "-" "Mozilla/5.0 (Windows NT 10.0; Win64; x64) AppleWebKit/537.36 (KHTML, like Gecko) Chrome/120.0.0.0 Safari/537.36"
209.42.17.20 - - [16/Jul/2026:14:43:50 +0000] "POST /wp-cron.php?doing_wp_cron=1784213030.9217419624328613281250 HTTP/1.1" 200 0 "-" "WordPress/7.0.1; https://basicconceptenergy.com"
192.0.87.250 - - [16/Jul/2026:14:43:48 +0000] "GET /feed/ HTTP/1.1" 200 2883 "-" "wp.com feedbot/1.0 (+https://wp.com;subscribers=1;feed-id=178844265)"
209.42.17.20 - - [16/Jul/2026:16:07:12 +0000] "POST /wp-cron.php?doing_wp_cron=1784218032.3675088882446289062500 HTTP/1.1" 200 0 "-" "WordPress/7.0.1; https://basicconceptenergy.com"
2a06:98c0:3600::103 - - [16/Jul/2026:16:07:12 +0000] "GET /wp-admin/install.php?step=1 HTTP/1.1" 200 558 "-" "http://basicconceptenergy.com/wp-admin/install.php?step=1"
209.87.167.250 - - [16/Jul/2026:16:32:49 +0000] "GET /.env HTTP/1.1" 200 0 "-" "Mozilla/5.0 (Macintosh; Intel Mac OS X 10.15; rv:77.0) Gecko/20100101 Firefox/77.0"
209.42.17.20 - - [16/Jul/2026:16:33:03 +0000] "POST /wp-cron.php?doing_wp_cron=1784219583.2147901058197021484375 HTTP/1.1" 200 0 "-" "WordPress/7.0.1; https://basicconceptenergy.com"
209.42.17.20 - - [16/Jul/2026:16:44:20 +0000] "POST /wp-cron.php?doing_wp_cron=1784220260.3312959671020507812500 HTTP/1.1" 200 0 "-" "WordPress/7.0.1; https://basicconceptenergy.com"
134.199.149.108 - - [16/Jul/2026:16:44:18 +0000] "GET /wp-admin/install.php HTTP/1.1" 200 558 "-" "Mozilla/5.0 (Macintosh; Intel Mac OS X 10_10_1) AppleWebKit/537.36 (KHTML, like Gecko) Chrome/39.0.2171.95 Safari/537.36"
209.42.17.20 - - [16/Jul/2026:16:44:34 +0000] "POST /wp-cron.php?doing_wp_cron=1784220274.5235800743103027343750 HTTP/1.1" 200 0 "-" "WordPress/7.0.1; https://basicconceptenergy.com"
134.199.149.108 - - [16/Jul/2026:16:44:22 +0000] "GET /wp/wp-admin/install.php HTTP/1.1" 404 35764 "-" "Mozilla/5.0 (Macintosh; Intel Mac OS X 10_10_1) AppleWebKit/537.36 (KHTML, like Gecko) Chrome/39.0.2171.95 Safari/537.36"
134.199.149.108 - - [16/Jul/2026:16:44:37 +0000] "GET /new/wp-admin/install.php HTTP/1.1" 404 35766 "-" "Mozilla/5.0 (Macintosh; Intel Mac OS X 10_10_1) AppleWebKit/537.36 (KHTML, like Gecko) Chrome/39.0.2171.95 Safari/537.36"
209.42.17.20 - - [16/Jul/2026:16:45:07 +0000] "POST /wp-cron.php?doing_wp_cron=1784220307.9174830913543701171875 HTTP/1.1" 200 0 "-" "WordPress/7.0.1; https://basicconceptenergy.com"
134.199.149.108 - - [16/Jul/2026:16:44:55 +0000] "GET /old/wp-admin/install.php HTTP/1.1" 404 35768 "-" "Mozilla/5.0 (Macintosh; Intel Mac OS X 10_10_1) AppleWebKit/537.36 (KHTML, like Gecko) Chrome/39.0.2171.95 Safari/537.36"
134.199.149.108 - - [16/Jul/2026:16:45:09 +0000] "GET /wordpress/wp-admin/install.php HTTP/1.1" 404 35782 "-" "Mozilla/5.0 (Macintosh; Intel Mac OS X 10_10_1) AppleWebKit/537.36 (KHTML, like Gecko) Chrome/39.0.2171.95 Safari/537.36"
209.42.17.20 - - [16/Jul/2026:16:45:38 +0000] "POST /wp-cron.php?doing_wp_cron=1784220338.7231040000915527343750 HTTP/1.1" 200 0 "-" "WordPress/7.0.1; https://basicconceptenergy.com"
134.199.149.108 - - [16/Jul/2026:16:45:26 +0000] "GET /test/wp-admin/install.php HTTP/1.1" 404 35569 "-" "Mozilla/5.0 (Macintosh; Intel Mac OS X 10_10_1) AppleWebKit/537.36 (KHTML, like Gecko) Chrome/39.0.2171.95 Safari/537.36"
134.199.149.108 - - [16/Jul/2026:16:45:40 +0000] "GET /blog/wp-admin/install.php HTTP/1.1" 404 35772 "-" "Mozilla/5.0 (Macintosh; Intel Mac OS X 10_10_1) AppleWebKit/537.36 (KHTML, like Gecko) Chrome/39.0.2171.95 Safari/537.36"
134.199.149.108 - - [16/Jul/2026:16:45:58 +0000] "GET /cms/wp-admin/install.php HTTP/1.1" 404 35573 "-" "Mozilla/5.0 (Macintosh; Intel Mac OS X 10_10_1) AppleWebKit/537.36 (KHTML, like Gecko) Chrome/39.0.2171.95 Safari/537.36"
209.42.17.20 - - [16/Jul/2026:16:46:28 +0000] "POST /wp-cron.php?doing_wp_cron=1784220388.6295089721679687500000 HTTP/1.1" 200 0 "-" "WordPress/7.0.1; https://basicconceptenergy.com"
134.199.149.108 - - [16/Jul/2026:16:46:16 +0000] "GET /web/wp-admin/install.php HTTP/1.1" 404 35768 "-" "Mozilla/5.0 (Macintosh; Intel Mac OS X 10_10_1) AppleWebKit/537.36 (KHTML, like Gecko) Chrome/39.0.2171.95 Safari/537.36"
134.199.149.108 - - [16/Jul/2026:16:46:36 +0000] "GET /backup/wp-admin/install.php HTTP/1.1" 404 35771 "-" "Mozilla/5.0 (Macintosh; Intel Mac OS X 10_10_1) AppleWebKit/537.36 (KHTML, like Gecko) Chrome/39.0.2171.95 Safari/537.36"
134.199.149.108 - - [16/Jul/2026:16:46:52 +0000] "GET /site/wp-admin/install.php HTTP/1.1" 404 35769 "-" "Mozilla/5.0 (Macintosh; Intel Mac OS X 10_10_1) AppleWebKit/537.36 (KHTML, like Gecko) Chrome/39.0.2171.95 Safari/537.36"
134.199.149.108 - - [16/Jul/2026:16:47:08 +0000] "GET /oldsite/wp-admin/install.php HTTP/1.1" 404 35753 "-" "Mozilla/5.0 (Macintosh; Intel Mac OS X 10_10_1) AppleWebKit/537.36 (KHTML, like Gecko) Chrome/39.0.2171.95 Safari/537.36"
209.42.17.20 - - [16/Jul/2026:16:47:35 +0000] "POST /wp-cron.php?doing_wp_cron=1784220455.0310599803924560546875 HTTP/1.1" 200 0 "-" "WordPress/7.0.1; https://basicconceptenergy.com"
134.199.149.108 - - [16/Jul/2026:16:47:23 +0000] "GET /shop/wp-admin/install.php HTTP/1.1" 404 35569 "-" "Mozilla/5.0 (Macintosh; Intel Mac OS X 10_10_1) AppleWebKit/537.36 (KHTML, like Gecko) Chrome/39.0.2171.95 Safari/537.36"
101.193.66.33 - - [16/Jul/2026:16:51:21 +0000] "GET /wp-json/wp/v2/posts HTTP/1.1" 200 0 "-" "Mozilla/5.0 (Windows NT 10.0; Win64; x64) AppleWebKit/537.36 (KHTML, like Gecko) Chrome/120.0.0.0 Safari/537.36"
209.42.17.20 - - [16/Jul/2026:16:51:32 +0000] "POST /wp-cron.php?doing_wp_cron=1784220692.7326788902282714843750 HTTP/1.1" 200 0 "-" "WordPress/7.0.1; https://basicconceptenergy.com"