3.106.206.145 - - [15/Jul/2026:13:43:47 +0000] "GET /phpinfo.php~ HTTP/1.1" 401 53 "-" "Mozilla/5.0 (X11; Linux x86_64) AppleWebKit/537.36 (KHTML, like Gecko) Chrome/131.0.0.0 Safari/537.36"
3.106.206.145 - - [15/Jul/2026:13:43:47 +0000] "GET /info.php.bak HTTP/1.1" 401 53 "-" "Mozilla/5.0 (X11; Linux x86_64) AppleWebKit/537.36 (KHTML, like Gecko) Chrome/131.0.0.0 Safari/537.36"
3.106.206.145 - - [15/Jul/2026:13:43:48 +0000] "GET /phpinfo.php.save HTTP/1.1" 401 53 "-" "Mozilla/5.0 (X11; Linux x86_64) AppleWebKit/537.36 (KHTML, like Gecko) Chrome/131.0.0.0 Safari/537.36"
3.106.206.145 - - [15/Jul/2026:13:43:48 +0000] "GET /staging/phpinfo.php HTTP/1.1" 401 53 "-" "Mozilla/5.0 (X11; Linux x86_64) AppleWebKit/537.36 (KHTML, like Gecko) Chrome/131.0.0.0 Safari/537.36"
3.106.206.145 - - [15/Jul/2026:13:43:48 +0000] "GET /beta/phpinfo.php HTTP/1.1" 401 53 "-" "Mozilla/5.0 (X11; Linux x86_64) AppleWebKit/537.36 (KHTML, like Gecko) Chrome/131.0.0.0 Safari/537.36"
3.106.206.145 - - [15/Jul/2026:13:43:48 +0000] "GET /uat/phpinfo.php HTTP/1.1" 401 53 "-" "Mozilla/5.0 (X11; Linux x86_64) AppleWebKit/537.36 (KHTML, like Gecko) Chrome/131.0.0.0 Safari/537.36"
3.106.206.145 - - [15/Jul/2026:13:43:49 +0000] "GET /qa/phpinfo.php HTTP/1.1" 401 53 "-" "Mozilla/5.0 (X11; Linux x86_64) AppleWebKit/537.36 (KHTML, like Gecko) Chrome/131.0.0.0 Safari/537.36"
3.106.206.145 - - [15/Jul/2026:13:43:49 +0000] "GET /preview/phpinfo.php HTTP/1.1" 401 53 "-" "Mozilla/5.0 (X11; Linux x86_64) AppleWebKit/537.36 (KHTML, like Gecko) Chrome/131.0.0.0 Safari/537.36"
3.106.206.145 - - [15/Jul/2026:13:43:49 +0000] "GET /www/phpinfo.php HTTP/1.1" 401 53 "-" "Mozilla/5.0 (X11; Linux x86_64) AppleWebKit/537.36 (KHTML, like Gecko) Chrome/131.0.0.0 Safari/537.36"
3.106.206.145 - - [15/Jul/2026:13:43:50 +0000] "GET /htdocs/phpinfo.php HTTP/1.1" 401 53 "-" "Mozilla/5.0 (X11; Linux x86_64) AppleWebKit/537.36 (KHTML, like Gecko) Chrome/131.0.0.0 Safari/537.36"
3.106.206.145 - - [15/Jul/2026:13:43:50 +0000] "GET /public_html/phpinfo.php HTTP/1.1" 401 53 "-" "Mozilla/5.0 (X11; Linux x86_64) AppleWebKit/537.36 (KHTML, like Gecko) Chrome/131.0.0.0 Safari/537.36"
3.106.206.145 - - [15/Jul/2026:13:43:50 +0000] "GET /site/phpinfo.php HTTP/1.1" 401 53 "-" "Mozilla/5.0 (X11; Linux x86_64) AppleWebKit/537.36 (KHTML, like Gecko) Chrome/131.0.0.0 Safari/537.36"
3.106.206.145 - - [15/Jul/2026:13:43:50 +0000] "GET /docs/phpinfo.php HTTP/1.1" 401 53 "-" "Mozilla/5.0 (X11; Linux x86_64) AppleWebKit/537.36 (KHTML, like Gecko) Chrome/131.0.0.0 Safari/537.36"
3.106.206.145 - - [15/Jul/2026:13:43:51 +0000] "GET /wp-admin/phpinfo.php HTTP/1.1" 401 53 "-" "Mozilla/5.0 (X11; Linux x86_64) AppleWebKit/537.36 (KHTML, like Gecko) Chrome/131.0.0.0 Safari/537.36"
3.106.206.145 - - [15/Jul/2026:13:43:51 +0000] "GET /administrator/phpinfo.php HTTP/1.1" 401 53 "-" "Mozilla/5.0 (X11; Linux x86_64) AppleWebKit/537.36 (KHTML, like Gecko) Chrome/131.0.0.0 Safari/537.36"
3.106.206.145 - - [15/Jul/2026:13:43:51 +0000] "GET /core/phpinfo.php HTTP/1.1" 401 53 "-" "Mozilla/5.0 (X11; Linux x86_64) AppleWebKit/537.36 (KHTML, like Gecko) Chrome/131.0.0.0 Safari/537.36"
3.106.206.145 - - [15/Jul/2026:13:43:52 +0000] "GET /includes/phpinfo.php HTTP/1.1" 401 53 "-" "Mozilla/5.0 (X11; Linux x86_64) AppleWebKit/537.36 (KHTML, like Gecko) Chrome/131.0.0.0 Safari/537.36"
74.7.241.169 - - [15/Jul/2026:14:13:40 +0000] "GET /robots.txt HTTP/2" 404 1251 "-" "Mozilla/5.0 (Macintosh; Intel Mac OS X 10_15_7) AppleWebKit/537.36 (KHTML, like Gecko) Chrome/131.0.0.0 Safari/537.36; compatible; OAI-SearchBot/1.4; robots.txt; +https://openai.com/searchbot"
74.7.175.178 - - [15/Jul/2026:14:13:40 +0000] "GET /robots.txt HTTP/2" 404 1251 "-" "Mozilla/5.0 (Macintosh; Intel Mac OS X 10_15_7) AppleWebKit/537.36 (KHTML, like Gecko) Chrome/131.0.0.0 Safari/537.36; compatible; OAI-SearchBot/1.4; robots.txt; +https://openai.com/searchbot"
209.42.17.20 - - [15/Jul/2026:14:13:41 +0000] "POST /wp-cron.php?doing_wp_cron=1784124821.3866710662841796875000 HTTP/1.1" 200 0 "-" "WordPress/7.0.1; https://victoriousloycefoundation.org"
74.7.241.13 - - [15/Jul/2026:14:13:40 +0000] "GET / HTTP/2" 301 0 "-" "Mozilla/5.0 AppleWebKit/537.36 (KHTML, like Gecko; compatible; GPTBot/1.4; +https://openai.com/gptbot)"
74.7.241.10 - - [15/Jul/2026:14:13:40 +0000] "GET / HTTP/2" 200 18453 "-" "Mozilla/5.0 AppleWebKit/537.36 (KHTML, like Gecko; compatible; GPTBot/1.4; +https://openai.com/gptbot)"
74.7.175.170 - - [15/Jul/2026:14:13:42 +0000] "GET /robots.txt HTTP/2" 404 1251 "-" "Mozilla/5.0 (Macintosh; Intel Mac OS X 10_15_7) AppleWebKit/537.36 (KHTML, like Gecko) Chrome/131.0.0.0 Safari/537.36; compatible; OAI-SearchBot/1.4; robots.txt; +https://openai.com/searchbot"
74.7.227.38 - - [15/Jul/2026:14:13:42 +0000] "GET /wp-content/themes/loveus/style.css?ver=1784124821 HTTP/2" 200 26319 "https://www.victoriousloycefoundation.org.oas.com.ng" "Mozilla/5.0 AppleWebKit/537.36 (KHTML, like Gecko; compatible; GPTBot/1.4; +https://openai.com/gptbot)"
216.73.216.152 - - [15/Jul/2026:14:59:08 +0000] "GET /robots.txt HTTP/2" 200 300 "-" "Mozilla/5.0 AppleWebKit/537.36 (KHTML, like Gecko; compatible; ClaudeBot/1.0; +claudebot@anthropic.com)"
216.73.216.152 - - [15/Jul/2026:14:59:08 +0000] "GET /sitemap.xml HTTP/2" 200 300 "-" "Mozilla/5.0 AppleWebKit/537.36 (KHTML, like Gecko; compatible; ClaudeBot/1.0; +claudebot@anthropic.com)"
157.52.122.36 - - [15/Jul/2026:15:07:38 +0000] "GET /.git/config HTTP/1.1" 403 1242 "-" "git/2.39.2"
157.52.122.36 - - [15/Jul/2026:15:07:38 +0000] "GET /.git/HEAD HTTP/1.1" 403 1242 "-" "git/2.39.2"
66.249.68.136 - - [15/Jul/2026:15:14:38 +0000] "GET /robots.txt HTTP/1.1" 404 1251 "-" "Mozilla/5.0 (compatible; Googlebot/2.1; +http://www.google.com/bot.html)"
209.42.17.20 - - [15/Jul/2026:15:23:06 +0000] "GET / HTTP/1.1" 200 21179 "-" "WordPress/7.0.1; https://victoriousloycefoundation.org"
209.42.17.20 - - [15/Jul/2026:15:23:07 +0000] "GET / HTTP/1.1" 200 21205 "-" "WordPress/7.0.1; https://victoriousloycefoundation.org"
209.42.17.20 - - [15/Jul/2026:15:23:08 +0000] "GET / HTTP/1.1" 200 21204 "-" "WordPress/7.0.1; https://victoriousloycefoundation.org"
209.42.17.20 - - [15/Jul/2026:15:23:09 +0000] "GET / HTTP/1.1" 200 21179 "-" "WordPress/7.0.1; https://victoriousloycefoundation.org"
66.249.79.201 - - [15/Jul/2026:15:59:17 +0000] "GET /robots.txt HTTP/1.1" 404 1251 "-" "Mozilla/5.0 (compatible; Googlebot/2.1; +http://www.google.com/bot.html)"
216.73.217.63 - - [15/Jul/2026:17:52:33 +0000] "GET /robots.txt HTTP/2" 200 300 "-" "Mozilla/5.0 AppleWebKit/537.36 (KHTML, like Gecko; compatible; ClaudeBot/1.0; +claudebot@anthropic.com)"
216.73.217.63 - - [15/Jul/2026:17:52:33 +0000] "GET /sitemap.xml HTTP/2" 200 300 "-" "Mozilla/5.0 AppleWebKit/537.36 (KHTML, like Gecko; compatible; ClaudeBot/1.0; +claudebot@anthropic.com)"
209.42.17.20 - - [15/Jul/2026:18:22:31 +0000] "POST /wp-cron.php?doing_wp_cron=1784139751.4339520931243896484375 HTTP/1.1" 200 0 "-" "WordPress/7.0.1; https://victoriousloycefoundation.org"
198.235.24.216 - - [15/Jul/2026:18:22:30 +0000] "GET /wp-login.php HTTP/1.1" 200 6643 "-" "Hello from Palo Alto Networks, find out more about our scans in https://docs-cortex.paloaltonetworks.com/r/1/Cortex-Xpanse/Scanning-activity"
47.236.151.133 - - [15/Jul/2026:19:41:51 +0000] "GET /.env.dev HTTP/1.1" 404 1251 "-" "Mozilla/5.0 (compatible; SecurityResearch/1.0)"
47.236.37.56 - - [15/Jul/2026:19:41:51 +0000] "GET /config.js HTTP/1.1" 404 1251 "-" "Mozilla/5.0 (compatible; SecurityResearch/1.0)"
47.236.144.139 - - [15/Jul/2026:19:41:51 +0000] "GET /data.sql HTTP/1.1" 404 1251 "-" "Mozilla/5.0 (compatible; SecurityResearch/1.0)"
47.236.37.56 - - [15/Jul/2026:19:41:51 +0000] "GET /database.sql HTTP/1.1" 404 1251 "-" "Mozilla/5.0 (compatible; SecurityResearch/1.0)"
47.236.151.133 - - [15/Jul/2026:19:41:51 +0000] "GET /backup.sql HTTP/1.1" 404 1251 "-" "Mozilla/5.0 (compatible; SecurityResearch/1.0)"
47.236.172.82 - - [15/Jul/2026:19:41:51 +0000] "GET /settings.py HTTP/1.1" 404 1251 "-" "Mozilla/5.0 (compatible; SecurityResearch/1.0)"
47.236.144.139 - - [15/Jul/2026:19:41:51 +0000] "GET /.git/config HTTP/1.1" 403 1242 "-" "Mozilla/5.0 (compatible; SecurityResearch/1.0)"
47.236.172.82 - - [15/Jul/2026:19:41:51 +0000] "GET /.env.local HTTP/1.1" 404 1251 "-" "Mozilla/5.0 (compatible; SecurityResearch/1.0)"
47.236.175.149 - - [15/Jul/2026:19:41:51 +0000] "GET /config.json HTTP/1.1" 404 1251 "-" "Mozilla/5.0 (compatible; SecurityResearch/1.0)"
8.222.194.191 - - [15/Jul/2026:19:41:51 +0000] "GET /.env.staging HTTP/1.1" 404 1251 "-" "Mozilla/5.0 (compatible; SecurityResearch/1.0)"
8.219.151.53 - - [15/Jul/2026:19:41:51 +0000] "GET /.env.backup HTTP/1.1" 404 1251 "-" "Mozilla/5.0 (compatible; SecurityResearch/1.0)"
8.219.151.53 - - [15/Jul/2026:19:41:51 +0000] "GET /config.yml HTTP/1.1" 404 1251 "-" "Mozilla/5.0 (compatible; SecurityResearch/1.0)"
47.236.175.149 - - [15/Jul/2026:19:41:51 +0000] "GET /config.php HTTP/1.1" 404 1251 "-" "Mozilla/5.0 (compatible; SecurityResearch/1.0)"
47.236.57.37 - - [15/Jul/2026:19:41:51 +0000] "GET /docker-compose.yml HTTP/1.1" 404 1251 "-" "Mozilla/5.0 (compatible; SecurityResearch/1.0)"
8.219.151.53 - - [15/Jul/2026:19:41:51 +0000] "GET /db.sql HTTP/1.1" 404 1251 "-" "Mozilla/5.0 (compatible; SecurityResearch/1.0)"
47.236.57.37 - - [15/Jul/2026:19:41:51 +0000] "GET /dump.sql HTTP/1.1" 404 1251 "-" "Mozilla/5.0 (compatible; SecurityResearch/1.0)"
47.236.133.109 - - [15/Jul/2026:19:41:51 +0000] "GET /credentials.json HTTP/1.1" 404 1251 "-" "Mozilla/5.0 (compatible; SecurityResearch/1.0)"
8.222.157.193 - - [15/Jul/2026:19:41:51 +0000] "GET /.env HTTP/1.1" 404 1251 "-" "Mozilla/5.0 (compatible; SecurityResearch/1.0)"
47.236.57.37 - - [15/Jul/2026:19:41:51 +0000] "GET /secrets.json HTTP/1.1" 404 1251 "-" "Mozilla/5.0 (compatible; SecurityResearch/1.0)"
8.222.194.191 - - [15/Jul/2026:19:41:51 +0000] "GET /.env.production HTTP/1.1" 404 1251 "-" "Mozilla/5.0 (compatible; SecurityResearch/1.0)"
47.236.175.149 - - [15/Jul/2026:19:41:51 +0000] "GET /.htpasswd HTTP/1.1" 403 1242 "-" "Mozilla/5.0 (compatible; SecurityResearch/1.0)"
47.236.133.109 - - [15/Jul/2026:19:41:51 +0000] "GET /app/config/parameters.yml HTTP/1.1" 404 1251 "-" "Mozilla/5.0 (compatible; SecurityResearch/1.0)"
216.73.217.63 - - [15/Jul/2026:19:50:58 +0000] "GET /robots.txt HTTP/2" 200 300 "-" "Mozilla/5.0 AppleWebKit/537.36 (KHTML, like Gecko; compatible; ClaudeBot/1.0; +claudebot@anthropic.com)"
216.73.217.63 - - [15/Jul/2026:19:50:58 +0000] "GET /sitemap.xml HTTP/2" 200 300 "-" "Mozilla/5.0 AppleWebKit/537.36 (KHTML, like Gecko; compatible; ClaudeBot/1.0; +claudebot@anthropic.com)"
209.42.17.20 - - [15/Jul/2026:21:38:40 +0000] "POST /wp-cron.php?doing_wp_cron=1784151520.9190499782562255859375 HTTP/1.1" 200 0 "-" "WordPress/7.0.1; https://victoriousloycefoundation.org"
23.27.145.23 - - [15/Jul/2026:21:38:39 +0000] "GET / HTTP/1.1" 200 21190 "-" "Mozilla/5.0 (X11; Linux i686; rv:109.0) Gecko/20100101 Firefox/120.0"
209.42.17.20 - - [15/Jul/2026:21:38:41 +0000] "POST /wp-admin/admin-ajax.php?action=wp_1_wc_privacy_cleanup&nonce=173456f488 HTTP/1.1" 200 0 "-" "WordPress/7.0.1; https://victoriousloycefoundation.org"
138.246.253.24 - - [15/Jul/2026:22:07:40 +0000] "GET /robots.txt HTTP/1.1" 404 1251 "-" "Mozilla/5.0 (Windows NT 10.0; Win64; x64) AppleWebKit/537.36 (KHTML, like Gecko) Chrome/103.0.5060.134 Safari/537.36"
216.73.217.63 - - [15/Jul/2026:22:08:21 +0000] "GET /robots.txt HTTP/2" 200 300 "-" "Mozilla/5.0 AppleWebKit/537.36 (KHTML, like Gecko; compatible; ClaudeBot/1.0; +claudebot@anthropic.com)"
216.73.217.63 - - [15/Jul/2026:22:08:21 +0000] "GET /sitemap.xml HTTP/2" 200 300 "-" "Mozilla/5.0 AppleWebKit/537.36 (KHTML, like Gecko; compatible; ClaudeBot/1.0; +claudebot@anthropic.com)"
209.42.17.20 - - [15/Jul/2026:22:14:59 +0000] "POST /wp-cron.php?doing_wp_cron=1784153699.2189180850982666015625 HTTP/1.1" 200 0 "-" "WordPress/7.0.1; https://victoriousloycefoundation.org"
3.88.149.89 - - [15/Jul/2026:22:14:58 +0000] "GET / HTTP/2" 200 21189 "-" "Mozilla/5.0 (iPhone; CPU iPhone OS 18_7_8 like Mac OS X) AppleWebKit/605.1.15 (KHTML, like Gecko) Version/26.0 Mobile/15E148 Safari/604.1"
3.88.149.89 - - [15/Jul/2026:22:14:59 +0000] "GET /favicon.ico HTTP/2" 404 1251 "-" "okhttp/5.3.0"
3.88.149.89 - - [15/Jul/2026:22:14:59 +0000] "GET /favicon.png HTTP/2" 404 1251 "-" "okhttp/5.3.0"
209.42.17.20 - - [15/Jul/2026:22:15:48 +0000] "POST /wp-cron.php?doing_wp_cron=1784153748.5648128986358642578125 HTTP/1.1" 200 0 "-" "WordPress/7.0.1; https://victoriousloycefoundation.org"
3.88.149.89 - - [15/Jul/2026:22:15:47 +0000] "GET / HTTP/2" 200 18460 "-" "Mozilla/5.0 (iPhone; CPU iPhone OS 18_7_8 like Mac OS X) AppleWebKit/605.1.15 (KHTML, like Gecko) Version/26.0 Mobile/15E148 Safari/604.1"
3.88.149.89 - - [15/Jul/2026:22:15:49 +0000] "GET /wp-content/plugins/woocommerce/assets/client/blocks/coming-soon.css?ver=wc-10.9.3 HTTP/2" 200 594 "https://mail.victoriousloycefoundation.org/" "Mozilla/5.0 (iPhone; CPU iPhone OS 18_7_8 like Mac OS X) AppleWebKit/605.1.15 (KHTML, like Gecko) Version/26.0 Mobile/15E148 Safari/604.1"
3.88.149.89 - - [15/Jul/2026:22:15:49 +0000] "GET /wp-content/plugins/charitable/assets//css/elementor/charitable-elementor-editor.css?ver=1.8.11.2 HTTP/2" 200 773 "https://mail.victoriousloycefoundation.org/" "Mozilla/5.0 (iPhone; CPU iPhone OS 18_7_8 like Mac OS X) AppleWebKit/605.1.15 (KHTML, like Gecko) Version/26.0 Mobile/15E148 Safari/604.1"
3.88.149.89 - - [15/Jul/2026:22:15:49 +0000] "GET /wp-content/themes/loveus/assets/css/responsive.css?ver=1 HTTP/2" 200 3083 "https://mail.victoriousloycefoundation.org/" "Mozilla/5.0 (iPhone; CPU iPhone OS 18_7_8 like Mac OS X) AppleWebKit/605.1.15 (KHTML, like Gecko) Version/26.0 Mobile/15E148 Safari/604.1"
3.88.149.89 - - [15/Jul/2026:22:15:49 +0000] "GET /wp-content/themes/loveus/assets/css/theme-default/theme-default.css?ver=1 HTTP/2" 200 2047 "https://mail.victoriousloycefoundation.org/" "Mozilla/5.0 (iPhone; CPU iPhone OS 18_7_8 like Mac OS X) AppleWebKit/605.1.15 (KHTML, like Gecko) Version/26.0 Mobile/15E148 Safari/604.1"
3.88.149.89 - - [15/Jul/2026:22:15:49 +0000] "GET /wp-content/plugins/the-events-calendar/build/css/tribe-events-single-skeleton.css?ver=6.16.5.1 HTTP/2" 200 3356 "https://mail.victoriousloycefoundation.org/" "Mozilla/5.0 (iPhone; CPU iPhone OS 18_7_8 like Mac OS X) AppleWebKit/605.1.15 (KHTML, like Gecko) Version/26.0 Mobile/15E148 Safari/604.1"
3.88.149.89 - - [15/Jul/2026:22:15:49 +0000] "GET /wp-content/plugins/woocommerce/assets/css/woocommerce.css?ver=10.9.3 HTTP/2" 200 10470 "https://mail.victoriousloycefoundation.org/" "Mozilla/5.0 (iPhone; CPU iPhone OS 18_7_8 like Mac OS X) AppleWebKit/605.1.15 (KHTML, like Gecko) Version/26.0 Mobile/15E148 Safari/604.1"
3.88.149.89 - - [15/Jul/2026:22:15:49 +0000] "GET /wp-content/plugins/woocommerce/assets/css/woocommerce-layout.css?ver=10.9.3 HTTP/2" 200 3178 "https://mail.victoriousloycefoundation.org/" "Mozilla/5.0 (iPhone; CPU iPhone OS 18_7_8 like Mac OS X) AppleWebKit/605.1.15 (KHTML, like Gecko) Version/26.0 Mobile/15E148 Safari/604.1"
3.88.149.89 - - [15/Jul/2026:22:15:49 +0000] "GET /wp-content/plugins/contact-form-7/includes/css/styles.css?ver=6.1.6 HTTP/2" 200 902 "https://mail.victoriousloycefoundation.org/" "Mozilla/5.0 (iPhone; CPU iPhone OS 18_7_8 like Mac OS X) AppleWebKit/605.1.15 (KHTML, like Gecko) Version/26.0 Mobile/15E148 Safari/604.1"
3.88.149.89 - - [15/Jul/2026:22:15:49 +0000] "GET /wp-content/themes/loveus/assets/css/animate.css?ver=1 HTTP/2" 200 4291 "https://mail.victoriousloycefoundation.org/" "Mozilla/5.0 (iPhone; CPU iPhone OS 18_7_8 like Mac OS X) AppleWebKit/605.1.15 (KHTML, like Gecko) Version/26.0 Mobile/15E148 Safari/604.1"
3.88.149.89 - - [15/Jul/2026:22:15:49 +0000] "GET /wp-content/themes/loveus/assets/css/fontawesome-all.css?ver=1 HTTP/2" 200 11567 "https://mail.victoriousloycefoundation.org/" "Mozilla/5.0 (iPhone; CPU iPhone OS 18_7_8 like Mac OS X) AppleWebKit/605.1.15 (KHTML, like Gecko) Version/26.0 Mobile/15E148 Safari/604.1"
3.88.149.89 - - [15/Jul/2026:22:15:49 +0000] "GET /wp-content/themes/loveus/assets/css/bootstrap.css?ver=1 HTTP/2" 200 20951 "https://mail.victoriousloycefoundation.org/" "Mozilla/5.0 (iPhone; CPU iPhone OS 18_7_8 like Mac OS X) AppleWebKit/605.1.15 (KHTML, like Gecko) Version/26.0 Mobile/15E148 Safari/604.1"
3.88.149.89 - - [15/Jul/2026:22:15:49 +0000] "GET /wp-content/plugins/yith-woocommerce-quick-view/assets/css/yith-quick-view.css?ver=2.15.0 HTTP/2" 200 1870 "https://mail.victoriousloycefoundation.org/" "Mozilla/5.0 (iPhone; CPU iPhone OS 18_7_8 like Mac OS X) AppleWebKit/605.1.15 (KHTML, like Gecko) Version/26.0 Mobile/15E148 Safari/604.1"
3.88.149.89 - - [15/Jul/2026:22:15:49 +0000] "GET /wp-content/plugins/charitable/assets/css/charitable.min.css?ver=1.8.11.2 HTTP/2" 200 4259 "https://mail.victoriousloycefoundation.org/" "Mozilla/5.0 (iPhone; CPU iPhone OS 18_7_8 like Mac OS X) AppleWebKit/605.1.15 (KHTML, like Gecko) Version/26.0 Mobile/15E148 Safari/604.1"
3.88.149.89 - - [15/Jul/2026:22:15:49 +0000] "GET /wp-includes/css/dashicons.min.css?ver=7.0.1 HTTP/2" 200 35101 "https://mail.victoriousloycefoundation.org/" "Mozilla/5.0 (iPhone; CPU iPhone OS 18_7_8 like Mac OS X) AppleWebKit/605.1.15 (KHTML, like Gecko) Version/26.0 Mobile/15E148 Safari/604.1"
3.88.149.89 - - [15/Jul/2026:22:15:49 +0000] "GET /wp-content/plugins/woocommerce/assets/css/photoswipe/photoswipe.min.css?ver=10.9.3 HTTP/2" 200 846 "https://mail.victoriousloycefoundation.org/" "Mozilla/5.0 (iPhone; CPU iPhone OS 18_7_8 like Mac OS X) AppleWebKit/605.1.15 (KHTML, like Gecko) Version/26.0 Mobile/15E148 Safari/604.1"
3.88.149.89 - - [15/Jul/2026:22:15:49 +0000] "GET /wp-content/plugins/woocommerce/assets/client/blocks/wc-blocks.css?ver=wc-10.9.3 HTTP/2" 200 2391 "https://mail.victoriousloycefoundation.org/" "Mozilla/5.0 (iPhone; CPU iPhone OS 18_7_8 like Mac OS X) AppleWebKit/605.1.15 (KHTML, like Gecko) Version/26.0 Mobile/15E148 Safari/604.1"
3.88.149.89 - - [15/Jul/2026:22:15:49 +0000] "GET /wp-content/plugins/loveus-core/elementor-addons/assets/icon/style.css?ver=5.9.0 HTTP/2" 200 2123 "https://mail.victoriousloycefoundation.org/" "Mozilla/5.0 (iPhone; CPU iPhone OS 18_7_8 like Mac OS X) AppleWebKit/605.1.15 (KHTML, like Gecko) Version/26.0 Mobile/15E148 Safari/604.1"
3.88.149.89 - - [15/Jul/2026:22:15:49 +0000] "GET /wp-content/uploads/elementor/css/base-desktop.css?ver=6a4df823baa7a HTTP/2" 200 999 "https://mail.victoriousloycefoundation.org/" "Mozilla/5.0 (iPhone; CPU iPhone OS 18_7_8 like Mac OS X) AppleWebKit/605.1.15 (KHTML, like Gecko) Version/26.0 Mobile/15E148 Safari/604.1"
3.88.149.89 - - [15/Jul/2026:22:15:49 +0000] "GET /wp-content/plugins/woocommerce/assets/css/photoswipe/default-skin/default-skin.min.css?ver=10.9.3 HTTP/2" 200 1759 "https://mail.victoriousloycefoundation.org/" "Mozilla/5.0 (iPhone; CPU iPhone OS 18_7_8 like Mac OS X) AppleWebKit/605.1.15 (KHTML, like Gecko) Version/26.0 Mobile/15E148 Safari/604.1"
3.88.149.89 - - [15/Jul/2026:22:15:49 +0000] "GET /wp-content/plugins/the-events-calendar/build/css/integrations/plugins/elementor/widgets/widget-base.css?ver=6.16.5.1 HTTP/2" 200 300 "https://mail.victoriousloycefoundation.org/" "Mozilla/5.0 (iPhone; CPU iPhone OS 18_7_8 like Mac OS X) AppleWebKit/605.1.15 (KHTML, like Gecko) Version/26.0 Mobile/15E148 Safari/604.1"
3.88.149.89 - - [15/Jul/2026:22:15:49 +0000] "GET /wp-content/plugins/the-events-calendar/build/css/tribe-events-single-full.css?ver=6.16.5.1 HTTP/2" 200 3187 "https://mail.victoriousloycefoundation.org/" "Mozilla/5.0 (iPhone; CPU iPhone OS 18_7_8 like Mac OS X) AppleWebKit/605.1.15 (KHTML, like Gecko) Version/26.0 Mobile/15E148 Safari/604.1"
3.88.149.89 - - [15/Jul/2026:22:15:49 +0000] "GET /wp-content/themes/loveus/assets/css/flaticon.css?ver=1 HTTP/2" 200 2109 "https://mail.victoriousloycefoundation.org/" "Mozilla/5.0 (iPhone; CPU iPhone OS 18_7_8 like Mac OS X) AppleWebKit/605.1.15 (KHTML, like Gecko) Version/26.0 Mobile/15E148 Safari/604.1"
3.88.149.89 - - [15/Jul/2026:22:15:49 +0000] "GET /wp-content/uploads/elementor/css/post-217.css?ver=1783494691 HTTP/2" 200 500 "https://mail.victoriousloycefoundation.org/" "Mozilla/5.0 (iPhone; CPU iPhone OS 18_7_8 like Mac OS X) AppleWebKit/605.1.15 (KHTML, like Gecko) Version/26.0 Mobile/15E148 Safari/604.1"
3.88.149.89 - - [15/Jul/2026:22:15:49 +0000] "GET /wp-content/uploads/elementor/css/post-4438.css?ver=1783494691 HTTP/2" 200 342 "https://mail.victoriousloycefoundation.org/" "Mozilla/5.0 (iPhone; CPU iPhone OS 18_7_8 like Mac OS X) AppleWebKit/605.1.15 (KHTML, like Gecko) Version/26.0 Mobile/15E148 Safari/604.1"
3.88.149.89 - - [15/Jul/2026:22:15:49 +0000] "GET /wp-content/plugins/elementor/assets/css/frontend.min.css?ver=4.1.4 HTTP/2" 200 6613 "https://mail.victoriousloycefoundation.org/" "Mozilla/5.0 (iPhone; CPU iPhone OS 18_7_8 like Mac OS X) AppleWebKit/605.1.15 (KHTML, like Gecko) Version/26.0 Mobile/15E148 Safari/604.1"
3.88.149.89 - - [15/Jul/2026:22:15:49 +0000] "GET /wp-content/themes/loveus/assets/css/theme-default/shop-sidebar.css?ver=1 HTTP/2" 200 117 "https://mail.victoriousloycefoundation.org/" "Mozilla/5.0 (iPhone; CPU iPhone OS 18_7_8 like Mac OS X) AppleWebKit/605.1.15 (KHTML, like Gecko) Version/26.0 Mobile/15E148 Safari/604.1"
3.88.149.89 - - [15/Jul/2026:22:15:49 +0000] "GET /wp-content/themes/loveus/assets/css/line-awesome.css?ver=1 HTTP/2" 200 5821 "https://mail.victoriousloycefoundation.org/" "Mozilla/5.0 (iPhone; CPU iPhone OS 18_7_8 like Mac OS X) AppleWebKit/605.1.15 (KHTML, like Gecko) Version/26.0 Mobile/15E148 Safari/604.1"
3.88.149.89 - - [15/Jul/2026:22:15:49 +0000] "GET /wp-content/themes/loveus/assets/css/jquery.fancybox.min.css?ver=1 HTTP/2" 200 2938 "https://mail.victoriousloycefoundation.org/" "Mozilla/5.0 (iPhone; CPU iPhone OS 18_7_8 like Mac OS X) AppleWebKit/605.1.15 (KHTML, like Gecko) Version/26.0 Mobile/15E148 Safari/604.1"
3.88.149.89 - - [15/Jul/2026:22:15:49 +0000] "GET /wp-content/themes/loveus/assets/css/owl.css?ver=1 HTTP/2" 200 1239 "https://mail.victoriousloycefoundation.org/" "Mozilla/5.0 (iPhone; CPU iPhone OS 18_7_8 like Mac OS X) AppleWebKit/605.1.15 (KHTML, like Gecko) Version/26.0 Mobile/15E148 Safari/604.1"
3.88.149.89 - - [15/Jul/2026:22:15:49 +0000] "GET /wp-includes/js/jquery/jquery-migrate.min.js?ver=3.4.1 HTTP/2" 200 4678 "https://mail.victoriousloycefoundation.org/" "Mozilla/5.0 (iPhone; CPU iPhone OS 18_7_8 like Mac OS X) AppleWebKit/605.1.15 (KHTML, like Gecko) Version/26.0 Mobile/15E148 Safari/604.1"
3.88.149.89 - - [15/Jul/2026:22:15:49 +0000] "GET /wp-content/plugins/charitable/assets/js/charitable-session.min.js?ver=1.8.11.2 HTTP/2" 200 658 "https://mail.victoriousloycefoundation.org/" "Mozilla/5.0 (iPhone; CPU iPhone OS 18_7_8 like Mac OS X) AppleWebKit/605.1.15 (KHTML, like Gecko) Version/26.0 Mobile/15E148 Safari/604.1"
3.88.149.89 - - [15/Jul/2026:22:15:49 +0000] "GET /wp-content/plugins/charitable/assets/js/libraries/js-cookie.min.js?ver=2.1.4 HTTP/2" 200 813 "https://mail.victoriousloycefoundation.org/" "Mozilla/5.0 (iPhone; CPU iPhone OS 18_7_8 like Mac OS X) AppleWebKit/605.1.15 (KHTML, like Gecko) Version/26.0 Mobile/15E148 Safari/604.1"
3.88.149.89 - - [15/Jul/2026:22:15:49 +0000] "GET /wp-content/plugins/contact-form-7/includes/swv/js/index.js?ver=6.1.6 HTTP/2" 200 3369 "https://mail.victoriousloycefoundation.org/" "Mozilla/5.0 (iPhone; CPU iPhone OS 18_7_8 like Mac OS X) AppleWebKit/605.1.15 (KHTML, like Gecko) Version/26.0 Mobile/15E148 Safari/604.1"
3.88.149.89 - - [15/Jul/2026:22:15:49 +0000] "GET /wp-includes/js/dist/i18n.min.js?ver=781d11515ad3d91786ec HTTP/2" 200 2354 "https://mail.victoriousloycefoundation.org/" "Mozilla/5.0 (iPhone; CPU iPhone OS 18_7_8 like Mac OS X) AppleWebKit/605.1.15 (KHTML, like Gecko) Version/26.0 Mobile/15E148 Safari/604.1"
3.88.149.89 - - [15/Jul/2026:22:15:49 +0000] "GET /wp-includes/js/dist/hooks.min.js?ver=7496969728ca0f95732d HTTP/2" 200 1734 "https://mail.victoriousloycefoundation.org/" "Mozilla/5.0 (iPhone; CPU iPhone OS 18_7_8 like Mac OS X) AppleWebKit/605.1.15 (KHTML, like Gecko) Version/26.0 Mobile/15E148 Safari/604.1"
3.88.149.89 - - [15/Jul/2026:22:15:49 +0000] "GET /wp-content/plugins/the-events-calendar/common/build/js/user-agent.js?ver=da75d0bdea6dde3898df HTTP/2" 200 171 "https://mail.victoriousloycefoundation.org/" "Mozilla/5.0 (iPhone; CPU iPhone OS 18_7_8 like Mac OS X) AppleWebKit/605.1.15 (KHTML, like Gecko) Version/26.0 Mobile/15E148 Safari/604.1"
3.88.149.89 - - [15/Jul/2026:22:15:49 +0000] "GET /wp-content/plugins/charitable/assets/js/elementor/charitable-elementor-preview.js?ver=1.8.11.2 HTTP/2" 200 547 "https://mail.victoriousloycefoundation.org/" "Mozilla/5.0 (iPhone; CPU iPhone OS 18_7_8 like Mac OS X) AppleWebKit/605.1.15 (KHTML, like Gecko) Version/26.0 Mobile/15E148 Safari/604.1"
3.88.149.89 - - [15/Jul/2026:22:15:49 +0000] "GET /wp-content/plugins/loveus-core/elementor-addons/assets/js/addons-script.js?ver=1 HTTP/2" 200 433 "https://mail.victoriousloycefoundation.org/" "Mozilla/5.0 (iPhone; CPU iPhone OS 18_7_8 like Mac OS X) AppleWebKit/605.1.15 (KHTML, like Gecko) Version/26.0 Mobile/15E148 Safari/604.1"
3.88.149.89 - - [15/Jul/2026:22:15:49 +0000] "GET /wp-content/plugins/loveus-core/elementor-addons/assets/js/lazyload.js?ver=1 HTTP/2" 200 3453 "https://mail.victoriousloycefoundation.org/" "Mozilla/5.0 (iPhone; CPU iPhone OS 18_7_8 like Mac OS X) AppleWebKit/605.1.15 (KHTML, like Gecko) Version/26.0 Mobile/15E148 Safari/604.1"
3.88.149.89 - - [15/Jul/2026:22:15:49 +0000] "GET /wp-content/themes/loveus/assets/js/appear.js?ver=7.0.1 HTTP/2" 200 1234 "https://mail.victoriousloycefoundation.org/" "Mozilla/5.0 (iPhone; CPU iPhone OS 18_7_8 like Mac OS X) AppleWebKit/605.1.15 (KHTML, like Gecko) Version/26.0 Mobile/15E148 Safari/604.1"
3.88.149.89 - - [15/Jul/2026:22:15:49 +0000] "GET /wp-content/themes/loveus/assets/js/owl.js?ver=7.0.1 HTTP/2" 200 10974 "https://mail.victoriousloycefoundation.org/" "Mozilla/5.0 (iPhone; CPU iPhone OS 18_7_8 like Mac OS X) AppleWebKit/605.1.15 (KHTML, like Gecko) Version/26.0 Mobile/15E148 Safari/604.1"
3.88.149.89 - - [15/Jul/2026:22:15:49 +0000] "GET /wp-content/themes/loveus/assets/js/bootstrap.min.js?ver=7.0.1 HTTP/2" 200 14739 "https://mail.victoriousloycefoundation.org/" "Mozilla/5.0 (iPhone; CPU iPhone OS 18_7_8 like Mac OS X) AppleWebKit/605.1.15 (KHTML, like Gecko) Version/26.0 Mobile/15E148 Safari/604.1"
3.88.149.89 - - [15/Jul/2026:22:15:49 +0000] "GET /wp-content/themes/loveus/assets/js/popper.min.js?ver=7.0.1 HTTP/2" 200 7181 "https://mail.victoriousloycefoundation.org/" "Mozilla/5.0 (iPhone; CPU iPhone OS 18_7_8 like Mac OS X) AppleWebKit/605.1.15 (KHTML, like Gecko) Version/26.0 Mobile/15E148 Safari/604.1"
3.88.149.89 - - [15/Jul/2026:22:15:49 +0000] "GET /wp-content/plugins/yith-woocommerce-quick-view/assets/js/frontend.min.js?ver=2.15.0 HTTP/2" 200 814 "https://mail.victoriousloycefoundation.org/" "Mozilla/5.0 (iPhone; CPU iPhone OS 18_7_8 like Mac OS X) AppleWebKit/605.1.15 (KHTML, like Gecko) Version/26.0 Mobile/15E148 Safari/604.1"
3.88.149.89 - - [15/Jul/2026:22:15:49 +0000] "GET /wp-content/plugins/charitable/assets/js/charitable-frontend.min.js?ver=1.8.11.2 HTTP/2" 200 833 "https://mail.victoriousloycefoundation.org/" "Mozilla/5.0 (iPhone; CPU iPhone OS 18_7_8 like Mac OS X) AppleWebKit/605.1.15 (KHTML, like Gecko) Version/26.0 Mobile/15E148 Safari/604.1"
3.88.149.89 - - [15/Jul/2026:22:15:49 +0000] "GET /wp-content/plugins/contact-form-7/includes/js/index.js?ver=6.1.6 HTTP/2" 200 4008 "https://mail.victoriousloycefoundation.org/" "Mozilla/5.0 (iPhone; CPU iPhone OS 18_7_8 like Mac OS X) AppleWebKit/605.1.15 (KHTML, like Gecko) Version/26.0 Mobile/15E148 Safari/604.1"
3.88.149.89 - - [15/Jul/2026:22:15:49 +0000] "GET /wp-includes/js/underscore.min.js?ver=1.13.8 HTTP/2" 200 7228 "https://mail.victoriousloycefoundation.org/" "Mozilla/5.0 (iPhone; CPU iPhone OS 18_7_8 like Mac OS X) AppleWebKit/605.1.15 (KHTML, like Gecko) Version/26.0 Mobile/15E148 Safari/604.1"
3.88.149.89 - - [15/Jul/2026:22:15:49 +0000] "GET /wp-content/themes/loveus/style.css?ver=1784153748 HTTP/2" 200 26319 "https://mail.victoriousloycefoundation.org/" "Mozilla/5.0 (iPhone; CPU iPhone OS 18_7_8 like Mac OS X) AppleWebKit/605.1.15 (KHTML, like Gecko) Version/26.0 Mobile/15E148 Safari/604.1"
3.88.149.89 - - [15/Jul/2026:22:15:49 +0000] "GET /wp-content/plugins/the-events-calendar/common/build/js/underscore-before.js HTTP/2" 200 192 "https://mail.victoriousloycefoundation.org/" "Mozilla/5.0 (iPhone; CPU iPhone OS 18_7_8 like Mac OS X) AppleWebKit/605.1.15 (KHTML, like Gecko) Version/26.0 Mobile/15E148 Safari/604.1"
3.88.149.89 - - [15/Jul/2026:22:15:49 +0000] "GET /wp-content/plugins/woocommerce/assets/js/frontend/order-attribution.min.js?ver=10.9.3 HTTP/2" 200 1020 "https://mail.victoriousloycefoundation.org/" "Mozilla/5.0 (iPhone; CPU iPhone OS 18_7_8 like Mac OS X) AppleWebKit/605.1.15 (KHTML, like Gecko) Version/26.0 Mobile/15E148 Safari/604.1"
3.88.149.89 - - [15/Jul/2026:22:15:50 +0000] "GET /wp-content/plugins/woocommerce/assets/js/sourcebuster/sourcebuster.min.js?ver=10.9.3 HTTP/2" 200 4609 "https://mail.victoriousloycefoundation.org/" "Mozilla/5.0 (iPhone; CPU iPhone OS 18_7_8 like Mac OS X) AppleWebKit/605.1.15 (KHTML, like Gecko) Version/26.0 Mobile/15E148 Safari/604.1"
3.88.149.89 - - [15/Jul/2026:22:15:50 +0000] "GET /wp-content/themes/loveus/js/skip-link-focus-fix.js?ver=20151215 HTTP/2" 200 353 "https://mail.victoriousloycefoundation.org/" "Mozilla/5.0 (iPhone; CPU iPhone OS 18_7_8 like Mac OS X) AppleWebKit/605.1.15 (KHTML, like Gecko) Version/26.0 Mobile/15E148 Safari/604.1"
3.88.149.89 - - [15/Jul/2026:22:15:50 +0000] "GET /wp-content/themes/loveus/js/navigation.js?ver=20151215 HTTP/2" 200 974 "https://mail.victoriousloycefoundation.org/" "Mozilla/5.0 (iPhone; CPU iPhone OS 18_7_8 like Mac OS X) AppleWebKit/605.1.15 (KHTML, like Gecko) Version/26.0 Mobile/15E148 Safari/604.1"
3.88.149.89 - - [15/Jul/2026:22:15:50 +0000] "GET /wp-content/themes/loveus/assets/js/script.js?ver=7.0.1 HTTP/2" 200 1974 "https://mail.victoriousloycefoundation.org/" "Mozilla/5.0 (iPhone; CPU iPhone OS 18_7_8 like Mac OS X) AppleWebKit/605.1.15 (KHTML, like Gecko) Version/26.0 Mobile/15E148 Safari/604.1"
3.88.149.89 - - [15/Jul/2026:22:15:50 +0000] "GET /wp-content/themes/loveus/assets/js/wow.js?ver=7.0.1 HTTP/2" 200 2037 "https://mail.victoriousloycefoundation.org/" "Mozilla/5.0 (iPhone; CPU iPhone OS 18_7_8 like Mac OS X) AppleWebKit/605.1.15 (KHTML, like Gecko) Version/26.0 Mobile/15E148 Safari/604.1"
3.88.149.89 - - [15/Jul/2026:22:15:50 +0000] "GET /wp-includes/js/wp-util.min.js?ver=7.0.1 HTTP/2" 200 693 "https://mail.victoriousloycefoundation.org/" "Mozilla/5.0 (iPhone; CPU iPhone OS 18_7_8 like Mac OS X) AppleWebKit/605.1.15 (KHTML, like Gecko) Version/26.0 Mobile/15E148 Safari/604.1"
3.88.149.89 - - [15/Jul/2026:22:15:50 +0000] "GET /wp-content/plugins/the-events-calendar/common/build/js/underscore-after.js HTTP/2" 200 112 "https://mail.victoriousloycefoundation.org/" "Mozilla/5.0 (iPhone; CPU iPhone OS 18_7_8 like Mac OS X) AppleWebKit/605.1.15 (KHTML, like Gecko) Version/26.0 Mobile/15E148 Safari/604.1"
3.88.149.89 - - [15/Jul/2026:22:15:49 +0000] "GET /wp-includes/js/jquery/jquery.min.js?ver=3.7.1 HTTP/2" 200 29744 "https://mail.victoriousloycefoundation.org/" "Mozilla/5.0 (iPhone; CPU iPhone OS 18_7_8 like Mac OS X) AppleWebKit/605.1.15 (KHTML, like Gecko) Version/26.0 Mobile/15E148 Safari/604.1"
3.88.149.89 - - [15/Jul/2026:22:15:49 +0000] "GET /wp-content/themes/loveus/assets/js/jquery.fancybox.js?ver=7.0.1 HTTP/2" 200 18492 "https://mail.victoriousloycefoundation.org/" "Mozilla/5.0 (iPhone; CPU iPhone OS 18_7_8 like Mac OS X) AppleWebKit/605.1.15 (KHTML, like Gecko) Version/26.0 Mobile/15E148 Safari/604.1"
3.88.149.89 - - [15/Jul/2026:22:15:50 +0000] "GET /wp-content/plugins/woocommerce/assets/js/jquery-blockui/jquery.blockUI.min.js?ver=2.7.0-wc.10.9.3 HTTP/2" 200 3277 "https://mail.victoriousloycefoundation.org/" "Mozilla/5.0 (iPhone; CPU iPhone OS 18_7_8 like Mac OS X) AppleWebKit/605.1.15 (KHTML, like Gecko) Version/26.0 Mobile/15E148 Safari/604.1"
3.88.149.89 - - [15/Jul/2026:22:15:50 +0000] "GET /wp-content/plugins/woocommerce/assets/js/frontend/add-to-cart.min.js?ver=10.9.3 HTTP/2" 200 1296 "https://mail.victoriousloycefoundation.org/" "Mozilla/5.0 (iPhone; CPU iPhone OS 18_7_8 like Mac OS X) AppleWebKit/605.1.15 (KHTML, like Gecko) Version/26.0 Mobile/15E148 Safari/604.1"
3.88.149.89 - - [15/Jul/2026:22:15:50 +0000] "GET /wp-content/plugins/woocommerce/assets/js/js-cookie/js.cookie.min.js?ver=2.1.4-wc.10.9.3 HTTP/2" 200 760 "https://mail.victoriousloycefoundation.org/" "Mozilla/5.0 (iPhone; CPU iPhone OS 18_7_8 like Mac OS X) AppleWebKit/605.1.15 (KHTML, like Gecko) Version/26.0 Mobile/15E148 Safari/604.1"
3.88.149.89 - - [15/Jul/2026:22:15:50 +0000] "GET /wp-content/plugins/woocommerce/assets/js/frontend/woocommerce.min.js?ver=10.9.3 HTTP/2" 200 1384 "https://mail.victoriousloycefoundation.org/" "Mozilla/5.0 (iPhone; CPU iPhone OS 18_7_8 like Mac OS X) AppleWebKit/605.1.15 (KHTML, like Gecko) Version/26.0 Mobile/15E148 Safari/604.1"
3.88.149.89 - - [15/Jul/2026:22:15:50 +0000] "GET /wp-content/plugins/woocommerce/assets/js/frontend/add-to-cart-variation.min.js?ver=10.9.3 HTTP/2" 200 4131 "https://mail.victoriousloycefoundation.org/" "Mozilla/5.0 (iPhone; CPU iPhone OS 18_7_8 like Mac OS X) AppleWebKit/605.1.15 (KHTML, like Gecko) Version/26.0 Mobile/15E148 Safari/604.1"
3.88.149.89 - - [15/Jul/2026:22:15:50 +0000] "GET /wp-content/plugins/woocommerce/assets/js/zoom/jquery.zoom.min.js?ver=1.7.21-wc.10.9.3 HTTP/2" 200 1052 "https://mail.victoriousloycefoundation.org/" "Mozilla/5.0 (iPhone; CPU iPhone OS 18_7_8 like Mac OS X) AppleWebKit/605.1.15 (KHTML, like Gecko) Version/26.0 Mobile/15E148 Safari/604.1"
3.88.149.89 - - [15/Jul/2026:22:15:50 +0000] "GET /wp-content/plugins/woocommerce/assets/js/photoswipe/photoswipe.min.js?ver=4.1.1-wc.10.9.3 HTTP/2" 200 11652 "https://mail.victoriousloycefoundation.org/" "Mozilla/5.0 (iPhone; CPU iPhone OS 18_7_8 like Mac OS X) AppleWebKit/605.1.15 (KHTML, like Gecko) Version/26.0 Mobile/15E148 Safari/604.1"
3.88.149.89 - - [15/Jul/2026:22:15:50 +0000] "GET /wp-content/plugins/woocommerce/assets/js/photoswipe/photoswipe-ui-default.min.js?ver=4.1.1-wc.10.9.3 HTTP/2" 200 3478 "https://mail.victoriousloycefoundation.org/" "Mozilla/5.0 (iPhone; CPU iPhone OS 18_7_8 like Mac OS X) AppleWebKit/605.1.15 (KHTML, like Gecko) Version/26.0 Mobile/15E148 Safari/604.1"
3.88.149.89 - - [15/Jul/2026:22:15:50 +0000] "GET /wp-content/plugins/woocommerce/assets/fonts/cardo_normal_400.woff2 HTTP/2" 200 146060 "https://mail.victoriousloycefoundation.org/" "Mozilla/5.0 (iPhone; CPU iPhone OS 18_7_8 like Mac OS X) AppleWebKit/605.1.15 (KHTML, like Gecko) Version/26.0 Mobile/15E148 Safari/604.1"
3.88.149.89 - - [15/Jul/2026:22:15:50 +0000] "GET /wp-content/plugins/woocommerce/assets/fonts/Inter-VariableFont_slnt,wght.woff2 HTTP/2" 200 326628 "https://mail.victoriousloycefoundation.org/" "Mozilla/5.0 (iPhone; CPU iPhone OS 18_7_8 like Mac OS X) AppleWebKit/605.1.15 (KHTML, like Gecko) Version/26.0 Mobile/15E148 Safari/604.1"
3.88.149.89 - - [15/Jul/2026:22:15:50 +0000] "GET /wp-content/plugins/woocommerce/assets/js/frontend/single-product.min.js?ver=10.9.3 HTTP/2" 200 2700 "https://mail.victoriousloycefoundation.org/" "Mozilla/5.0 (iPhone; CPU iPhone OS 18_7_8 like Mac OS X) AppleWebKit/605.1.15 (KHTML, like Gecko) Version/26.0 Mobile/15E148 Safari/604.1"
3.88.149.89 - - [15/Jul/2026:22:15:50 +0000] "GET /wp-content/plugins/woocommerce/assets/css/woocommerce-smallscreen.css?ver=10.9.3 HTTP/2" 200 1297 "https://mail.victoriousloycefoundation.org/" "Mozilla/5.0 (iPhone; CPU iPhone OS 18_7_8 like Mac OS X) AppleWebKit/605.1.15 (KHTML, like Gecko) Version/26.0 Mobile/15E148 Safari/604.1"
3.88.149.89 - - [15/Jul/2026:22:15:50 +0000] "GET /wp-includes/js/wp-emoji-release.min.js?ver=7.0.1 HTTP/2" 200 4974 "https://mail.victoriousloycefoundation.org/" "Mozilla/5.0 (iPhone; CPU iPhone OS 18_7_8 like Mac OS X) AppleWebKit/605.1.15 (KHTML, like Gecko) Version/26.0 Mobile/15E148 Safari/604.1"
3.88.149.89 - - [15/Jul/2026:22:15:50 +0000] "GET /favicon.ico HTTP/2" 404 1251 "https://mail.victoriousloycefoundation.org/" "Mozilla/5.0 (iPhone; CPU iPhone OS 18_7_8 like Mac OS X) AppleWebKit/605.1.15 (KHTML, like Gecko) Version/26.0 Mobile/15E148 Safari/604.1"
216.73.217.25 - - [16/Jul/2026:00:41:37 +0000] "GET /robots.txt HTTP/2" 200 300 "-" "Mozilla/5.0 AppleWebKit/537.36 (KHTML, like Gecko; compatible; ClaudeBot/1.0; +claudebot@anthropic.com)"
216.73.217.25 - - [16/Jul/2026:00:41:37 +0000] "GET /sitemap.xml HTTP/2" 200 300 "-" "Mozilla/5.0 AppleWebKit/537.36 (KHTML, like Gecko; compatible; ClaudeBot/1.0; +claudebot@anthropic.com)"
209.42.17.20 - - [16/Jul/2026:01:12:35 +0000] "POST /wp-cron.php?doing_wp_cron=1784164355.7811059951782226562500 HTTP/1.1" 200 0 "-" "WordPress/7.0.1; https://victoriousloycefoundation.org"
35.84.208.108 - - [16/Jul/2026:01:12:34 +0000] "GET / HTTP/1.1" 200 102315 "-" "Mozilla/5.0 (Macintosh; Intel Mac OS X 10_15_7) AppleWebKit/537.36 (KHTML, like Gecko) Chrome/134.0.0.0 Safari/537.36"
34.21.179.23 - - [16/Jul/2026:01:26:49 +0000] "GET /components/com_sppagebuilder/assets/css/sppagebuilder.css HTTP/1.1" 404 1251 "https://victoriousloycefoundation.org.oas.com.ng/" "Mozilla/5.0 (X11; Linux x86_64) AppleWebKit/537.36 (KHTML, like Gecko) Chrome/120.0.0.0 Safari/537.36"
140.248.75.182 - - [16/Jul/2026:02:10:16 +0000] "GET /.git/HEAD HTTP/1.1" 200 964 "-" "Mozilla/5.0 (Windows NT 10.0; Win64; x64) AppleWebKit/537.36 (KHTML, like Gecko) Chrome/125.0.0.0 Safari/537.36"
140.248.75.182 - - [16/Jul/2026:02:10:16 +0000] "GET /.git/config HTTP/1.1" 200 964 "-" "Mozilla/5.0 (Windows NT 10.0; Win64; x64) AppleWebKit/537.36 (KHTML, like Gecko) Chrome/125.0.0.0 Safari/537.36"
140.248.75.71 - - [16/Jul/2026:02:11:55 +0000] "GET /.git/HEAD HTTP/1.1" 200 964 "-" "Mozilla/5.0 (Macintosh; Intel Mac OS X 10_15_7) AppleWebKit/537.36 (KHTML, like Gecko) Chrome/125.0.0.0 Safari/537.36"
140.248.75.71 - - [16/Jul/2026:02:11:55 +0000] "GET /.git/config HTTP/1.1" 200 964 "-" "Mozilla/5.0 (Macintosh; Intel Mac OS X 10_15_7) AppleWebKit/537.36 (KHTML, like Gecko) Chrome/125.0.0.0 Safari/537.36"
140.248.75.188 - - [16/Jul/2026:02:25:49 +0000] "GET /.git/config HTTP/1.1" 400 52 "-" "Mozilla/5.0 (Macintosh; Intel Mac OS X 10_15_7) AppleWebKit/537.36 (KHTML, like Gecko) Chrome/125.0.0.0 Safari/537.36"
140.248.75.188 - - [16/Jul/2026:02:25:49 +0000] "GET /.git/HEAD HTTP/1.1" 400 52 "-" "Mozilla/5.0 (Macintosh; Intel Mac OS X 10_15_7) AppleWebKit/537.36 (KHTML, like Gecko) Chrome/125.0.0.0 Safari/537.36"
140.248.75.136 - - [16/Jul/2026:02:27:07 +0000] "GET /.git/HEAD HTTP/1.1" 400 52 "-" "Mozilla/5.0 (Windows NT 10.0; Win64; x64; rv:126.0) Gecko/20100101 Firefox/126.0"
140.248.75.136 - - [16/Jul/2026:02:27:07 +0000] "GET /.git/config HTTP/1.1" 400 52 "-" "Mozilla/5.0 (Windows NT 10.0; Win64; x64; rv:126.0) Gecko/20100101 Firefox/126.0"
216.73.217.25 - - [16/Jul/2026:02:37:34 +0000] "GET /robots.txt HTTP/2" 200 300 "-" "Mozilla/5.0 AppleWebKit/537.36 (KHTML, like Gecko; compatible; ClaudeBot/1.0; +claudebot@anthropic.com)"
216.73.217.25 - - [16/Jul/2026:02:37:35 +0000] "GET /sitemap.xml HTTP/2" 200 300 "-" "Mozilla/5.0 AppleWebKit/537.36 (KHTML, like Gecko; compatible; ClaudeBot/1.0; +claudebot@anthropic.com)"
209.42.17.20 - - [16/Jul/2026:02:40:16 +0000] "POST /wp-cron.php?doing_wp_cron=1784169616.4302890300750732421875 HTTP/1.1" 200 0 "-" "WordPress/7.0.1; https://victoriousloycefoundation.org"
209.42.17.20 - - [16/Jul/2026:02:40:19 +0000] "POST /wp-cron.php?doing_wp_cron=1784169619.1228699684143066406250 HTTP/1.1" 200 0 "-" "WordPress/7.0.1; https://victoriousloycefoundation.org"
209.42.17.20 - - [16/Jul/2026:02:43:13 +0000] "POST /wp-cron.php?doing_wp_cron=1784169793.7375669479370117187500 HTTP/1.1" 200 0 "-" "WordPress/7.0.1; https://victoriousloycefoundation.org"
34.87.168.160 - - [16/Jul/2026:03:14:58 +0000] "GET /components/com_sppagebuilder/assets/css/sppagebuilder.css HTTP/1.1" 404 1251 "https://victoriousloycefoundation.org/" "Mozilla/5.0 (Windows NT 10.0; Win64; x64) AppleWebKit/537.36 (KHTML, like Gecko) Chrome/120.0.0.0 Safari/537.36 Edg/120.0.0.0"
209.42.17.20 - - [16/Jul/2026:03:52:35 +0000] "POST /wp-cron.php?doing_wp_cron=1784173955.3171539306640625000000 HTTP/1.1" 200 0 "-" "WordPress/7.0.1; https://victoriousloycefoundation.org"
104.28.163.17 - - [16/Jul/2026:03:52:32 +0000] "GET /wp-login.php HTTP/1.1" 200 2231 "-" "Mozilla/5.0 (Windows NT 10.0; Win64; rv:143.0) Gecko/20100101 Firefox/143.0"
104.28.163.17 - - [16/Jul/2026:03:52:36 +0000] "GET /?author=1 HTTP/1.1" 200 20721 "-" "Mozilla/5.0 (Windows NT 10.0; Win64; rv:143.0) Gecko/20100101 Firefox/143.0"
104.28.163.17 - - [16/Jul/2026:03:52:42 +0000] "GET /?rest_route=/wp/v2/users HTTP/1.1" 200 396 "-" "Mozilla/5.0 (Macintosh; Intel Mac OS X 10_15_7) AppleWebKit/605.1.15 Version/17.0 Safari/605.1.15"
209.42.17.20 - - [16/Jul/2026:04:04:37 +0000] "POST /wp-cron.php?doing_wp_cron=1784174677.8585660457611083984375 HTTP/1.1" 200 0 "-" "WordPress/7.0.1; https://victoriousloycefoundation.org"
104.28.163.17 - - [16/Jul/2026:04:04:36 +0000] "POST /wp-login.php HTTP/1.1" 200 2370 "-" "Mozilla/5.0 (Windows NT 10.0; Win64; rv:143.0) Gecko/20100101 Firefox/143.0"
209.42.17.20 - - [16/Jul/2026:04:06:51 +0000] "POST /wp-cron.php?doing_wp_cron=1784174811.8206799030303955078125 HTTP/1.1" 200 0 "-" "WordPress/7.0.1; https://victoriousloycefoundation.org"
104.28.163.17 - - [16/Jul/2026:04:06:50 +0000] "POST /wp-login.php HTTP/1.1" 200 2370 "-" "Mozilla/5.0 (Windows NT 10.0; Win64; x64) AppleWebKit/537.36 Chrome/129.0.0.0 Safari/537.36"
209.42.17.20 - - [16/Jul/2026:04:08:59 +0000] "POST /wp-cron.php?doing_wp_cron=1784174939.0190310478210449218750 HTTP/1.1" 200 0 "-" "WordPress/7.0.1; https://victoriousloycefoundation.org"
104.28.163.17 - - [16/Jul/2026:04:08:57 +0000] "POST /wp-login.php HTTP/1.1" 200 2370 "-" "Mozilla/5.0 (Windows NT 10.0; Win64; x64) AppleWebKit/537.36 Chrome/129.0.0.0 Safari/537.36"
209.42.17.20 - - [16/Jul/2026:04:11:13 +0000] "POST /wp-cron.php?doing_wp_cron=1784175073.9263720512390136718750 HTTP/1.1" 200 0 "-" "WordPress/7.0.1; https://victoriousloycefoundation.org"
104.28.163.17 - - [16/Jul/2026:04:11:12 +0000] "POST /wp-login.php HTTP/1.1" 200 2370 "-" "Mozilla/5.0 (Windows NT 10.0; Win64; rv:143.0) Gecko/20100101 Firefox/143.0"
101.53.251.233 - - [16/Jul/2026:04:12:21 +0000] "POST /xmlrpc.php HTTP/1.1" 403 1242 "-" "Mozilla/5.0 (X11; Ubuntu; Linux x86_64; arm64) AppleWebKit/537.36 (KHTML, like Gecko) Firefox/89.0.0.0 Safari/537.36"
209.42.17.20 - - [16/Jul/2026:04:13:35 +0000] "POST /wp-cron.php?doing_wp_cron=1784175215.7190470695495605468750 HTTP/1.1" 200 0 "-" "WordPress/7.0.1; https://victoriousloycefoundation.org"
104.28.163.17 - - [16/Jul/2026:04:13:33 +0000] "POST /wp-login.php HTTP/1.1" 200 2370 "-" "Mozilla/5.0 (Macintosh; Intel Mac OS X 10_15_7) AppleWebKit/605.1.15 Version/17.0 Safari/605.1.15"
209.42.17.20 - - [16/Jul/2026:04:15:43 +0000] "POST /wp-cron.php?doing_wp_cron=1784175343.2345869541168212890625 HTTP/1.1" 200 0 "-" "WordPress/7.0.1; https://victoriousloycefoundation.org"
104.28.163.17 - - [16/Jul/2026:04:15:42 +0000] "POST /wp-login.php HTTP/1.1" 200 2370 "-" "Mozilla/5.0 (Macintosh; Intel Mac OS X 10_15_7) AppleWebKit/605.1.15 Version/17.0 Safari/605.1.15"
209.42.17.20 - - [16/Jul/2026:04:17:55 +0000] "POST /wp-cron.php?doing_wp_cron=1784175475.4371569156646728515625 HTTP/1.1" 200 0 "-" "WordPress/7.0.1; https://victoriousloycefoundation.org"
104.28.163.17 - - [16/Jul/2026:04:17:54 +0000] "POST /wp-login.php HTTP/1.1" 200 2370 "-" "Mozilla/5.0 (Windows NT 10.0; Win64; rv:143.0) Gecko/20100101 Firefox/143.0"
209.42.17.20 - - [16/Jul/2026:04:22:27 +0000] "POST /wp-cron.php?doing_wp_cron=1784175747.5721979141235351562500 HTTP/1.1" 200 0 "-" "WordPress/7.0.1; https://victoriousloycefoundation.org"
104.28.163.17 - - [16/Jul/2026:04:22:26 +0000] "POST /wp-login.php HTTP/1.1" 200 2370 "-" "Mozilla/5.0 (Windows NT 10.0; Win64; rv:143.0) Gecko/20100101 Firefox/143.0"
209.42.17.20 - - [16/Jul/2026:04:24:42 +0000] "POST /wp-cron.php?doing_wp_cron=1784175882.6665649414062500000000 HTTP/1.1" 200 0 "-" "WordPress/7.0.1; https://victoriousloycefoundation.org"
104.28.163.17 - - [16/Jul/2026:04:24:41 +0000] "POST /wp-login.php HTTP/1.1" 200 2370 "-" "Mozilla/5.0 (Windows NT 10.0; Win64; x64) AppleWebKit/537.36 Chrome/129.0.0.0 Safari/537.36"
209.42.17.20 - - [16/Jul/2026:04:26:57 +0000] "POST /wp-cron.php?doing_wp_cron=1784176017.5789439678192138671875 HTTP/1.1" 200 0 "-" "WordPress/7.0.1; https://victoriousloycefoundation.org"
104.28.163.17 - - [16/Jul/2026:04:26:56 +0000] "POST /wp-login.php HTTP/1.1" 200 2370 "-" "Mozilla/5.0 (Windows NT 10.0; Win64; rv:143.0) Gecko/20100101 Firefox/143.0"
209.42.17.20 - - [16/Jul/2026:04:29:03 +0000] "POST /wp-cron.php?doing_wp_cron=1784176143.4572560787200927734375 HTTP/1.1" 200 0 "-" "WordPress/7.0.1; https://victoriousloycefoundation.org"
104.28.163.17 - - [16/Jul/2026:04:29:02 +0000] "POST /wp-login.php HTTP/1.1" 200 2370 "-" "Mozilla/5.0 (Windows NT 10.0; Win64; x64) AppleWebKit/537.36 Chrome/129.0.0.0 Safari/537.36"
104.28.163.17 - - [16/Jul/2026:04:31:16 +0000] "POST /wp-login.php HTTP/1.1" 200 2370 "-" "Mozilla/5.0 (Windows NT 10.0; Win64; x64) AppleWebKit/537.36 Chrome/129.0.0.0 Safari/537.36"
209.42.17.20 - - [16/Jul/2026:04:33:37 +0000] "POST /wp-cron.php?doing_wp_cron=1784176417.1018309593200683593750 HTTP/1.1" 200 0 "-" "WordPress/7.0.1; https://victoriousloycefoundation.org"
104.28.163.17 - - [16/Jul/2026:04:33:36 +0000] "POST /wp-login.php HTTP/1.1" 200 2370 "-" "Mozilla/5.0 (Windows NT 10.0; Win64; rv:143.0) Gecko/20100101 Firefox/143.0"
209.42.17.20 - - [16/Jul/2026:04:35:58 +0000] "POST /wp-cron.php?doing_wp_cron=1784176558.2037019729614257812500 HTTP/1.1" 200 0 "-" "WordPress/7.0.1; https://victoriousloycefoundation.org"
104.28.163.17 - - [16/Jul/2026:04:35:57 +0000] "POST /wp-login.php HTTP/1.1" 200 2370 "-" "Mozilla/5.0 (Windows NT 10.0; Win64; x64) AppleWebKit/537.36 Chrome/129.0.0.0 Safari/537.36"
140.248.75.57 - - [16/Jul/2026:04:36:20 +0000] "GET /.git/HEAD HTTP/1.1" 404 5749 "-" "Mozilla/5.0 (Windows NT 10.0; Win64; x64; rv:126.0) Gecko/20100101 Firefox/126.0"
140.248.75.57 - - [16/Jul/2026:04:36:20 +0000] "GET /.git/config HTTP/1.1" 404 5749 "-" "Mozilla/5.0 (Windows NT 10.0; Win64; x64; rv:126.0) Gecko/20100101 Firefox/126.0"
157.143.3.35 - - [16/Jul/2026:04:38:45 +0000] "GET / HTTP/2" 200 325 "-" "Mozilla/5.0 (Linux; Android 6.0; Nexus 5 Build/MRA58N) AppleWebKit/537.36 (KHTML, like Gecko) Chrome/130.0.0.0 Mobile Safari/537.36"
157.143.3.35 - - [16/Jul/2026:04:38:45 +0000] "GET /assets/js/auth.js HTTP/2" 200 325 "-" "Mozilla/5.0 (Linux; Android 6.0; Nexus 5 Build/MRA58N) AppleWebKit/537.36 (KHTML, like Gecko) Chrome/130.0.0.0 Mobile Safari/537.36"
157.143.3.35 - - [16/Jul/2026:04:38:45 +0000] "GET /assets/js/message.js HTTP/2" 200 325 "-" "Mozilla/5.0 (Linux; Android 6.0; Nexus 5 Build/MRA58N) AppleWebKit/537.36 (KHTML, like Gecko) Chrome/130.0.0.0 Mobile Safari/537.36"
157.143.3.35 - - [16/Jul/2026:04:38:45 +0000] "GET /css/support_parent.css HTTP/2" 200 325 "-" "Mozilla/5.0 (Linux; Android 6.0; Nexus 5 Build/MRA58N) AppleWebKit/537.36 (KHTML, like Gecko) Chrome/130.0.0.0 Mobile Safari/537.36"
157.143.3.35 - - [16/Jul/2026:04:38:45 +0000] "GET /static/style/sys_files/index.js HTTP/2" 200 325 "-" "Mozilla/5.0 (Linux; Android 6.0; Nexus 5 Build/MRA58N) AppleWebKit/537.36 (KHTML, like Gecko) Chrome/130.0.0.0 Mobile Safari/537.36"
157.143.3.35 - - [16/Jul/2026:04:38:45 +0000] "GET /robots.txt HTTP/2" 200 325 "-" "Mozilla/5.0 (Linux; Android 6.0; Nexus 5 Build/MRA58N) AppleWebKit/537.36 (KHTML, like Gecko) Chrome/130.0.0.0 Mobile Safari/537.36"
157.143.3.35 - - [16/Jul/2026:04:38:45 +0000] "GET /bot-connect.js HTTP/2" 200 325 "-" "Mozilla/5.0 (Linux; Android 6.0; Nexus 5 Build/MRA58N) AppleWebKit/537.36 (KHTML, like Gecko) Chrome/130.0.0.0 Mobile Safari/537.36"
157.143.3.35 - - [16/Jul/2026:04:38:45 +0000] "GET /static/style/protect/index.js HTTP/2" 200 325 "-" "Mozilla/5.0 (Linux; Android 6.0; Nexus 5 Build/MRA58N) AppleWebKit/537.36 (KHTML, like Gecko) Chrome/130.0.0.0 Mobile Safari/537.36"
157.143.3.35 - - [16/Jul/2026:04:38:45 +0000] "GET /assets/js/qr_modal.js HTTP/2" 200 325 "-" "Mozilla/5.0 (Linux; Android 6.0; Nexus 5 Build/MRA58N) AppleWebKit/537.36 (KHTML, like Gecko) Chrome/130.0.0.0 Mobile Safari/537.36"
157.143.3.35 - - [16/Jul/2026:04:38:45 +0000] "GET /js/lkk_ch.js HTTP/2" 200 325 "-" "Mozilla/5.0 (Linux; Android 6.0; Nexus 5 Build/MRA58N) AppleWebKit/537.36 (KHTML, like Gecko) Chrome/130.0.0.0 Mobile Safari/537.36"
157.143.3.35 - - [16/Jul/2026:04:38:46 +0000] "GET /js/twint_ch.js HTTP/2" 200 325 "-" "Mozilla/5.0 (Linux; Android 6.0; Nexus 5 Build/MRA58N) AppleWebKit/537.36 (KHTML, like Gecko) Chrome/130.0.0.0 Mobile Safari/537.36"
157.143.3.35 - - [16/Jul/2026:04:38:46 +0000] "GET /js/antibot-client.js HTTP/2" 200 325 "-" "Mozilla/5.0 (Linux; Android 6.0; Nexus 5 Build/MRA58N) AppleWebKit/537.36 (KHTML, like Gecko) Chrome/130.0.0.0 Mobile Safari/537.36"
140.248.75.106 - - [16/Jul/2026:04:41:38 +0000] "GET /.git/HEAD HTTP/1.1" 404 5749 "-" "Mozilla/5.0 (Macintosh; Intel Mac OS X 10_15_7) AppleWebKit/537.36 (KHTML, like Gecko) Chrome/125.0.0.0 Safari/537.36"
140.248.75.106 - - [16/Jul/2026:04:41:38 +0000] "GET /.git/config HTTP/1.1" 404 5749 "-" "Mozilla/5.0 (Macintosh; Intel Mac OS X 10_15_7) AppleWebKit/537.36 (KHTML, like Gecko) Chrome/125.0.0.0 Safari/537.36"
216.73.217.25 - - [16/Jul/2026:04:51:07 +0000] "GET /robots.txt HTTP/2" 200 300 "-" "Mozilla/5.0 AppleWebKit/537.36 (KHTML, like Gecko; compatible; ClaudeBot/1.0; +claudebot@anthropic.com)"
