66.249.79.161 - - [15/Jul/2026:17:28:22 +0000] "GET /product/47565126646733 HTTP/1.1" 200 680 "-" "Mozilla/5.0 (Linux; Android 6.0.1; Nexus 5X Build/MMB29P) AppleWebKit/537.36 (KHTML, like Gecko) Chrome/150.0.7871.114 Mobile Safari/537.36 (compatible; Googlebot/2.1; +http://www.google.com/bot.html)"
66.249.79.233 - - [15/Jul/2026:17:28:23 +0000] "GET /shop/pg/58682295-4 HTTP/1.1" 200 680 "-" "Mozilla/5.0 (Linux; Android 6.0.1; Nexus 5X Build/MMB29P) AppleWebKit/537.36 (KHTML, like Gecko) Chrome/150.0.7871.114 Mobile Safari/537.36 (compatible; Googlebot/2.1; +http://www.google.com/bot.html)"
47.128.117.167 - - [15/Jul/2026:17:28:24 +0000] "GET /product/11440922928200 HTTP/2" 200 680 "-" "Mozilla/5.0 (Linux; Android 5.0) AppleWebKit/537.36 (KHTML, like Gecko) Mobile Safari/537.36 (compatible; Bytespider; spider-feedback@bytedance.com)"
66.249.79.233 - - [15/Jul/2026:17:28:25 +0000] "GET /prizes/129852230 HTTP/1.1" 200 680 "-" "Mozilla/5.0 (Linux; Android 6.0.1; Nexus 5X Build/MMB29P) AppleWebKit/537.36 (KHTML, like Gecko) Chrome/150.0.7871.114 Mobile Safari/537.36 (compatible; Googlebot/2.1; +http://www.google.com/bot.html)"
209.42.17.20 - - [15/Jul/2026:17:28:33 +0000] "POST /wp-cron.php?doing_wp_cron=1784136513.4273810386657714843750 HTTP/1.1" 200 0 "-" "WordPress/7.0.1; https://oas.com.ng"
66.249.68.66 - - [15/Jul/2026:17:28:32 +0000] "GET /product/17833054056904 HTTP/1.1" 200 680 "-" "Mozilla/5.0 (Linux; Android 6.0.1; Nexus 5X Build/MMB29P) AppleWebKit/537.36 (KHTML, like Gecko) Chrome/150.0.7871.114 Mobile Safari/537.36 (compatible; Googlebot/2.1; +http://www.google.com/bot.html)"
66.249.79.161 - - [15/Jul/2026:17:28:36 +0000] "GET /product/23376203368391 HTTP/1.1" 200 680 "-" "Mozilla/5.0 (Linux; Android 6.0.1; Nexus 5X Build/MMB29P) AppleWebKit/537.36 (KHTML, like Gecko) Chrome/150.0.7871.114 Mobile Safari/537.36 (compatible; Googlebot/2.1; +http://www.google.com/bot.html)"
66.249.79.233 - - [15/Jul/2026:17:28:43 +0000] "GET /product/25276253472994 HTTP/1.1" 200 680 "-" "Mozilla/5.0 (Linux; Android 6.0.1; Nexus 5X Build/MMB29P) AppleWebKit/537.36 (KHTML, like Gecko) Chrome/150.0.7871.114 Mobile Safari/537.36 (compatible; Googlebot/2.1; +http://www.google.com/bot.html)"
66.249.79.161 - - [15/Jul/2026:17:28:47 +0000] "GET /prizes/115889715 HTTP/1.1" 200 680 "-" "Mozilla/5.0 (Linux; Android 6.0.1; Nexus 5X Build/MMB29P) AppleWebKit/537.36 (KHTML, like Gecko) Chrome/150.0.7871.114 Mobile Safari/537.36 (compatible; Googlebot/2.1; +http://www.google.com/bot.html)"
66.249.79.233 - - [15/Jul/2026:17:28:49 +0000] "GET /shop/pg/66051252-2 HTTP/1.1" 200 680 "-" "Mozilla/5.0 (Linux; Android 6.0.1; Nexus 5X Build/MMB29P) AppleWebKit/537.36 (KHTML, like Gecko) Chrome/150.0.7871.114 Mobile Safari/537.36 (compatible; Googlebot/2.1; +http://www.google.com/bot.html)"
185.87.171.243 - - [15/Jul/2026:17:28:52 +0000] "GET /product/46313465261602 HTTP/1.1" 200 680 "https://oas.com.ng/sitemap-8.xml" "Mozilla/5.0 (Linux; Android 14; V2181) AppleWebKit/537.36 (KHTML, like Gecko) Chrome/150.0.5754.58 Mobile Safari/537.36 MicroMessenger/8.0.37(0x18001B3F) NetType/WIFI Language/zh_CN"
66.249.79.161 - - [15/Jul/2026:17:28:53 +0000] "GET /product/48592605674432 HTTP/1.1" 200 680 "-" "Mozilla/5.0 (Linux; Android 6.0.1; Nexus 5X Build/MMB29P) AppleWebKit/537.36 (KHTML, like Gecko) Chrome/150.0.7871.114 Mobile Safari/537.36 (compatible; Googlebot/2.1; +http://www.google.com/bot.html)"
66.249.79.161 - - [15/Jul/2026:17:28:54 +0000] "GET /shop/pg/21083109-2 HTTP/1.1" 200 680 "-" "Mozilla/5.0 (Linux; Android 6.0.1; Nexus 5X Build/MMB29P) AppleWebKit/537.36 (KHTML, like Gecko) Chrome/150.0.7871.114 Mobile Safari/537.36 (compatible; Googlebot/2.1; +http://www.google.com/bot.html)"
66.249.79.233 - - [15/Jul/2026:17:28:55 +0000] "GET /prizes/24909189 HTTP/1.1" 200 680 "-" "Mozilla/5.0 (Linux; Android 6.0.1; Nexus 5X Build/MMB29P) AppleWebKit/537.36 (KHTML, like Gecko) Chrome/150.0.7871.114 Mobile Safari/537.36 (compatible; Googlebot/2.1; +http://www.google.com/bot.html)"
47.128.117.160 - - [15/Jul/2026:17:28:58 +0000] "GET /product/37750625313026 HTTP/2" 200 680 "-" "Mozilla/5.0 (Linux; Android 5.0) AppleWebKit/537.36 (KHTML, like Gecko) Mobile Safari/537.36 (compatible; Bytespider; spider-feedback@bytedance.com)"
66.249.79.161 - - [15/Jul/2026:17:28:59 +0000] "GET /product/21349254733947 HTTP/1.1" 200 680 "-" "Mozilla/5.0 (Linux; Android 6.0.1; Nexus 5X Build/MMB29P) AppleWebKit/537.36 (KHTML, like Gecko) Chrome/150.0.7871.114 Mobile Safari/537.36 (compatible; Googlebot/2.1; +http://www.google.com/bot.html)"
66.249.79.233 - - [15/Jul/2026:17:29:02 +0000] "GET /product/33548975233376 HTTP/1.1" 200 680 "-" "Mozilla/5.0 (Linux; Android 6.0.1; Nexus 5X Build/MMB29P) AppleWebKit/537.36 (KHTML, like Gecko) Chrome/150.0.7871.114 Mobile Safari/537.36 (compatible; Googlebot/2.1; +http://www.google.com/bot.html)"
66.249.79.163 - - [15/Jul/2026:17:29:03 +0000] "GET /prizes/99342755 HTTP/1.1" 200 680 "-" "Mozilla/5.0 (Linux; Android 6.0.1; Nexus 5X Build/MMB29P) AppleWebKit/537.36 (KHTML, like Gecko) Chrome/150.0.7871.114 Mobile Safari/537.36 (compatible; Googlebot/2.1; +http://www.google.com/bot.html)"
66.249.79.233 - - [15/Jul/2026:17:29:05 +0000] "GET /shop/pg/60958269-1 HTTP/1.1" 200 680 "-" "Mozilla/5.0 (Linux; Android 6.0.1; Nexus 5X Build/MMB29P) AppleWebKit/537.36 (KHTML, like Gecko) Chrome/150.0.7871.114 Mobile Safari/537.36 (compatible; Googlebot/2.1; +http://www.google.com/bot.html)"
66.249.79.234 - - [15/Jul/2026:17:29:09 +0000] "GET /prizes/201265543 HTTP/1.1" 200 680 "-" "Mozilla/5.0 (Linux; Android 6.0.1; Nexus 5X Build/MMB29P) AppleWebKit/537.36 (KHTML, like Gecko) Chrome/150.0.7871.114 Mobile Safari/537.36 (compatible; Googlebot/2.1; +http://www.google.com/bot.html)"
66.249.79.161 - - [15/Jul/2026:17:29:10 +0000] "GET /product/36493493341868 HTTP/1.1" 200 680 "-" "Mozilla/5.0 (Linux; Android 6.0.1; Nexus 5X Build/MMB29P) AppleWebKit/537.36 (KHTML, like Gecko) Chrome/150.0.7871.114 Mobile Safari/537.36 (compatible; Googlebot/2.1; +http://www.google.com/bot.html)"
66.249.79.233 - - [15/Jul/2026:17:29:13 +0000] "GET /product/17042124546384 HTTP/1.1" 200 680 "-" "Mozilla/5.0 (Linux; Android 6.0.1; Nexus 5X Build/MMB29P) AppleWebKit/537.36 (KHTML, like Gecko) Chrome/150.0.7871.114 Mobile Safari/537.36 (compatible; Googlebot/2.1; +http://www.google.com/bot.html)"
66.249.79.233 - - [15/Jul/2026:17:29:14 +0000] "GET /product/38212663539823m HTTP/1.1" 200 680 "-" "Mozilla/5.0 (Linux; Android 6.0.1; Nexus 5X Build/MMB29P) AppleWebKit/537.36 (KHTML, like Gecko) Chrome/150.0.7871.114 Mobile Safari/537.36 (compatible; Googlebot/2.1; +http://www.google.com/bot.html)"
66.249.79.161 - - [15/Jul/2026:17:29:16 +0000] "GET /prizes/83350321 HTTP/1.1" 200 680 "-" "Mozilla/5.0 (Linux; Android 6.0.1; Nexus 5X Build/MMB29P) AppleWebKit/537.36 (KHTML, like Gecko) Chrome/150.0.7871.114 Mobile Safari/537.36 (compatible; Googlebot/2.1; +http://www.google.com/bot.html)"
66.249.79.233 - - [15/Jul/2026:17:29:19 +0000] "GET /shop/pg/40143900-2 HTTP/1.1" 200 680 "-" "Mozilla/5.0 (Linux; Android 6.0.1; Nexus 5X Build/MMB29P) AppleWebKit/537.36 (KHTML, like Gecko) Chrome/150.0.7871.114 Mobile Safari/537.36 (compatible; Googlebot/2.1; +http://www.google.com/bot.html)"
4.213.167.22 - - [15/Jul/2026:17:29:20 +0000] "GET /wp-content/plugins/hellopress/wp_filemanager.php HTTP/1.1" 200 2215 "-" "-"
4.213.167.22 - - [15/Jul/2026:17:29:21 +0000] "GET /this_is_a_new_hello_world.php HTTP/1.1" 200 2215 "-" "-"
4.213.167.22 - - [15/Jul/2026:17:29:22 +0000] "GET /wp-the.php HTTP/1.1" 200 2215 "-" "-"
66.249.79.233 - - [15/Jul/2026:17:29:22 +0000] "GET /prizes/98748341 HTTP/1.1" 200 680 "-" "Mozilla/5.0 (Linux; Android 6.0.1; Nexus 5X Build/MMB29P) AppleWebKit/537.36 (KHTML, like Gecko) Chrome/150.0.7871.114 Mobile Safari/537.36 (compatible; Googlebot/2.1; +http://www.google.com/bot.html)"
4.213.167.22 - - [15/Jul/2026:17:29:23 +0000] "GET /file5.php HTTP/1.1" 200 2215 "-" "-"
66.249.79.161 - - [15/Jul/2026:17:29:24 +0000] "GET /product/35773533490192 HTTP/1.1" 200 680 "-" "Mozilla/5.0 (Linux; Android 6.0.1; Nexus 5X Build/MMB29P) AppleWebKit/537.36 (KHTML, like Gecko) Chrome/150.0.7871.114 Mobile Safari/537.36 (compatible; Googlebot/2.1; +http://www.google.com/bot.html)"
4.213.167.22 - - [15/Jul/2026:17:29:24 +0000] "GET /c4.php HTTP/1.1" 200 2215 "-" "-"
66.249.79.233 - - [15/Jul/2026:17:29:26 +0000] "GET /prizes/60219452 HTTP/1.1" 200 680 "-" "Mozilla/5.0 (Linux; Android 6.0.1; Nexus 5X Build/MMB29P) AppleWebKit/537.36 (KHTML, like Gecko) Chrome/150.0.7871.114 Mobile Safari/537.36 (compatible; Googlebot/2.1; +http://www.google.com/bot.html)"
4.213.167.22 - - [15/Jul/2026:17:29:26 +0000] "GET /wpxml.php HTTP/1.1" 200 2215 "-" "-"
66.249.79.233 - - [15/Jul/2026:17:29:26 +0000] "GET /product/39448704207651 HTTP/1.1" 200 680 "-" "Mozilla/5.0 (Linux; Android 6.0.1; Nexus 5X Build/MMB29P) AppleWebKit/537.36 (KHTML, like Gecko) Chrome/150.0.7871.114 Mobile Safari/537.36 (compatible; Googlebot/2.1; +http://www.google.com/bot.html)"
66.249.79.161 - - [15/Jul/2026:17:29:27 +0000] "GET /prizes/299400725 HTTP/1.1" 200 680 "-" "Mozilla/5.0 (Linux; Android 6.0.1; Nexus 5X Build/MMB29P) AppleWebKit/537.36 (KHTML, like Gecko) Chrome/150.0.7871.114 Mobile Safari/537.36 (compatible; Googlebot/2.1; +http://www.google.com/bot.html)"
4.213.167.22 - - [15/Jul/2026:17:29:27 +0000] "GET /wp-png.php HTTP/1.1" 200 2215 "-" "-"
66.249.79.161 - - [15/Jul/2026:17:29:27 +0000] "GET /product/19984682837888 HTTP/1.1" 200 680 "-" "Mozilla/5.0 (Linux; Android 6.0.1; Nexus 5X Build/MMB29P) AppleWebKit/537.36 (KHTML, like Gecko) Chrome/150.0.7871.114 Mobile Safari/537.36 (compatible; Googlebot/2.1; +http://www.google.com/bot.html)"
4.213.167.22 - - [15/Jul/2026:17:29:28 +0000] "GET /wp-admin/zoko.php HTTP/1.1" 200 2215 "-" "-"
4.213.167.22 - - [15/Jul/2026:17:29:29 +0000] "GET /classwithtostring.php HTTP/1.1" 200 2215 "-" "-"
4.213.167.22 - - [15/Jul/2026:17:29:30 +0000] "GET /wp-access.php HTTP/1.1" 200 2215 "-" "-"
66.249.79.233 - - [15/Jul/2026:17:29:31 +0000] "GET /shop/pg/93646685-2 HTTP/1.1" 200 680 "-" "Mozilla/5.0 (Linux; Android 6.0.1; Nexus 5X Build/MMB29P) AppleWebKit/537.36 (KHTML, like Gecko) Chrome/150.0.7871.114 Mobile Safari/537.36 (compatible; Googlebot/2.1; +http://www.google.com/bot.html)"
4.213.167.22 - - [15/Jul/2026:17:29:32 +0000] "GET /mifta.php HTTP/1.1" 200 2215 "-" "-"
209.42.17.20 - - [15/Jul/2026:17:29:33 +0000] "POST /wp-cron.php?doing_wp_cron=1784136573.9285440444946289062500 HTTP/1.1" 200 0 "-" "WordPress/7.0.1; https://oas.com.ng"
4.213.167.22 - - [15/Jul/2026:17:29:33 +0000] "GET //dex.php HTTP/1.1" 200 2215 "-" "-"
47.128.117.152 - - [15/Jul/2026:17:29:34 +0000] "GET /product/19579242791233 HTTP/2" 200 680 "-" "Mozilla/5.0 (Linux; Android 5.0) AppleWebKit/537.36 (KHTML, like Gecko) Mobile Safari/537.36 (compatible; Bytespider; spider-feedback@bytedance.com)"
4.213.167.22 - - [15/Jul/2026:17:29:34 +0000] "GET /yanz.php HTTP/1.1" 200 2215 "-" "-"
66.249.79.233 - - [15/Jul/2026:17:29:34 +0000] "GET /prizes/187868826 HTTP/1.1" 200 680 "-" "Mozilla/5.0 (Linux; Android 6.0.1; Nexus 5X Build/MMB29P) AppleWebKit/537.36 (KHTML, like Gecko) Chrome/150.0.7871.114 Mobile Safari/537.36 (compatible; Googlebot/2.1; +http://www.google.com/bot.html)"
4.213.167.22 - - [15/Jul/2026:17:29:35 +0000] "GET /wp-sing.php HTTP/1.1" 200 2215 "-" "-"
4.213.167.22 - - [15/Jul/2026:17:29:36 +0000] "GET /ma1.php HTTP/1.1" 200 2215 "-" "-"
66.249.79.161 - - [15/Jul/2026:17:29:37 +0000] "GET /product/40126835207672 HTTP/1.1" 200 680 "-" "Mozilla/5.0 (Linux; Android 6.0.1; Nexus 5X Build/MMB29P) AppleWebKit/537.36 (KHTML, like Gecko) Chrome/150.0.7871.114 Mobile Safari/537.36 (compatible; Googlebot/2.1; +http://www.google.com/bot.html)"
4.213.167.22 - - [15/Jul/2026:17:29:37 +0000] "GET /002.php HTTP/1.1" 200 2215 "-" "-"
4.213.167.22 - - [15/Jul/2026:17:29:38 +0000] "GET /cilus.php HTTP/1.1" 200 2215 "-" "-"
4.213.167.22 - - [15/Jul/2026:17:29:39 +0000] "GET /wp-term.php HTTP/1.1" 200 2215 "-" "-"
66.249.79.233 - - [15/Jul/2026:17:29:39 +0000] "GET /product/47307543055814 HTTP/1.1" 200 680 "-" "Mozilla/5.0 (Linux; Android 6.0.1; Nexus 5X Build/MMB29P) AppleWebKit/537.36 (KHTML, like Gecko) Chrome/150.0.7871.114 Mobile Safari/537.36 (compatible; Googlebot/2.1; +http://www.google.com/bot.html)"
66.249.79.161 - - [15/Jul/2026:17:29:40 +0000] "GET /prizes/188036856 HTTP/1.1" 200 680 "-" "Mozilla/5.0 (Linux; Android 6.0.1; Nexus 5X Build/MMB29P) AppleWebKit/537.36 (KHTML, like Gecko) Chrome/150.0.7871.114 Mobile Safari/537.36 (compatible; Googlebot/2.1; +http://www.google.com/bot.html)"
4.213.167.22 - - [15/Jul/2026:17:29:40 +0000] "GET /wp-signup.php HTTP/1.1" 200 2215 "-" "-"
4.213.167.22 - - [15/Jul/2026:17:29:41 +0000] "GET /wp-ws68.php HTTP/1.1" 200 2215 "-" "-"
66.249.79.233 - - [15/Jul/2026:17:29:42 +0000] "GET /shop/pg/49026159-4 HTTP/1.1" 200 680 "-" "Mozilla/5.0 (Linux; Android 6.0.1; Nexus 5X Build/MMB29P) AppleWebKit/537.36 (KHTML, like Gecko) Chrome/150.0.7871.114 Mobile Safari/537.36 (compatible; Googlebot/2.1; +http://www.google.com/bot.html)"
4.213.167.22 - - [15/Jul/2026:17:29:43 +0000] "GET /wp-good.php HTTP/1.1" 200 2215 "-" "-"
4.213.167.22 - - [15/Jul/2026:17:29:44 +0000] "GET /autoload_classmap.php HTTP/1.1" 200 2215 "-" "-"
4.213.167.22 - - [15/Jul/2026:17:29:45 +0000] "GET /wp-blink.php HTTP/1.1" 200 2215 "-" "-"
66.249.79.233 - - [15/Jul/2026:17:29:45 +0000] "GET /prizes/40351381 HTTP/1.1" 200 680 "-" "Mozilla/5.0 (Linux; Android 6.0.1; Nexus 5X Build/MMB29P) AppleWebKit/537.36 (KHTML, like Gecko) Chrome/150.0.7871.114 Mobile Safari/537.36 (compatible; Googlebot/2.1; +http://www.google.com/bot.html)"
4.213.167.22 - - [15/Jul/2026:17:29:46 +0000] "GET /wp-ver.php HTTP/1.1" 200 2215 "-" "-"
66.249.79.161 - - [15/Jul/2026:17:29:46 +0000] "GET /product/26863514736755 HTTP/1.1" 200 680 "-" "Mozilla/5.0 (Linux; Android 6.0.1; Nexus 5X Build/MMB29P) AppleWebKit/537.36 (KHTML, like Gecko) Chrome/150.0.7871.114 Mobile Safari/537.36 (compatible; Googlebot/2.1; +http://www.google.com/bot.html)"
4.213.167.22 - - [15/Jul/2026:17:29:47 +0000] "GET //wp.php HTTP/1.1" 200 2215 "-" "-"
4.213.167.22 - - [15/Jul/2026:17:29:48 +0000] "GET //f35.php HTTP/1.1" 200 2215 "-" "-"
66.249.79.233 - - [15/Jul/2026:17:29:48 +0000] "GET /product/17304491764128 HTTP/1.1" 200 680 "-" "Mozilla/5.0 (Linux; Android 6.0.1; Nexus 5X Build/MMB29P) AppleWebKit/537.36 (KHTML, like Gecko) Chrome/150.0.7871.114 Mobile Safari/537.36 (compatible; Googlebot/2.1; +http://www.google.com/bot.html)"
4.213.167.22 - - [15/Jul/2026:17:29:49 +0000] "GET /d61.php HTTP/1.1" 200 2215 "-" "-"
66.249.79.161 - - [15/Jul/2026:17:29:49 +0000] "GET /prizes/59780664 HTTP/1.1" 200 680 "-" "Mozilla/5.0 (Linux; Android 6.0.1; Nexus 5X Build/MMB29P) AppleWebKit/537.36 (KHTML, like Gecko) Chrome/150.0.7871.114 Mobile Safari/537.36 (compatible; Googlebot/2.1; +http://www.google.com/bot.html)"
4.213.167.22 - - [15/Jul/2026:17:29:50 +0000] "GET /wp-wpbak.php HTTP/1.1" 200 2215 "-" "-"
4.213.167.22 - - [15/Jul/2026:17:29:51 +0000] "GET /ccc.php HTTP/1.1" 200 2215 "-" "-"
4.213.167.22 - - [15/Jul/2026:17:29:52 +0000] "GET /file88.php HTTP/1.1" 200 2215 "-" "-"
66.249.79.233 - - [15/Jul/2026:17:29:52 +0000] "GET /shop/pg/42309089-3 HTTP/1.1" 200 680 "-" "Mozilla/5.0 (Linux; Android 6.0.1; Nexus 5X Build/MMB29P) AppleWebKit/537.36 (KHTML, like Gecko) Chrome/150.0.7871.114 Mobile Safari/537.36 (compatible; Googlebot/2.1; +http://www.google.com/bot.html)"
4.213.167.22 - - [15/Jul/2026:17:29:53 +0000] "GET /aevly.php HTTP/1.1" 200 2215 "-" "-"
4.213.167.22 - - [15/Jul/2026:17:29:54 +0000] "GET /k2.php HTTP/1.1" 200 2215 "-" "-"
66.249.79.233 - - [15/Jul/2026:17:29:55 +0000] "GET /prizes/77391452 HTTP/1.1" 200 680 "-" "Mozilla/5.0 (Linux; Android 6.0.1; Nexus 5X Build/MMB29P) AppleWebKit/537.36 (KHTML, like Gecko) Chrome/150.0.7871.114 Mobile Safari/537.36 (compatible; Googlebot/2.1; +http://www.google.com/bot.html)"
173.239.211.96 - - [15/Jul/2026:17:29:55 +0000] "POST /wp-login.php HTTP/1.1" 200 2378 "-" "Mozilla/5.0 (Macintosh; Intel Mac OS X 10_15_7) AppleWebKit/605.1.15 Version/17.0 Safari/605.1.15"
4.213.167.22 - - [15/Jul/2026:17:29:55 +0000] "GET /wp-block.php HTTP/1.1" 200 2215 "-" "-"
4.213.167.22 - - [15/Jul/2026:17:29:56 +0000] "GET /1.php HTTP/1.1" 200 2215 "-" "-"
66.249.79.161 - - [15/Jul/2026:17:29:57 +0000] "GET /product/10007523455281 HTTP/1.1" 200 680 "-" "Mozilla/5.0 (Linux; Android 6.0.1; Nexus 5X Build/MMB29P) AppleWebKit/537.36 (KHTML, like Gecko) Chrome/150.0.7871.114 Mobile Safari/537.36 (compatible; Googlebot/2.1; +http://www.google.com/bot.html)"
4.213.167.22 - - [15/Jul/2026:17:29:57 +0000] "GET /atkno.php HTTP/1.1" 200 2215 "-" "-"
4.213.167.22 - - [15/Jul/2026:17:29:58 +0000] "GET //ss.php HTTP/1.1" 200 19700 "-" "-"
4.213.167.22 - - [15/Jul/2026:17:29:59 +0000] "GET /wp-conflg.php HTTP/1.1" 200 2215 "-" "-"
4.213.167.22 - - [15/Jul/2026:17:30:00 +0000] "GET /wp-links-opml.php HTTP/1.1" 200 241 "-" "-"
66.249.79.235 - - [15/Jul/2026:17:30:01 +0000] "GET /product/47510802733538 HTTP/1.1" 200 680 "-" "Mozilla/5.0 (Linux; Android 6.0.1; Nexus 5X Build/MMB29P) AppleWebKit/537.36 (KHTML, like Gecko) Chrome/150.0.7871.114 Mobile Safari/537.36 (compatible; Googlebot/2.1; +http://www.google.com/bot.html)"
4.213.167.22 - - [15/Jul/2026:17:30:01 +0000] "GET /as.php HTTP/1.1" 200 2215 "-" "-"
66.249.79.163 - - [15/Jul/2026:17:30:03 +0000] "GET /prizes/159199270 HTTP/1.1" 200 680 "-" "Mozilla/5.0 (Linux; Android 6.0.1; Nexus 5X Build/MMB29P) AppleWebKit/537.36 (KHTML, like Gecko) Chrome/150.0.7871.114 Mobile Safari/537.36 (compatible; Googlebot/2.1; +http://www.google.com/bot.html)"
4.213.167.22 - - [15/Jul/2026:17:30:03 +0000] "GET /wp-admin/wpyfiavs.php HTTP/1.1" 200 2215 "-" "-"
66.249.79.235 - - [15/Jul/2026:17:30:04 +0000] "GET /shop/pg/94045003-2 HTTP/1.1" 200 680 "-" "Mozilla/5.0 (Linux; Android 6.0.1; Nexus 5X Build/MMB29P) AppleWebKit/537.36 (KHTML, like Gecko) Chrome/150.0.7871.114 Mobile Safari/537.36 (compatible; Googlebot/2.1; +http://www.google.com/bot.html)"
4.213.167.22 - - [15/Jul/2026:17:30:05 +0000] "GET /wefile.php HTTP/1.1" 200 2215 "-" "-"
4.213.167.22 - - [15/Jul/2026:17:30:06 +0000] "GET /wp-firewall.php HTTP/1.1" 200 2215 "-" "-"
66.249.79.163 - - [15/Jul/2026:17:30:06 +0000] "GET /product/28433845100716m HTTP/1.1" 200 680 "-" "Mozilla/5.0 (Linux; Android 6.0.1; Nexus 5X Build/MMB29P) AppleWebKit/537.36 (KHTML, like Gecko) Chrome/150.0.7871.114 Mobile Safari/537.36 (compatible; Googlebot/2.1; +http://www.google.com/bot.html)"
4.213.167.22 - - [15/Jul/2026:17:30:07 +0000] "GET /wp-rrtx.php HTTP/1.1" 200 2215 "-" "-"
66.249.79.234 - - [15/Jul/2026:17:30:08 +0000] "GET /prizes/175528351 HTTP/1.1" 200 680 "-" "Mozilla/5.0 (Linux; Android 6.0.1; Nexus 5X Build/MMB29P) AppleWebKit/537.36 (KHTML, like Gecko) Chrome/150.0.7871.114 Mobile Safari/537.36 (compatible; Googlebot/2.1; +http://www.google.com/bot.html)"
4.213.167.22 - - [15/Jul/2026:17:30:08 +0000] "GET /drykl.php HTTP/1.1" 200 2215 "-" "-"
66.249.79.161 - - [15/Jul/2026:17:30:09 +0000] "GET /product/14126254777035 HTTP/1.1" 200 680 "-" "Mozilla/5.0 (Linux; Android 6.0.1; Nexus 5X Build/MMB29P) AppleWebKit/537.36 (KHTML, like Gecko) Chrome/150.0.7871.114 Mobile Safari/537.36 (compatible; Googlebot/2.1; +http://www.google.com/bot.html)"
47.128.117.133 - - [15/Jul/2026:17:30:09 +0000] "GET /product/49629773485809 HTTP/2" 200 680 "-" "Mozilla/5.0 (Linux; Android 5.0) AppleWebKit/537.36 (KHTML, like Gecko) Mobile Safari/537.36 (compatible; Bytespider; spider-feedback@bytedance.com)"
4.213.167.22 - - [15/Jul/2026:17:30:09 +0000] "GET /wp-fileesx-449.php HTTP/1.1" 200 2215 "-" "-"
4.213.167.22 - - [15/Jul/2026:17:30:11 +0000] "GET /wp-link-szoppm.php HTTP/1.1" 200 2215 "-" "-"
66.249.79.233 - - [15/Jul/2026:17:30:11 +0000] "GET /product/10968034372067 HTTP/1.1" 200 680 "-" "Mozilla/5.0 (Linux; Android 6.0.1; Nexus 5X Build/MMB29P) AppleWebKit/537.36 (KHTML, like Gecko) Chrome/150.0.7871.114 Mobile Safari/537.36 (compatible; Googlebot/2.1; +http://www.google.com/bot.html)"
4.213.167.22 - - [15/Jul/2026:17:30:12 +0000] "GET /asasx.php HTTP/1.1" 200 2215 "-" "-"
66.249.79.161 - - [15/Jul/2026:17:30:12 +0000] "GET /prizes/83984038 HTTP/1.1" 200 680 "-" "Mozilla/5.0 (Linux; Android 6.0.1; Nexus 5X Build/MMB29P) AppleWebKit/537.36 (KHTML, like Gecko) Chrome/150.0.7871.114 Mobile Safari/537.36 (compatible; Googlebot/2.1; +http://www.google.com/bot.html)"
103.65.236.209 - - [15/Jul/2026:17:30:13 +0000] "GET / HTTP/1.1" 200 793 "-" "Mozilla/5.0 (Windows NT 10.0; Win64; x64) AppleWebKit/537.36 (KHTML, like Gecko) Chrome/126.0.0.0 Safari/537.36"
4.213.167.22 - - [15/Jul/2026:17:30:13 +0000] "GET /thoms.php HTTP/1.1" 200 2215 "-" "-"
103.65.236.209 - - [15/Jul/2026:17:30:14 +0000] "GET /administrator/index.php HTTP/1.1" 200 793 "-" "Mozilla/5.0 (Windows NT 10.0; Win64; x64) AppleWebKit/537.36 (KHTML, like Gecko) Chrome/126.0.0.0 Safari/537.36"
4.213.167.22 - - [15/Jul/2026:17:30:14 +0000] "GET /appt.php HTTP/1.1" 200 2215 "-" "-"
103.65.236.209 - - [15/Jul/2026:17:30:14 +0000] "GET / HTTP/1.1" 200 793 "-" "Mozilla/5.0 (Windows NT 10.0; Win64; x64) AppleWebKit/537.36 (KHTML, like Gecko) Chrome/126.0.0.0 Safari/537.36"
4.213.167.22 - - [15/Jul/2026:17:30:15 +0000] "GET /xex.php HTTP/1.1" 200 2215 "-" "-"
66.249.79.233 - - [15/Jul/2026:17:30:15 +0000] "GET /shop/pg/18141481-3 HTTP/1.1" 200 680 "-" "Mozilla/5.0 (Linux; Android 6.0.1; Nexus 5X Build/MMB29P) AppleWebKit/537.36 (KHTML, like Gecko) Chrome/150.0.7871.114 Mobile Safari/537.36 (compatible; Googlebot/2.1; +http://www.google.com/bot.html)"
103.65.236.209 - - [15/Jul/2026:17:30:15 +0000] "GET /media/jui/ HTTP/1.1" 200 793 "-" "Mozilla/5.0 (Windows NT 10.0; Win64; x64) AppleWebKit/537.36 (KHTML, like Gecko) Chrome/126.0.0.0 Safari/537.36"
4.213.167.22 - - [15/Jul/2026:17:30:17 +0000] "GET /wp-xx.php HTTP/1.1" 200 2215 "-" "-"
103.65.236.209 - - [15/Jul/2026:17:30:17 +0000] "GET /media/system/ HTTP/1.1" 200 793 "-" "Mozilla/5.0 (Windows NT 10.0; Win64; x64) AppleWebKit/537.36 (KHTML, like Gecko) Chrome/126.0.0.0 Safari/537.36"
66.249.79.233 - - [15/Jul/2026:17:30:18 +0000] "GET /prizes/131225280 HTTP/1.1" 200 680 "-" "Mozilla/5.0 (Linux; Android 6.0.1; Nexus 5X Build/MMB29P) AppleWebKit/537.36 (KHTML, like Gecko) Chrome/150.0.7871.114 Mobile Safari/537.36 (compatible; Googlebot/2.1; +http://www.google.com/bot.html)"
103.65.236.209 - - [15/Jul/2026:17:30:18 +0000] "GET /administrator/ HTTP/1.1" 200 793 "-" "Mozilla/5.0 (Windows NT 10.0; Win64; x64) AppleWebKit/537.36 (KHTML, like Gecko) Chrome/126.0.0.0 Safari/537.36"
4.213.167.22 - - [15/Jul/2026:17:30:18 +0000] "GET //wp-x7.php HTTP/1.1" 200 2215 "-" "-"
103.65.236.209 - - [15/Jul/2026:17:30:20 +0000] "GET /media/com_jce/editor/js/editor.min.js HTTP/1.1" 200 793 "-" "Mozilla/5.0 (Windows NT 10.0; Win64; x64) AppleWebKit/537.36 (KHTML, like Gecko) Chrome/126.0.0.0 Safari/537.36"
66.249.79.161 - - [15/Jul/2026:17:30:20 +0000] "GET /product/21818556679165 HTTP/1.1" 200 680 "-" "Mozilla/5.0 (Linux; Android 6.0.1; Nexus 5X Build/MMB29P) AppleWebKit/537.36 (KHTML, like Gecko) Chrome/150.0.7871.114 Mobile Safari/537.36 (compatible; Googlebot/2.1; +http://www.google.com/bot.html)"
4.213.167.22 - - [15/Jul/2026:17:30:20 +0000] "GET /xmrl.php HTTP/1.1" 200 2215 "-" "-"
103.65.236.209 - - [15/Jul/2026:17:30:21 +0000] "GET /index.php?option=com_jce HTTP/1.1" 200 793 "-" "Mozilla/5.0 (Windows NT 10.0; Win64; x64) AppleWebKit/537.36 (KHTML, like Gecko) Chrome/126.0.0.0 Safari/537.36"
66.249.79.233 - - [15/Jul/2026:17:30:22 +0000] "GET /product/49337293069366 HTTP/1.1" 200 680 "-" "Mozilla/5.0 (Linux; Android 6.0.1; Nexus 5X Build/MMB29P) AppleWebKit/537.36 (KHTML, like Gecko) Chrome/150.0.7871.114 Mobile Safari/537.36 (compatible; Googlebot/2.1; +http://www.google.com/bot.html)"
4.213.167.22 - - [15/Jul/2026:17:30:22 +0000] "GET /19.php HTTP/1.1" 200 2215 "-" "-"
103.65.236.209 - - [15/Jul/2026:17:30:22 +0000] "GET /administrator/components/com_jce/jce.xml HTTP/1.1" 200 793 "-" "Mozilla/5.0 (Windows NT 10.0; Win64; x64) AppleWebKit/537.36 (KHTML, like Gecko) Chrome/126.0.0.0 Safari/537.36"
66.249.79.233 - - [15/Jul/2026:17:30:23 +0000] "GET /shop/pg/39430182-3 HTTP/1.1" 200 680 "-" "Mozilla/5.0 (Linux; Android 6.0.1; Nexus 5X Build/MMB29P) AppleWebKit/537.36 (KHTML, like Gecko) Chrome/150.0.7871.114 Mobile Safari/537.36 (compatible; Googlebot/2.1; +http://www.google.com/bot.html)"
4.213.167.22 - - [15/Jul/2026:17:30:23 +0000] "GET /sql.php HTTP/1.1" 200 2215 "-" "-"
103.65.236.209 - - [15/Jul/2026:17:30:23 +0000] "GET / HTTP/1.1" 200 793 "-" "Mozilla/5.0 (Windows NT 10.0; Win64; x64) AppleWebKit/537.36 (KHTML, like Gecko) Chrome/126.0.0.0 Safari/537.36"
66.249.79.161 - - [15/Jul/2026:17:30:24 +0000] "GET /prizes/121775149 HTTP/1.1" 200 680 "-" "Mozilla/5.0 (Linux; Android 6.0.1; Nexus 5X Build/MMB29P) AppleWebKit/537.36 (KHTML, like Gecko) Chrome/150.0.7871.114 Mobile Safari/537.36 (compatible; Googlebot/2.1; +http://www.google.com/bot.html)"
103.65.236.209 - - [15/Jul/2026:17:30:24 +0000] "GET /index.php?option=com_jce&task=profiles.import HTTP/1.1" 200 793 "-" "Mozilla/5.0 (Windows NT 10.0; Win64; x64) AppleWebKit/537.36 (KHTML, like Gecko) Chrome/126.0.0.0 Safari/537.36"
4.213.167.22 - - [15/Jul/2026:17:30:24 +0000] "GET /f35.php HTTP/1.1" 200 2215 "-" "-"
103.65.236.209 - - [15/Jul/2026:17:30:25 +0000] "GET /index.php?option=com_jce&controller=profiles&task=import HTTP/1.1" 200 793 "-" "Mozilla/5.0 (Windows NT 10.0; Win64; x64) AppleWebKit/537.36 (KHTML, like Gecko) Chrome/126.0.0.0 Safari/537.36"
4.213.167.22 - - [15/Jul/2026:17:30:25 +0000] "GET /ff.php HTTP/1.1" 200 2215 "-" "-"
66.249.79.233 - - [15/Jul/2026:17:30:26 +0000] "GET /shop/pg/71132011-2 HTTP/1.1" 200 680 "-" "Mozilla/5.0 (Linux; Android 6.0.1; Nexus 5X Build/MMB29P) AppleWebKit/537.36 (KHTML, like Gecko) Chrome/150.0.7871.114 Mobile Safari/537.36 (compatible; Googlebot/2.1; +http://www.google.com/bot.html)"
103.65.236.209 - - [15/Jul/2026:17:30:26 +0000] "GET /index.php?option=com_jce&task=profile.apply HTTP/1.1" 200 793 "-" "Mozilla/5.0 (Windows NT 10.0; Win64; x64) AppleWebKit/537.36 (KHTML, like Gecko) Chrome/126.0.0.0 Safari/537.36"
4.213.167.22 - - [15/Jul/2026:17:30:27 +0000] "GET /chomu.php HTTP/1.1" 200 2215 "-" "-"
66.249.79.161 - - [15/Jul/2026:17:30:27 +0000] "GET /product/20239206214927m HTTP/1.1" 200 680 "-" "Mozilla/5.0 (Linux; Android 6.0.1; Nexus 5X Build/MMB29P) AppleWebKit/537.36 (KHTML, like Gecko) Chrome/150.0.7871.114 Mobile Safari/537.36 (compatible; Googlebot/2.1; +http://www.google.com/bot.html)"
103.65.236.209 - - [15/Jul/2026:17:30:27 +0000] "GET /index.php?option=com_jce&controller=profile&task=save HTTP/1.1" 200 793 "-" "Mozilla/5.0 (Windows NT 10.0; Win64; x64) AppleWebKit/537.36 (KHTML, like Gecko) Chrome/126.0.0.0 Safari/537.36"
4.213.167.22 - - [15/Jul/2026:17:30:28 +0000] "GET /file11.php HTTP/1.1" 200 2215 "-" "-"
103.65.236.209 - - [15/Jul/2026:17:30:28 +0000] "GET /index.php?option=com_users&view=login HTTP/1.1" 200 793 "-" "Mozilla/5.0 (Windows NT 10.0; Win64; x64) AppleWebKit/537.36 (KHTML, like Gecko) Chrome/126.0.0.0 Safari/537.36"
66.249.79.233 - - [15/Jul/2026:17:30:28 +0000] "GET /prizes/130609028 HTTP/1.1" 200 680 "-" "Mozilla/5.0 (Linux; Android 6.0.1; Nexus 5X Build/MMB29P) AppleWebKit/537.36 (KHTML, like Gecko) Chrome/150.0.7871.114 Mobile Safari/537.36 (compatible; Googlebot/2.1; +http://www.google.com/bot.html)"
66.249.79.161 - - [15/Jul/2026:17:30:29 +0000] "GET /product/23151735239511 HTTP/1.1" 200 680 "-" "Mozilla/5.0 (Linux; Android 6.0.1; Nexus 5X Build/MMB29P) AppleWebKit/537.36 (KHTML, like Gecko) Chrome/150.0.7871.114 Mobile Safari/537.36 (compatible; Googlebot/2.1; +http://www.google.com/bot.html)"
103.65.236.209 - - [15/Jul/2026:17:30:30 +0000] "GET /index.php?option=com_users&view=registration HTTP/1.1" 200 793 "-" "Mozilla/5.0 (Windows NT 10.0; Win64; x64) AppleWebKit/537.36 (KHTML, like Gecko) Chrome/126.0.0.0 Safari/537.36"
4.213.167.22 - - [15/Jul/2026:17:30:30 +0000] "GET /dex.php HTTP/1.1" 200 2215 "-" "-"
66.249.79.161 - - [15/Jul/2026:17:30:30 +0000] "GET /prizes/17814785 HTTP/1.1" 200 680 "-" "Mozilla/5.0 (Linux; Android 6.0.1; Nexus 5X Build/MMB29P) AppleWebKit/537.36 (KHTML, like Gecko) Chrome/150.0.7871.114 Mobile Safari/537.36 (compatible; Googlebot/2.1; +http://www.google.com/bot.html)"
103.65.236.209 - - [15/Jul/2026:17:30:31 +0000] "GET /index.php?option=com_users&view=reset HTTP/1.1" 200 793 "-" "Mozilla/5.0 (Windows NT 10.0; Win64; x64) AppleWebKit/537.36 (KHTML, like Gecko) Chrome/126.0.0.0 Safari/537.36"
4.213.167.22 - - [15/Jul/2026:17:30:32 +0000] "GET /crgio.php HTTP/1.1" 200 2215 "-" "-"
209.42.17.20 - - [15/Jul/2026:17:30:33 +0000] "POST /wp-cron.php?doing_wp_cron=1784136633.3234260082244873046875 HTTP/1.1" 200 0 "-" "WordPress/7.0.1; https://oas.com.ng"
103.65.236.209 - - [15/Jul/2026:17:30:32 +0000] "GET /index.php?option=com_users&view=remind HTTP/1.1" 200 793 "-" "Mozilla/5.0 (Windows NT 10.0; Win64; x64) AppleWebKit/537.36 (KHTML, like Gecko) Chrome/126.0.0.0 Safari/537.36"
4.213.167.22 - - [15/Jul/2026:17:30:33 +0000] "GET /pass4.php HTTP/1.1" 200 2215 "-" "-"
103.65.236.209 - - [15/Jul/2026:17:30:33 +0000] "GET /index.php?option=com_users&view=login HTTP/1.1" 200 793 "-" "Mozilla/5.0 (Windows NT 10.0; Win64; x64) AppleWebKit/537.36 (KHTML, like Gecko) Chrome/126.0.0.0 Safari/537.36"
103.65.236.209 - - [15/Jul/2026:17:30:35 +0000] "GET /index.php?option=com_users&view=registration HTTP/1.1" 200 793 "-" "Mozilla/5.0 (Windows NT 10.0; Win64; x64) AppleWebKit/537.36 (KHTML, like Gecko) Chrome/126.0.0.0 Safari/537.36"
4.213.167.22 - - [15/Jul/2026:17:30:35 +0000] "GET /wp-is.php HTTP/1.1" 200 2215 "-" "-"
103.65.236.209 - - [15/Jul/2026:17:30:36 +0000] "GET /index.php?option=com_users&view=reset HTTP/1.1" 200 793 "-" "Mozilla/5.0 (Windows NT 10.0; Win64; x64) AppleWebKit/537.36 (KHTML, like Gecko) Chrome/126.0.0.0 Safari/537.36"
66.249.79.233 - - [15/Jul/2026:17:30:36 +0000] "GET /product/49814783171483m HTTP/1.1" 200 680 "-" "Mozilla/5.0 (Linux; Android 6.0.1; Nexus 5X Build/MMB29P) AppleWebKit/537.36 (KHTML, like Gecko) Chrome/150.0.7871.114 Mobile Safari/537.36 (compatible; Googlebot/2.1; +http://www.google.com/bot.html)"
4.213.167.22 - - [15/Jul/2026:17:30:36 +0000] "GET /wp-admin/index.php HTTP/1.1" 302 0 "-" "-"
66.249.79.233 - - [15/Jul/2026:17:30:37 +0000] "GET /product/12771353890935m HTTP/1.1" 200 680 "-" "Mozilla/5.0 (Linux; Android 6.0.1; Nexus 5X Build/MMB29P) AppleWebKit/537.36 (KHTML, like Gecko) Chrome/150.0.7871.114 Mobile Safari/537.36 (compatible; Googlebot/2.1; +http://www.google.com/bot.html)"
103.65.236.209 - - [15/Jul/2026:17:30:37 +0000] "GET /index.php?option=com_users&view=remind HTTP/1.1" 200 793 "-" "Mozilla/5.0 (Windows NT 10.0; Win64; x64) AppleWebKit/537.36 (KHTML, like Gecko) Chrome/126.0.0.0 Safari/537.36"
4.213.167.22 - - [15/Jul/2026:17:30:38 +0000] "GET /wp-login.php?redirect_to=https%3A%2F%2Ftheolatechnologies.com%2Fwp-admin%2Findex.php&reauth=1 HTTP/1.1" 200 6256 "-" "-"
103.65.236.209 - - [15/Jul/2026:17:30:38 +0000] "GET /index.php?option=com_contact&view=contact&id=1 HTTP/1.1" 200 793 "-" "Mozilla/5.0 (Windows NT 10.0; Win64; x64) AppleWebKit/537.36 (KHTML, like Gecko) Chrome/126.0.0.0 Safari/537.36"
103.65.236.209 - - [15/Jul/2026:17:30:39 +0000] "GET /index.php?option=com_search HTTP/1.1" 200 793 "-" "Mozilla/5.0 (Windows NT 10.0; Win64; x64) AppleWebKit/537.36 (KHTML, like Gecko) Chrome/126.0.0.0 Safari/537.36"
4.213.167.22 - - [15/Jul/2026:17:30:39 +0000] "GET /ver.php HTTP/1.1" 200 2215 "-" "-"
103.65.236.209 - - [15/Jul/2026:17:30:40 +0000] "GET /index.php?option=com_finder&view=search HTTP/1.1" 200 793 "-" "Mozilla/5.0 (Windows NT 10.0; Win64; x64) AppleWebKit/537.36 (KHTML, like Gecko) Chrome/126.0.0.0 Safari/537.36"
4.213.167.22 - - [15/Jul/2026:17:30:41 +0000] "GET /wp-tivate.php HTTP/1.1" 200 2215 "-" "-"
103.65.236.209 - - [15/Jul/2026:17:30:41 +0000] "GET /index.php?option=com_privacy&view=request HTTP/1.1" 200 793 "-" "Mozilla/5.0 (Windows NT 10.0; Win64; x64) AppleWebKit/537.36 (KHTML, like Gecko) Chrome/126.0.0.0 Safari/537.36"
4.213.167.22 - - [15/Jul/2026:17:30:42 +0000] "GET /shell20211028.php HTTP/1.1" 200 2215 "-" "-"
103.65.236.209 - - [15/Jul/2026:17:30:42 +0000] "GET /index.php?option=com_content&view=form&layout=edit HTTP/1.1" 200 793 "-" "Mozilla/5.0 (Windows NT 10.0; Win64; x64) AppleWebKit/537.36 (KHTML, like Gecko) Chrome/126.0.0.0 Safari/537.36"
47.128.117.176 - - [15/Jul/2026:17:30:43 +0000] "GET /product/31391713986671 HTTP/2" 200 680 "-" "Mozilla/5.0 (Linux; Android 5.0) AppleWebKit/537.36 (KHTML, like Gecko) Mobile Safari/537.36 (compatible; Bytespider; spider-feedback@bytedance.com)"
4.213.167.22 - - [15/Jul/2026:17:30:43 +0000] "GET //x.php HTTP/1.1" 200 2215 "-" "-"
103.65.236.209 - - [15/Jul/2026:17:30:44 +0000] "GET /index.php?option=com_tags HTTP/1.1" 200 793 "-" "Mozilla/5.0 (Windows NT 10.0; Win64; x64) AppleWebKit/537.36 (KHTML, like Gecko) Chrome/126.0.0.0 Safari/537.36"
103.65.236.209 - - [15/Jul/2026:17:30:45 +0000] "POST /index.php?option=com_jce&controller=editor&task=profiles.import HTTP/1.1" 200 793 "-" "Mozilla/5.0 (Windows NT 10.0; Win64; x64) AppleWebKit/537.36 (KHTML, like Gecko) Chrome/126.0.0.0 Safari/537.36"
4.213.167.22 - - [15/Jul/2026:17:30:45 +0000] "GET /file.php HTTP/1.1" 200 2215 "-" "-"
103.65.236.209 - - [15/Jul/2026:17:30:46 +0000] "POST /index.php?option=com_jce&task=profiles.import HTTP/1.1" 200 793 "-" "Mozilla/5.0 (Windows NT 10.0; Win64; x64) AppleWebKit/537.36 (KHTML, like Gecko) Chrome/126.0.0.0 Safari/537.36"
4.213.167.22 - - [15/Jul/2026:17:30:46 +0000] "GET /8.php HTTP/1.1" 200 2215 "-" "-"
103.65.236.209 - - [15/Jul/2026:17:30:47 +0000] "GET /index.php?option=com_virtuemart&view=user HTTP/1.1" 200 793 "-" "Mozilla/5.0 (Windows NT 10.0; Win64; x64) AppleWebKit/537.36 (KHTML, like Gecko) Chrome/126.0.0.0 Safari/537.36"
4.213.167.22 - - [15/Jul/2026:17:30:47 +0000] "GET //ffd.php HTTP/1.1" 200 2215 "-" "-"
103.65.236.209 - - [15/Jul/2026:17:30:48 +0000] "GET /index.php?option=com_virtuemart&view=cart HTTP/1.1" 200 793 "-" "Mozilla/5.0 (Windows NT 10.0; Win64; x64) AppleWebKit/537.36 (KHTML, like Gecko) Chrome/126.0.0.0 Safari/537.36"
4.213.167.22 - - [15/Jul/2026:17:30:49 +0000] "GET /t.php HTTP/1.1" 200 2215 "-" "-"
103.65.236.209 - - [15/Jul/2026:17:30:49 +0000] "GET /index.php?option=com_hikashop&view=user HTTP/1.1" 200 793 "-" "Mozilla/5.0 (Windows NT 10.0; Win64; x64) AppleWebKit/537.36 (KHTML, like Gecko) Chrome/126.0.0.0 Safari/537.36"
103.65.236.209 - - [15/Jul/2026:17:30:50 +0000] "GET /index.php?option=com_kunena&view=login HTTP/1.1" 200 793 "-" "Mozilla/5.0 (Windows NT 10.0; Win64; x64) AppleWebKit/537.36 (KHTML, like Gecko) Chrome/126.0.0.0 Safari/537.36"
4.213.167.22 - - [15/Jul/2026:17:30:50 +0000] "GET //shell.php HTTP/1.1" 200 2215 "-" "-"
103.65.236.209 - - [15/Jul/2026:17:30:51 +0000] "GET /index.php?option=com_kunena&view=post&do=new HTTP/1.1" 200 793 "-" "Mozilla/5.0 (Windows NT 10.0; Win64; x64) AppleWebKit/537.36 (KHTML, like Gecko) Chrome/126.0.0.0 Safari/537.36"
4.213.167.22 - - [15/Jul/2026:17:30:51 +0000] "GET /fun.php HTTP/1.1" 200 2215 "-" "-"
103.65.236.209 - - [15/Jul/2026:17:30:52 +0000] "GET /index.php?option=com_acymailing&view=user HTTP/1.1" 200 793 "-" "Mozilla/5.0 (Windows NT 10.0; Win64; x64) AppleWebKit/537.36 (KHTML, like Gecko) Chrome/126.0.0.0 Safari/537.36"
4.213.167.22 - - [15/Jul/2026:17:30:52 +0000] "GET //wp-content/languages/index.php HTTP/1.1" 200 2215 "-" "-"
103.65.236.209 - - [15/Jul/2026:17:30:53 +0000] "GET /index.php?option=com_rsform&view=rsform&formId=1 HTTP/1.1" 200 793 "-" "Mozilla/5.0 (Windows NT 10.0; Win64; x64) AppleWebKit/537.36 (KHTML, like Gecko) Chrome/126.0.0.0 Safari/537.36"
4.213.167.22 - - [15/Jul/2026:17:30:54 +0000] "GET /x.php HTTP/1.1" 200 2215 "-" "-"
103.65.236.209 - - [15/Jul/2026:17:30:54 +0000] "GET /index.php?option=com_chronoforms&view=form HTTP/1.1" 200 793 "-" "Mozilla/5.0 (Windows NT 10.0; Win64; x64) AppleWebKit/537.36 (KHTML, like Gecko) Chrome/126.0.0.0 Safari/537.36"
4.213.167.22 - - [15/Jul/2026:17:30:55 +0000] "GET /revealability.php HTTP/1.1" 200 2215 "-" "-"
103.65.236.209 - - [15/Jul/2026:17:30:55 +0000] "GET /index.php?option=com_breezingforms&view=form HTTP/1.1" 200 793 "-" "Mozilla/5.0 (Windows NT 10.0; Win64; x64) AppleWebKit/537.36 (KHTML, like Gecko) Chrome/126.0.0.0 Safari/537.36"
103.65.236.209 - - [15/Jul/2026:17:30:56 +0000] "GET /index.php?option=com_smartslider3 HTTP/1.1" 200 793 "-" "Mozilla/5.0 (Windows NT 10.0; Win64; x64) AppleWebKit/537.36 (KHTML, like Gecko) Chrome/126.0.0.0 Safari/537.36"
4.213.167.22 - - [15/Jul/2026:17:30:56 +0000] "GET /ccou.php HTTP/1.1" 200 2215 "-" "-"
103.65.236.209 - - [15/Jul/2026:17:30:57 +0000] "GET /index.php?option=com_jce HTTP/1.1" 200 793 "-" "Mozilla/5.0 (Windows NT 10.0; Win64; x64) AppleWebKit/537.36 (KHTML, like Gecko) Chrome/126.0.0.0 Safari/537.36"
4.213.167.22 - - [15/Jul/2026:17:30:57 +0000] "GET /ff1.php HTTP/1.1" 200 2215 "-" "-"
103.65.236.209 - - [15/Jul/2026:17:30:58 +0000] "GET /halaman-tidak-ada-73353 HTTP/1.1" 200 793 "-" "Mozilla/5.0 (Windows NT 10.0; Win64; x64) AppleWebKit/537.36 (KHTML, like Gecko) Chrome/126.0.0.0 Safari/537.36"
4.213.167.22 - - [15/Jul/2026:17:30:59 +0000] "GET /shx.php HTTP/1.1" 200 2215 "-" "-"
103.65.236.209 - - [15/Jul/2026:17:30:59 +0000] "GET /index.php?option=com_content&view=article&id=999999 HTTP/1.1" 200 793 "-" "Mozilla/5.0 (Windows NT 10.0; Win64; x64) AppleWebKit/537.36 (KHTML, like Gecko) Chrome/126.0.0.0 Safari/537.36"
4.213.167.22 - - [15/Jul/2026:17:31:00 +0000] "GET /bgymj.php HTTP/1.1" 200 2215 "-" "-"
103.65.236.209 - - [15/Jul/2026:17:31:00 +0000] "GET /index.php?option=com_content&view=feed&type=rss HTTP/1.1" 200 793 "-" "Mozilla/5.0 (Windows NT 10.0; Win64; x64) AppleWebKit/537.36 (KHTML, like Gecko) Chrome/126.0.0.0 Safari/537.36"
103.65.236.209 - - [15/Jul/2026:17:31:01 +0000] "GET /index.php?option=com_ajax HTTP/1.1" 200 793 "-" "Mozilla/5.0 (Windows NT 10.0; Win64; x64) AppleWebKit/537.36 (KHTML, like Gecko) Chrome/126.0.0.0 Safari/537.36"
4.213.167.22 - - [15/Jul/2026:17:31:01 +0000] "GET /wen.php HTTP/1.1" 200 2215 "-" "-"
66.249.79.234 - - [15/Jul/2026:17:31:01 +0000] "GET /product/21844903428290 HTTP/1.1" 200 680 "-" "Mozilla/5.0 (Linux; Android 6.0.1; Nexus 5X Build/MMB29P) AppleWebKit/537.36 (KHTML, like Gecko) Chrome/150.0.7871.114 Mobile Safari/537.36 (compatible; Googlebot/2.1; +http://www.google.com/bot.html)"
103.65.236.209 - - [15/Jul/2026:17:31:03 +0000] "GET /login HTTP/1.1" 200 793 "-" "Mozilla/5.0 (Windows NT 10.0; Win64; x64) AppleWebKit/537.36 (KHTML, like Gecko) Chrome/126.0.0.0 Safari/537.36"
4.213.167.22 - - [15/Jul/2026:17:31:03 +0000] "GET /f.php HTTP/1.1" 200 2215 "-" "-"
103.65.236.209 - - [15/Jul/2026:17:31:04 +0000] "GET /component/users/?view=login HTTP/1.1" 200 793 "-" "Mozilla/5.0 (Windows NT 10.0; Win64; x64) AppleWebKit/537.36 (KHTML, like Gecko) Chrome/126.0.0.0 Safari/537.36"
4.213.167.22 - - [15/Jul/2026:17:31:04 +0000] "GET /la.php HTTP/1.1" 200 2215 "-" "-"
103.65.236.209 - - [15/Jul/2026:17:31:05 +0000] "GET /index.php/component/users/?view=login HTTP/1.1" 200 793 "-" "Mozilla/5.0 (Windows NT 10.0; Win64; x64) AppleWebKit/537.36 (KHTML, like Gecko) Chrome/126.0.0.0 Safari/537.36"
4.213.167.22 - - [15/Jul/2026:17:31:05 +0000] "GET /se/name.php HTTP/1.1" 200 2215 "-" "-"
103.65.236.209 - - [15/Jul/2026:17:31:06 +0000] "GET /user/login HTTP/1.1" 200 793 "-" "Mozilla/5.0 (Windows NT 10.0; Win64; x64) AppleWebKit/537.36 (KHTML, like Gecko) Chrome/126.0.0.0 Safari/537.36"
66.249.79.161 - - [15/Jul/2026:17:31:06 +0000] "GET /shop/pg/51623060-4 HTTP/1.1" 200 680 "-" "Mozilla/5.0 (Linux; Android 6.0.1; Nexus 5X Build/MMB29P) AppleWebKit/537.36 (KHTML, like Gecko) Chrome/150.0.7871.114 Mobile Safari/537.36 (compatible; Googlebot/2.1; +http://www.google.com/bot.html)"
4.213.167.22 - - [15/Jul/2026:17:31:06 +0000] "GET /z.php HTTP/1.1" 200 2215 "-" "-"
66.249.79.162 - - [15/Jul/2026:17:31:06 +0000] "GET /prizes/110490836 HTTP/1.1" 200 680 "-" "Mozilla/5.0 (Linux; Android 6.0.1; Nexus 5X Build/MMB29P) AppleWebKit/537.36 (KHTML, like Gecko) Chrome/150.0.7871.114 Mobile Safari/537.36 (compatible; Googlebot/2.1; +http://www.google.com/bot.html)"
103.65.236.209 - - [15/Jul/2026:17:31:07 +0000] "GET /en/login HTTP/1.1" 200 793 "-" "Mozilla/5.0 (Windows NT 10.0; Win64; x64) AppleWebKit/537.36 (KHTML, like Gecko) Chrome/126.0.0.0 Safari/537.36"
4.213.167.22 - - [15/Jul/2026:17:31:08 +0000] "GET /wp-update.php HTTP/1.1" 200 2215 "-" "-"
103.65.236.209 - - [15/Jul/2026:17:31:08 +0000] "GET /id/login HTTP/1.1" 200 793 "-" "Mozilla/5.0 (Windows NT 10.0; Win64; x64) AppleWebKit/537.36 (KHTML, like Gecko) Chrome/126.0.0.0 Safari/537.36"
4.213.167.22 - - [15/Jul/2026:17:31:09 +0000] "GET /wp-content/themes/about.php HTTP/1.1" 200 2215 "-" "-"
66.249.68.64 - - [15/Jul/2026:17:31:09 +0000] "GET /product/34431355284174 HTTP/1.1" 200 680 "-" "Mozilla/5.0 (Linux; Android 6.0.1; Nexus 5X Build/MMB29P) AppleWebKit/537.36 (KHTML, like Gecko) Chrome/150.0.7871.114 Mobile Safari/537.36 (compatible; Googlebot/2.1; +http://www.google.com/bot.html)"
4.213.167.22 - - [15/Jul/2026:17:31:10 +0000] "GET /plugins.php HTTP/1.1" 200 2215 "-" "-"
66.249.79.233 - - [15/Jul/2026:17:31:10 +0000] "GET /shop/pg/37620590-2 HTTP/1.1" 200 680 "-" "Mozilla/5.0 (Linux; Android 6.0.1; Nexus 5X Build/MMB29P) AppleWebKit/537.36 (KHTML, like Gecko) Chrome/150.0.7871.114 Mobile Safari/537.36 (compatible; Googlebot/2.1; +http://www.google.com/bot.html)"
4.213.167.22 - - [15/Jul/2026:17:31:11 +0000] "GET /data.php HTTP/1.1" 200 2215 "-" "-"
4.213.167.22 - - [15/Jul/2026:17:31:12 +0000] "GET /atomlib.php HTTP/1.1" 200 2215 "-" "-"
4.213.167.22 - - [15/Jul/2026:17:31:13 +0000] "GET /xa.php HTTP/1.1" 200 2215 "-" "-"
4.213.167.22 - - [15/Jul/2026:17:31:15 +0000] "GET /ms-edit.php HTTP/1.1" 200 2215 "-" "-"
4.213.167.22 - - [15/Jul/2026:17:31:16 +0000] "GET /sid3.php HTTP/1.1" 200 2215 "-" "-"
4.213.167.22 - - [15/Jul/2026:17:31:17 +0000] "GET /cache.php HTTP/1.1" 200 2215 "-" "-"
4.213.167.22 - - [15/Jul/2026:17:31:18 +0000] "GET /i.php HTTP/1.1" 200 2215 "-" "-"
47.128.117.200 - - [15/Jul/2026:17:31:19 +0000] "GET /product/11603262858509 HTTP/2" 200 680 "-" "Mozilla/5.0 (Linux; Android 5.0) AppleWebKit/537.36 (KHTML, like Gecko) Mobile Safari/537.36 (compatible; Bytespider; spider-feedback@bytedance.com)"
4.213.167.22 - - [15/Jul/2026:17:31:19 +0000] "GET /wp-admin/network/edit.php HTTP/1.1" 302 0 "-" "-"
66.249.79.233 - - [15/Jul/2026:17:31:19 +0000] "GET /prizes/127401977 HTTP/1.1" 200 680 "-" "Mozilla/5.0 (Linux; Android 6.0.1; Nexus 5X Build/MMB29P) AppleWebKit/537.36 (KHTML, like Gecko) Chrome/150.0.7871.114 Mobile Safari/537.36 (compatible; Googlebot/2.1; +http://www.google.com/bot.html)"
4.213.167.22 - - [15/Jul/2026:17:31:21 +0000] "GET /wp-login.php?redirect_to=https%3A%2F%2Ftheolatechnologies.com%2Fwp-admin%2Fnetwork%2Fedit.php&reauth=1 HTTP/1.1" 200 6263 "-" "-"
4.213.167.22 - - [15/Jul/2026:17:31:22 +0000] "GET /dropdown.php HTTP/1.1" 200 2215 "-" "-"
66.249.79.161 - - [15/Jul/2026:17:31:23 +0000] "GET /product/10182755820742 HTTP/1.1" 200 680 "-" "Mozilla/5.0 (Linux; Android 6.0.1; Nexus 5X Build/MMB29P) AppleWebKit/537.36 (KHTML, like Gecko) Chrome/150.0.7871.114 Mobile Safari/537.36 (compatible; Googlebot/2.1; +http://www.google.com/bot.html)"
4.213.167.22 - - [15/Jul/2026:17:31:24 +0000] "GET /system.php HTTP/1.1" 200 2215 "-" "-"
4.213.167.22 - - [15/Jul/2026:17:31:25 +0000] "GET /r.php HTTP/1.1" 200 2215 "-" "-"
4.213.167.22 - - [15/Jul/2026:17:31:26 +0000] "GET /xml.php HTTP/1.1" 200 2215 "-" "-"
4.213.167.22 - - [15/Jul/2026:17:31:27 +0000] "GET /06.php HTTP/1.1" 200 2215 "-" "-"
4.213.167.22 - - [15/Jul/2026:17:31:28 +0000] "GET /lp6.php HTTP/1.1" 200 2215 "-" "-"
4.213.167.22 - - [15/Jul/2026:17:31:29 +0000] "GET /a4.php HTTP/1.1" 200 2215 "-" "-"
4.213.167.22 - - [15/Jul/2026:17:31:30 +0000] "GET /samll.php HTTP/1.1" 200 2215 "-" "-"
4.213.167.22 - - [15/Jul/2026:17:31:31 +0000] "GET /inputs.php HTTP/1.1" 200 2215 "-" "-"
209.42.17.20 - - [15/Jul/2026:17:31:33 +0000] "POST /wp-cron.php?doing_wp_cron=1784136693.0148050785064697265625 HTTP/1.1" 200 0 "-" "WordPress/7.0.1; https://oas.com.ng"
173.239.211.90 - - [15/Jul/2026:17:31:32 +0000] "POST /wp-login.php HTTP/1.1" 200 2382 "-" "Mozilla/5.0 (Macintosh; Intel Mac OS X 10_15_7) AppleWebKit/605.1.15 Version/17.0 Safari/605.1.15"
4.213.167.22 - - [15/Jul/2026:17:31:32 +0000] "GET /new.php HTTP/1.1" 200 2215 "-" "-"
4.213.167.22 - - [15/Jul/2026:17:31:34 +0000] "GET /term.php HTTP/1.1" 200 2215 "-" "-"
169.224.7.64 - - [15/Jul/2026:17:31:34 +0000] "GET /product/46247583340338 HTTP/1.1" 200 680 "https://oas.com.ng/sitemap-6.xml" "Mozilla/5.0 (iPhone; CPU iPhone OS 18_5 like Mac OS X) AppleWebKit/605.1.15 (KHTML, like Gecko) Version/18.5 Mobile/15E148 Safari/604.1 MicroMessenger/8.0.31(0x18001B3F) NetType/WIFI Language/zh_CN"
4.213.167.22 - - [15/Jul/2026:17:31:35 +0000] "GET /wp-load.php HTTP/1.1" 200 0 "-" "-"
4.213.167.22 - - [15/Jul/2026:17:31:36 +0000] "GET //wso.php HTTP/1.1" 200 2215 "-" "-"
66.249.79.235 - - [15/Jul/2026:17:31:37 +0000] "GET /product/12699222402509 HTTP/1.1" 200 680 "-" "Mozilla/5.0 (Linux; Android 6.0.1; Nexus 5X Build/MMB29P) AppleWebKit/537.36 (KHTML, like Gecko) Chrome/150.0.7871.114 Mobile Safari/537.36 (compatible; Googlebot/2.1; +http://www.google.com/bot.html)"
4.213.167.22 - - [15/Jul/2026:17:31:37 +0000] "GET /666.php HTTP/1.1" 200 2215 "-" "-"
4.213.167.22 - - [15/Jul/2026:17:31:38 +0000] "GET /txets.php HTTP/1.1" 200 2215 "-" "-"
4.213.167.22 - - [15/Jul/2026:17:31:39 +0000] "GET /wp-admin/maint/wp-is.php HTTP/1.1" 200 2215 "-" "-"
4.213.167.22 - - [15/Jul/2026:17:31:40 +0000] "GET /333.php HTTP/1.1" 200 2215 "-" "-"
4.213.167.22 - - [15/Jul/2026:17:31:42 +0000] "GET /wuasr.php HTTP/1.1" 200 2215 "-" "-"
4.213.167.22 - - [15/Jul/2026:17:31:43 +0000] "GET /xxx.php HTTP/1.1" 200 2215 "-" "-"
66.249.79.163 - - [15/Jul/2026:17:31:44 +0000] "GET /shop/pg/98193096-4 HTTP/1.1" 200 680 "-" "Mozilla/5.0 (Linux; Android 6.0.1; Nexus 5X Build/MMB29P) AppleWebKit/537.36 (KHTML, like Gecko) Chrome/150.0.7871.114 Mobile Safari/537.36 (compatible; Googlebot/2.1; +http://www.google.com/bot.html)"
4.213.167.22 - - [15/Jul/2026:17:31:44 +0000] "GET /file4.php HTTP/1.1" 200 2215 "-" "-"
66.249.79.163 - - [15/Jul/2026:17:31:45 +0000] "GET /prizes/144323179 HTTP/1.1" 200 680 "-" "Mozilla/5.0 (Linux; Android 6.0.1; Nexus 5X Build/MMB29P) AppleWebKit/537.36 (KHTML, like Gecko) Chrome/150.0.7871.114 Mobile Safari/537.36 (compatible; Googlebot/2.1; +http://www.google.com/bot.html)"
4.213.167.22 - - [15/Jul/2026:17:31:46 +0000] "GET /db.php HTTP/1.1" 200 2215 "-" "-"
4.213.167.22 - - [15/Jul/2026:17:31:47 +0000] "GET /mini.php HTTP/1.1" 200 2215 "-" "-"
4.213.167.22 - - [15/Jul/2026:17:31:48 +0000] "GET /wp-trackback.php HTTP/1.1" 200 2215 "-" "-"
4.213.167.22 - - [15/Jul/2026:17:31:49 +0000] "GET /edit.php HTTP/1.1" 200 2215 "-" "-"
4.213.167.22 - - [15/Jul/2026:17:31:51 +0000] "GET /jj.php HTTP/1.1" 200 2215 "-" "-"
66.249.68.64 - - [15/Jul/2026:17:31:52 +0000] "GET /product/44715263031053 HTTP/1.1" 200 680 "-" "Mozilla/5.0 (Linux; Android 6.0.1; Nexus 5X Build/MMB29P) AppleWebKit/537.36 (KHTML, like Gecko) Chrome/150.0.7871.114 Mobile Safari/537.36 (compatible; Googlebot/2.1; +http://www.google.com/bot.html)"
4.213.167.22 - - [15/Jul/2026:17:31:52 +0000] "GET /wp-content/uploads/admin.php HTTP/1.1" 200 2215 "-" "-"
66.249.79.234 - - [15/Jul/2026:17:31:52 +0000] "GET /shop/pg/12554611-2 HTTP/1.1" 200 680 "-" "Mozilla/5.0 (Linux; Android 6.0.1; Nexus 5X Build/MMB29P) AppleWebKit/537.36 (KHTML, like Gecko) Chrome/150.0.7871.114 Mobile Safari/537.36 (compatible; Googlebot/2.1; +http://www.google.com/bot.html)"
4.213.167.22 - - [15/Jul/2026:17:31:53 +0000] "GET /bthil.php HTTP/1.1" 200 2215 "-" "-"
47.128.117.183 - - [15/Jul/2026:17:31:53 +0000] "GET /product/35107523361787 HTTP/2" 200 680 "-" "Mozilla/5.0 (Linux; Android 5.0) AppleWebKit/537.36 (KHTML, like Gecko) Mobile Safari/537.36 (compatible; Bytespider; spider-feedback@bytedance.com)"
4.213.167.22 - - [15/Jul/2026:17:31:54 +0000] "GET /class-t.api.php HTTP/1.1" 200 2215 "-" "-"
4.213.167.22 - - [15/Jul/2026:17:31:55 +0000] "GET /yas.php HTTP/1.1" 200 2215 "-" "-"
4.213.167.22 - - [15/Jul/2026:17:31:56 +0000] "GET //test.php HTTP/1.1" 200 2215 "-" "-"
4.213.167.22 - - [15/Jul/2026:17:31:57 +0000] "GET /test.php HTTP/1.1" 200 2215 "-" "-"
4.213.167.22 - - [15/Jul/2026:17:31:58 +0000] "GET /amax.php HTTP/1.1" 200 2215 "-" "-"
4.213.167.22 - - [15/Jul/2026:17:31:59 +0000] "GET /wp5.php HTTP/1.1" 200 2215 "-" "-"
4.213.167.22 - - [15/Jul/2026:17:32:00 +0000] "GET /wp-slss.php HTTP/1.1" 200 2215 "-" "-"
4.213.167.22 - - [15/Jul/2026:17:32:02 +0000] "GET /v2.php HTTP/1.1" 200 2215 "-" "-"
4.213.167.22 - - [15/Jul/2026:17:32:03 +0000] "GET //min.php HTTP/1.1" 200 2215 "-" "-"
66.249.79.233 - - [15/Jul/2026:17:32:04 +0000] "GET /prizes/122203139 HTTP/1.1" 200 680 "-" "Mozilla/5.0 (Linux; Android 6.0.1; Nexus 5X Build/MMB29P) AppleWebKit/537.36 (KHTML, like Gecko) Chrome/150.0.7871.114 Mobile Safari/537.36 (compatible; Googlebot/2.1; +http://www.google.com/bot.html)"
4.213.167.22 - - [15/Jul/2026:17:32:04 +0000] "GET /error.php HTTP/1.1" 200 2215 "-" "-"
4.213.167.22 - - [15/Jul/2026:17:32:05 +0000] "GET /wp-admin/css/colors/blue/file.php HTTP/1.1" 200 2215 "-" "-"
66.249.79.163 - - [15/Jul/2026:17:32:05 +0000] "GET /product/36385214412954 HTTP/1.1" 200 680 "-" "Mozilla/5.0 (Linux; Android 6.0.1; Nexus 5X Build/MMB29P) AppleWebKit/537.36 (KHTML, like Gecko) Chrome/150.0.7871.114 Mobile Safari/537.36 (compatible; Googlebot/2.1; +http://www.google.com/bot.html)"
4.213.167.22 - - [15/Jul/2026:17:32:06 +0000] "GET /wmore1.php HTTP/1.1" 200 2215 "-" "-"
4.213.167.22 - - [15/Jul/2026:17:32:07 +0000] "GET /bless24.php HTTP/1.1" 200 2215 "-" "-"
