66.249.79.162 - - [15/Jul/2026:12:54:18 +0000] "GET /product/12701754153522 HTTP/1.1" 200 680 "-" "Mozilla/5.0 (Linux; Android 6.0.1; Nexus 5X Build/MMB29P) AppleWebKit/537.36 (KHTML, like Gecko) Chrome/150.0.7871.114 Mobile Safari/537.36 (compatible; Googlebot/2.1; +http://www.google.com/bot.html)"
66.249.79.163 - - [15/Jul/2026:12:54:23 +0000] "GET /wp-content/plugins/under-construction-page/themes/css/bootstrap.min.css?v=4.05 HTTP/1.1" 200 18270 "https://www.oas.com.ng/" "Mozilla/5.0 (Linux; Android 6.0.1; Nexus 5X Build/MMB29P) AppleWebKit/537.36 (KHTML, like Gecko) Chrome/150.0.7871.46 Mobile Safari/537.36 (compatible; Googlebot/2.1; +http://www.google.com/bot.html)"
209.42.17.20 - - [15/Jul/2026:12:54:40 +0000] "POST /wp-cron.php?doing_wp_cron=1784120080.0613489151000976562500 HTTP/1.1" 200 0 "-" "WordPress/7.0.1; https://oas.com.ng"
66.249.79.161 - - [15/Jul/2026:12:54:39 +0000] "GET /prizes/94993169 HTTP/1.1" 200 680 "-" "Mozilla/5.0 (Linux; Android 6.0.1; Nexus 5X Build/MMB29P) AppleWebKit/537.36 (KHTML, like Gecko) Chrome/150.0.7871.114 Mobile Safari/537.36 (compatible; Googlebot/2.1; +http://www.google.com/bot.html)"
66.249.79.161 - - [15/Jul/2026:12:54:45 +0000] "GET /product/43860725879194 HTTP/1.1" 200 680 "-" "Mozilla/5.0 (Linux; Android 6.0.1; Nexus 5X Build/MMB29P) AppleWebKit/537.36 (KHTML, like Gecko) Chrome/150.0.7871.114 Mobile Safari/537.36 (compatible; Googlebot/2.1; +http://www.google.com/bot.html)"
52.167.144.231 - - [15/Jul/2026:12:54:54 +0000] "GET /product/14879864266760 HTTP/2" 200 680 "-" "Mozilla/5.0 AppleWebKit/537.36 (KHTML, like Gecko; compatible; bingbot/2.0; +http://www.bing.com/bingbot.htm) Chrome/116.0.1938.76 Safari/537.36"
66.249.79.234 - - [15/Jul/2026:12:55:01 +0000] "GET /product/41745214771349 HTTP/1.1" 200 680 "-" "Mozilla/5.0 (Linux; Android 6.0.1; Nexus 5X Build/MMB29P) AppleWebKit/537.36 (KHTML, like Gecko) Chrome/150.0.7871.114 Mobile Safari/537.36 (compatible; Googlebot/2.1; +http://www.google.com/bot.html)"
66.249.79.161 - - [15/Jul/2026:12:55:04 +0000] "GET /prizes/90368412 HTTP/1.1" 200 680 "-" "Mozilla/5.0 (Linux; Android 6.0.1; Nexus 5X Build/MMB29P) AppleWebKit/537.36 (KHTML, like Gecko) Chrome/150.0.7871.114 Mobile Safari/537.36 (compatible; Googlebot/2.1; +http://www.google.com/bot.html)"
66.249.79.161 - - [15/Jul/2026:12:55:09 +0000] "GET /product/42627034762042 HTTP/1.1" 200 680 "-" "Mozilla/5.0 (Linux; Android 6.0.1; Nexus 5X Build/MMB29P) AppleWebKit/537.36 (KHTML, like Gecko) Chrome/150.0.7871.114 Mobile Safari/537.36 (compatible; Googlebot/2.1; +http://www.google.com/bot.html)"
20.226.66.230 - - [15/Jul/2026:12:55:18 +0000] "GET /wp-content/plugins/hellopress/wp_filemanager.php HTTP/1.1" 200 2215 "-" "-"
20.226.66.230 - - [15/Jul/2026:12:55:19 +0000] "GET /this_is_a_new_hello_world.php HTTP/1.1" 200 2215 "-" "-"
20.226.66.230 - - [15/Jul/2026:12:55:21 +0000] "GET /waso.php HTTP/1.1" 200 2215 "-" "-"
20.226.66.230 - - [15/Jul/2026:12:55:22 +0000] "GET /82.php HTTP/1.1" 200 2215 "-" "-"
20.226.66.230 - - [15/Jul/2026:12:55:23 +0000] "GET ///admin.php HTTP/1.1" 200 2215 "-" "-"
72.14.199.233 - - [15/Jul/2026:12:55:24 +0000] "GET /shop/pg/80328957-4 HTTP/1.1" 200 680 "-" "Mozilla/5.0 (Linux; Android 6.0.1; Nexus 5X Build/MMB29P) AppleWebKit/537.36 (KHTML, like Gecko) Chrome/150.0.7871.46 Mobile Safari/537.36 (compatible; AdsBot-Google-Mobile; +http://www.google.com/mobile/adsbot.html)"
20.226.66.230 - - [15/Jul/2026:12:55:24 +0000] "GET /adminner.php HTTP/1.1" 200 2215 "-" "-"
20.226.66.230 - - [15/Jul/2026:12:55:25 +0000] "GET //admin.php HTTP/1.1" 200 2215 "-" "-"
66.249.79.161 - - [15/Jul/2026:12:55:26 +0000] "GET /product/37786885317224 HTTP/1.1" 200 680 "-" "Mozilla/5.0 (Linux; Android 6.0.1; Nexus 5X Build/MMB29P) AppleWebKit/537.36 (KHTML, like Gecko) Chrome/150.0.7871.114 Mobile Safari/537.36 (compatible; Googlebot/2.1; +http://www.google.com/bot.html)"
20.226.66.230 - - [15/Jul/2026:12:55:26 +0000] "GET /k.php?p= HTTP/1.1" 200 2215 "-" "-"
20.226.66.230 - - [15/Jul/2026:12:55:28 +0000] "GET /blurbs.php HTTP/1.1" 200 2215 "-" "-"
20.226.66.230 - - [15/Jul/2026:12:55:29 +0000] "GET /bajah.php HTTP/1.1" 200 2215 "-" "-"
20.226.66.230 - - [15/Jul/2026:12:55:30 +0000] "GET //a.php HTTP/1.1" 200 2215 "-" "-"
20.226.66.230 - - [15/Jul/2026:12:55:31 +0000] "GET /edit.php HTTP/1.1" 200 2215 "-" "-"
20.226.66.230 - - [15/Jul/2026:12:55:32 +0000] "GET //hosty.php HTTP/1.1" 200 2215 "-" "-"
20.226.66.230 - - [15/Jul/2026:12:55:34 +0000] "GET /k.php HTTP/1.1" 200 2215 "-" "-"
20.226.66.230 - - [15/Jul/2026:12:55:36 +0000] "GET /aaa.php HTTP/1.1" 200 2215 "-" "-"
20.226.66.230 - - [15/Jul/2026:12:55:37 +0000] "GET /file5.php HTTP/1.1" 200 2215 "-" "-"
84.54.70.89 - - [15/Jul/2026:12:55:37 +0000] "GET /product/45419946101913 HTTP/1.1" 200 680 "https://oas.com.ng/sitemap-11.xml" "Mozilla/5.0 (Linux; Android 13; V2187) AppleWebKit/537.36 (KHTML, like Gecko) Chrome/150.0.5596.0 Mobile Safari/537.36"
20.226.66.230 - - [15/Jul/2026:12:55:38 +0000] "GET /222.php HTTP/1.1" 200 2215 "-" "-"
20.226.66.230 - - [15/Jul/2026:12:55:39 +0000] "GET /test.php HTTP/1.1" 200 2215 "-" "-"
20.226.66.230 - - [15/Jul/2026:12:55:40 +0000] "GET /aaa.php?p= HTTP/1.1" 200 2215 "-" "-"
20.226.66.230 - - [15/Jul/2026:12:55:41 +0000] "GET /11.php HTTP/1.1" 200 2215 "-" "-"
66.249.79.161 - - [15/Jul/2026:12:55:42 +0000] "GET /prizes/76047725 HTTP/1.1" 200 680 "-" "Mozilla/5.0 (Linux; Android 6.0.1; Nexus 5X Build/MMB29P) AppleWebKit/537.36 (KHTML, like Gecko) Chrome/150.0.7871.114 Mobile Safari/537.36 (compatible; Googlebot/2.1; +http://www.google.com/bot.html)"
20.226.66.230 - - [15/Jul/2026:12:55:42 +0000] "GET /mac.php HTTP/1.1" 200 2215 "-" "-"
20.226.66.230 - - [15/Jul/2026:12:55:44 +0000] "GET /chosen.php HTTP/1.1" 200 2215 "-" "-"
20.226.66.230 - - [15/Jul/2026:12:55:45 +0000] "GET /cream1.php HTTP/1.1" 200 2215 "-" "-"
20.226.66.230 - - [15/Jul/2026:12:55:46 +0000] "GET /wp-content/uploads/ HTTP/1.1" 404 1251 "-" "-"
20.226.66.230 - - [15/Jul/2026:12:55:46 +0000] "GET /wp-includes/Text/ HTTP/1.1" 404 1251 "-" "-"
20.226.66.230 - - [15/Jul/2026:12:55:47 +0000] "GET /dr.php HTTP/1.1" 200 2215 "-" "-"
66.249.79.161 - - [15/Jul/2026:12:55:48 +0000] "GET /product/49419416070496 HTTP/1.1" 200 680 "-" "Mozilla/5.0 (Linux; Android 6.0.1; Nexus 5X Build/MMB29P) AppleWebKit/537.36 (KHTML, like Gecko) Chrome/150.0.7871.114 Mobile Safari/537.36 (compatible; Googlebot/2.1; +http://www.google.com/bot.html)"
20.226.66.230 - - [15/Jul/2026:12:55:48 +0000] "GET /x.php HTTP/1.1" 200 2215 "-" "-"
20.226.66.230 - - [15/Jul/2026:12:55:49 +0000] "GET /155.php HTTP/1.1" 200 2215 "-" "-"
20.226.66.230 - - [15/Jul/2026:12:55:50 +0000] "GET /ops.php HTTP/1.1" 200 2215 "-" "-"
20.226.66.230 - - [15/Jul/2026:12:55:51 +0000] "GET /file31.php HTTP/1.1" 200 2215 "-" "-"
20.226.66.230 - - [15/Jul/2026:12:55:52 +0000] "GET /file6.php HTTP/1.1" 200 2215 "-" "-"
20.226.66.230 - - [15/Jul/2026:12:55:54 +0000] "GET //wp-includes/assets/ HTTP/1.1" 404 1251 "-" "-"
66.249.79.161 - - [15/Jul/2026:12:55:54 +0000] "GET /product/37409983439888 HTTP/1.1" 200 680 "-" "Mozilla/5.0 (Linux; Android 6.0.1; Nexus 5X Build/MMB29P) AppleWebKit/537.36 (KHTML, like Gecko) Chrome/150.0.7871.114 Mobile Safari/537.36 (compatible; Googlebot/2.1; +http://www.google.com/bot.html)"
20.226.66.230 - - [15/Jul/2026:12:55:54 +0000] "GET //adminfuns.php HTTP/1.1" 200 2215 "-" "-"
20.226.66.230 - - [15/Jul/2026:12:55:55 +0000] "GET /goods.php HTTP/1.1" 200 2215 "-" "-"
20.226.66.230 - - [15/Jul/2026:12:55:56 +0000] "GET /100.php HTTP/1.1" 200 2215 "-" "-"
20.226.66.230 - - [15/Jul/2026:12:55:58 +0000] "GET /about.php HTTP/1.1" 200 2215 "-" "-"
20.226.66.230 - - [15/Jul/2026:12:55:59 +0000] "GET /about.php HTTP/1.1" 200 2215 "-" "-"
20.226.66.230 - - [15/Jul/2026:12:56:00 +0000] "GET /admin.php HTTP/1.1" 200 2215 "-" "-"
20.226.66.230 - - [15/Jul/2026:12:56:01 +0000] "GET //admin.php HTTP/1.1" 200 2215 "-" "-"
20.226.66.230 - - [15/Jul/2026:12:56:03 +0000] "GET //themes.php HTTP/1.1" 200 2215 "-" "-"
20.226.66.230 - - [15/Jul/2026:12:56:04 +0000] "GET /wp-includes/blocks/details/ HTTP/1.1" 404 1251 "-" "-"
20.226.66.230 - - [15/Jul/2026:12:56:04 +0000] "GET /wp-includes/blocks/audi/ HTTP/1.1" 200 2215 "-" "-"
20.226.66.230 - - [15/Jul/2026:12:56:05 +0000] "GET /.well-known/about.php HTTP/1.1" 200 2215 "-" "-"
20.226.66.230 - - [15/Jul/2026:12:56:07 +0000] "GET /wp-includes/ID3/about.php HTTP/1.1" 200 2215 "-" "-"
20.226.66.230 - - [15/Jul/2026:12:56:08 +0000] "GET /wefile.php HTTP/1.1" 200 2215 "-" "-"
66.249.79.163 - - [15/Jul/2026:12:56:08 +0000] "GET /prizes/303476250 HTTP/1.1" 200 680 "-" "Mozilla/5.0 (Linux; Android 6.0.1; Nexus 5X Build/MMB29P) AppleWebKit/537.36 (KHTML, like Gecko) Chrome/150.0.7871.114 Mobile Safari/537.36 (compatible; Googlebot/2.1; +http://www.google.com/bot.html)"
20.226.66.230 - - [15/Jul/2026:12:56:09 +0000] "GET /modules/mod_simplefileuploadv1.3/elements/filemanager.php?p= HTTP/1.1" 200 2215 "-" "-"
52.167.144.16 - - [15/Jul/2026:12:56:09 +0000] "GET /product/37123707525927 HTTP/2" 200 680 "-" "Mozilla/5.0 AppleWebKit/537.36 (KHTML, like Gecko; compatible; bingbot/2.0; +http://www.bing.com/bingbot.htm) Chrome/116.0.1938.76 Safari/537.36"
20.226.66.230 - - [15/Jul/2026:12:56:10 +0000] "GET /wp-includes/blocks/post-comments-form/ HTTP/1.1" 404 1251 "-" "-"
20.226.66.230 - - [15/Jul/2026:12:56:10 +0000] "GET /wp-admin/js/ HTTP/1.1" 404 1251 "-" "-"
20.226.66.230 - - [15/Jul/2026:12:56:11 +0000] "GET /wp-admin/css/colour.php HTTP/1.1" 200 2215 "-" "-"
20.226.66.230 - - [15/Jul/2026:12:56:12 +0000] "GET /8.php HTTP/1.1" 200 2215 "-" "-"
40.77.167.20 - - [15/Jul/2026:12:56:13 +0000] "GET /product/19987227333916 HTTP/2" 200 680 "-" "Mozilla/5.0 AppleWebKit/537.36 (KHTML, like Gecko; compatible; bingbot/2.0; +http://www.bing.com/bingbot.htm) Chrome/116.0.1938.76 Safari/537.36"
20.226.66.230 - - [15/Jul/2026:12:56:17 +0000] "GET /wp-content/admin.php HTTP/1.1" 200 2215 "-" "-"
20.226.66.230 - - [15/Jul/2026:12:56:18 +0000] "GET //f6.php HTTP/1.1" 200 2215 "-" "-"
66.249.79.161 - - [15/Jul/2026:12:56:19 +0000] "GET /product/21931595091247 HTTP/1.1" 200 680 "-" "Mozilla/5.0 (Linux; Android 6.0.1; Nexus 5X Build/MMB29P) AppleWebKit/537.36 (KHTML, like Gecko) Chrome/150.0.7871.114 Mobile Safari/537.36 (compatible; Googlebot/2.1; +http://www.google.com/bot.html)"
20.226.66.230 - - [15/Jul/2026:12:56:19 +0000] "GET /inputs.php HTTP/1.1" 200 2215 "-" "-"
20.226.66.230 - - [15/Jul/2026:12:56:21 +0000] "GET /inputs.php HTTP/1.1" 200 2215 "-" "-"
66.249.79.162 - - [15/Jul/2026:12:56:21 +0000] "GET /product/13037506407587 HTTP/1.1" 200 680 "-" "Mozilla/5.0 (Linux; Android 6.0.1; Nexus 5X Build/MMB29P) AppleWebKit/537.36 (KHTML, like Gecko) Chrome/150.0.7871.114 Mobile Safari/537.36 (compatible; Googlebot/2.1; +http://www.google.com/bot.html)"
20.226.66.230 - - [15/Jul/2026:12:56:22 +0000] "GET /classwithtostring.php?p= HTTP/1.1" 200 2215 "-" "-"
20.226.66.230 - - [15/Jul/2026:12:56:23 +0000] "GET /wp-content/themes/index.php HTTP/1.1" 200 0 "-" "-"
20.226.66.230 - - [15/Jul/2026:12:56:23 +0000] "GET /wp-blog.php HTTP/1.1" 200 2215 "-" "-"
20.226.66.230 - - [15/Jul/2026:12:56:25 +0000] "GET //wp-includes/js/jquery/ HTTP/1.1" 404 1251 "-" "-"
20.226.66.230 - - [15/Jul/2026:12:56:25 +0000] "GET //wp-content/admin.php HTTP/1.1" 200 2215 "-" "-"
66.249.79.161 - - [15/Jul/2026:12:56:25 +0000] "GET /product/17831133776765 HTTP/1.1" 200 680 "-" "Mozilla/5.0 (Linux; Android 6.0.1; Nexus 5X Build/MMB29P) AppleWebKit/537.36 (KHTML, like Gecko) Chrome/150.0.7871.114 Mobile Safari/537.36 (compatible; Googlebot/2.1; +http://www.google.com/bot.html)"
20.226.66.230 - - [15/Jul/2026:12:56:26 +0000] "GET /ms-edit.php HTTP/1.1" 200 2215 "-" "-"
20.226.66.230 - - [15/Jul/2026:12:56:27 +0000] "GET //cgi-bin/index.php HTTP/1.1" 404 1251 "-" "-"
20.226.66.230 - - [15/Jul/2026:12:56:28 +0000] "GET //wp-includes/css/dist/ HTTP/1.1" 404 1251 "-" "-"
20.226.66.230 - - [15/Jul/2026:12:56:28 +0000] "GET /BDKR28WP.php HTTP/1.1" 200 2215 "-" "-"
20.226.66.230 - - [15/Jul/2026:12:56:29 +0000] "GET //wp-includes/l10n/ HTTP/1.1" 404 1251 "-" "-"
20.226.66.230 - - [15/Jul/2026:12:56:30 +0000] "GET /wp-content/uploads/ HTTP/1.1" 404 1251 "-" "-"
20.226.66.230 - - [15/Jul/2026:12:56:30 +0000] "GET //abcd.php HTTP/1.1" 200 2215 "-" "-"
20.226.66.230 - - [15/Jul/2026:12:56:31 +0000] "GET /file15.php HTTP/1.1" 200 2215 "-" "-"
209.42.17.20 - - [15/Jul/2026:12:56:33 +0000] "POST /wp-cron.php?doing_wp_cron=1784120193.9370050430297851562500 HTTP/1.1" 200 0 "-" "WordPress/7.0.1; https://oas.com.ng"
20.226.66.230 - - [15/Jul/2026:12:56:33 +0000] "GET /jp.php HTTP/1.1" 200 2215 "-" "-"
20.226.66.230 - - [15/Jul/2026:12:56:34 +0000] "GET /f35.php HTTP/1.1" 200 2215 "-" "-"
20.226.66.230 - - [15/Jul/2026:12:56:35 +0000] "GET /wp-load.php HTTP/1.1" 200 0 "-" "-"
209.42.17.20 - - [15/Jul/2026:12:56:37 +0000] "POST /wp-cron.php?doing_wp_cron=1784120197.6403970718383789062500 HTTP/1.1" 200 0 "-" "WordPress/7.0.1; https://oas.com.ng"
20.226.66.230 - - [15/Jul/2026:12:56:36 +0000] "GET /xyn.php HTTP/1.1" 200 2215 "-" "-"
20.226.66.230 - - [15/Jul/2026:12:56:38 +0000] "GET //wp-includes/assets/ HTTP/1.1" 404 1251 "-" "-"
20.226.66.230 - - [15/Jul/2026:12:56:38 +0000] "GET /wp-admin/css/colors/sunrise/ HTTP/1.1" 404 1251 "-" "-"
20.226.66.230 - - [15/Jul/2026:12:56:38 +0000] "GET /ccc.php HTTP/1.1" 200 2215 "-" "-"
20.226.66.230 - - [15/Jul/2026:12:56:40 +0000] "GET /w.php HTTP/1.1" 200 2215 "-" "-"
20.226.66.230 - - [15/Jul/2026:12:56:41 +0000] "GET /4PJcpMFsD8B.php HTTP/1.1" 200 2215 "-" "-"
66.249.79.161 - - [15/Jul/2026:12:56:41 +0000] "GET /product/46671494128733 HTTP/1.1" 200 680 "-" "Mozilla/5.0 (Linux; Android 6.0.1; Nexus 5X Build/MMB29P) AppleWebKit/537.36 (KHTML, like Gecko) Chrome/150.0.7871.114 Mobile Safari/537.36 (compatible; Googlebot/2.1; +http://www.google.com/bot.html)"
40.77.167.38 - - [15/Jul/2026:12:56:41 +0000] "GET /product/34698076863809 HTTP/2" 200 680 "-" "Mozilla/5.0 AppleWebKit/537.36 (KHTML, like Gecko; compatible; bingbot/2.0; +http://www.bing.com/bingbot.htm) Chrome/116.0.1938.76 Safari/537.36"
20.226.66.230 - - [15/Jul/2026:12:56:42 +0000] "GET /set.php HTTP/1.1" 200 2215 "-" "-"
20.226.66.230 - - [15/Jul/2026:12:56:43 +0000] "GET /FWAZ.php HTTP/1.1" 200 2215 "-" "-"
20.226.66.230 - - [15/Jul/2026:12:56:44 +0000] "GET /miru1.php HTTP/1.1" 200 2215 "-" "-"
20.226.66.230 - - [15/Jul/2026:12:56:46 +0000] "GET //aa.php HTTP/1.1" 200 2215 "-" "-"
20.226.66.230 - - [15/Jul/2026:12:56:47 +0000] "GET /122.php HTTP/1.1" 200 2215 "-" "-"
20.226.66.230 - - [15/Jul/2026:12:56:48 +0000] "GET /get.php HTTP/1.1" 200 2215 "-" "-"
20.226.66.230 - - [15/Jul/2026:12:56:49 +0000] "GET /as.php HTTP/1.1" 200 2215 "-" "-"
20.226.66.230 - - [15/Jul/2026:12:56:50 +0000] "GET /ccou.php HTTP/1.1" 200 2215 "-" "-"
66.249.79.161 - - [15/Jul/2026:12:56:51 +0000] "GET /prizes/98996149 HTTP/1.1" 200 680 "-" "Mozilla/5.0 (Linux; Android 6.0.1; Nexus 5X Build/MMB29P) AppleWebKit/537.36 (KHTML, like Gecko) Chrome/150.0.7871.114 Mobile Safari/537.36 (compatible; Googlebot/2.1; +http://www.google.com/bot.html)"
20.226.66.230 - - [15/Jul/2026:12:56:51 +0000] "GET /w3lls.php HTTP/1.1" 200 2215 "-" "-"
66.249.79.161 - - [15/Jul/2026:12:56:52 +0000] "GET /product/31677414692264 HTTP/1.1" 200 680 "-" "Mozilla/5.0 (Linux; Android 6.0.1; Nexus 5X Build/MMB29P) AppleWebKit/537.36 (KHTML, like Gecko) Chrome/150.0.7871.114 Mobile Safari/537.36 (compatible; Googlebot/2.1; +http://www.google.com/bot.html)"
20.226.66.230 - - [15/Jul/2026:12:56:52 +0000] "GET /test1.php HTTP/1.1" 200 2215 "-" "-"
20.226.66.230 - - [15/Jul/2026:12:56:54 +0000] "GET /database.php HTTP/1.1" 200 2215 "-" "-"
20.226.66.230 - - [15/Jul/2026:12:56:55 +0000] "GET /file.php HTTP/1.1" 200 2215 "-" "-"
20.226.66.230 - - [15/Jul/2026:12:56:56 +0000] "GET /file.php HTTP/1.1" 200 2215 "-" "-"
20.226.66.230 - - [15/Jul/2026:12:56:57 +0000] "GET /777.php HTTP/1.1" 200 2215 "-" "-"
20.226.66.230 - - [15/Jul/2026:12:56:58 +0000] "GET /ssixta.php HTTP/1.1" 200 2215 "-" "-"
20.226.66.230 - - [15/Jul/2026:12:56:59 +0000] "GET /1c.php HTTP/1.1" 200 2215 "-" "-"
20.226.66.230 - - [15/Jul/2026:12:57:00 +0000] "GET /test2.php HTTP/1.1" 200 2215 "-" "-"
20.226.66.230 - - [15/Jul/2026:12:57:01 +0000] "GET /buy.php HTTP/1.1" 200 2215 "-" "-"
66.249.79.161 - - [15/Jul/2026:12:57:02 +0000] "GET /product/12918823103404 HTTP/1.1" 200 680 "-" "Mozilla/5.0 (Linux; Android 6.0.1; Nexus 5X Build/MMB29P) AppleWebKit/537.36 (KHTML, like Gecko) Chrome/150.0.7871.114 Mobile Safari/537.36 (compatible; Googlebot/2.1; +http://www.google.com/bot.html)"
169.224.86.203 - - [15/Jul/2026:12:57:02 +0000] "GET /product/45415823976580 HTTP/1.1" 200 680 "https://oas.com.ng/sitemap-16.xml" "Mozilla/5.0 (Linux; Android 12; OPPO PCLM8) AppleWebKit/537.36 (KHTML, like Gecko) Chrome/152.0.5241.5 Mobile Safari/537.36 MicroMessenger/8.0.32(0x18001B3F) NetType/WIFI Language/zh_CN"
20.226.66.230 - - [15/Jul/2026:12:57:02 +0000] "GET /ssend.php HTTP/1.1" 200 2215 "-" "-"
20.226.66.230 - - [15/Jul/2026:12:57:04 +0000] "GET /item.php HTTP/1.1" 200 2215 "-" "-"
20.226.66.230 - - [15/Jul/2026:12:57:05 +0000] "GET /ss.php HTTP/1.1" 200 19700 "-" "-"
20.226.66.230 - - [15/Jul/2026:12:57:05 +0000] "GET /hypo.php HTTP/1.1" 200 2215 "-" "-"
20.226.66.230 - - [15/Jul/2026:12:57:07 +0000] "GET /users.php HTTP/1.1" 200 2215 "-" "-"
66.249.79.161 - - [15/Jul/2026:12:57:07 +0000] "GET /product/21334695737107 HTTP/1.1" 200 680 "-" "Mozilla/5.0 (Linux; Android 6.0.1; Nexus 5X Build/MMB29P) AppleWebKit/537.36 (KHTML, like Gecko) Chrome/150.0.7871.114 Mobile Safari/537.36 (compatible; Googlebot/2.1; +http://www.google.com/bot.html)"
20.226.66.230 - - [15/Jul/2026:12:57:08 +0000] "GET /177.php HTTP/1.1" 200 2215 "-" "-"
20.226.66.230 - - [15/Jul/2026:12:57:09 +0000] "GET /config.php HTTP/1.1" 200 2215 "-" "-"
66.249.79.161 - - [15/Jul/2026:12:57:09 +0000] "GET /prizes/220474088 HTTP/1.1" 200 680 "-" "Mozilla/5.0 (Linux; Android 6.0.1; Nexus 5X Build/MMB29P) AppleWebKit/537.36 (KHTML, like Gecko) Chrome/150.0.7871.114 Mobile Safari/537.36 (compatible; Googlebot/2.1; +http://www.google.com/bot.html)"
52.167.144.16 - - [15/Jul/2026:12:57:10 +0000] "GET /product/41004247125098 HTTP/2" 200 680 "-" "Mozilla/5.0 AppleWebKit/537.36 (KHTML, like Gecko; compatible; bingbot/2.0; +http://www.bing.com/bingbot.htm) Chrome/116.0.1938.76 Safari/537.36"
20.226.66.230 - - [15/Jul/2026:12:57:10 +0000] "GET /0d.php HTTP/1.1" 200 2215 "-" "-"
20.226.66.230 - - [15/Jul/2026:12:57:11 +0000] "GET /gettest.php HTTP/1.1" 200 2215 "-" "-"
20.226.66.230 - - [15/Jul/2026:12:57:12 +0000] "GET /min.php HTTP/1.1" 200 2215 "-" "-"
20.226.66.230 - - [15/Jul/2026:12:57:13 +0000] "GET /3PJcpMFsD8B.php HTTP/1.1" 200 2215 "-" "-"
20.226.66.230 - - [15/Jul/2026:12:57:14 +0000] "GET /dvjul.php HTTP/1.1" 200 2215 "-" "-"
20.226.66.230 - - [15/Jul/2026:12:57:16 +0000] "GET /biufile.php HTTP/1.1" 200 2215 "-" "-"
20.226.66.230 - - [15/Jul/2026:12:57:17 +0000] "GET //av.php HTTP/1.1" 200 2215 "-" "-"
20.226.66.230 - - [15/Jul/2026:12:57:18 +0000] "GET /coffexium.php HTTP/1.1" 200 2215 "-" "-"
20.226.66.230 - - [15/Jul/2026:12:57:19 +0000] "GET /app.php HTTP/1.1" 200 2215 "-" "-"
20.226.66.230 - - [15/Jul/2026:12:57:20 +0000] "GET /core.php HTTP/1.1" 200 2215 "-" "-"
20.226.66.230 - - [15/Jul/2026:12:57:21 +0000] "GET /header.php HTTP/1.1" 200 2215 "-" "-"
20.226.66.230 - - [15/Jul/2026:12:57:22 +0000] "GET /als.php HTTP/1.1" 200 2215 "-" "-"
20.226.66.230 - - [15/Jul/2026:12:57:23 +0000] "GET /simple.php HTTP/1.1" 200 2215 "-" "-"
20.226.66.230 - - [15/Jul/2026:12:57:25 +0000] "GET /init.php HTTP/1.1" 200 2215 "-" "-"
20.226.66.230 - - [15/Jul/2026:12:57:26 +0000] "GET /fpwch.php HTTP/1.1" 200 2215 "-" "-"
66.249.79.161 - - [15/Jul/2026:12:57:26 +0000] "GET /product/29560224878938 HTTP/1.1" 200 680 "-" "Mozilla/5.0 (Linux; Android 6.0.1; Nexus 5X Build/MMB29P) AppleWebKit/537.36 (KHTML, like Gecko) Chrome/150.0.7871.114 Mobile Safari/537.36 (compatible; Googlebot/2.1; +http://www.google.com/bot.html)"
20.226.66.230 - - [15/Jul/2026:12:57:27 +0000] "GET /domvf.php HTTP/1.1" 200 2215 "-" "-"
20.226.66.230 - - [15/Jul/2026:12:57:28 +0000] "GET //wp.php HTTP/1.1" 200 2215 "-" "-"
20.226.66.230 - - [15/Jul/2026:12:57:29 +0000] "GET /class.php HTTP/1.1" 200 2215 "-" "-"
20.226.66.230 - - [15/Jul/2026:12:57:30 +0000] "GET /echkm.php?p= HTTP/1.1" 200 2215 "-" "-"
20.226.66.230 - - [15/Jul/2026:12:57:31 +0000] "GET /lib.php HTTP/1.1" 200 2215 "-" "-"
209.42.17.20 - - [15/Jul/2026:12:57:33 +0000] "POST /wp-cron.php?doing_wp_cron=1784120253.6113059520721435546875 HTTP/1.1" 200 0 "-" "WordPress/7.0.1; https://oas.com.ng"
20.226.66.230 - - [15/Jul/2026:12:57:32 +0000] "GET //login.php HTTP/1.1" 200 2215 "-" "-"
20.226.66.230 - - [15/Jul/2026:12:57:34 +0000] "GET /sites.php?p= HTTP/1.1" 200 2215 "-" "-"
20.226.66.230 - - [15/Jul/2026:12:57:35 +0000] "GET /a2.php HTTP/1.1" 200 2215 "-" "-"
20.226.66.230 - - [15/Jul/2026:12:57:36 +0000] "GET /d61.php HTTP/1.1" 200 2215 "-" "-"
20.226.66.230 - - [15/Jul/2026:12:57:37 +0000] "GET /info.php HTTP/1.1" 200 149342 "-" "-"
20.226.66.230 - - [15/Jul/2026:12:57:38 +0000] "GET /gtd7.php HTTP/1.1" 200 2215 "-" "-"
20.226.66.230 - - [15/Jul/2026:12:57:39 +0000] "GET /11.php?p= HTTP/1.1" 200 2215 "-" "-"
20.226.66.230 - - [15/Jul/2026:12:57:40 +0000] "GET /v2.php HTTP/1.1" 200 2215 "-" "-"
20.226.66.230 - - [15/Jul/2026:12:57:41 +0000] "GET /panel.php HTTP/1.1" 200 2215 "-" "-"
20.226.66.230 - - [15/Jul/2026:12:57:42 +0000] "GET /dex.php HTTP/1.1" 200 2215 "-" "-"
20.226.66.230 - - [15/Jul/2026:12:57:43 +0000] "GET /1.php HTTP/1.1" 200 2215 "-" "-"
20.226.66.230 - - [15/Jul/2026:12:57:44 +0000] "GET /ms.php HTTP/1.1" 200 2215 "-" "-"
20.226.66.230 - - [15/Jul/2026:12:57:45 +0000] "GET /wp-admin/css/colors/modern/ HTTP/1.1" 404 1251 "-" "-"
20.226.66.230 - - [15/Jul/2026:12:57:46 +0000] "GET /memberfuns.php HTTP/1.1" 200 2215 "-" "-"
66.249.79.161 - - [15/Jul/2026:12:57:47 +0000] "GET /product/46744804897600 HTTP/1.1" 200 680 "-" "Mozilla/5.0 (Linux; Android 6.0.1; Nexus 5X Build/MMB29P) AppleWebKit/537.36 (KHTML, like Gecko) Chrome/150.0.7871.114 Mobile Safari/537.36 (compatible; Googlebot/2.1; +http://www.google.com/bot.html)"
20.226.66.230 - - [15/Jul/2026:12:57:47 +0000] "GET /0.php HTTP/1.1" 200 2215 "-" "-"
20.226.66.230 - - [15/Jul/2026:12:57:48 +0000] "GET /BDKR28.php HTTP/1.1" 200 2215 "-" "-"
72.14.199.233 - - [15/Jul/2026:12:57:49 +0000] "GET /product/35066973362374 HTTP/1.1" 200 680 "-" "Mozilla/5.0 (Linux; Android 6.0.1; Nexus 5X Build/MMB29P) AppleWebKit/537.36 (KHTML, like Gecko) Chrome/150.0.7871.46 Mobile Safari/537.36 (compatible; AdsBot-Google-Mobile; +http://www.google.com/mobile/adsbot.html)"
20.226.66.230 - - [15/Jul/2026:12:57:49 +0000] "GET /fw.php HTTP/1.1" 200 2215 "-" "-"
47.128.117.138 - - [15/Jul/2026:12:57:49 +0000] "GET /product/25228376113070 HTTP/2" 200 680 "-" "Mozilla/5.0 (Linux; Android 5.0) AppleWebKit/537.36 (KHTML, like Gecko) Mobile Safari/537.36 (compatible; Bytespider; spider-feedback@bytedance.com)"
20.226.66.230 - - [15/Jul/2026:12:57:51 +0000] "GET /green1.php HTTP/1.1" 200 2215 "-" "-"
20.226.66.230 - - [15/Jul/2026:12:57:52 +0000] "GET /nc4.php HTTP/1.1" 200 2215 "-" "-"
20.226.66.230 - - [15/Jul/2026:12:57:53 +0000] "GET /ftde.php HTTP/1.1" 200 2215 "-" "-"
20.226.66.230 - - [15/Jul/2026:12:57:54 +0000] "GET /scxy.php HTTP/1.1" 200 2215 "-" "-"
20.226.66.230 - - [15/Jul/2026:12:57:56 +0000] "GET /uwu.php HTTP/1.1" 200 2215 "-" "-"
20.226.66.230 - - [15/Jul/2026:12:57:57 +0000] "GET /yuighh.php HTTP/1.1" 200 2215 "-" "-"
20.226.66.230 - - [15/Jul/2026:12:57:58 +0000] "GET /bypass.php HTTP/1.1" 200 2215 "-" "-"
20.226.66.230 - - [15/Jul/2026:12:57:59 +0000] "GET /00.php HTTP/1.1" 200 2215 "-" "-"
20.226.66.230 - - [15/Jul/2026:12:58:00 +0000] "GET /a1.php HTTP/1.1" 200 2215 "-" "-"
20.226.66.230 - - [15/Jul/2026:12:58:01 +0000] "GET /eee.php HTTP/1.1" 200 2215 "-" "-"
20.226.66.230 - - [15/Jul/2026:12:58:03 +0000] "GET /media.php HTTP/1.1" 200 2215 "-" "-"
66.249.79.162 - - [15/Jul/2026:12:58:03 +0000] "GET /product/22703875864320 HTTP/1.1" 200 680 "-" "Mozilla/5.0 (Linux; Android 6.0.1; Nexus 5X Build/MMB29P) AppleWebKit/537.36 (KHTML, like Gecko) Chrome/150.0.7871.114 Mobile Safari/537.36 (compatible; Googlebot/2.1; +http://www.google.com/bot.html)"
20.226.66.230 - - [15/Jul/2026:12:58:04 +0000] "GET /images.php HTTP/1.1" 200 2215 "-" "-"
20.226.66.230 - - [15/Jul/2026:12:58:05 +0000] "GET /wp-aothait.php HTTP/1.1" 200 2215 "-" "-"
40.77.167.40 - - [15/Jul/2026:12:58:06 +0000] "GET /product/33275415749225 HTTP/2" 200 680 "-" "Mozilla/5.0 AppleWebKit/537.36 (KHTML, like Gecko; compatible; bingbot/2.0; +http://www.bing.com/bingbot.htm) Chrome/116.0.1938.76 Safari/537.36"
20.226.66.230 - - [15/Jul/2026:12:58:06 +0000] "GET /config.json.php HTTP/1.1" 200 2215 "-" "-"
40.77.167.40 - - [15/Jul/2026:12:58:07 +0000] "GET /product/34463103397256 HTTP/2" 200 680 "-" "Mozilla/5.0 AppleWebKit/537.36 (KHTML, like Gecko; compatible; bingbot/2.0; +http://www.bing.com/bingbot.htm) Chrome/116.0.1938.76 Safari/537.36"
20.226.66.230 - - [15/Jul/2026:12:58:07 +0000] "GET /2PJcpMFsD8B.php HTTP/1.1" 200 2215 "-" "-"
20.226.66.230 - - [15/Jul/2026:12:58:09 +0000] "GET /k2.php HTTP/1.1" 200 2215 "-" "-"
66.249.68.66 - - [15/Jul/2026:12:58:09 +0000] "GET /product/23103813694691 HTTP/1.1" 200 680 "-" "Mozilla/5.0 (Linux; Android 6.0.1; Nexus 5X Build/MMB29P) AppleWebKit/537.36 (KHTML, like Gecko) Chrome/150.0.7871.114 Mobile Safari/537.36 (compatible; GoogleOther)"
52.167.144.195 - - [15/Jul/2026:12:58:10 +0000] "GET /product/22234266641008 HTTP/2" 200 680 "-" "Mozilla/5.0 AppleWebKit/537.36 (KHTML, like Gecko; compatible; bingbot/2.0; +http://www.bing.com/bingbot.htm) Chrome/116.0.1938.76 Safari/537.36"
66.249.68.65 - - [15/Jul/2026:12:58:17 +0000] "GET /product/46488256521244 HTTP/1.1" 200 680 "-" "Mozilla/5.0 (Linux; Android 6.0.1; Nexus 5X Build/MMB29P) AppleWebKit/537.36 (KHTML, like Gecko) Chrome/150.0.7871.114 Mobile Safari/537.36 (compatible; Googlebot/2.1; +http://www.google.com/bot.html)"
49.237.111.170 - - [15/Jul/2026:12:58:25 +0000] "GET /product/45380524663867 HTTP/1.1" 200 680 "https://oas.com.ng/sitemap-11.xml" "Mozilla/5.0 (iPhone; CPU iPhone OS 17_4 like Mac OS X) AppleWebKit/605.1.15 (KHTML, like Gecko) Version/17.4 Mobile/15E148 Safari/604.1"
66.249.79.161 - - [15/Jul/2026:12:58:26 +0000] "GET /prizes/85778967 HTTP/1.1" 200 680 "-" "Mozilla/5.0 (Linux; Android 6.0.1; Nexus 5X Build/MMB29P) AppleWebKit/537.36 (KHTML, like Gecko) Chrome/150.0.7871.114 Mobile Safari/537.36 (compatible; Googlebot/2.1; +http://www.google.com/bot.html)"
66.249.79.161 - - [15/Jul/2026:12:58:29 +0000] "GET /product/22436126532447 HTTP/1.1" 200 680 "-" "Mozilla/5.0 (Linux; Android 6.0.1; Nexus 5X Build/MMB29P) AppleWebKit/537.36 (KHTML, like Gecko) Chrome/150.0.7871.114 Mobile Safari/537.36 (compatible; Googlebot/2.1; +http://www.google.com/bot.html)"
209.42.17.20 - - [15/Jul/2026:12:58:36 +0000] "POST /wp-cron.php?doing_wp_cron=1784120316.0701429843902587890625 HTTP/1.1" 200 0 "-" "WordPress/7.0.1; https://oas.com.ng"
66.249.79.161 - - [15/Jul/2026:12:58:35 +0000] "GET /product/13405485686387 HTTP/1.1" 200 680 "-" "Mozilla/5.0 (Linux; Android 6.0.1; Nexus 5X Build/MMB29P) AppleWebKit/537.36 (KHTML, like Gecko) Chrome/150.0.7871.114 Mobile Safari/537.36 (compatible; Googlebot/2.1; +http://www.google.com/bot.html)"
66.249.79.163 - - [15/Jul/2026:12:58:45 +0000] "GET /product/42199535319637 HTTP/1.1" 200 680 "-" "Mozilla/5.0 (Linux; Android 6.0.1; Nexus 5X Build/MMB29P) AppleWebKit/537.36 (KHTML, like Gecko) Chrome/150.0.7871.114 Mobile Safari/537.36 (compatible; Googlebot/2.1; +http://www.google.com/bot.html)"
66.249.68.64 - - [15/Jul/2026:12:58:47 +0000] "GET /robots.txt HTTP/1.1" 200 64 "-" "Mozilla/5.0 (compatible; Googlebot/2.1; +http://www.google.com/bot.html)"
159.203.26.163 - - [15/Jul/2026:12:58:47 +0000] "POST /wp-login.php HTTP/1.1" 200 6606 "-" "Mozilla/5.0"
66.249.79.161 - - [15/Jul/2026:12:58:57 +0000] "GET /product/25662065869135 HTTP/1.1" 200 680 "-" "Mozilla/5.0 (Linux; Android 6.0.1; Nexus 5X Build/MMB29P) AppleWebKit/537.36 (KHTML, like Gecko) Chrome/150.0.7871.114 Mobile Safari/537.36 (compatible; Googlebot/2.1; +http://www.google.com/bot.html)"
66.249.79.161 - - [15/Jul/2026:12:58:59 +0000] "GET /prizes/148768513 HTTP/1.1" 200 680 "-" "Mozilla/5.0 (Linux; Android 6.0.1; Nexus 5X Build/MMB29P) AppleWebKit/537.36 (KHTML, like Gecko) Chrome/150.0.7871.114 Mobile Safari/537.36 (compatible; Googlebot/2.1; +http://www.google.com/bot.html)"
66.249.79.161 - - [15/Jul/2026:12:59:00 +0000] "GET /product/32266725156410 HTTP/1.1" 200 680 "-" "Mozilla/5.0 (Linux; Android 6.0.1; Nexus 5X Build/MMB29P) AppleWebKit/537.36 (KHTML, like Gecko) Chrome/150.0.7871.114 Mobile Safari/537.36 (compatible; Googlebot/2.1; +http://www.google.com/bot.html)"
40.77.167.32 - - [15/Jul/2026:12:59:02 +0000] "GET /product/38551813709217 HTTP/2" 200 680 "-" "Mozilla/5.0 AppleWebKit/537.36 (KHTML, like Gecko; compatible; bingbot/2.0; +http://www.bing.com/bingbot.htm) Chrome/116.0.1938.76 Safari/537.36"
66.249.79.234 - - [15/Jul/2026:12:59:14 +0000] "GET /product/36847651480501 HTTP/1.1" 200 680 "-" "Mozilla/5.0 (Linux; Android 6.0.1; Nexus 5X Build/MMB29P) AppleWebKit/537.36 (KHTML, like Gecko) Chrome/150.0.7871.114 Mobile Safari/537.36 (compatible; Googlebot/2.1; +http://www.google.com/bot.html)"
66.249.79.161 - - [15/Jul/2026:12:59:23 +0000] "GET /product/16228696094880 HTTP/1.1" 200 680 "-" "Mozilla/5.0 (Linux; Android 6.0.1; Nexus 5X Build/MMB29P) AppleWebKit/537.36 (KHTML, like Gecko) Chrome/150.0.7871.114 Mobile Safari/537.36 (compatible; Googlebot/2.1; +http://www.google.com/bot.html)"
209.42.17.20 - - [15/Jul/2026:12:59:36 +0000] "POST /wp-cron.php?doing_wp_cron=1784120376.3061180114746093750000 HTTP/1.1" 200 0 "-" "WordPress/7.0.1; https://oas.com.ng"
66.249.79.161 - - [15/Jul/2026:12:59:35 +0000] "GET /product/41140624414202 HTTP/1.1" 200 680 "-" "Mozilla/5.0 (Linux; Android 6.0.1; Nexus 5X Build/MMB29P) AppleWebKit/537.36 (KHTML, like Gecko) Chrome/150.0.7871.114 Mobile Safari/537.36 (compatible; Googlebot/2.1; +http://www.google.com/bot.html)"
40.77.167.40 - - [15/Jul/2026:12:59:35 +0000] "GET /product/37980506321030 HTTP/2" 200 680 "-" "Mozilla/5.0 AppleWebKit/537.36 (KHTML, like Gecko; compatible; bingbot/2.0; +http://www.bing.com/bingbot.htm) Chrome/116.0.1938.76 Safari/537.36"
154.41.185.226 - - [15/Jul/2026:12:59:48 +0000] "GET /product/45375612767458 HTTP/1.1" 200 680 "https://oas.com.ng/sitemap-5.xml" "Mozilla/5.0 (Linux; Android 13; M2102J20) AppleWebKit/537.36 (KHTML, like Gecko) Chrome/151.0.5706.116 Mobile Safari/537.36"
66.249.79.161 - - [15/Jul/2026:12:59:53 +0000] "GET /product/41009076556600 HTTP/1.1" 200 680 "-" "Mozilla/5.0 (Linux; Android 6.0.1; Nexus 5X Build/MMB29P) AppleWebKit/537.36 (KHTML, like Gecko) Chrome/150.0.7871.114 Mobile Safari/537.36 (compatible; Googlebot/2.1; +http://www.google.com/bot.html)"
40.77.167.20 - - [15/Jul/2026:13:00:02 +0000] "GET /product/47929684510232 HTTP/2" 200 680 "-" "Mozilla/5.0 AppleWebKit/537.36 (KHTML, like Gecko; compatible; bingbot/2.0; +http://www.bing.com/bingbot.htm) Chrome/116.0.1938.76 Safari/537.36"
66.249.79.161 - - [15/Jul/2026:13:00:07 +0000] "GET /product/44888213948364 HTTP/1.1" 200 680 "-" "Mozilla/5.0 (Linux; Android 6.0.1; Nexus 5X Build/MMB29P) AppleWebKit/537.36 (KHTML, like Gecko) Chrome/150.0.7871.114 Mobile Safari/537.36 (compatible; Googlebot/2.1; +http://www.google.com/bot.html)"
66.249.79.161 - - [15/Jul/2026:13:00:17 +0000] "GET /product/34882105555707 HTTP/1.1" 200 680 "-" "Mozilla/5.0 (Linux; Android 6.0.1; Nexus 5X Build/MMB29P) AppleWebKit/537.36 (KHTML, like Gecko) Chrome/150.0.7871.114 Mobile Safari/537.36 (compatible; Googlebot/2.1; +http://www.google.com/bot.html)"
66.249.79.161 - - [15/Jul/2026:13:00:20 +0000] "GET /prizes/22047947 HTTP/1.1" 200 680 "-" "Mozilla/5.0 (Linux; Android 6.0.1; Nexus 5X Build/MMB29P) AppleWebKit/537.36 (KHTML, like Gecko) Chrome/150.0.7871.114 Mobile Safari/537.36 (compatible; Googlebot/2.1; +http://www.google.com/bot.html)"
209.42.17.20 - - [15/Jul/2026:13:00:39 +0000] "POST /wp-cron.php?doing_wp_cron=1784120439.3550329208374023437500 HTTP/1.1" 200 0 "-" "WordPress/7.0.1; https://oas.com.ng"
66.249.79.161 - - [15/Jul/2026:13:00:38 +0000] "GET /product/35366074534658m HTTP/1.1" 200 680 "-" "Mozilla/5.0 (Linux; Android 6.0.1; Nexus 5X Build/MMB29P) AppleWebKit/537.36 (KHTML, like Gecko) Chrome/150.0.7871.114 Mobile Safari/537.36 (compatible; Googlebot/2.1; +http://www.google.com/bot.html)"
66.249.79.161 - - [15/Jul/2026:13:00:39 +0000] "GET /product/21592414687895 HTTP/1.1" 200 680 "-" "Mozilla/5.0 (Linux; Android 6.0.1; Nexus 5X Build/MMB29P) AppleWebKit/537.36 (KHTML, like Gecko) Chrome/150.0.7871.114 Mobile Safari/537.36 (compatible; Googlebot/2.1; +http://www.google.com/bot.html)"
66.249.79.161 - - [15/Jul/2026:13:00:50 +0000] "GET /product/30395435278315 HTTP/1.1" 200 680 "-" "Mozilla/5.0 (Linux; Android 6.0.1; Nexus 5X Build/MMB29P) AppleWebKit/537.36 (KHTML, like Gecko) Chrome/150.0.7871.114 Mobile Safari/537.36 (compatible; Googlebot/2.1; +http://www.google.com/bot.html)"
66.249.79.233 - - [15/Jul/2026:13:00:56 +0000] "GET /shop/pg/37764950-4 HTTP/1.1" 200 680 "-" "Mozilla/5.0 (Linux; Android 6.0.1; Nexus 5X Build/MMB29P) AppleWebKit/537.36 (KHTML, like Gecko) Chrome/150.0.7871.114 Mobile Safari/537.36 (compatible; Googlebot/2.1; +http://www.google.com/bot.html)"
52.167.144.216 - - [15/Jul/2026:13:01:00 +0000] "GET /product/47152493847875 HTTP/2" 200 680 "-" "Mozilla/5.0 AppleWebKit/537.36 (KHTML, like Gecko; compatible; bingbot/2.0; +http://www.bing.com/bingbot.htm) Chrome/116.0.1938.76 Safari/537.36"
66.249.79.161 - - [15/Jul/2026:13:01:04 +0000] "GET /prizes/134658078 HTTP/1.1" 200 680 "-" "Mozilla/5.0 (Linux; Android 6.0.1; Nexus 5X Build/MMB29P) AppleWebKit/537.36 (KHTML, like Gecko) Chrome/150.0.7871.114 Mobile Safari/537.36 (compatible; Googlebot/2.1; +http://www.google.com/bot.html)"
107.150.61.58 - - [15/Jul/2026:13:01:07 +0000] "GET /wp-includes/admin.php HTTP/1.1" 200 680 "http://oas.com.ng/wp-includes/admin.php" "Mozilla/5.0 (Windows NT 10.0; Win64; x64) AppleWebKit/537.36 (KHTML, like Gecko) Chrome/58.0.3029.110 Safari/537.3"
195.155.186.186 - - [15/Jul/2026:13:01:11 +0000] "GET /product/45361183598499 HTTP/1.1" 200 680 "https://oas.com.ng/sitemap-8.xml" "Mozilla/5.0 (Linux; Android 13; OPPO PCLM3) AppleWebKit/537.36 (KHTML, like Gecko) Chrome/155.0.5109.39 Mobile Safari/537.36"
66.249.68.65 - - [15/Jul/2026:13:01:24 +0000] "GET /robots.txt HTTP/1.1" 200 64 "-" "Mozilla/5.0 (compatible; Googlebot/2.1; +http://www.google.com/bot.html)"
66.249.68.65 - - [15/Jul/2026:13:01:24 +0000] "GET /product/33688835803193 HTTP/1.1" 200 680 "-" "Mozilla/5.0 (Linux; Android 6.0.1; Nexus 5X Build/MMB29P) AppleWebKit/537.36 (KHTML, like Gecko) Chrome/150.0.7871.114 Mobile Safari/537.36 (compatible; Googlebot/2.1; +http://www.google.com/bot.html)"
91.92.243.249 - - [15/Jul/2026:13:01:30 +0000] "POST /wp-login.php HTTP/1.1" 200 6655 "-" "Mozilla/5.0"
209.42.17.20 - - [15/Jul/2026:13:01:41 +0000] "POST /wp-cron.php?doing_wp_cron=1784120501.4654390811920166015625 HTTP/1.1" 200 0 "-" "WordPress/7.0.1; https://oas.com.ng"
47.128.117.196 - - [15/Jul/2026:13:01:40 +0000] "GET /product/10010225924539 HTTP/2" 200 680 "-" "Mozilla/5.0 (Linux; Android 5.0) AppleWebKit/537.36 (KHTML, like Gecko) Mobile Safari/537.36 (compatible; Bytespider; spider-feedback@bytedance.com)"
66.249.79.162 - - [15/Jul/2026:13:01:57 +0000] "GET /product/10267784109866m HTTP/1.1" 200 680 "-" "Mozilla/5.0 (Linux; Android 6.0.1; Nexus 5X Build/MMB29P) AppleWebKit/537.36 (KHTML, like Gecko) Chrome/150.0.7871.114 Mobile Safari/537.36 (compatible; Googlebot/2.1; +http://www.google.com/bot.html)"
66.249.79.161 - - [15/Jul/2026:13:02:03 +0000] "GET /product/39268044500700 HTTP/1.1" 200 680 "-" "Mozilla/5.0 (Linux; Android 6.0.1; Nexus 5X Build/MMB29P) AppleWebKit/537.36 (KHTML, like Gecko) Chrome/150.0.7871.114 Mobile Safari/537.36 (compatible; Googlebot/2.1; +http://www.google.com/bot.html)"
47.128.117.142 - - [15/Jul/2026:13:02:05 +0000] "GET /product/33393993049741 HTTP/2" 200 680 "-" "Mozilla/5.0 (Linux; Android 5.0) AppleWebKit/537.36 (KHTML, like Gecko) Mobile Safari/537.36 (compatible; Bytespider; spider-feedback@bytedance.com)"
66.249.79.163 - - [15/Jul/2026:13:02:07 +0000] "GET /wp-content/plugins/under-construction-page/themes/css/bootstrap.min.css?v=4.05 HTTP/1.1" 200 18270 "https://www.oas.com.ng/" "Mozilla/5.0 (Linux; Android 6.0.1; Nexus 5X Build/MMB29P) AppleWebKit/537.36 (KHTML, like Gecko) Chrome/150.0.7871.46 Mobile Safari/537.36 (compatible; Googlebot/2.1; +http://www.google.com/bot.html)"
66.249.79.235 - - [15/Jul/2026:13:02:08 +0000] "GET /product/13412663472779 HTTP/1.1" 200 680 "-" "Mozilla/5.0 (Linux; Android 6.0.1; Nexus 5X Build/MMB29P) AppleWebKit/537.36 (KHTML, like Gecko) Chrome/150.0.7871.114 Mobile Safari/537.36 (compatible; Googlebot/2.1; +http://www.google.com/bot.html)"
47.128.117.202 - - [15/Jul/2026:13:02:13 +0000] "GET /product/10372494691027 HTTP/2" 200 680 "-" "Mozilla/5.0 (Linux; Android 5.0) AppleWebKit/537.36 (KHTML, like Gecko) Mobile Safari/537.36 (compatible; Bytespider; spider-feedback@bytedance.com)"
66.249.79.162 - - [15/Jul/2026:13:02:15 +0000] "GET /shop/pg/39928105-4 HTTP/1.1" 200 680 "-" "Mozilla/5.0 (Linux; Android 6.0.1; Nexus 5X Build/MMB29P) AppleWebKit/537.36 (KHTML, like Gecko) Chrome/150.0.7871.114 Mobile Safari/537.36 (compatible; Googlebot/2.1; +http://www.google.com/bot.html)"
66.249.79.161 - - [15/Jul/2026:13:02:21 +0000] "GET /prizes/71294604 HTTP/1.1" 200 680 "-" "Mozilla/5.0 (Linux; Android 6.0.1; Nexus 5X Build/MMB29P) AppleWebKit/537.36 (KHTML, like Gecko) Chrome/150.0.7871.114 Mobile Safari/537.36 (compatible; Googlebot/2.1; +http://www.google.com/bot.html)"
66.249.79.161 - - [15/Jul/2026:13:02:24 +0000] "GET /product/45321024984845 HTTP/1.1" 200 680 "-" "Mozilla/5.0 (Linux; Android 6.0.1; Nexus 5X Build/MMB29P) AppleWebKit/537.36 (KHTML, like Gecko) Chrome/150.0.7871.114 Mobile Safari/537.36 (compatible; Googlebot/2.1; +http://www.google.com/bot.html)"
66.249.79.161 - - [15/Jul/2026:13:02:25 +0000] "GET /product/46291534667177 HTTP/1.1" 200 680 "-" "Mozilla/5.0 (Linux; Android 6.0.1; Nexus 5X Build/MMB29P) AppleWebKit/537.36 (KHTML, like Gecko) Chrome/150.0.7871.114 Mobile Safari/537.36 (compatible; Googlebot/2.1; +http://www.google.com/bot.html)"
209.42.17.20 - - [15/Jul/2026:13:02:33 +0000] "POST /wp-cron.php?doing_wp_cron=1784120553.3391680717468261718750 HTTP/1.1" 200 0 "-" "WordPress/7.0.1; https://oas.com.ng"
66.249.79.233 - - [15/Jul/2026:13:02:32 +0000] "GET /shop/pg/58063726-2 HTTP/1.1" 200 680 "-" "Mozilla/5.0 (Linux; Android 6.0.1; Nexus 5X Build/MMB29P) AppleWebKit/537.36 (KHTML, like Gecko) Chrome/150.0.7871.114 Mobile Safari/537.36 (compatible; Googlebot/2.1; +http://www.google.com/bot.html)"
37.239.71.23 - - [15/Jul/2026:13:02:38 +0000] "GET /product/45343434502588 HTTP/1.1" 200 680 "https://oas.com.ng/sitemap-6.xml" "Mozilla/5.0 (Linux; Android 14; OPPO PCLM6) AppleWebKit/537.36 (KHTML, like Gecko) Chrome/147.0.5751.138 Mobile Safari/537.36"
47.128.117.183 - - [15/Jul/2026:13:02:40 +0000] "GET /product/14195625126454 HTTP/2" 200 680 "-" "Mozilla/5.0 (Linux; Android 5.0) AppleWebKit/537.36 (KHTML, like Gecko) Mobile Safari/537.36 (compatible; Bytespider; spider-feedback@bytedance.com)"
66.249.68.64 - - [15/Jul/2026:13:02:44 +0000] "GET /product/19612294516700 HTTP/1.1" 200 680 "-" "Mozilla/5.0 (Linux; Android 6.0.1; Nexus 5X Build/MMB29P) AppleWebKit/537.36 (KHTML, like Gecko) Chrome/150.0.7871.114 Mobile Safari/537.36 (compatible; Googlebot/2.1; +http://www.google.com/bot.html)"
47.128.117.205 - - [15/Jul/2026:13:03:00 +0000] "GET /product/41856665413180 HTTP/2" 200 680 "-" "Mozilla/5.0 (Linux; Android 5.0) AppleWebKit/537.36 (KHTML, like Gecko) Mobile Safari/537.36 (compatible; Bytespider; spider-feedback@bytedance.com)"
66.249.79.163 - - [15/Jul/2026:13:03:16 +0000] "GET /product/44295135920779m HTTP/1.1" 200 680 "-" "Mozilla/5.0 (Linux; Android 6.0.1; Nexus 5X Build/MMB29P) AppleWebKit/537.36 (KHTML, like Gecko) Chrome/150.0.7871.114 Mobile Safari/537.36 (compatible; Googlebot/2.1; +http://www.google.com/bot.html)"
47.128.117.182 - - [15/Jul/2026:13:03:22 +0000] "GET /product/15766753562500 HTTP/2" 200 680 "-" "Mozilla/5.0 (Linux; Android 5.0) AppleWebKit/537.36 (KHTML, like Gecko) Mobile Safari/537.36 (compatible; Bytespider; spider-feedback@bytedance.com)"
66.249.79.233 - - [15/Jul/2026:13:03:24 +0000] "GET /product/47677212658959 HTTP/1.1" 200 680 "-" "Mozilla/5.0 (Linux; Android 6.0.1; Nexus 5X Build/MMB29P) AppleWebKit/537.36 (KHTML, like Gecko) Chrome/150.0.7871.114 Mobile Safari/537.36 (compatible; Googlebot/2.1; +http://www.google.com/bot.html)"
66.249.79.161 - - [15/Jul/2026:13:03:27 +0000] "GET /shop/pg/77902979-4 HTTP/1.1" 200 680 "-" "Mozilla/5.0 (Linux; Android 6.0.1; Nexus 5X Build/MMB29P) AppleWebKit/537.36 (KHTML, like Gecko) Chrome/150.0.7871.114 Mobile Safari/537.36 (compatible; Googlebot/2.1; +http://www.google.com/bot.html)"
66.249.79.161 - - [15/Jul/2026:13:03:28 +0000] "GET /prizes/106284018 HTTP/1.1" 200 680 "-" "Mozilla/5.0 (Linux; Android 6.0.1; Nexus 5X Build/MMB29P) AppleWebKit/537.36 (KHTML, like Gecko) Chrome/150.0.7871.114 Mobile Safari/537.36 (compatible; Googlebot/2.1; +http://www.google.com/bot.html)"
66.249.79.161 - - [15/Jul/2026:13:03:32 +0000] "GET /prizes/82200806 HTTP/1.1" 200 680 "-" "Mozilla/5.0 (Linux; Android 6.0.1; Nexus 5X Build/MMB29P) AppleWebKit/537.36 (KHTML, like Gecko) Chrome/150.0.7871.114 Mobile Safari/537.36 (compatible; Googlebot/2.1; +http://www.google.com/bot.html)"
209.42.17.20 - - [15/Jul/2026:13:03:33 +0000] "POST /wp-cron.php?doing_wp_cron=1784120613.4150791168212890625000 HTTP/1.1" 200 0 "-" "WordPress/7.0.1; https://oas.com.ng"
47.128.117.145 - - [15/Jul/2026:13:03:32 +0000] "GET /product/43111704093627 HTTP/2" 200 680 "-" "Mozilla/5.0 (Linux; Android 5.0) AppleWebKit/537.36 (KHTML, like Gecko) Mobile Safari/537.36 (compatible; Bytespider; spider-feedback@bytedance.com)"
66.249.79.161 - - [15/Jul/2026:13:03:34 +0000] "GET /product/39171035955183 HTTP/1.1" 200 680 "-" "Mozilla/5.0 (Linux; Android 6.0.1; Nexus 5X Build/MMB29P) AppleWebKit/537.36 (KHTML, like Gecko) Chrome/150.0.7871.114 Mobile Safari/537.36 (compatible; Googlebot/2.1; +http://www.google.com/bot.html)"
66.249.68.66 - - [15/Jul/2026:13:03:46 +0000] "GET /robots.txt HTTP/1.1" 200 64 "-" "Mozilla/5.0 (compatible; Googlebot/2.1; +http://www.google.com/bot.html)"
66.249.68.65 - - [15/Jul/2026:13:03:46 +0000] "GET /product/30117334500828 HTTP/1.1" 200 680 "-" "Mozilla/5.0 (Linux; Android 6.0.1; Nexus 5X Build/MMB29P) AppleWebKit/537.36 (KHTML, like Gecko) Chrome/150.0.7871.114 Mobile Safari/537.36 (compatible; Googlebot/2.1; +http://www.google.com/bot.html)"
66.249.79.161 - - [15/Jul/2026:13:03:50 +0000] "GET /prizes/70029644 HTTP/1.1" 200 680 "-" "Mozilla/5.0 (Linux; Android 6.0.1; Nexus 5X Build/MMB29P) AppleWebKit/537.36 (KHTML, like Gecko) Chrome/150.0.7871.114 Mobile Safari/537.36 (compatible; Googlebot/2.1; +http://www.google.com/bot.html)"
197.185.191.97 - - [15/Jul/2026:13:03:59 +0000] "GET /product/45337053764493 HTTP/1.1" 200 680 "https://oas.com.ng/sitemap-14.xml" "Mozilla/5.0 (iPhone; CPU iPhone OS 18_4 like Mac OS X) AppleWebKit/605.1.15 (KHTML, like Gecko) Version/18.4 Mobile/15E148 Safari/604.1 MicroMessenger/8.0.32(0x18001B3F) NetType/WIFI Language/zh_CN"
66.249.79.233 - - [15/Jul/2026:13:03:59 +0000] "GET /product/42612532553223 HTTP/1.1" 200 680 "-" "Mozilla/5.0 (Linux; Android 6.0.1; Nexus 5X Build/MMB29P) AppleWebKit/537.36 (KHTML, like Gecko) Chrome/150.0.7871.114 Mobile Safari/537.36 (compatible; Googlebot/2.1; +http://www.google.com/bot.html)"
66.249.79.161 - - [15/Jul/2026:13:04:03 +0000] "GET /shop/pg/63411312-3 HTTP/1.1" 200 680 "-" "Mozilla/5.0 (Linux; Android 6.0.1; Nexus 5X Build/MMB29P) AppleWebKit/537.36 (KHTML, like Gecko) Chrome/150.0.7871.114 Mobile Safari/537.36 (compatible; Googlebot/2.1; +http://www.google.com/bot.html)"
66.249.79.161 - - [15/Jul/2026:13:04:09 +0000] "GET /prizes/105360482 HTTP/1.1" 200 680 "-" "Mozilla/5.0 (Linux; Android 6.0.1; Nexus 5X Build/MMB29P) AppleWebKit/537.36 (KHTML, like Gecko) Chrome/150.0.7871.114 Mobile Safari/537.36 (compatible; Googlebot/2.1; +http://www.google.com/bot.html)"
66.249.79.162 - - [15/Jul/2026:13:04:11 +0000] "GET /product/48151483459271 HTTP/1.1" 200 680 "-" "Mozilla/5.0 (Linux; Android 6.0.1; Nexus 5X Build/MMB29P) AppleWebKit/537.36 (KHTML, like Gecko) Chrome/150.0.7871.114 Mobile Safari/537.36 (compatible; Googlebot/2.1; +http://www.google.com/bot.html)"
66.249.68.64 - - [15/Jul/2026:13:04:17 +0000] "GET /product/22644003762501 HTTP/1.1" 200 680 "-" "Mozilla/5.0 (Linux; Android 6.0.1; Nexus 5X Build/MMB29P) AppleWebKit/537.36 (KHTML, like Gecko) Chrome/150.0.7871.114 Mobile Safari/537.36 (compatible; Googlebot/2.1; +http://www.google.com/bot.html)"
66.249.79.233 - - [15/Jul/2026:13:04:23 +0000] "GET /product/33110532384815 HTTP/1.1" 200 680 "-" "Mozilla/5.0 (Linux; Android 6.0.1; Nexus 5X Build/MMB29P) AppleWebKit/537.36 (KHTML, like Gecko) Chrome/150.0.7871.114 Mobile Safari/537.36 (compatible; Googlebot/2.1; +http://www.google.com/bot.html)"
66.249.79.161 - - [15/Jul/2026:13:04:28 +0000] "GET /prizes/251915472 HTTP/1.1" 200 680 "-" "Mozilla/5.0 (Linux; Android 6.0.1; Nexus 5X Build/MMB29P) AppleWebKit/537.36 (KHTML, like Gecko) Chrome/150.0.7871.114 Mobile Safari/537.36 (compatible; Googlebot/2.1; +http://www.google.com/bot.html)"
66.249.79.161 - - [15/Jul/2026:13:04:29 +0000] "GET /shop/pg/64638126-3 HTTP/1.1" 200 680 "-" "Mozilla/5.0 (Linux; Android 6.0.1; Nexus 5X Build/MMB29P) AppleWebKit/537.36 (KHTML, like Gecko) Chrome/150.0.7871.114 Mobile Safari/537.36 (compatible; Googlebot/2.1; +http://www.google.com/bot.html)"
66.249.79.161 - - [15/Jul/2026:13:04:31 +0000] "GET /prizes/61857078 HTTP/1.1" 200 680 "-" "Mozilla/5.0 (Linux; Android 6.0.1; Nexus 5X Build/MMB29P) AppleWebKit/537.36 (KHTML, like Gecko) Chrome/150.0.7871.114 Mobile Safari/537.36 (compatible; Googlebot/2.1; +http://www.google.com/bot.html)"
66.249.79.161 - - [15/Jul/2026:13:04:34 +0000] "GET /product/10133865911338 HTTP/1.1" 200 680 "-" "Mozilla/5.0 (Linux; Android 6.0.1; Nexus 5X Build/MMB29P) AppleWebKit/537.36 (KHTML, like Gecko) Chrome/150.0.7871.114 Mobile Safari/537.36 (compatible; Googlebot/2.1; +http://www.google.com/bot.html)"
66.249.79.233 - - [15/Jul/2026:13:04:41 +0000] "GET /product/12249183529954 HTTP/1.1" 200 680 "-" "Mozilla/5.0 (Linux; Android 6.0.1; Nexus 5X Build/MMB29P) AppleWebKit/537.36 (KHTML, like Gecko) Chrome/150.0.7871.114 Mobile Safari/537.36 (compatible; Googlebot/2.1; +http://www.google.com/bot.html)"
66.249.79.161 - - [15/Jul/2026:13:04:43 +0000] "GET /product/17621274295541 HTTP/1.1" 200 680 "-" "Mozilla/5.0 (Linux; Android 6.0.1; Nexus 5X Build/MMB29P) AppleWebKit/537.36 (KHTML, like Gecko) Chrome/150.0.7871.114 Mobile Safari/537.36 (compatible; Googlebot/2.1; +http://www.google.com/bot.html)"
66.249.79.161 - - [15/Jul/2026:13:04:51 +0000] "GET /product/37701345851728 HTTP/1.1" 200 680 "-" "Mozilla/5.0 (Linux; Android 6.0.1; Nexus 5X Build/MMB29P) AppleWebKit/537.36 (KHTML, like Gecko) Chrome/150.0.7871.114 Mobile Safari/537.36 (compatible; Googlebot/2.1; +http://www.google.com/bot.html)"
66.249.79.161 - - [15/Jul/2026:13:05:04 +0000] "GET /product/11582225434131 HTTP/1.1" 200 680 "-" "Mozilla/5.0 (Linux; Android 6.0.1; Nexus 5X Build/MMB29P) AppleWebKit/537.36 (KHTML, like Gecko) Chrome/150.0.7871.114 Mobile Safari/537.36 (compatible; Googlebot/2.1; +http://www.google.com/bot.html)"
47.128.117.161 - - [15/Jul/2026:13:05:06 +0000] "GET /product/33203184056847 HTTP/2" 200 680 "-" "Mozilla/5.0 (Linux; Android 5.0) AppleWebKit/537.36 (KHTML, like Gecko) Mobile Safari/537.36 (compatible; Bytespider; spider-feedback@bytedance.com)"
66.249.79.161 - - [15/Jul/2026:13:05:12 +0000] "GET /shop/pg/26224387-4 HTTP/1.1" 200 680 "-" "Mozilla/5.0 (Linux; Android 6.0.1; Nexus 5X Build/MMB29P) AppleWebKit/537.36 (KHTML, like Gecko) Chrome/150.0.7871.114 Mobile Safari/537.36 (compatible; Googlebot/2.1; +http://www.google.com/bot.html)"
66.249.79.161 - - [15/Jul/2026:13:05:16 +0000] "GET /product/44983324418477 HTTP/1.1" 200 680 "-" "Mozilla/5.0 (Linux; Android 6.0.1; Nexus 5X Build/MMB29P) AppleWebKit/537.36 (KHTML, like Gecko) Chrome/150.0.7871.114 Mobile Safari/537.36 (compatible; Googlebot/2.1; +http://www.google.com/bot.html)"
66.249.79.161 - - [15/Jul/2026:13:05:17 +0000] "GET /prizes/93588947 HTTP/1.1" 200 680 "-" "Mozilla/5.0 (Linux; Android 6.0.1; Nexus 5X Build/MMB29P) AppleWebKit/537.36 (KHTML, like Gecko) Chrome/150.0.7871.114 Mobile Safari/537.36 (compatible; Googlebot/2.1; +http://www.google.com/bot.html)"
51.36.124.56 - - [15/Jul/2026:13:05:22 +0000] "GET /product/45334335176926 HTTP/1.1" 200 680 "https://oas.com.ng/sitemap-12.xml" "Mozilla/5.0 (iPhone; CPU iPhone OS 16_3 like Mac OS X) AppleWebKit/605.1.15 (KHTML, like Gecko) Version/16.3 Mobile/15E148 Safari/604.1 MicroMessenger/8.0.41(0x18001B3F) NetType/WIFI Language/zh_CN"
66.249.79.161 - - [15/Jul/2026:13:05:27 +0000] "GET /product/22604305858741 HTTP/1.1" 200 680 "-" "Mozilla/5.0 (Linux; Android 6.0.1; Nexus 5X Build/MMB29P) AppleWebKit/537.36 (KHTML, like Gecko) Chrome/150.0.7871.114 Mobile Safari/537.36 (compatible; Googlebot/2.1; +http://www.google.com/bot.html)"
66.249.79.233 - - [15/Jul/2026:13:05:31 +0000] "GET /product/35517624994911 HTTP/1.1" 200 680 "-" "Mozilla/5.0 (Linux; Android 6.0.1; Nexus 5X Build/MMB29P) AppleWebKit/537.36 (KHTML, like Gecko) Chrome/150.0.7871.114 Mobile Safari/537.36 (compatible; Googlebot/2.1; +http://www.google.com/bot.html)"
