20.226.66.230 - - [15/Jul/2026:15:14:18 +0000] "GET /about.php HTTP/1.1" 200 2215 "-" "-"
66.249.79.234 - - [15/Jul/2026:15:14:18 +0000] "GET /product/43634552446777 HTTP/1.1" 200 680 "-" "Mozilla/5.0 (Linux; Android 6.0.1; Nexus 5X Build/MMB29P) AppleWebKit/537.36 (KHTML, like Gecko) Chrome/150.0.7871.114 Mobile Safari/537.36 (compatible; Googlebot/2.1; +http://www.google.com/bot.html)"
20.226.66.230 - - [15/Jul/2026:15:14:19 +0000] "GET //admin.php HTTP/1.1" 200 2215 "-" "-"
20.226.66.230 - - [15/Jul/2026:15:14:20 +0000] "GET //edit.php HTTP/1.1" 200 2215 "-" "-"
20.226.66.230 - - [15/Jul/2026:15:14:21 +0000] "GET /wp-content/admin.php HTTP/1.1" 200 2215 "-" "-"
20.226.66.230 - - [15/Jul/2026:15:14:22 +0000] "GET /ss.php HTTP/1.1" 200 19700 "-" "-"
20.226.66.230 - - [15/Jul/2026:15:14:23 +0000] "GET /inputs.php HTTP/1.1" 200 2215 "-" "-"
20.226.66.230 - - [15/Jul/2026:15:14:24 +0000] "GET //av.php HTTP/1.1" 200 2215 "-" "-"
20.226.66.230 - - [15/Jul/2026:15:14:25 +0000] "GET /classwithtostring.php?p= HTTP/1.1" 200 2215 "-" "-"
20.226.66.230 - - [15/Jul/2026:15:14:26 +0000] "GET /wp-content/themes/index.php HTTP/1.1" 200 0 "-" "-"
66.249.68.65 - - [15/Jul/2026:15:14:25 +0000] "GET /product/17350983981152 HTTP/1.1" 200 680 "-" "Mozilla/5.0 (Linux; Android 6.0.1; Nexus 5X Build/MMB29P) AppleWebKit/537.36 (KHTML, like Gecko) Chrome/150.0.7871.114 Mobile Safari/537.36 (compatible; Googlebot/2.1; +http://www.google.com/bot.html)"
20.226.66.230 - - [15/Jul/2026:15:14:26 +0000] "GET /wp-blog.php HTTP/1.1" 200 2215 "-" "-"
20.226.66.230 - - [15/Jul/2026:15:14:27 +0000] "GET //wp-includes/js/jquery/ HTTP/1.1" 404 1251 "-" "-"
20.226.66.230 - - [15/Jul/2026:15:14:28 +0000] "GET //wp-content/admin.php HTTP/1.1" 200 2215 "-" "-"
66.249.79.161 - - [15/Jul/2026:15:14:28 +0000] "GET /shop/pg/17069756-3 HTTP/1.1" 200 680 "-" "Mozilla/5.0 (Linux; Android 6.0.1; Nexus 5X Build/MMB29P) AppleWebKit/537.36 (KHTML, like Gecko) Chrome/150.0.7871.114 Mobile Safari/537.36 (compatible; Googlebot/2.1; +http://www.google.com/bot.html)"
20.226.66.230 - - [15/Jul/2026:15:14:29 +0000] "GET //adminfuns.php HTTP/1.1" 200 2215 "-" "-"
20.226.66.230 - - [15/Jul/2026:15:14:30 +0000] "GET //goods.php HTTP/1.1" 200 2215 "-" "-"
20.226.66.230 - - [15/Jul/2026:15:14:31 +0000] "GET /ms-edit.php HTTP/1.1" 200 2215 "-" "-"
209.42.17.20 - - [15/Jul/2026:15:14:33 +0000] "POST /wp-cron.php?doing_wp_cron=1784128473.5138919353485107421875 HTTP/1.1" 200 0 "-" "WordPress/7.0.1; https://oas.com.ng"
20.226.66.230 - - [15/Jul/2026:15:14:32 +0000] "GET /222.php HTTP/1.1" 200 2215 "-" "-"
20.226.66.230 - - [15/Jul/2026:15:14:33 +0000] "GET //cgi-bin/index.php HTTP/1.1" 404 1251 "-" "-"
20.226.66.230 - - [15/Jul/2026:15:14:34 +0000] "GET //wp-includes/css/dist/ HTTP/1.1" 404 1251 "-" "-"
20.226.66.230 - - [15/Jul/2026:15:14:34 +0000] "GET /BDKR28WP.php HTTP/1.1" 200 2215 "-" "-"
20.226.66.230 - - [15/Jul/2026:15:14:36 +0000] "GET //wp-includes/l10n/ HTTP/1.1" 404 1251 "-" "-"
20.226.66.230 - - [15/Jul/2026:15:14:36 +0000] "GET /wp-content/uploads/ HTTP/1.1" 404 1251 "-" "-"
20.226.66.230 - - [15/Jul/2026:15:14:36 +0000] "GET /wp.php HTTP/1.1" 200 2215 "-" "-"
20.226.66.230 - - [15/Jul/2026:15:14:37 +0000] "GET //abcd.php HTTP/1.1" 200 2215 "-" "-"
20.226.66.230 - - [15/Jul/2026:15:14:39 +0000] "GET //a1.php HTTP/1.1" 200 2215 "-" "-"
20.226.66.230 - - [15/Jul/2026:15:14:40 +0000] "GET /wp-includes/Text/Diff/Engine/about.php HTTP/1.1" 200 2215 "-" "-"
20.226.66.230 - - [15/Jul/2026:15:14:42 +0000] "GET //cgi-bin/admin.php HTTP/1.1" 200 2215 "-" "-"
66.249.79.161 - - [15/Jul/2026:15:14:44 +0000] "GET /product/49642915981011 HTTP/1.1" 200 680 "-" "Mozilla/5.0 (Linux; Android 6.0.1; Nexus 5X Build/MMB29P) AppleWebKit/537.36 (KHTML, like Gecko) Chrome/150.0.7871.114 Mobile Safari/537.36 (compatible; Googlebot/2.1; +http://www.google.com/bot.html)"
20.226.66.230 - - [15/Jul/2026:15:14:44 +0000] "GET /gettest.php HTTP/1.1" 200 2215 "-" "-"
20.226.66.230 - - [15/Jul/2026:15:14:45 +0000] "GET /wp-content/ HTTP/1.1" 200 0 "-" "-"
103.178.32.122 - - [15/Jul/2026:15:14:45 +0000] "GET / HTTP/2" 200 680 "https://oas.com.ng" "Mozilla/5.0 (Windows NT 10.0; Win64; x64) AppleWebKit/537.36 (KHTML, like Gecko) Chrome/145.0.0.0 Safari/537.36 Edg/145.0.0.0"
20.226.66.230 - - [15/Jul/2026:15:14:46 +0000] "GET /simple.php HTTP/1.1" 200 2215 "-" "-"
20.226.66.230 - - [15/Jul/2026:15:14:47 +0000] "GET /xxx.php HTTP/1.1" 200 2215 "-" "-"
20.226.66.230 - - [15/Jul/2026:15:14:48 +0000] "GET /hypo.php HTTP/1.1" 200 2215 "-" "-"
47.128.117.14 - - [15/Jul/2026:15:14:48 +0000] "GET /product/43345624866637 HTTP/2" 200 680 "-" "Mozilla/5.0 (Linux; Android 5.0) AppleWebKit/537.36 (KHTML, like Gecko) Mobile Safari/537.36 (compatible; Bytespider; spider-feedback@bytedance.com)"
20.226.66.230 - - [15/Jul/2026:15:14:49 +0000] "GET /wp-admin/css/colors/blue/ HTTP/1.1" 404 1251 "-" "-"
20.226.66.230 - - [15/Jul/2026:15:14:49 +0000] "GET /chosen.php HTTP/1.1" 200 2215 "-" "-"
20.226.66.230 - - [15/Jul/2026:15:14:50 +0000] "GET //wp-includes/block-bindings/ HTTP/1.1" 404 1251 "-" "-"
20.226.66.230 - - [15/Jul/2026:15:14:51 +0000] "GET /als.php HTTP/1.1" 200 2215 "-" "-"
20.226.66.230 - - [15/Jul/2026:15:14:52 +0000] "GET /pol.php HTTP/1.1" 200 2215 "-" "-"
20.226.66.230 - - [15/Jul/2026:15:14:53 +0000] "GET /file5.php HTTP/1.1" 200 2215 "-" "-"
20.226.66.230 - - [15/Jul/2026:15:14:54 +0000] "GET /file.php HTTP/1.1" 200 2215 "-" "-"
20.226.66.230 - - [15/Jul/2026:15:14:55 +0000] "GET /cfile.php HTTP/1.1" 200 2215 "-" "-"
20.226.66.230 - - [15/Jul/2026:15:14:56 +0000] "GET /admin.php HTTP/1.1" 200 2215 "-" "-"
20.226.66.230 - - [15/Jul/2026:15:14:57 +0000] "GET /aa2.php HTTP/1.1" 200 2215 "-" "-"
20.226.66.230 - - [15/Jul/2026:15:14:58 +0000] "GET /ccou.php HTTP/1.1" 200 2215 "-" "-"
20.226.66.230 - - [15/Jul/2026:15:14:59 +0000] "GET /dr.php HTTP/1.1" 200 2215 "-" "-"
20.226.66.230 - - [15/Jul/2026:15:15:00 +0000] "GET /xamp.php HTTP/1.1" 200 2215 "-" "-"
20.226.66.230 - - [15/Jul/2026:15:15:01 +0000] "GET /bless.php HTTP/1.1" 200 2215 "-" "-"
46.60.15.54 - - [15/Jul/2026:15:15:01 +0000] "GET /product/46011184065629 HTTP/1.1" 200 680 "https://oas.com.ng/sitemap-15.xml" "Mozilla/5.0 (Linux; Android 12; V2186) AppleWebKit/537.36 (KHTML, like Gecko) Chrome/143.0.5169.108 Mobile Safari/537.36"
20.226.66.230 - - [15/Jul/2026:15:15:03 +0000] "GET /file25.php HTTP/1.1" 200 2215 "-" "-"
66.249.79.234 - - [15/Jul/2026:15:15:04 +0000] "GET /product/48697033813373 HTTP/1.1" 200 680 "-" "Mozilla/5.0 (Linux; Android 6.0.1; Nexus 5X Build/MMB29P) AppleWebKit/537.36 (KHTML, like Gecko) Chrome/150.0.7871.114 Mobile Safari/537.36 (compatible; Googlebot/2.1; +http://www.google.com/bot.html)"
20.226.66.230 - - [15/Jul/2026:15:15:04 +0000] "GET /file6.php HTTP/1.1" 200 2215 "-" "-"
66.249.79.235 - - [15/Jul/2026:15:15:05 +0000] "GET /product/42636492424441 HTTP/1.1" 200 680 "-" "Mozilla/5.0 (Linux; Android 6.0.1; Nexus 5X Build/MMB29P) AppleWebKit/537.36 (KHTML, like Gecko) Chrome/150.0.7871.114 Mobile Safari/537.36 (compatible; Googlebot/2.1; +http://www.google.com/bot.html)"
20.226.66.230 - - [15/Jul/2026:15:15:06 +0000] "GET /a2.php HTTP/1.1" 200 2215 "-" "-"
20.226.66.230 - - [15/Jul/2026:15:15:07 +0000] "GET /file15.php HTTP/1.1" 200 2215 "-" "-"
20.226.66.230 - - [15/Jul/2026:15:15:08 +0000] "GET /f35.php HTTP/1.1" 200 2215 "-" "-"
66.249.79.163 - - [15/Jul/2026:15:15:09 +0000] "GET /prizes/161847200 HTTP/1.1" 200 680 "-" "Mozilla/5.0 (Linux; Android 6.0.1; Nexus 5X Build/MMB29P) AppleWebKit/537.36 (KHTML, like Gecko) Chrome/150.0.7871.114 Mobile Safari/537.36 (compatible; Googlebot/2.1; +http://www.google.com/bot.html)"
20.226.66.230 - - [15/Jul/2026:15:15:09 +0000] "GET /wp-load.php HTTP/1.1" 200 0 "-" "-"
20.226.66.230 - - [15/Jul/2026:15:15:11 +0000] "GET //xwpg.php HTTP/1.1" 200 2215 "-" "-"
20.226.66.230 - - [15/Jul/2026:15:15:12 +0000] "GET //wp-includes/assets/ HTTP/1.1" 404 1251 "-" "-"
20.226.66.230 - - [15/Jul/2026:15:15:12 +0000] "GET /wp-admin/css/colors/sunrise/ HTTP/1.1" 404 1251 "-" "-"
66.249.79.233 - - [15/Jul/2026:15:15:12 +0000] "GET /product/11226852201128 HTTP/1.1" 200 680 "-" "Mozilla/5.0 (Linux; Android 6.0.1; Nexus 5X Build/MMB29P) AppleWebKit/537.36 (KHTML, like Gecko) Chrome/150.0.7871.114 Mobile Safari/537.36 (compatible; Googlebot/2.1; +http://www.google.com/bot.html)"
20.226.66.230 - - [15/Jul/2026:15:15:13 +0000] "GET /xstelth.php HTTP/1.1" 200 2215 "-" "-"
20.226.66.230 - - [15/Jul/2026:15:15:14 +0000] "GET /wp-admin/network/plugins.php HTTP/1.1" 302 0 "-" "-"
20.226.66.230 - - [15/Jul/2026:15:15:15 +0000] "GET /wp-login.php?redirect_to=https%3A%2F%2Ftheolatechnologies.com%2Fwp-admin%2Fnetwork%2Fplugins.php&reauth=1 HTTP/1.1" 200 6266 "-" "-"
20.226.66.230 - - [15/Jul/2026:15:15:17 +0000] "GET /aaa.php HTTP/1.1" 200 2215 "-" "-"
20.226.66.230 - - [15/Jul/2026:15:15:18 +0000] "GET /gecko.php HTTP/1.1" 200 2215 "-" "-"
66.249.79.161 - - [15/Jul/2026:15:15:19 +0000] "GET /prizes/109197078 HTTP/1.1" 200 680 "-" "Mozilla/5.0 (Linux; Android 6.0.1; Nexus 5X Build/MMB29P) AppleWebKit/537.36 (KHTML, like Gecko) Chrome/150.0.7871.114 Mobile Safari/537.36 (compatible; Googlebot/2.1; +http://www.google.com/bot.html)"
20.226.66.230 - - [15/Jul/2026:15:15:19 +0000] "GET /sh3ll.php HTTP/1.1" 200 2215 "-" "-"
20.226.66.230 - - [15/Jul/2026:15:15:20 +0000] "GET /wp-includes/Requests/library/ HTTP/1.1" 404 1251 "-" "-"
20.226.66.230 - - [15/Jul/2026:15:15:21 +0000] "GET /pbck.php HTTP/1.1" 200 2215 "-" "-"
20.226.66.230 - - [15/Jul/2026:15:15:22 +0000] "GET /xiugai.php?p= HTTP/1.1" 200 2215 "-" "-"
20.226.66.230 - - [15/Jul/2026:15:15:23 +0000] "GET /son1.php HTTP/1.1" 200 2215 "-" "-"
20.226.66.230 - - [15/Jul/2026:15:15:24 +0000] "GET /e.php HTTP/1.1" 200 2215 "-" "-"
66.249.79.161 - - [15/Jul/2026:15:15:25 +0000] "GET /product/40523014304477 HTTP/1.1" 200 680 "-" "Mozilla/5.0 (Linux; Android 6.0.1; Nexus 5X Build/MMB29P) AppleWebKit/537.36 (KHTML, like Gecko) Chrome/150.0.7871.114 Mobile Safari/537.36 (compatible; Googlebot/2.1; +http://www.google.com/bot.html)"
20.226.66.230 - - [15/Jul/2026:15:15:25 +0000] "GET /hg.php?p= HTTP/1.1" 200 2215 "-" "-"
20.226.66.230 - - [15/Jul/2026:15:15:26 +0000] "GET /ah25.php HTTP/1.1" 200 2215 "-" "-"
47.128.117.132 - - [15/Jul/2026:15:15:27 +0000] "GET /product/36190925078970 HTTP/2" 200 680 "-" "Mozilla/5.0 (Linux; Android 5.0) AppleWebKit/537.36 (KHTML, like Gecko) Mobile Safari/537.36 (compatible; Bytespider; spider-feedback@bytedance.com)"
20.226.66.230 - - [15/Jul/2026:15:15:28 +0000] "GET /mg2.php HTTP/1.1" 200 2215 "-" "-"
20.226.66.230 - - [15/Jul/2026:15:15:29 +0000] "GET /for.php HTTP/1.1" 200 2215 "-" "-"
209.42.17.20 - - [15/Jul/2026:15:15:35 +0000] "POST /wp-cron.php?doing_wp_cron=1784128535.7851829528808593750000 HTTP/1.1" 200 0 "-" "WordPress/7.0.1; https://oas.com.ng"
66.249.68.66 - - [15/Jul/2026:15:15:35 +0000] "GET /product/24252493129604 HTTP/1.1" 200 680 "-" "Mozilla/5.0 (Linux; Android 6.0.1; Nexus 5X Build/MMB29P) AppleWebKit/537.36 (KHTML, like Gecko) Chrome/150.0.7871.114 Mobile Safari/537.36 (compatible; Googlebot/2.1; +http://www.google.com/bot.html)"
66.249.79.161 - - [15/Jul/2026:15:15:38 +0000] "GET /product/28719593740125m HTTP/1.1" 200 680 "-" "Mozilla/5.0 (Linux; Android 6.0.1; Nexus 5X Build/MMB29P) AppleWebKit/537.36 (KHTML, like Gecko) Chrome/150.0.7871.114 Mobile Safari/537.36 (compatible; Googlebot/2.1; +http://www.google.com/bot.html)"
66.249.79.161 - - [15/Jul/2026:15:15:45 +0000] "GET /prizes/201610321 HTTP/1.1" 200 680 "-" "Mozilla/5.0 (Linux; Android 6.0.1; Nexus 5X Build/MMB29P) AppleWebKit/537.36 (KHTML, like Gecko) Chrome/150.0.7871.114 Mobile Safari/537.36 (compatible; Googlebot/2.1; +http://www.google.com/bot.html)"
66.249.79.161 - - [15/Jul/2026:15:15:48 +0000] "GET /prizes/251696442 HTTP/1.1" 200 680 "-" "Mozilla/5.0 (Linux; Android 6.0.1; Nexus 5X Build/MMB29P) AppleWebKit/537.36 (KHTML, like Gecko) Chrome/150.0.7871.114 Mobile Safari/537.36 (compatible; Googlebot/2.1; +http://www.google.com/bot.html)"
66.249.79.161 - - [15/Jul/2026:15:15:51 +0000] "GET /shop/pg/54565759-4 HTTP/1.1" 200 680 "-" "Mozilla/5.0 (Linux; Android 6.0.1; Nexus 5X Build/MMB29P) AppleWebKit/537.36 (KHTML, like Gecko) Chrome/150.0.7871.114 Mobile Safari/537.36 (compatible; Googlebot/2.1; +http://www.google.com/bot.html)"
47.128.117.150 - - [15/Jul/2026:15:15:58 +0000] "GET /product/47984716290948 HTTP/2" 200 680 "-" "Mozilla/5.0 (Linux; Android 5.0) AppleWebKit/537.36 (KHTML, like Gecko) Mobile Safari/537.36 (compatible; Bytespider; spider-feedback@bytedance.com)"
66.249.79.162 - - [15/Jul/2026:15:16:04 +0000] "GET /product/15640253840799 HTTP/1.1" 200 680 "-" "Mozilla/5.0 (Linux; Android 6.0.1; Nexus 5X Build/MMB29P) AppleWebKit/537.36 (KHTML, like Gecko) Chrome/150.0.7871.114 Mobile Safari/537.36 (compatible; Googlebot/2.1; +http://www.google.com/bot.html)"
66.249.79.162 - - [15/Jul/2026:15:16:08 +0000] "GET /product/37255706687802 HTTP/1.1" 200 680 "-" "Mozilla/5.0 (Linux; Android 6.0.1; Nexus 5X Build/MMB29P) AppleWebKit/537.36 (KHTML, like Gecko) Chrome/150.0.7871.114 Mobile Safari/537.36 (compatible; Googlebot/2.1; +http://www.google.com/bot.html)"
66.249.79.234 - - [15/Jul/2026:15:16:21 +0000] "GET /product/25034113912007 HTTP/1.1" 200 680 "-" "Mozilla/5.0 (Linux; Android 6.0.1; Nexus 5X Build/MMB29P) AppleWebKit/537.36 (KHTML, like Gecko) Chrome/150.0.7871.114 Mobile Safari/537.36 (compatible; Googlebot/2.1; +http://www.google.com/bot.html)"
197.221.123.102 - - [15/Jul/2026:15:16:30 +0000] "GET /product/45996484310728 HTTP/1.1" 200 680 "https://oas.com.ng/sitemap-4.xml" "Mozilla/5.0 (iPhone; CPU iPhone OS 16_3 like Mac OS X) AppleWebKit/605.1.15 (KHTML, like Gecko) Version/16.3 Mobile/15E148 Safari/604.1"
209.42.17.20 - - [15/Jul/2026:15:16:33 +0000] "POST /wp-cron.php?doing_wp_cron=1784128593.6576468944549560546875 HTTP/1.1" 200 0 "-" "WordPress/7.0.1; https://oas.com.ng"
47.128.117.203 - - [15/Jul/2026:15:16:32 +0000] "GET /product/14743673227166 HTTP/2" 200 680 "-" "Mozilla/5.0 (Linux; Android 5.0) AppleWebKit/537.36 (KHTML, like Gecko) Mobile Safari/537.36 (compatible; Bytespider; spider-feedback@bytedance.com)"
66.249.79.161 - - [15/Jul/2026:15:16:33 +0000] "GET /prizes/121038947 HTTP/1.1" 200 680 "-" "Mozilla/5.0 (Linux; Android 6.0.1; Nexus 5X Build/MMB29P) AppleWebKit/537.36 (KHTML, like Gecko) Chrome/150.0.7871.114 Mobile Safari/537.36 (compatible; Googlebot/2.1; +http://www.google.com/bot.html)"
66.249.68.65 - - [15/Jul/2026:15:16:54 +0000] "GET /product/26984273209836 HTTP/1.1" 200 680 "-" "Mozilla/5.0 (Linux; Android 6.0.1; Nexus 5X Build/MMB29P) AppleWebKit/537.36 (KHTML, like Gecko) Chrome/150.0.7871.114 Mobile Safari/537.36 (compatible; Googlebot/2.1; +http://www.google.com/bot.html)"
104.210.140.131 - - [15/Jul/2026:15:16:59 +0000] "GET /robots.txt HTTP/2" 200 64 "-" "Mozilla/5.0 (Macintosh; Intel Mac OS X 10_15_7) AppleWebKit/537.36 (KHTML, like Gecko) Chrome/131.0.0.0 Safari/537.36; compatible; OAI-SearchBot/1.0; +https://openai.com/searchbot"
66.249.79.161 - - [15/Jul/2026:15:16:59 +0000] "GET /product/39666953435974m HTTP/1.1" 200 680 "-" "Mozilla/5.0 (Linux; Android 6.0.1; Nexus 5X Build/MMB29P) AppleWebKit/537.36 (KHTML, like Gecko) Chrome/150.0.7871.114 Mobile Safari/537.36 (compatible; Googlebot/2.1; +http://www.google.com/bot.html)"
66.249.79.162 - - [15/Jul/2026:15:17:18 +0000] "GET /prizes/163105381 HTTP/1.1" 200 680 "-" "Mozilla/5.0 (Linux; Android 6.0.1; Nexus 5X Build/MMB29P) AppleWebKit/537.36 (KHTML, like Gecko) Chrome/150.0.7871.114 Mobile Safari/537.36 (compatible; Googlebot/2.1; +http://www.google.com/bot.html)"
66.249.79.162 - - [15/Jul/2026:15:17:21 +0000] "GET /shop/pg/71544554-2 HTTP/1.1" 200 680 "-" "Mozilla/5.0 (Linux; Android 6.0.1; Nexus 5X Build/MMB29P) AppleWebKit/537.36 (KHTML, like Gecko) Chrome/150.0.7871.114 Mobile Safari/537.36 (compatible; Googlebot/2.1; +http://www.google.com/bot.html)"
47.128.117.181 - - [15/Jul/2026:15:17:26 +0000] "GET /product/19246643238229 HTTP/2" 200 680 "-" "Mozilla/5.0 (Linux; Android 5.0) AppleWebKit/537.36 (KHTML, like Gecko) Mobile Safari/537.36 (compatible; Bytespider; spider-feedback@bytedance.com)"
66.249.79.233 - - [15/Jul/2026:15:17:27 +0000] "GET /product/26740113735820 HTTP/1.1" 200 680 "-" "Mozilla/5.0 (Linux; Android 6.0.1; Nexus 5X Build/MMB29P) AppleWebKit/537.36 (KHTML, like Gecko) Chrome/150.0.7871.114 Mobile Safari/537.36 (compatible; Googlebot/2.1; +http://www.google.com/bot.html)"
66.249.79.161 - - [15/Jul/2026:15:17:31 +0000] "GET /product/13064133442325 HTTP/1.1" 200 680 "-" "Mozilla/5.0 (Linux; Android 6.0.1; Nexus 5X Build/MMB29P) AppleWebKit/537.36 (KHTML, like Gecko) Chrome/150.0.7871.114 Mobile Safari/537.36 (compatible; Googlebot/2.1; +http://www.google.com/bot.html)"
209.42.17.20 - - [15/Jul/2026:15:17:46 +0000] "POST /wp-cron.php?doing_wp_cron=1784128666.8915889263153076171875 HTTP/1.1" 200 0 "-" "WordPress/7.0.1; https://oas.com.ng"
47.128.117.133 - - [15/Jul/2026:15:17:46 +0000] "GET /product/28903294281812 HTTP/2" 200 680 "-" "Mozilla/5.0 (Linux; Android 5.0) AppleWebKit/537.36 (KHTML, like Gecko) Mobile Safari/537.36 (compatible; Bytespider; spider-feedback@bytedance.com)"
66.249.79.233 - - [15/Jul/2026:15:17:47 +0000] "GET /product/26763532996165 HTTP/1.1" 200 680 "-" "Mozilla/5.0 (Linux; Android 6.0.1; Nexus 5X Build/MMB29P) AppleWebKit/537.36 (KHTML, like Gecko) Chrome/150.0.7871.114 Mobile Safari/537.36 (compatible; Googlebot/2.1; +http://www.google.com/bot.html)"
39.34.135.166 - - [15/Jul/2026:15:17:48 +0000] "GET /product/45982945986143 HTTP/1.1" 200 680 "https://oas.com.ng/sitemap-7.xml" "Mozilla/5.0 (Linux; Android 15; OPPO PCLM8) AppleWebKit/537.36 (KHTML, like Gecko) Chrome/147.0.5798.51 Mobile Safari/537.36 MicroMessenger/8.0.35(0x18001B3F) NetType/WIFI Language/zh_CN"
66.249.79.161 - - [15/Jul/2026:15:17:57 +0000] "GET /prizes/148306028 HTTP/1.1" 200 680 "-" "Mozilla/5.0 (Linux; Android 6.0.1; Nexus 5X Build/MMB29P) AppleWebKit/537.36 (KHTML, like Gecko) Chrome/150.0.7871.114 Mobile Safari/537.36 (compatible; Googlebot/2.1; +http://www.google.com/bot.html)"
66.249.79.161 - - [15/Jul/2026:15:18:21 +0000] "GET /product/20871323841197 HTTP/1.1" 200 680 "-" "Mozilla/5.0 (Linux; Android 6.0.1; Nexus 5X Build/MMB29P) AppleWebKit/537.36 (KHTML, like Gecko) Chrome/150.0.7871.114 Mobile Safari/537.36 (compatible; Googlebot/2.1; +http://www.google.com/bot.html)"
66.249.68.64 - - [15/Jul/2026:15:18:22 +0000] "GET /product/24811286537565 HTTP/1.1" 200 680 "-" "Mozilla/5.0 (Linux; Android 6.0.1; Nexus 5X Build/MMB29P) AppleWebKit/537.36 (KHTML, like Gecko) Chrome/150.0.7871.114 Mobile Safari/537.36 (compatible; Googlebot/2.1; +http://www.google.com/bot.html)"
66.249.79.161 - - [15/Jul/2026:15:18:26 +0000] "GET /product/19914445210264m HTTP/1.1" 200 680 "-" "Mozilla/5.0 (Linux; Android 6.0.1; Nexus 5X Build/MMB29P) AppleWebKit/537.36 (KHTML, like Gecko) Chrome/150.0.7871.114 Mobile Safari/537.36 (compatible; Googlebot/2.1; +http://www.google.com/bot.html)"
47.128.117.207 - - [15/Jul/2026:15:18:29 +0000] "GET /product/14485445434555 HTTP/2" 200 680 "-" "Mozilla/5.0 (Linux; Android 5.0) AppleWebKit/537.36 (KHTML, like Gecko) Mobile Safari/537.36 (compatible; Bytespider; spider-feedback@bytedance.com)"
209.42.17.20 - - [15/Jul/2026:15:18:44 +0000] "POST /wp-cron.php?doing_wp_cron=1784128724.7090179920196533203125 HTTP/1.1" 200 0 "-" "WordPress/7.0.1; https://oas.com.ng"
66.249.79.161 - - [15/Jul/2026:15:18:43 +0000] "GET /shop/pg/30624780-4 HTTP/1.1" 200 680 "-" "Mozilla/5.0 (Linux; Android 6.0.1; Nexus 5X Build/MMB29P) AppleWebKit/537.36 (KHTML, like Gecko) Chrome/150.0.7871.114 Mobile Safari/537.36 (compatible; Googlebot/2.1; +http://www.google.com/bot.html)"
66.249.68.167 - - [15/Jul/2026:15:18:49 +0000] "GET /product/37524444215987 HTTP/1.1" 200 680 "-" "Mozilla/5.0 (Linux; Android 6.0.1; Nexus 5X Build/MMB29P) AppleWebKit/537.36 (KHTML, like Gecko) Chrome/150.0.7871.114 Mobile Safari/537.36 (compatible; Googlebot/2.1; +http://www.google.com/bot.html)"
66.249.79.161 - - [15/Jul/2026:15:18:50 +0000] "GET /product/46231763173544 HTTP/1.1" 200 680 "-" "Mozilla/5.0 (Linux; Android 6.0.1; Nexus 5X Build/MMB29P) AppleWebKit/537.36 (KHTML, like Gecko) Chrome/150.0.7871.114 Mobile Safari/537.36 (compatible; Googlebot/2.1; +http://www.google.com/bot.html)"
47.128.117.209 - - [15/Jul/2026:15:18:53 +0000] "GET /product/35060633932676 HTTP/2" 200 680 "-" "Mozilla/5.0 (Linux; Android 5.0) AppleWebKit/537.36 (KHTML, like Gecko) Mobile Safari/537.36 (compatible; Bytespider; spider-feedback@bytedance.com)"
104.219.215.141 - - [15/Jul/2026:15:18:53 +0000] "GET /?yt1 HTTP/1.1" 200 680 "http://oas.com.ng/?yt1" "Mozilla/5.0 (compatible; Googlebot/2.1; +http://www.google.com/bot.html)"
66.249.79.161 - - [15/Jul/2026:15:18:56 +0000] "GET /product/18186834760075 HTTP/1.1" 200 680 "-" "Mozilla/5.0 (Linux; Android 6.0.1; Nexus 5X Build/MMB29P) AppleWebKit/537.36 (KHTML, like Gecko) Chrome/150.0.7871.114 Mobile Safari/537.36 (compatible; Googlebot/2.1; +http://www.google.com/bot.html)"
103.105.86.103 - - [15/Jul/2026:15:19:10 +0000] "GET /product/45981154964133 HTTP/1.1" 200 680 "https://oas.com.ng/sitemap-12.xml" "Mozilla/5.0 (Linux; Android 12; OPPO PCLM7) AppleWebKit/537.36 (KHTML, like Gecko) Chrome/151.0.5285.70 Mobile Safari/537.36 MicroMessenger/8.0.48(0x18001B3F) NetType/WIFI Language/zh_CN"
66.249.79.234 - - [15/Jul/2026:15:19:20 +0000] "GET /product/18678824382142 HTTP/1.1" 200 680 "-" "Mozilla/5.0 (Linux; Android 6.0.1; Nexus 5X Build/MMB29P) AppleWebKit/537.36 (KHTML, like Gecko) Chrome/150.0.7871.114 Mobile Safari/537.36 (compatible; Googlebot/2.1; +http://www.google.com/bot.html)"
47.128.117.154 - - [15/Jul/2026:15:19:27 +0000] "GET /product/34202423189834 HTTP/2" 200 680 "-" "Mozilla/5.0 (Linux; Android 5.0) AppleWebKit/537.36 (KHTML, like Gecko) Mobile Safari/537.36 (compatible; Bytespider; spider-feedback@bytedance.com)"
209.42.17.20 - - [15/Jul/2026:15:19:33 +0000] "POST /wp-cron.php?doing_wp_cron=1784128773.0981750488281250000000 HTTP/1.1" 200 0 "-" "WordPress/7.0.1; https://oas.com.ng"
66.249.79.161 - - [15/Jul/2026:15:19:32 +0000] "GET /prizes/109873432 HTTP/1.1" 200 680 "-" "Mozilla/5.0 (Linux; Android 6.0.1; Nexus 5X Build/MMB29P) AppleWebKit/537.36 (KHTML, like Gecko) Chrome/150.0.7871.114 Mobile Safari/537.36 (compatible; Googlebot/2.1; +http://www.google.com/bot.html)"
66.249.68.65 - - [15/Jul/2026:15:19:44 +0000] "GET /product/13454523859795 HTTP/1.1" 200 680 "-" "Mozilla/5.0 (Linux; Android 6.0.1; Nexus 5X Build/MMB29P) AppleWebKit/537.36 (KHTML, like Gecko) Chrome/150.0.7871.114 Mobile Safari/537.36 (compatible; Googlebot/2.1; +http://www.google.com/bot.html)"
66.249.79.161 - - [15/Jul/2026:15:19:58 +0000] "GET /shop/pg/84326462-4 HTTP/1.1" 200 680 "-" "Mozilla/5.0 (Linux; Android 6.0.1; Nexus 5X Build/MMB29P) AppleWebKit/537.36 (KHTML, like Gecko) Chrome/150.0.7871.114 Mobile Safari/537.36 (compatible; Googlebot/2.1; +http://www.google.com/bot.html)"
52.167.144.235 - - [15/Jul/2026:15:20:01 +0000] "GET /product/13754074632113 HTTP/2" 200 680 "-" "Mozilla/5.0 AppleWebKit/537.36 (KHTML, like Gecko; compatible; bingbot/2.0; +http://www.bing.com/bingbot.htm) Chrome/116.0.1938.76 Safari/537.36"
66.249.68.66 - - [15/Jul/2026:15:20:07 +0000] "GET /product/49795504699875 HTTP/1.1" 200 680 "-" "Mozilla/5.0 (Linux; Android 6.0.1; Nexus 5X Build/MMB29P) AppleWebKit/537.36 (KHTML, like Gecko) Chrome/150.0.7871.114 Mobile Safari/537.36 (compatible; Googlebot/2.1; +http://www.google.com/bot.html)"
66.249.79.163 - - [15/Jul/2026:15:20:08 +0000] "GET /product/35250606087087 HTTP/1.1" 200 680 "-" "Mozilla/5.0 (Linux; Android 6.0.1; Nexus 5X Build/MMB29P) AppleWebKit/537.36 (KHTML, like Gecko) Chrome/150.0.7871.114 Mobile Safari/537.36 (compatible; Googlebot/2.1; +http://www.google.com/bot.html)"
47.128.117.166 - - [15/Jul/2026:15:20:15 +0000] "GET /product/35661816354918 HTTP/2" 200 680 "-" "Mozilla/5.0 (Linux; Android 5.0) AppleWebKit/537.36 (KHTML, like Gecko) Mobile Safari/537.36 (compatible; Bytespider; spider-feedback@bytedance.com)"
66.249.79.162 - - [15/Jul/2026:15:20:28 +0000] "GET /product/22105854424024 HTTP/1.1" 200 680 "-" "Mozilla/5.0 (Linux; Android 6.0.1; Nexus 5X Build/MMB29P) AppleWebKit/537.36 (KHTML, like Gecko) Chrome/150.0.7871.114 Mobile Safari/537.36 (compatible; Googlebot/2.1; +http://www.google.com/bot.html)"
66.249.79.234 - - [15/Jul/2026:15:20:31 +0000] "GET /product/24680692998909 HTTP/1.1" 200 680 "-" "Mozilla/5.0 (Linux; Android 6.0.1; Nexus 5X Build/MMB29P) AppleWebKit/537.36 (KHTML, like Gecko) Chrome/150.0.7871.114 Mobile Safari/537.36 (compatible; Googlebot/2.1; +http://www.google.com/bot.html)"
209.42.17.20 - - [15/Jul/2026:15:20:39 +0000] "POST /wp-cron.php?doing_wp_cron=1784128839.9305489063262939453125 HTTP/1.1" 200 0 "-" "WordPress/7.0.1; https://oas.com.ng"
66.249.79.161 - - [15/Jul/2026:15:20:39 +0000] "GET /prizes/109661604 HTTP/1.1" 200 680 "-" "Mozilla/5.0 (Linux; Android 6.0.1; Nexus 5X Build/MMB29P) AppleWebKit/537.36 (KHTML, like Gecko) Chrome/150.0.7871.114 Mobile Safari/537.36 (compatible; Googlebot/2.1; +http://www.google.com/bot.html)"
179.115.76.124 - - [15/Jul/2026:15:20:43 +0000] "GET /product/45966583950032 HTTP/1.1" 200 680 "https://oas.com.ng/sitemap-14.xml" "Mozilla/5.0 (Linux; Android 15; V2184) AppleWebKit/537.36 (KHTML, like Gecko) Chrome/152.0.5785.94 Mobile Safari/537.36"
66.249.68.65 - - [15/Jul/2026:15:20:55 +0000] "GET /product/19552734316734 HTTP/1.1" 200 680 "-" "Mozilla/5.0 (Linux; Android 6.0.1; Nexus 5X Build/MMB29P) AppleWebKit/537.36 (KHTML, like Gecko) Chrome/150.0.7871.114 Mobile Safari/537.36 (compatible; Googlebot/2.1; +http://www.google.com/bot.html)"
66.249.79.235 - - [15/Jul/2026:15:21:03 +0000] "GET /product/26317782778125 HTTP/1.1" 200 680 "-" "Mozilla/5.0 (Linux; Android 6.0.1; Nexus 5X Build/MMB29P) AppleWebKit/537.36 (KHTML, like Gecko) Chrome/150.0.7871.114 Mobile Safari/537.36 (compatible; Googlebot/2.1; +http://www.google.com/bot.html)"
47.128.117.193 - - [15/Jul/2026:15:21:05 +0000] "GET /product/18247756459444 HTTP/2" 200 680 "-" "Mozilla/5.0 (Linux; Android 5.0) AppleWebKit/537.36 (KHTML, like Gecko) Mobile Safari/537.36 (compatible; Bytespider; spider-feedback@bytedance.com)"
66.249.79.161 - - [15/Jul/2026:15:21:12 +0000] "GET /shop/pg/66217973-1 HTTP/1.1" 200 680 "-" "Mozilla/5.0 (Linux; Android 6.0.1; Nexus 5X Build/MMB29P) AppleWebKit/537.36 (KHTML, like Gecko) Chrome/150.0.7871.114 Mobile Safari/537.36 (compatible; Googlebot/2.1; +http://www.google.com/bot.html)"
66.249.68.65 - - [15/Jul/2026:15:21:16 +0000] "GET /product/26366515145887 HTTP/1.1" 200 680 "-" "Mozilla/5.0 (Linux; Android 6.0.1; Nexus 5X Build/MMB29P) AppleWebKit/537.36 (KHTML, like Gecko) Chrome/150.0.7871.114 Mobile Safari/537.36 (compatible; Googlebot/2.1; +http://www.google.com/bot.html)"
47.128.117.128 - - [15/Jul/2026:15:21:17 +0000] "GET /product/41906875289650 HTTP/2" 200 680 "-" "Mozilla/5.0 (Linux; Android 5.0) AppleWebKit/537.36 (KHTML, like Gecko) Mobile Safari/537.36 (compatible; Bytespider; spider-feedback@bytedance.com)"
66.249.79.161 - - [15/Jul/2026:15:21:18 +0000] "GET /product/18992295726447 HTTP/1.1" 200 680 "-" "Mozilla/5.0 (Linux; Android 6.0.1; Nexus 5X Build/MMB29P) AppleWebKit/537.36 (KHTML, like Gecko) Chrome/150.0.7871.114 Mobile Safari/537.36 (compatible; Googlebot/2.1; +http://www.google.com/bot.html)"
209.42.17.20 - - [15/Jul/2026:15:21:36 +0000] "POST /wp-cron.php?doing_wp_cron=1784128896.4629259109497070312500 HTTP/1.1" 200 0 "-" "WordPress/7.0.1; https://oas.com.ng"
66.249.79.235 - - [15/Jul/2026:15:21:35 +0000] "GET /product/15116591695562 HTTP/1.1" 200 680 "-" "Mozilla/5.0 (Linux; Android 6.0.1; Nexus 5X Build/MMB29P) AppleWebKit/537.36 (KHTML, like Gecko) Chrome/150.0.7871.114 Mobile Safari/537.36 (compatible; Googlebot/2.1; +http://www.google.com/bot.html)"
66.249.79.161 - - [15/Jul/2026:15:21:42 +0000] "GET /prizes/143748644 HTTP/1.1" 200 680 "-" "Mozilla/5.0 (Linux; Android 6.0.1; Nexus 5X Build/MMB29P) AppleWebKit/537.36 (KHTML, like Gecko) Chrome/150.0.7871.114 Mobile Safari/537.36 (compatible; Googlebot/2.1; +http://www.google.com/bot.html)"
47.128.117.131 - - [15/Jul/2026:15:21:47 +0000] "GET /product/26276654182108 HTTP/2" 200 680 "-" "Mozilla/5.0 (Linux; Android 5.0) AppleWebKit/537.36 (KHTML, like Gecko) Mobile Safari/537.36 (compatible; Bytespider; spider-feedback@bytedance.com)"
40.77.167.75 - - [15/Jul/2026:15:21:50 +0000] "GET /product/13749716183104 HTTP/2" 200 680 "-" "Mozilla/5.0 AppleWebKit/537.36 (KHTML, like Gecko; compatible; bingbot/2.0; +http://www.bing.com/bingbot.htm) Chrome/116.0.1938.76 Safari/537.36"
66.249.68.65 - - [15/Jul/2026:15:21:53 +0000] "GET /product/38218893684882 HTTP/1.1" 200 680 "-" "Mozilla/5.0 (Linux; Android 6.0.1; Nexus 5X Build/MMB29P) AppleWebKit/537.36 (KHTML, like Gecko) Chrome/150.0.7871.114 Mobile Safari/537.36 (compatible; Googlebot/2.1; +http://www.google.com/bot.html)"
176.29.168.254 - - [15/Jul/2026:15:21:59 +0000] "GET /product/45796485333795 HTTP/1.1" 200 680 "https://oas.com.ng/sitemap-6.xml" "Mozilla/5.0 (Linux; Android 14; V2189) AppleWebKit/537.36 (KHTML, like Gecko) Chrome/154.0.5203.28 Mobile Safari/537.36"
40.77.167.156 - - [15/Jul/2026:15:22:01 +0000] "GET /product/13663184916375 HTTP/2" 200 680 "-" "Mozilla/5.0 AppleWebKit/537.36 (KHTML, like Gecko; compatible; bingbot/2.0; +http://www.bing.com/bingbot.htm) Chrome/116.0.1938.76 Safari/537.36"
66.249.79.161 - - [15/Jul/2026:15:22:01 +0000] "GET /shop/pg/62686078-4 HTTP/1.1" 200 680 "-" "Mozilla/5.0 (Linux; Android 6.0.1; Nexus 5X Build/MMB29P) AppleWebKit/537.36 (KHTML, like Gecko) Chrome/150.0.7871.114 Mobile Safari/537.36 (compatible; Googlebot/2.1; +http://www.google.com/bot.html)"
66.249.79.162 - - [15/Jul/2026:15:22:03 +0000] "GET /shop/pg/19970307-4 HTTP/1.1" 200 680 "-" "Mozilla/5.0 (Linux; Android 6.0.1; Nexus 5X Build/MMB29P) AppleWebKit/537.36 (KHTML, like Gecko) Chrome/150.0.7871.114 Mobile Safari/537.36 (compatible; Googlebot/2.1; +http://www.google.com/bot.html)"
66.249.79.162 - - [15/Jul/2026:15:22:06 +0000] "GET /product/47851603591221 HTTP/1.1" 200 680 "-" "Mozilla/5.0 (Linux; Android 6.0.1; Nexus 5X Build/MMB29P) AppleWebKit/537.36 (KHTML, like Gecko) Chrome/150.0.7871.114 Mobile Safari/537.36 (compatible; Googlebot/2.1; +http://www.google.com/bot.html)"
66.249.79.161 - - [15/Jul/2026:15:22:11 +0000] "GET /prizes/70536452 HTTP/1.1" 200 680 "-" "Mozilla/5.0 (Linux; Android 6.0.1; Nexus 5X Build/MMB29P) AppleWebKit/537.36 (KHTML, like Gecko) Chrome/150.0.7871.114 Mobile Safari/537.36 (compatible; Googlebot/2.1; +http://www.google.com/bot.html)"
66.249.79.233 - - [15/Jul/2026:15:22:18 +0000] "GET /product/41514655309261 HTTP/1.1" 200 680 "-" "Mozilla/5.0 (Linux; Android 6.0.1; Nexus 5X Build/MMB29P) AppleWebKit/537.36 (KHTML, like Gecko) Chrome/150.0.7871.114 Mobile Safari/537.36 (compatible; Googlebot/2.1; +http://www.google.com/bot.html)"
52.167.144.235 - - [15/Jul/2026:15:22:22 +0000] "GET /product/12103624677737 HTTP/2" 200 680 "-" "Mozilla/5.0 AppleWebKit/537.36 (KHTML, like Gecko; compatible; bingbot/2.0; +http://www.bing.com/bingbot.htm) Chrome/116.0.1938.76 Safari/537.36"
47.128.117.123 - - [15/Jul/2026:15:22:23 +0000] "GET /product/29064765928110 HTTP/2" 200 680 "-" "Mozilla/5.0 (Linux; Android 5.0) AppleWebKit/537.36 (KHTML, like Gecko) Mobile Safari/537.36 (compatible; Bytespider; spider-feedback@bytedance.com)"
66.249.79.161 - - [15/Jul/2026:15:22:25 +0000] "GET /prizes/55902674 HTTP/1.1" 200 680 "-" "Mozilla/5.0 (Linux; Android 6.0.1; Nexus 5X Build/MMB29P) AppleWebKit/537.36 (KHTML, like Gecko) Chrome/150.0.7871.114 Mobile Safari/537.36 (compatible; Googlebot/2.1; +http://www.google.com/bot.html)"
209.42.17.20 - - [15/Jul/2026:15:22:36 +0000] "POST /wp-cron.php?doing_wp_cron=1784128956.2343499660491943359375 HTTP/1.1" 200 0 "-" "WordPress/7.0.1; https://oas.com.ng"
66.249.68.64 - - [15/Jul/2026:15:22:35 +0000] "GET /product/38468373588166 HTTP/1.1" 200 680 "-" "Mozilla/5.0 (Linux; Android 6.0.1; Nexus 5X Build/MMB29P) AppleWebKit/537.36 (KHTML, like Gecko) Chrome/150.0.7871.114 Mobile Safari/537.36 (compatible; Googlebot/2.1; +http://www.google.com/bot.html)"
66.249.79.161 - - [15/Jul/2026:15:22:36 +0000] "GET /product/37656575294682 HTTP/1.1" 200 680 "-" "Mozilla/5.0 (Linux; Android 6.0.1; Nexus 5X Build/MMB29P) AppleWebKit/537.36 (KHTML, like Gecko) Chrome/150.0.7871.114 Mobile Safari/537.36 (compatible; Googlebot/2.1; +http://www.google.com/bot.html)"
66.249.79.161 - - [15/Jul/2026:15:22:45 +0000] "GET /shop/pg/96942704-2 HTTP/1.1" 200 680 "-" "Mozilla/5.0 (Linux; Android 6.0.1; Nexus 5X Build/MMB29P) AppleWebKit/537.36 (KHTML, like Gecko) Chrome/150.0.7871.114 Mobile Safari/537.36 (compatible; Googlebot/2.1; +http://www.google.com/bot.html)"
66.249.79.161 - - [15/Jul/2026:15:22:48 +0000] "GET /product/36342335038050 HTTP/1.1" 200 680 "-" "Mozilla/5.0 (Linux; Android 6.0.1; Nexus 5X Build/MMB29P) AppleWebKit/537.36 (KHTML, like Gecko) Chrome/150.0.7871.114 Mobile Safari/537.36 (compatible; Googlebot/2.1; +http://www.google.com/bot.html)"
47.128.117.177 - - [15/Jul/2026:15:22:59 +0000] "GET /product/11603262858509 HTTP/2" 200 680 "-" "Mozilla/5.0 (Linux; Android 5.0) AppleWebKit/537.36 (KHTML, like Gecko) Mobile Safari/537.36 (compatible; Bytespider; spider-feedback@bytedance.com)"
66.249.79.163 - - [15/Jul/2026:15:23:03 +0000] "GET /wp-content/plugins/under-construction-page/themes/css/font-awesome.min.css?v=4.05 HTTP/1.1" 200 6658 "https://mail.pctm.gov.ng/" "Mozilla/5.0 (Linux; Android 6.0.1; Nexus 5X Build/MMB29P) AppleWebKit/537.36 (KHTML, like Gecko) Chrome/150.0.7871.114 Mobile Safari/537.36 (compatible; Googlebot/2.1; +http://www.google.com/bot.html)"
66.249.79.162 - - [15/Jul/2026:15:23:12 +0000] "GET /product/18633933361507 HTTP/1.1" 200 680 "-" "Mozilla/5.0 (Linux; Android 6.0.1; Nexus 5X Build/MMB29P) AppleWebKit/537.36 (KHTML, like Gecko) Chrome/150.0.7871.114 Mobile Safari/537.36 (compatible; Googlebot/2.1; +http://www.google.com/bot.html)"
186.52.141.183 - - [15/Jul/2026:15:23:24 +0000] "GET /product/45776734289756 HTTP/1.1" 200 680 "https://oas.com.ng/sitemap-7.xml" "Mozilla/5.0 (iPhone; CPU iPhone OS 18_3 like Mac OS X) AppleWebKit/605.1.15 (KHTML, like Gecko) Version/18.3 Mobile/15E148 Safari/604.1 MicroMessenger/8.0.42(0x18001B3F) NetType/WIFI Language/zh_CN"
66.249.79.233 - - [15/Jul/2026:15:23:27 +0000] "GET /product/42548373119042 HTTP/1.1" 200 680 "-" "Mozilla/5.0 (Linux; Android 6.0.1; Nexus 5X Build/MMB29P) AppleWebKit/537.36 (KHTML, like Gecko) Chrome/150.0.7871.114 Mobile Safari/537.36 (compatible; Googlebot/2.1; +http://www.google.com/bot.html)"
66.249.79.233 - - [15/Jul/2026:15:23:28 +0000] "GET /product/27339934536721 HTTP/1.1" 200 680 "-" "Mozilla/5.0 (Linux; Android 6.0.1; Nexus 5X Build/MMB29P) AppleWebKit/537.36 (KHTML, like Gecko) Chrome/150.0.7871.114 Mobile Safari/537.36 (compatible; Googlebot/2.1; +http://www.google.com/bot.html)"
66.249.79.233 - - [15/Jul/2026:15:23:30 +0000] "GET /product/23668694481061 HTTP/1.1" 200 680 "-" "Mozilla/5.0 (Linux; Android 6.0.1; Nexus 5X Build/MMB29P) AppleWebKit/537.36 (KHTML, like Gecko) Chrome/150.0.7871.114 Mobile Safari/537.36 (compatible; Googlebot/2.1; +http://www.google.com/bot.html)"
209.42.17.20 - - [15/Jul/2026:15:23:35 +0000] "POST /wp-cron.php?doing_wp_cron=1784129014.9901189804077148437500 HTTP/1.1" 200 0 "-" "WordPress/7.0.1; https://oas.com.ng"
66.249.79.163 - - [15/Jul/2026:15:23:34 +0000] "GET /prizes/83578573 HTTP/1.1" 200 680 "-" "Mozilla/5.0 (Linux; Android 6.0.1; Nexus 5X Build/MMB29P) AppleWebKit/537.36 (KHTML, like Gecko) Chrome/150.0.7871.114 Mobile Safari/537.36 (compatible; Googlebot/2.1; +http://www.google.com/bot.html)"
47.128.117.192 - - [15/Jul/2026:15:23:34 +0000] "GET /product/24996005627374 HTTP/2" 200 680 "-" "Mozilla/5.0 (Linux; Android 5.0) AppleWebKit/537.36 (KHTML, like Gecko) Mobile Safari/537.36 (compatible; Bytespider; spider-feedback@bytedance.com)"
52.167.144.183 - - [15/Jul/2026:15:23:35 +0000] "GET /product/13146437692394 HTTP/2" 200 680 "-" "Mozilla/5.0 AppleWebKit/537.36 (KHTML, like Gecko; compatible; bingbot/2.0; +http://www.bing.com/bingbot.htm) Chrome/116.0.1938.76 Safari/537.36"
66.249.79.234 - - [15/Jul/2026:15:23:37 +0000] "GET /product/39453554151886 HTTP/1.1" 200 680 "-" "Mozilla/5.0 (Linux; Android 6.0.1; Nexus 5X Build/MMB29P) AppleWebKit/537.36 (KHTML, like Gecko) Chrome/150.0.7871.114 Mobile Safari/537.36 (compatible; Googlebot/2.1; +http://www.google.com/bot.html)"
66.249.79.162 - - [15/Jul/2026:15:23:42 +0000] "GET /shop/pg/31021378-2 HTTP/1.1" 200 680 "-" "Mozilla/5.0 (Linux; Android 6.0.1; Nexus 5X Build/MMB29P) AppleWebKit/537.36 (KHTML, like Gecko) Chrome/150.0.7871.114 Mobile Safari/537.36 (compatible; Googlebot/2.1; +http://www.google.com/bot.html)"
66.249.79.162 - - [15/Jul/2026:15:23:43 +0000] "GET /prizes/199334664 HTTP/1.1" 200 680 "-" "Mozilla/5.0 (Linux; Android 6.0.1; Nexus 5X Build/MMB29P) AppleWebKit/537.36 (KHTML, like Gecko) Chrome/150.0.7871.114 Mobile Safari/537.36 (compatible; Googlebot/2.1; +http://www.google.com/bot.html)"
66.249.79.161 - - [15/Jul/2026:15:23:51 +0000] "GET /shop/pg/30096834-2 HTTP/1.1" 200 680 "-" "Mozilla/5.0 (Linux; Android 6.0.1; Nexus 5X Build/MMB29P) AppleWebKit/537.36 (KHTML, like Gecko) Chrome/150.0.7871.114 Mobile Safari/537.36 (compatible; Googlebot/2.1; +http://www.google.com/bot.html)"
66.249.79.161 - - [15/Jul/2026:15:23:52 +0000] "GET /product/20691564705997 HTTP/1.1" 200 680 "-" "Mozilla/5.0 (Linux; Android 6.0.1; Nexus 5X Build/MMB29P) AppleWebKit/537.36 (KHTML, like Gecko) Chrome/150.0.7871.114 Mobile Safari/537.36 (compatible; Googlebot/2.1; +http://www.google.com/bot.html)"
66.249.79.161 - - [15/Jul/2026:15:23:55 +0000] "GET /wp-content/plugins/under-construction-page/themes/css/font-awesome.min.css?v=4.05 HTTP/1.1" 200 6658 "https://www.pctm.gov.ng/" "Mozilla/5.0 (Linux; Android 6.0.1; Nexus 5X Build/MMB29P) AppleWebKit/537.36 (KHTML, like Gecko) Chrome/150.0.7871.114 Mobile Safari/537.36 (compatible; Googlebot/2.1; +http://www.google.com/bot.html)"
66.249.79.161 - - [15/Jul/2026:15:23:57 +0000] "GET /wp-content/plugins/under-construction-page/themes/css/font-awesome.min.css?v=4.05 HTTP/1.1" 200 6658 "https://www.oas.com.ng/" "Mozilla/5.0 (Linux; Android 6.0.1; Nexus 5X Build/MMB29P) AppleWebKit/537.36 (KHTML, like Gecko) Chrome/150.0.7871.114 Mobile Safari/537.36 (compatible; Googlebot/2.1; +http://www.google.com/bot.html)"
66.249.79.233 - - [15/Jul/2026:15:23:57 +0000] "GET /product/32426835202013 HTTP/1.1" 200 680 "-" "Mozilla/5.0 (Linux; Android 6.0.1; Nexus 5X Build/MMB29P) AppleWebKit/537.36 (KHTML, like Gecko) Chrome/150.0.7871.114 Mobile Safari/537.36 (compatible; Googlebot/2.1; +http://www.google.com/bot.html)"
66.249.79.163 - - [15/Jul/2026:15:24:00 +0000] "GET /prizes/130129957 HTTP/1.1" 200 680 "-" "Mozilla/5.0 (Linux; Android 6.0.1; Nexus 5X Build/MMB29P) AppleWebKit/537.36 (KHTML, like Gecko) Chrome/150.0.7871.114 Mobile Safari/537.36 (compatible; Googlebot/2.1; +http://www.google.com/bot.html)"
66.249.79.163 - - [15/Jul/2026:15:24:08 +0000] "GET /wp-content/plugins/under-construction-page/themes/css/font-awesome.min.css?v=4.05 HTTP/1.1" 200 6658 "https://www.oas.com.ng/" "Mozilla/5.0 (Linux; Android 6.0.1; Nexus 5X Build/MMB29P) AppleWebKit/537.36 (KHTML, like Gecko) Chrome/150.0.7871.114 Mobile Safari/537.36 (compatible; Googlebot/2.1; +http://www.google.com/bot.html)"
47.128.117.195 - - [15/Jul/2026:15:24:09 +0000] "GET /product/22999415990030 HTTP/2" 200 680 "-" "Mozilla/5.0 (Linux; Android 5.0) AppleWebKit/537.36 (KHTML, like Gecko) Mobile Safari/537.36 (compatible; Bytespider; spider-feedback@bytedance.com)"
66.249.79.161 - - [15/Jul/2026:15:24:24 +0000] "GET /wp-content/plugins/under-construction-page/themes/css/font-awesome.min.css?v=4.05 HTTP/1.1" 200 6658 "https://www.oas.com.ng/" "Mozilla/5.0 (Linux; Android 6.0.1; Nexus 5X Build/MMB29P) AppleWebKit/537.36 (KHTML, like Gecko) Chrome/150.0.7871.46 Mobile Safari/537.36 (compatible; Googlebot/2.1; +http://www.google.com/bot.html)"
66.249.79.161 - - [15/Jul/2026:15:24:24 +0000] "GET /wp-content/plugins/under-construction-page/themes/css/font-awesome.min.css?v=4.05 HTTP/1.1" 200 6658 "https://www.pctm.gov.ng/" "Mozilla/5.0 (Linux; Android 6.0.1; Nexus 5X Build/MMB29P) AppleWebKit/537.36 (KHTML, like Gecko) Chrome/150.0.7871.114 Mobile Safari/537.36 (compatible; Googlebot/2.1; +http://www.google.com/bot.html)"
159.203.26.163 - - [15/Jul/2026:15:24:29 +0000] "POST /wp-login.php HTTP/1.1" 200 6606 "-" "Mozilla/5.0"
66.249.79.161 - - [15/Jul/2026:15:24:30 +0000] "GET /product/28573504636765 HTTP/1.1" 200 680 "-" "Mozilla/5.0 (Linux; Android 6.0.1; Nexus 5X Build/MMB29P) AppleWebKit/537.36 (KHTML, like Gecko) Chrome/150.0.7871.114 Mobile Safari/537.36 (compatible; Googlebot/2.1; +http://www.google.com/bot.html)"
91.92.243.249 - - [15/Jul/2026:15:24:32 +0000] "POST /wp-login.php HTTP/1.1" 200 6655 "-" "Mozilla/5.0"
209.42.17.20 - - [15/Jul/2026:15:24:38 +0000] "POST /wp-cron.php?doing_wp_cron=1784129078.9580020904541015625000 HTTP/1.1" 200 0 "-" "WordPress/7.0.1; https://oas.com.ng"
66.249.79.161 - - [15/Jul/2026:15:24:38 +0000] "GET /shop/pg/45600917-2 HTTP/1.1" 200 680 "-" "Mozilla/5.0 (Linux; Android 6.0.1; Nexus 5X Build/MMB29P) AppleWebKit/537.36 (KHTML, like Gecko) Chrome/150.0.7871.114 Mobile Safari/537.36 (compatible; Googlebot/2.1; +http://www.google.com/bot.html)"
66.249.79.162 - - [15/Jul/2026:15:24:39 +0000] "GET /product/31290505764498 HTTP/1.1" 200 680 "-" "Mozilla/5.0 (Linux; Android 6.0.1; Nexus 5X Build/MMB29P) AppleWebKit/537.36 (KHTML, like Gecko) Chrome/150.0.7871.114 Mobile Safari/537.36 (compatible; Googlebot/2.1; +http://www.google.com/bot.html)"
52.167.144.159 - - [15/Jul/2026:15:24:40 +0000] "GET /product/30157003480248 HTTP/2" 200 680 "-" "Mozilla/5.0 AppleWebKit/537.36 (KHTML, like Gecko; compatible; bingbot/2.0; +http://www.bing.com/bingbot.htm) Chrome/116.0.1938.76 Safari/537.36"
66.249.79.161 - - [15/Jul/2026:15:24:42 +0000] "GET /product/15064286607610 HTTP/1.1" 200 680 "-" "Mozilla/5.0 (Linux; Android 6.0.1; Nexus 5X Build/MMB29P) AppleWebKit/537.36 (KHTML, like Gecko) Chrome/150.0.7871.114 Mobile Safari/537.36 (compatible; Googlebot/2.1; +http://www.google.com/bot.html)"
47.128.117.15 - - [15/Jul/2026:15:24:46 +0000] "GET /product/21091615023802 HTTP/2" 200 680 "-" "Mozilla/5.0 (Linux; Android 5.0) AppleWebKit/537.36 (KHTML, like Gecko) Mobile Safari/537.36 (compatible; Bytespider; spider-feedback@bytedance.com)"
66.249.68.64 - - [15/Jul/2026:15:24:46 +0000] "GET /product/32768914720805 HTTP/1.1" 200 680 "-" "Mozilla/5.0 (Linux; Android 6.0.1; Nexus 5X Build/MMB29P) AppleWebKit/537.36 (KHTML, like Gecko) Chrome/150.0.7871.114 Mobile Safari/537.36 (compatible; Googlebot/2.1; +http://www.google.com/bot.html)"
5.159.104.165 - - [15/Jul/2026:15:24:47 +0000] "GET /product/45677386541909 HTTP/1.1" 200 680 "https://oas.com.ng/sitemap-4.xml" "Mozilla/5.0 (Linux; Android 14; V2188) AppleWebKit/537.36 (KHTML, like Gecko) Chrome/151.0.5920.73 Mobile Safari/537.36 MicroMessenger/8.0.40(0x18001B3F) NetType/WIFI Language/zh_CN"
66.249.79.161 - - [15/Jul/2026:15:24:53 +0000] "GET /shop/pg/90180302-1 HTTP/1.1" 200 680 "-" "Mozilla/5.0 (Linux; Android 6.0.1; Nexus 5X Build/MMB29P) AppleWebKit/537.36 (KHTML, like Gecko) Chrome/150.0.7871.114 Mobile Safari/537.36 (compatible; Googlebot/2.1; +http://www.google.com/bot.html)"
66.249.79.233 - - [15/Jul/2026:15:24:59 +0000] "GET /product/13131141469571 HTTP/1.1" 200 680 "-" "Mozilla/5.0 (Linux; Android 6.0.1; Nexus 5X Build/MMB29P) AppleWebKit/537.36 (KHTML, like Gecko) Chrome/150.0.7871.114 Mobile Safari/537.36 (compatible; Googlebot/2.1; +http://www.google.com/bot.html)"
66.249.79.161 - - [15/Jul/2026:15:25:07 +0000] "GET /prizes/145351432 HTTP/1.1" 200 680 "-" "Mozilla/5.0 (Linux; Android 6.0.1; Nexus 5X Build/MMB29P) AppleWebKit/537.36 (KHTML, like Gecko) Chrome/150.0.7871.114 Mobile Safari/537.36 (compatible; Googlebot/2.1; +http://www.google.com/bot.html)"
66.249.79.162 - - [15/Jul/2026:15:25:10 +0000] "GET /wp-content/plugins/under-construction-page/themes/css/font-awesome.min.css?v=4.05 HTTP/1.1" 200 6658 "https://www.oas.com.ng/" "Mozilla/5.0 (Linux; Android 6.0.1; Nexus 5X Build/MMB29P) AppleWebKit/537.36 (KHTML, like Gecko) Chrome/150.0.7871.114 Mobile Safari/537.36 (compatible; Googlebot/2.1; +http://www.google.com/bot.html)"
66.249.79.162 - - [15/Jul/2026:15:25:21 +0000] "GET /shop/pg/14005489-3 HTTP/1.1" 200 680 "-" "Mozilla/5.0 (Linux; Android 6.0.1; Nexus 5X Build/MMB29P) AppleWebKit/537.36 (KHTML, like Gecko) Chrome/150.0.7871.114 Mobile Safari/537.36 (compatible; Googlebot/2.1; +http://www.google.com/bot.html)"
66.249.79.161 - - [15/Jul/2026:15:25:24 +0000] "GET /shop/pg/11591394-2 HTTP/1.1" 200 680 "-" "Mozilla/5.0 (Linux; Android 6.0.1; Nexus 5X Build/MMB29P) AppleWebKit/537.36 (KHTML, like Gecko) Chrome/150.0.7871.114 Mobile Safari/537.36 (compatible; Googlebot/2.1; +http://www.google.com/bot.html)"
66.249.79.161 - - [15/Jul/2026:15:25:25 +0000] "GET /shop/pg/88182638-1 HTTP/1.1" 200 680 "-" "Mozilla/5.0 (Linux; Android 6.0.1; Nexus 5X Build/MMB29P) AppleWebKit/537.36 (KHTML, like Gecko) Chrome/150.0.7871.114 Mobile Safari/537.36 (compatible; Googlebot/2.1; +http://www.google.com/bot.html)"
66.249.79.161 - - [15/Jul/2026:15:25:27 +0000] "GET /product/26800555992968 HTTP/1.1" 200 680 "-" "Mozilla/5.0 (Linux; Android 6.0.1; Nexus 5X Build/MMB29P) AppleWebKit/537.36 (KHTML, like Gecko) Chrome/150.0.7871.114 Mobile Safari/537.36 (compatible; Googlebot/2.1; +http://www.google.com/bot.html)"
66.249.79.161 - - [15/Jul/2026:15:25:28 +0000] "GET /shop/pg/14005489-2 HTTP/1.1" 200 680 "-" "Mozilla/5.0 (Linux; Android 6.0.1; Nexus 5X Build/MMB29P) AppleWebKit/537.36 (KHTML, like Gecko) Chrome/150.0.7871.114 Mobile Safari/537.36 (compatible; Googlebot/2.1; +http://www.google.com/bot.html)"
209.42.17.20 - - [15/Jul/2026:15:25:33 +0000] "POST /wp-cron.php?doing_wp_cron=1784129133.7849431037902832031250 HTTP/1.1" 200 0 "-" "WordPress/7.0.1; https://oas.com.ng"
47.128.117.137 - - [15/Jul/2026:15:25:33 +0000] "GET /product/45175774938510 HTTP/2" 200 680 "-" "Mozilla/5.0 (Linux; Android 5.0) AppleWebKit/537.36 (KHTML, like Gecko) Mobile Safari/537.36 (compatible; Bytespider; spider-feedback@bytedance.com)"
66.249.79.233 - - [15/Jul/2026:15:25:37 +0000] "GET /product/12792292516934 HTTP/1.1" 200 680 "-" "Mozilla/5.0 (Linux; Android 6.0.1; Nexus 5X Build/MMB29P) AppleWebKit/537.36 (KHTML, like Gecko) Chrome/150.0.7871.114 Mobile Safari/537.36 (compatible; Googlebot/2.1; +http://www.google.com/bot.html)"
66.249.79.161 - - [15/Jul/2026:15:25:38 +0000] "GET /shop/pg/89231996-2 HTTP/1.1" 200 680 "-" "Mozilla/5.0 (Linux; Android 6.0.1; Nexus 5X Build/MMB29P) AppleWebKit/537.36 (KHTML, like Gecko) Chrome/150.0.7871.114 Mobile Safari/537.36 (compatible; Googlebot/2.1; +http://www.google.com/bot.html)"
40.77.167.243 - - [15/Jul/2026:15:25:43 +0000] "GET /product/18178834102905 HTTP/2" 200 680 "-" "Mozilla/5.0 AppleWebKit/537.36 (KHTML, like Gecko; compatible; bingbot/2.0; +http://www.bing.com/bingbot.htm) Chrome/116.0.1938.76 Safari/537.36"
66.249.79.161 - - [15/Jul/2026:15:25:44 +0000] "GET /prizes/36276482 HTTP/1.1" 200 680 "-" "Mozilla/5.0 (Linux; Android 6.0.1; Nexus 5X Build/MMB29P) AppleWebKit/537.36 (KHTML, like Gecko) Chrome/150.0.7871.114 Mobile Safari/537.36 (compatible; Googlebot/2.1; +http://www.google.com/bot.html)"
66.249.79.161 - - [15/Jul/2026:15:25:53 +0000] "GET /shop/pg/90180302-4 HTTP/1.1" 200 680 "-" "Mozilla/5.0 (Linux; Android 6.0.1; Nexus 5X Build/MMB29P) AppleWebKit/537.36 (KHTML, like Gecko) Chrome/150.0.7871.114 Mobile Safari/537.36 (compatible; Googlebot/2.1; +http://www.google.com/bot.html)"
47.128.117.129 - - [15/Jul/2026:15:25:54 +0000] "GET /product/32984763199283 HTTP/2" 200 680 "-" "Mozilla/5.0 (Linux; Android 5.0) AppleWebKit/537.36 (KHTML, like Gecko) Mobile Safari/537.36 (compatible; Bytespider; spider-feedback@bytedance.com)"
66.249.68.66 - - [15/Jul/2026:15:25:57 +0000] "GET /product/31359564435134 HTTP/1.1" 200 680 "-" "Mozilla/5.0 (Linux; Android 6.0.1; Nexus 5X Build/MMB29P) AppleWebKit/537.36 (KHTML, like Gecko) Chrome/150.0.7871.114 Mobile Safari/537.36 (compatible; Googlebot/2.1; +http://www.google.com/bot.html)"
66.249.79.161 - - [15/Jul/2026:15:25:58 +0000] "GET /shop/pg/81244614-2 HTTP/1.1" 200 680 "-" "Mozilla/5.0 (Linux; Android 6.0.1; Nexus 5X Build/MMB29P) AppleWebKit/537.36 (KHTML, like Gecko) Chrome/150.0.7871.114 Mobile Safari/537.36 (compatible; Googlebot/2.1; +http://www.google.com/bot.html)"
66.249.79.162 - - [15/Jul/2026:15:26:06 +0000] "GET /product/43568556138896 HTTP/1.1" 200 680 "-" "Mozilla/5.0 (Linux; Android 6.0.1; Nexus 5X Build/MMB29P) AppleWebKit/537.36 (KHTML, like Gecko) Chrome/150.0.7871.114 Mobile Safari/537.36 (compatible; Googlebot/2.1; +http://www.google.com/bot.html)"
66.249.79.161 - - [15/Jul/2026:15:26:11 +0000] "GET /shop/pg/62994021-2 HTTP/1.1" 200 680 "-" "Mozilla/5.0 (Linux; Android 6.0.1; Nexus 5X Build/MMB29P) AppleWebKit/537.36 (KHTML, like Gecko) Chrome/150.0.7871.114 Mobile Safari/537.36 (compatible; Googlebot/2.1; +http://www.google.com/bot.html)"
196.190.62.252 - - [15/Jul/2026:15:26:12 +0000] "GET /product/45645555318146 HTTP/1.1" 200 680 "https://oas.com.ng/sitemap-12.xml" "Mozilla/5.0 (iPhone; CPU iPhone OS 18_0 like Mac OS X) AppleWebKit/605.1.15 (KHTML, like Gecko) Version/18.0 Mobile/15E148 Safari/604.1 MicroMessenger/8.0.42(0x18001B3F) NetType/WIFI Language/zh_CN"
66.249.79.234 - - [15/Jul/2026:15:26:16 +0000] "GET /product/15410392589814 HTTP/1.1" 200 680 "-" "Mozilla/5.0 (Linux; Android 6.0.1; Nexus 5X Build/MMB29P) AppleWebKit/537.36 (KHTML, like Gecko) Chrome/150.0.7871.114 Mobile Safari/537.36 (compatible; Googlebot/2.1; +http://www.google.com/bot.html)"
