66.249.68.64 - - [15/Jul/2026:16:25:31 +0000] "GET /product/38644434594851 HTTP/1.1" 200 680 "-" "Mozilla/5.0 (Linux; Android 6.0.1; Nexus 5X Build/MMB29P) AppleWebKit/537.36 (KHTML, like Gecko) Chrome/150.0.7871.114 Mobile Safari/537.36 (compatible; Googlebot/2.1; +http://www.google.com/bot.html)"
66.249.79.233 - - [15/Jul/2026:16:25:32 +0000] "GET /product/31388091886249 HTTP/1.1" 200 680 "-" "Mozilla/5.0 (Linux; Android 6.0.1; Nexus 5X Build/MMB29P) AppleWebKit/537.36 (KHTML, like Gecko) Chrome/150.0.7871.114 Mobile Safari/537.36 (compatible; Googlebot/2.1; +http://www.google.com/bot.html)"
66.249.68.64 - - [15/Jul/2026:16:25:36 +0000] "GET /product/36049145951259 HTTP/1.1" 200 680 "-" "Mozilla/5.0 (Linux; Android 6.0.1; Nexus 5X Build/MMB29P) AppleWebKit/537.36 (KHTML, like Gecko) Chrome/150.0.7871.114 Mobile Safari/537.36 (compatible; Googlebot/2.1; +http://www.google.com/bot.html)"
47.128.117.15 - - [15/Jul/2026:16:25:37 +0000] "GET /product/31487126491341 HTTP/2" 200 680 "-" "Mozilla/5.0 (Linux; Android 5.0) AppleWebKit/537.36 (KHTML, like Gecko) Mobile Safari/537.36 (compatible; Bytespider; spider-feedback@bytedance.com)"
209.42.17.20 - - [15/Jul/2026:16:25:40 +0000] "POST /wp-cron.php?doing_wp_cron=1784132740.9682719707489013671875 HTTP/1.1" 200 0 "-" "WordPress/7.0.1; https://oas.com.ng"
66.249.79.161 - - [15/Jul/2026:16:25:40 +0000] "GET /prizes/118797048 HTTP/1.1" 200 680 "-" "Mozilla/5.0 (Linux; Android 6.0.1; Nexus 5X Build/MMB29P) AppleWebKit/537.36 (KHTML, like Gecko) Chrome/150.0.7871.114 Mobile Safari/537.36 (compatible; Googlebot/2.1; +http://www.google.com/bot.html)"
66.249.79.233 - - [15/Jul/2026:16:25:44 +0000] "GET /shop/pg/57193833-1 HTTP/1.1" 200 680 "-" "Mozilla/5.0 (Linux; Android 6.0.1; Nexus 5X Build/MMB29P) AppleWebKit/537.36 (KHTML, like Gecko) Chrome/150.0.7871.114 Mobile Safari/537.36 (compatible; Googlebot/2.1; +http://www.google.com/bot.html)"
66.249.79.161 - - [15/Jul/2026:16:25:49 +0000] "GET /shop/pg/83012502-3 HTTP/1.1" 200 680 "-" "Mozilla/5.0 (Linux; Android 6.0.1; Nexus 5X Build/MMB29P) AppleWebKit/537.36 (KHTML, like Gecko) Chrome/150.0.7871.114 Mobile Safari/537.36 (compatible; Googlebot/2.1; +http://www.google.com/bot.html)"
66.249.79.233 - - [15/Jul/2026:16:25:51 +0000] "GET /prizes/178745745 HTTP/1.1" 200 680 "-" "Mozilla/5.0 (Linux; Android 6.0.1; Nexus 5X Build/MMB29P) AppleWebKit/537.36 (KHTML, like Gecko) Chrome/150.0.7871.114 Mobile Safari/537.36 (compatible; Googlebot/2.1; +http://www.google.com/bot.html)"
66.249.79.161 - - [15/Jul/2026:16:25:52 +0000] "GET /product/38340166480026 HTTP/1.1" 200 680 "-" "Mozilla/5.0 (Linux; Android 6.0.1; Nexus 5X Build/MMB29P) AppleWebKit/537.36 (KHTML, like Gecko) Chrome/150.0.7871.114 Mobile Safari/537.36 (compatible; Googlebot/2.1; +http://www.google.com/bot.html)"
66.249.68.64 - - [15/Jul/2026:16:25:59 +0000] "GET /product/44415796272691 HTTP/1.1" 200 680 "-" "Mozilla/5.0 (Linux; Android 6.0.1; Nexus 5X Build/MMB29P) AppleWebKit/537.36 (KHTML, like Gecko) Chrome/150.0.7871.114 Mobile Safari/537.36 (compatible; Googlebot/2.1; +http://www.google.com/bot.html)"
66.249.79.233 - - [15/Jul/2026:16:26:00 +0000] "GET /product/10195531565005 HTTP/1.1" 200 680 "-" "Mozilla/5.0 (Linux; Android 6.0.1; Nexus 5X Build/MMB29P) AppleWebKit/537.36 (KHTML, like Gecko) Chrome/150.0.7871.114 Mobile Safari/537.36 (compatible; Googlebot/2.1; +http://www.google.com/bot.html)"
188.72.41.142 - - [15/Jul/2026:16:26:05 +0000] "GET /product/48200675195513 HTTP/1.1" 200 680 "https://oas.com.ng/sitemap-8.xml" "Mozilla/5.0 (Linux; Android 15; M2102J26) AppleWebKit/537.36 (KHTML, like Gecko) Chrome/148.0.5459.111 Mobile Safari/537.36 MicroMessenger/8.0.45(0x18001B3F) NetType/WIFI Language/zh_CN"
66.249.79.163 - - [15/Jul/2026:16:26:09 +0000] "GET /prizes/185203432 HTTP/1.1" 200 680 "-" "Mozilla/5.0 (Linux; Android 6.0.1; Nexus 5X Build/MMB29P) AppleWebKit/537.36 (KHTML, like Gecko) Chrome/150.0.7871.114 Mobile Safari/537.36 (compatible; Googlebot/2.1; +http://www.google.com/bot.html)"
52.167.144.143 - - [15/Jul/2026:16:26:09 +0000] "GET /product/24816087108787 HTTP/2" 200 680 "-" "Mozilla/5.0 AppleWebKit/537.36 (KHTML, like Gecko; compatible; bingbot/2.0; +http://www.bing.com/bingbot.htm) Chrome/116.0.1938.76 Safari/537.36"
102.91.102.65 - - [15/Jul/2026:16:26:12 +0000] "GET /product/25322855734336 HTTP/2" 200 680 "https://oas.com.ng/" "Mozilla/5.0 (Android 13; Mobile; rv:98.0) Gecko/98.0 Firefox/98.0"
66.249.79.233 - - [15/Jul/2026:16:26:15 +0000] "GET /shop/pg/39170734-2 HTTP/1.1" 200 680 "-" "Mozilla/5.0 (Linux; Android 6.0.1; Nexus 5X Build/MMB29P) AppleWebKit/537.36 (KHTML, like Gecko) Chrome/150.0.7871.114 Mobile Safari/537.36 (compatible; Googlebot/2.1; +http://www.google.com/bot.html)"
81.16.143.16 - - [15/Jul/2026:16:26:17 +0000] "GET / HTTP/1.1" 200 793 "-" "Python/3.12 aiohttp/3.13.5"
66.249.79.162 - - [15/Jul/2026:16:26:18 +0000] "GET /shop/pg/63577414-3 HTTP/1.1" 200 680 "-" "Mozilla/5.0 (Linux; Android 6.0.1; Nexus 5X Build/MMB29P) AppleWebKit/537.36 (KHTML, like Gecko) Chrome/150.0.7871.114 Mobile Safari/537.36 (compatible; Googlebot/2.1; +http://www.google.com/bot.html)"
66.249.79.234 - - [15/Jul/2026:16:26:23 +0000] "GET /prizes/92128624 HTTP/1.1" 200 680 "-" "Mozilla/5.0 (Linux; Android 6.0.1; Nexus 5X Build/MMB29P) AppleWebKit/537.36 (KHTML, like Gecko) Chrome/150.0.7871.114 Mobile Safari/537.36 (compatible; Googlebot/2.1; +http://www.google.com/bot.html)"
66.249.79.163 - - [15/Jul/2026:16:26:24 +0000] "GET /wp-content/plugins/under-construction-page/themes/css/font-awesome.min.css?v=4.05 HTTP/1.1" 200 6658 "https://mail.pctm.gov.ng/" "Mozilla/5.0 (Linux; Android 6.0.1; Nexus 5X Build/MMB29P) AppleWebKit/537.36 (KHTML, like Gecko) Chrome/150.0.7871.114 Mobile Safari/537.36 (compatible; Googlebot/2.1; +http://www.google.com/bot.html)"
66.249.79.161 - - [15/Jul/2026:16:26:24 +0000] "GET /product/39809905837318 HTTP/1.1" 200 680 "-" "Mozilla/5.0 (Linux; Android 6.0.1; Nexus 5X Build/MMB29P) AppleWebKit/537.36 (KHTML, like Gecko) Chrome/150.0.7871.114 Mobile Safari/537.36 (compatible; Googlebot/2.1; +http://www.google.com/bot.html)"
66.249.68.66 - - [15/Jul/2026:16:26:28 +0000] "GET /product/28456636518787 HTTP/1.1" 200 680 "-" "Mozilla/5.0 (Linux; Android 6.0.1; Nexus 5X Build/MMB29P) AppleWebKit/537.36 (KHTML, like Gecko) Chrome/150.0.7871.114 Mobile Safari/537.36 (compatible; Googlebot/2.1; +http://www.google.com/bot.html)"
66.249.79.234 - - [15/Jul/2026:16:26:31 +0000] "GET /product/27414792812468 HTTP/1.1" 200 680 "-" "Mozilla/5.0 (Linux; Android 6.0.1; Nexus 5X Build/MMB29P) AppleWebKit/537.36 (KHTML, like Gecko) Chrome/150.0.7871.114 Mobile Safari/537.36 (compatible; Googlebot/2.1; +http://www.google.com/bot.html)"
209.42.17.20 - - [15/Jul/2026:16:26:38 +0000] "POST /wp-cron.php?doing_wp_cron=1784132798.7367060184478759765625 HTTP/1.1" 200 0 "-" "WordPress/7.0.1; https://oas.com.ng"
66.249.79.161 - - [15/Jul/2026:16:26:38 +0000] "GET /prizes/132115816 HTTP/1.1" 200 680 "-" "Mozilla/5.0 (Linux; Android 6.0.1; Nexus 5X Build/MMB29P) AppleWebKit/537.36 (KHTML, like Gecko) Chrome/150.0.7871.114 Mobile Safari/537.36 (compatible; Googlebot/2.1; +http://www.google.com/bot.html)"
66.249.79.233 - - [15/Jul/2026:16:26:43 +0000] "GET /shop/pg/92280668-3 HTTP/1.1" 200 680 "-" "Mozilla/5.0 (Linux; Android 6.0.1; Nexus 5X Build/MMB29P) AppleWebKit/537.36 (KHTML, like Gecko) Chrome/150.0.7871.114 Mobile Safari/537.36 (compatible; Googlebot/2.1; +http://www.google.com/bot.html)"
66.249.79.161 - - [15/Jul/2026:16:26:47 +0000] "GET /shop/pg/73812471-2 HTTP/1.1" 200 680 "-" "Mozilla/5.0 (Linux; Android 6.0.1; Nexus 5X Build/MMB29P) AppleWebKit/537.36 (KHTML, like Gecko) Chrome/150.0.7871.114 Mobile Safari/537.36 (compatible; Googlebot/2.1; +http://www.google.com/bot.html)"
66.249.79.233 - - [15/Jul/2026:16:26:48 +0000] "GET /prizes/18117341 HTTP/1.1" 200 680 "-" "Mozilla/5.0 (Linux; Android 6.0.1; Nexus 5X Build/MMB29P) AppleWebKit/537.36 (KHTML, like Gecko) Chrome/150.0.7871.114 Mobile Safari/537.36 (compatible; Googlebot/2.1; +http://www.google.com/bot.html)"
66.249.79.161 - - [15/Jul/2026:16:26:50 +0000] "GET /product/17450165825719 HTTP/1.1" 200 680 "-" "Mozilla/5.0 (Linux; Android 6.0.1; Nexus 5X Build/MMB29P) AppleWebKit/537.36 (KHTML, like Gecko) Chrome/150.0.7871.114 Mobile Safari/537.36 (compatible; Googlebot/2.1; +http://www.google.com/bot.html)"
66.249.68.64 - - [15/Jul/2026:16:26:55 +0000] "GET /product/28943563215181 HTTP/1.1" 200 680 "-" "Mozilla/5.0 (Linux; Android 6.0.1; Nexus 5X Build/MMB29P) AppleWebKit/537.36 (KHTML, like Gecko) Chrome/150.0.7871.114 Mobile Safari/537.36 (compatible; Googlebot/2.1; +http://www.google.com/bot.html)"
40.77.167.159 - - [15/Jul/2026:16:26:57 +0000] "GET /product/21214374913555 HTTP/2" 200 680 "-" "Mozilla/5.0 AppleWebKit/537.36 (KHTML, like Gecko; compatible; bingbot/2.0; +http://www.bing.com/bingbot.htm) Chrome/116.0.1938.76 Safari/537.36"
66.249.79.233 - - [15/Jul/2026:16:26:58 +0000] "GET /product/49963231875980 HTTP/1.1" 200 680 "-" "Mozilla/5.0 (Linux; Android 6.0.1; Nexus 5X Build/MMB29P) AppleWebKit/537.36 (KHTML, like Gecko) Chrome/150.0.7871.114 Mobile Safari/537.36 (compatible; Googlebot/2.1; +http://www.google.com/bot.html)"
66.249.79.161 - - [15/Jul/2026:16:27:01 +0000] "GET /prizes/168898684 HTTP/1.1" 200 680 "-" "Mozilla/5.0 (Linux; Android 6.0.1; Nexus 5X Build/MMB29P) AppleWebKit/537.36 (KHTML, like Gecko) Chrome/150.0.7871.114 Mobile Safari/537.36 (compatible; Googlebot/2.1; +http://www.google.com/bot.html)"
66.249.79.233 - - [15/Jul/2026:16:27:03 +0000] "GET /shop/pg/56980745-3 HTTP/1.1" 200 680 "-" "Mozilla/5.0 (Linux; Android 6.0.1; Nexus 5X Build/MMB29P) AppleWebKit/537.36 (KHTML, like Gecko) Chrome/150.0.7871.114 Mobile Safari/537.36 (compatible; Googlebot/2.1; +http://www.google.com/bot.html)"
66.249.79.161 - - [15/Jul/2026:16:27:07 +0000] "GET /shop/pg/37679624-4 HTTP/1.1" 200 680 "-" "Mozilla/5.0 (Linux; Android 6.0.1; Nexus 5X Build/MMB29P) AppleWebKit/537.36 (KHTML, like Gecko) Chrome/150.0.7871.114 Mobile Safari/537.36 (compatible; Googlebot/2.1; +http://www.google.com/bot.html)"
66.249.79.234 - - [15/Jul/2026:16:27:08 +0000] "GET /prizes/34635614 HTTP/1.1" 200 680 "-" "Mozilla/5.0 (Linux; Android 6.0.1; Nexus 5X Build/MMB29P) AppleWebKit/537.36 (KHTML, like Gecko) Chrome/150.0.7871.114 Mobile Safari/537.36 (compatible; Googlebot/2.1; +http://www.google.com/bot.html)"
102.91.102.65 - - [15/Jul/2026:16:27:09 +0000] "GET /product/34725733391971 HTTP/2" 200 680 "https://oas.com.ng/" "Mozilla/5.0 (Android 13; Mobile; rv:98.0) Gecko/98.0 Firefox/98.0"
66.249.79.161 - - [15/Jul/2026:16:27:09 +0000] "GET /product/40538625058354 HTTP/1.1" 200 680 "-" "Mozilla/5.0 (Linux; Android 6.0.1; Nexus 5X Build/MMB29P) AppleWebKit/537.36 (KHTML, like Gecko) Chrome/150.0.7871.114 Mobile Safari/537.36 (compatible; Googlebot/2.1; +http://www.google.com/bot.html)"
66.249.68.66 - - [15/Jul/2026:16:27:12 +0000] "GET /product/31379393861546 HTTP/1.1" 200 680 "-" "Mozilla/5.0 (Linux; Android 6.0.1; Nexus 5X Build/MMB29P) AppleWebKit/537.36 (KHTML, like Gecko) Chrome/150.0.7871.114 Mobile Safari/537.36 (compatible; Googlebot/2.1; +http://www.google.com/bot.html)"
66.249.79.233 - - [15/Jul/2026:16:27:13 +0000] "GET /product/23405283520691 HTTP/1.1" 200 680 "-" "Mozilla/5.0 (Linux; Android 6.0.1; Nexus 5X Build/MMB29P) AppleWebKit/537.36 (KHTML, like Gecko) Chrome/150.0.7871.114 Mobile Safari/537.36 (compatible; Googlebot/2.1; +http://www.google.com/bot.html)"
66.249.79.233 - - [15/Jul/2026:16:27:14 +0000] "GET /product/45579854390966 HTTP/1.1" 200 680 "-" "Mozilla/5.0 (Linux; Android 6.0.1; Nexus 5X Build/MMB29P) AppleWebKit/537.36 (KHTML, like Gecko) Chrome/150.0.7871.114 Mobile Safari/537.36 (compatible; Googlebot/2.1; +http://www.google.com/bot.html)"
66.249.79.161 - - [15/Jul/2026:16:27:16 +0000] "GET /prizes/94616412 HTTP/1.1" 200 680 "-" "Mozilla/5.0 (Linux; Android 6.0.1; Nexus 5X Build/MMB29P) AppleWebKit/537.36 (KHTML, like Gecko) Chrome/150.0.7871.114 Mobile Safari/537.36 (compatible; Googlebot/2.1; +http://www.google.com/bot.html)"
66.249.79.233 - - [15/Jul/2026:16:27:18 +0000] "GET /shop/pg/62308097-1 HTTP/1.1" 200 680 "-" "Mozilla/5.0 (Linux; Android 6.0.1; Nexus 5X Build/MMB29P) AppleWebKit/537.36 (KHTML, like Gecko) Chrome/150.0.7871.114 Mobile Safari/537.36 (compatible; Googlebot/2.1; +http://www.google.com/bot.html)"
66.249.79.161 - - [15/Jul/2026:16:27:20 +0000] "GET /shop/pg/79463445-1 HTTP/1.1" 200 680 "-" "Mozilla/5.0 (Linux; Android 6.0.1; Nexus 5X Build/MMB29P) AppleWebKit/537.36 (KHTML, like Gecko) Chrome/150.0.7871.114 Mobile Safari/537.36 (compatible; Googlebot/2.1; +http://www.google.com/bot.html)"
62.167.164.158 - - [15/Jul/2026:16:27:21 +0000] "GET /product/20573654005260 HTTP/2" 200 680 "-" "Mozilla/5.0 (Linux; Android 5.0; SM-G900P Build/LRX21T) AppleWebKit/537.36 (KHTML, like Gecko) Chrome/47.0.6218.1720 Mobile Safari/537.36"
66.249.79.233 - - [15/Jul/2026:16:27:21 +0000] "GET /prizes/137846361 HTTP/1.1" 200 680 "-" "Mozilla/5.0 (Linux; Android 6.0.1; Nexus 5X Build/MMB29P) AppleWebKit/537.36 (KHTML, like Gecko) Chrome/150.0.7871.114 Mobile Safari/537.36 (compatible; Googlebot/2.1; +http://www.google.com/bot.html)"
66.249.79.161 - - [15/Jul/2026:16:27:22 +0000] "GET /product/48968093493965 HTTP/1.1" 200 680 "-" "Mozilla/5.0 (Linux; Android 6.0.1; Nexus 5X Build/MMB29P) AppleWebKit/537.36 (KHTML, like Gecko) Chrome/150.0.7871.114 Mobile Safari/537.36 (compatible; Googlebot/2.1; +http://www.google.com/bot.html)"
66.249.68.64 - - [15/Jul/2026:16:27:23 +0000] "GET /product/13090935032414 HTTP/1.1" 200 680 "-" "Mozilla/5.0 (Linux; Android 6.0.1; Nexus 5X Build/MMB29P) AppleWebKit/537.36 (KHTML, like Gecko) Chrome/150.0.7871.114 Mobile Safari/537.36 (compatible; Googlebot/2.1; +http://www.google.com/bot.html)"
66.249.79.233 - - [15/Jul/2026:16:27:25 +0000] "GET /product/26067952291409 HTTP/1.1" 200 680 "-" "Mozilla/5.0 (Linux; Android 6.0.1; Nexus 5X Build/MMB29P) AppleWebKit/537.36 (KHTML, like Gecko) Chrome/150.0.7871.114 Mobile Safari/537.36 (compatible; Googlebot/2.1; +http://www.google.com/bot.html)"
66.249.79.161 - - [15/Jul/2026:16:27:30 +0000] "GET /prizes/134482139 HTTP/1.1" 200 680 "-" "Mozilla/5.0 (Linux; Android 6.0.1; Nexus 5X Build/MMB29P) AppleWebKit/537.36 (KHTML, like Gecko) Chrome/150.0.7871.114 Mobile Safari/537.36 (compatible; Googlebot/2.1; +http://www.google.com/bot.html)"
209.42.17.20 - - [15/Jul/2026:16:27:35 +0000] "POST /wp-cron.php?doing_wp_cron=1784132855.4040279388427734375000 HTTP/1.1" 200 0 "-" "WordPress/7.0.1; https://oas.com.ng"
159.203.26.163 - - [15/Jul/2026:16:27:34 +0000] "POST /wp-login.php HTTP/1.1" 200 6606 "-" "Mozilla/5.0"
66.249.79.233 - - [15/Jul/2026:16:27:36 +0000] "GET /shop/pg/18078759-3 HTTP/1.1" 200 680 "-" "Mozilla/5.0 (Linux; Android 6.0.1; Nexus 5X Build/MMB29P) AppleWebKit/537.36 (KHTML, like Gecko) Chrome/150.0.7871.114 Mobile Safari/537.36 (compatible; Googlebot/2.1; +http://www.google.com/bot.html)"
66.249.79.161 - - [15/Jul/2026:16:27:42 +0000] "GET /shop/pg/58178354-4 HTTP/1.1" 200 680 "-" "Mozilla/5.0 (Linux; Android 6.0.1; Nexus 5X Build/MMB29P) AppleWebKit/537.36 (KHTML, like Gecko) Chrome/150.0.7871.114 Mobile Safari/537.36 (compatible; Googlebot/2.1; +http://www.google.com/bot.html)"
181.123.133.42 - - [15/Jul/2026:16:27:43 +0000] "GET /product/48059846601950 HTTP/1.1" 200 680 "https://oas.com.ng/sitemap-8.xml" "Mozilla/5.0 (iPhone; CPU iPhone OS 17_1 like Mac OS X) AppleWebKit/605.1.15 (KHTML, like Gecko) Version/17.1 Mobile/15E148 Safari/604.1 MicroMessenger/8.0.34(0x18001B3F) NetType/WIFI Language/zh_CN"
66.249.79.233 - - [15/Jul/2026:16:27:44 +0000] "GET /prizes/95161513 HTTP/1.1" 200 680 "-" "Mozilla/5.0 (Linux; Android 6.0.1; Nexus 5X Build/MMB29P) AppleWebKit/537.36 (KHTML, like Gecko) Chrome/150.0.7871.114 Mobile Safari/537.36 (compatible; Googlebot/2.1; +http://www.google.com/bot.html)"
66.249.79.161 - - [15/Jul/2026:16:27:46 +0000] "GET /product/47508023253953 HTTP/1.1" 200 680 "-" "Mozilla/5.0 (Linux; Android 6.0.1; Nexus 5X Build/MMB29P) AppleWebKit/537.36 (KHTML, like Gecko) Chrome/150.0.7871.114 Mobile Safari/537.36 (compatible; Googlebot/2.1; +http://www.google.com/bot.html)"
66.249.68.64 - - [15/Jul/2026:16:27:49 +0000] "GET /product/23716834049800 HTTP/1.1" 200 680 "-" "Mozilla/5.0 (Linux; Android 6.0.1; Nexus 5X Build/MMB29P) AppleWebKit/537.36 (KHTML, like Gecko) Chrome/150.0.7871.114 Mobile Safari/537.36 (compatible; Googlebot/2.1; +http://www.google.com/bot.html)"
216.73.216.189 - - [15/Jul/2026:16:27:50 +0000] "GET /robots.txt HTTP/2" 200 64 "-" "Mozilla/5.0 AppleWebKit/537.36 (KHTML, like Gecko; compatible; ClaudeBot/1.0; +claudebot@anthropic.com)"
66.249.79.162 - - [15/Jul/2026:16:27:50 +0000] "GET /product/19309303704745 HTTP/1.1" 200 680 "-" "Mozilla/5.0 (Linux; Android 6.0.1; Nexus 5X Build/MMB29P) AppleWebKit/537.36 (KHTML, like Gecko) Chrome/150.0.7871.114 Mobile Safari/537.36 (compatible; Googlebot/2.1; +http://www.google.com/bot.html)"
66.249.79.233 - - [15/Jul/2026:16:27:51 +0000] "GET /product/35359473339675 HTTP/1.1" 200 680 "-" "Mozilla/5.0 (Linux; Android 6.0.1; Nexus 5X Build/MMB29P) AppleWebKit/537.36 (KHTML, like Gecko) Chrome/150.0.7871.114 Mobile Safari/537.36 (compatible; Googlebot/2.1; +http://www.google.com/bot.html)"
216.73.216.189 - - [15/Jul/2026:16:27:52 +0000] "GET /sitemap.xml HTTP/2" 200 680 "-" "Mozilla/5.0 AppleWebKit/537.36 (KHTML, like Gecko; compatible; ClaudeBot/1.0; +claudebot@anthropic.com)"
66.249.79.161 - - [15/Jul/2026:16:27:57 +0000] "GET /prizes/138863664 HTTP/1.1" 200 680 "-" "Mozilla/5.0 (Linux; Android 6.0.1; Nexus 5X Build/MMB29P) AppleWebKit/537.36 (KHTML, like Gecko) Chrome/150.0.7871.114 Mobile Safari/537.36 (compatible; Googlebot/2.1; +http://www.google.com/bot.html)"
47.128.117.174 - - [15/Jul/2026:16:27:59 +0000] "GET /product/13744155067691 HTTP/2" 200 680 "-" "Mozilla/5.0 (Linux; Android 5.0) AppleWebKit/537.36 (KHTML, like Gecko) Mobile Safari/537.36 (compatible; Bytespider; spider-feedback@bytedance.com)"
66.249.68.64 - - [15/Jul/2026:16:28:02 +0000] "GET /product/27152475684992 HTTP/1.1" 200 680 "-" "Mozilla/5.0 (Linux; Android 6.0.1; Nexus 5X Build/MMB29P) AppleWebKit/537.36 (KHTML, like Gecko) Chrome/150.0.7871.114 Mobile Safari/537.36 (compatible; Googlebot/2.1; +http://www.google.com/bot.html)"
66.249.79.233 - - [15/Jul/2026:16:28:04 +0000] "GET /shop/pg/80382705-1 HTTP/1.1" 200 680 "-" "Mozilla/5.0 (Linux; Android 6.0.1; Nexus 5X Build/MMB29P) AppleWebKit/537.36 (KHTML, like Gecko) Chrome/150.0.7871.114 Mobile Safari/537.36 (compatible; Googlebot/2.1; +http://www.google.com/bot.html)"
66.249.79.161 - - [15/Jul/2026:16:28:06 +0000] "GET /shop/pg/77365290-3 HTTP/1.1" 200 680 "-" "Mozilla/5.0 (Linux; Android 6.0.1; Nexus 5X Build/MMB29P) AppleWebKit/537.36 (KHTML, like Gecko) Chrome/150.0.7871.114 Mobile Safari/537.36 (compatible; Googlebot/2.1; +http://www.google.com/bot.html)"
66.249.79.234 - - [15/Jul/2026:16:28:09 +0000] "GET /prizes/102430240 HTTP/1.1" 200 680 "-" "Mozilla/5.0 (Linux; Android 6.0.1; Nexus 5X Build/MMB29P) AppleWebKit/537.36 (KHTML, like Gecko) Chrome/150.0.7871.114 Mobile Safari/537.36 (compatible; Googlebot/2.1; +http://www.google.com/bot.html)"
66.249.79.161 - - [15/Jul/2026:16:28:10 +0000] "GET /product/13974675874234 HTTP/1.1" 200 680 "-" "Mozilla/5.0 (Linux; Android 6.0.1; Nexus 5X Build/MMB29P) AppleWebKit/537.36 (KHTML, like Gecko) Chrome/150.0.7871.114 Mobile Safari/537.36 (compatible; Googlebot/2.1; +http://www.google.com/bot.html)"
66.249.68.64 - - [15/Jul/2026:16:28:14 +0000] "GET /product/28782136258108 HTTP/1.1" 200 680 "-" "Mozilla/5.0 (Linux; Android 6.0.1; Nexus 5X Build/MMB29P) AppleWebKit/537.36 (KHTML, like Gecko) Chrome/150.0.7871.114 Mobile Safari/537.36 (compatible; Googlebot/2.1; +http://www.google.com/bot.html)"
66.249.79.233 - - [15/Jul/2026:16:28:18 +0000] "GET /product/48732474775984 HTTP/1.1" 200 680 "-" "Mozilla/5.0 (Linux; Android 6.0.1; Nexus 5X Build/MMB29P) AppleWebKit/537.36 (KHTML, like Gecko) Chrome/150.0.7871.114 Mobile Safari/537.36 (compatible; Googlebot/2.1; +http://www.google.com/bot.html)"
209.42.17.20 - - [15/Jul/2026:16:28:34 +0000] "POST /wp-cron.php?doing_wp_cron=1784132914.7202529907226562500000 HTTP/1.1" 200 0 "-" "WordPress/7.0.1; https://oas.com.ng"
66.249.79.233 - - [15/Jul/2026:16:28:34 +0000] "GET /shop/pg/79494958-4 HTTP/1.1" 200 680 "-" "Mozilla/5.0 (Linux; Android 6.0.1; Nexus 5X Build/MMB29P) AppleWebKit/537.36 (KHTML, like Gecko) Chrome/150.0.7871.114 Mobile Safari/537.36 (compatible; Googlebot/2.1; +http://www.google.com/bot.html)"
102.91.102.65 - - [15/Jul/2026:16:28:37 +0000] "GET /product/31127453809871 HTTP/2" 200 680 "https://oas.com.ng/" "Mozilla/5.0 (Android 13; Mobile; rv:98.0) Gecko/98.0 Firefox/98.0"
66.249.79.161 - - [15/Jul/2026:16:28:41 +0000] "GET /prizes/59529674 HTTP/1.1" 200 680 "-" "Mozilla/5.0 (Linux; Android 6.0.1; Nexus 5X Build/MMB29P) AppleWebKit/537.36 (KHTML, like Gecko) Chrome/150.0.7871.114 Mobile Safari/537.36 (compatible; Googlebot/2.1; +http://www.google.com/bot.html)"
66.249.79.233 - - [15/Jul/2026:16:28:46 +0000] "GET /shop/pg/14432683-2 HTTP/1.1" 200 680 "-" "Mozilla/5.0 (Linux; Android 6.0.1; Nexus 5X Build/MMB29P) AppleWebKit/537.36 (KHTML, like Gecko) Chrome/150.0.7871.114 Mobile Safari/537.36 (compatible; Googlebot/2.1; +http://www.google.com/bot.html)"
102.207.1.176 - - [15/Jul/2026:16:28:54 +0000] "GET /product/47827605986669 HTTP/1.1" 200 680 "https://oas.com.ng/sitemap-14.xml" "Mozilla/5.0 (Linux; Android 13; V2186) AppleWebKit/537.36 (KHTML, like Gecko) Chrome/144.0.5378.116 Mobile Safari/537.36"
66.249.79.162 - - [15/Jul/2026:16:28:57 +0000] "GET /shop/pg/37565669-1 HTTP/1.1" 200 680 "-" "Mozilla/5.0 (Linux; Android 6.0.1; Nexus 5X Build/MMB29P) AppleWebKit/537.36 (KHTML, like Gecko) Chrome/150.0.7871.114 Mobile Safari/537.36 (compatible; Googlebot/2.1; +http://www.google.com/bot.html)"
66.249.79.234 - - [15/Jul/2026:16:28:59 +0000] "GET /prizes/191461402 HTTP/1.1" 200 680 "-" "Mozilla/5.0 (Linux; Android 6.0.1; Nexus 5X Build/MMB29P) AppleWebKit/537.36 (KHTML, like Gecko) Chrome/150.0.7871.114 Mobile Safari/537.36 (compatible; Googlebot/2.1; +http://www.google.com/bot.html)"
66.249.79.162 - - [15/Jul/2026:16:29:02 +0000] "GET /product/43712583582763 HTTP/1.1" 200 680 "-" "Mozilla/5.0 (Linux; Android 6.0.1; Nexus 5X Build/MMB29P) AppleWebKit/537.36 (KHTML, like Gecko) Chrome/150.0.7871.114 Mobile Safari/537.36 (compatible; Googlebot/2.1; +http://www.google.com/bot.html)"
66.249.68.66 - - [15/Jul/2026:16:29:07 +0000] "GET /product/48407483339141 HTTP/1.1" 200 680 "-" "Mozilla/5.0 (Linux; Android 6.0.1; Nexus 5X Build/MMB29P) AppleWebKit/537.36 (KHTML, like Gecko) Chrome/150.0.7871.114 Mobile Safari/537.36 (compatible; Googlebot/2.1; +http://www.google.com/bot.html)"
186.144.44.30 - - [15/Jul/2026:16:29:10 +0000] "GET /product/35321795917059 HTTP/2" 200 680 "-" "Mozilla/5.0 (Linux; Android 6.0; Nexus 5 Build/MRA58N) AppleWebKit/537.36 (KHTML, like Gecko) Chrome/44.0.9662.1835 Mobile Safari/537.36"
66.249.79.233 - - [15/Jul/2026:16:29:18 +0000] "GET /product/16317253470412 HTTP/1.1" 200 680 "-" "Mozilla/5.0 (Linux; Android 6.0.1; Nexus 5X Build/MMB29P) AppleWebKit/537.36 (KHTML, like Gecko) Chrome/150.0.7871.114 Mobile Safari/537.36 (compatible; Googlebot/2.1; +http://www.google.com/bot.html)"
66.249.79.161 - - [15/Jul/2026:16:29:29 +0000] "GET /prizes/274096876 HTTP/1.1" 200 680 "-" "Mozilla/5.0 (Linux; Android 6.0.1; Nexus 5X Build/MMB29P) AppleWebKit/537.36 (KHTML, like Gecko) Chrome/150.0.7871.114 Mobile Safari/537.36 (compatible; Googlebot/2.1; +http://www.google.com/bot.html)"
209.42.17.20 - - [15/Jul/2026:16:29:39 +0000] "POST /wp-cron.php?doing_wp_cron=1784132979.5594050884246826171875 HTTP/1.1" 200 0 "-" "WordPress/7.0.1; https://oas.com.ng"
66.249.79.233 - - [15/Jul/2026:16:29:38 +0000] "GET /shop/pg/75470631-2 HTTP/1.1" 200 680 "-" "Mozilla/5.0 (Linux; Android 6.0.1; Nexus 5X Build/MMB29P) AppleWebKit/537.36 (KHTML, like Gecko) Chrome/150.0.7871.114 Mobile Safari/537.36 (compatible; Googlebot/2.1; +http://www.google.com/bot.html)"
45.191.131.202 - - [15/Jul/2026:16:29:44 +0000] "GET /product/28383753155933 HTTP/2" 200 680 "-" "Mozilla/5.0 (iPhone; CPU iPhone OS 11_0 like Mac OS X) AppleWebKit/537.36 (KHTML, like Gecko) Chrome/44.0.4878.1654 Mobile Safari/537.36"
66.249.79.161 - - [15/Jul/2026:16:29:46 +0000] "GET /shop/pg/37870055-3 HTTP/1.1" 200 680 "-" "Mozilla/5.0 (Linux; Android 6.0.1; Nexus 5X Build/MMB29P) AppleWebKit/537.36 (KHTML, like Gecko) Chrome/150.0.7871.114 Mobile Safari/537.36 (compatible; Googlebot/2.1; +http://www.google.com/bot.html)"
66.249.79.233 - - [15/Jul/2026:16:29:49 +0000] "GET /prizes/84499876 HTTP/1.1" 200 680 "-" "Mozilla/5.0 (Linux; Android 6.0.1; Nexus 5X Build/MMB29P) AppleWebKit/537.36 (KHTML, like Gecko) Chrome/150.0.7871.114 Mobile Safari/537.36 (compatible; Googlebot/2.1; +http://www.google.com/bot.html)"
66.249.79.161 - - [15/Jul/2026:16:29:53 +0000] "GET /product/32834155752026 HTTP/1.1" 200 680 "-" "Mozilla/5.0 (Linux; Android 6.0.1; Nexus 5X Build/MMB29P) AppleWebKit/537.36 (KHTML, like Gecko) Chrome/150.0.7871.114 Mobile Safari/537.36 (compatible; Googlebot/2.1; +http://www.google.com/bot.html)"
66.249.79.161 - - [15/Jul/2026:16:29:55 +0000] "GET /prizes/95542381 HTTP/1.1" 200 680 "-" "Mozilla/5.0 (Linux; Android 6.0.1; Nexus 5X Build/MMB29P) AppleWebKit/537.36 (KHTML, like Gecko) Chrome/150.0.7871.114 Mobile Safari/537.36 (compatible; Googlebot/2.1; +http://www.google.com/bot.html)"
66.249.68.64 - - [15/Jul/2026:16:29:59 +0000] "GET /product/24910076480179 HTTP/1.1" 200 680 "-" "Mozilla/5.0 (Linux; Android 6.0.1; Nexus 5X Build/MMB29P) AppleWebKit/537.36 (KHTML, like Gecko) Chrome/150.0.7871.114 Mobile Safari/537.36 (compatible; Googlebot/2.1; +http://www.google.com/bot.html)"
66.249.79.234 - - [15/Jul/2026:16:30:09 +0000] "GET /product/44517954641983 HTTP/1.1" 200 680 "-" "Mozilla/5.0 (Linux; Android 6.0.1; Nexus 5X Build/MMB29P) AppleWebKit/537.36 (KHTML, like Gecko) Chrome/150.0.7871.114 Mobile Safari/537.36 (compatible; Googlebot/2.1; +http://www.google.com/bot.html)"
193.19.109.34 - - [15/Jul/2026:16:30:11 +0000] "POST /wp-login.php HTTP/1.1" 200 2382 "-" "Mozilla/5.0 (Windows NT 10.0; Win64; x64) AppleWebKit/537.36 Chrome/129.0.0.0 Safari/537.36"
66.249.79.161 - - [15/Jul/2026:16:30:15 +0000] "GET /prizes/82407341 HTTP/1.1" 200 680 "-" "Mozilla/5.0 (Linux; Android 6.0.1; Nexus 5X Build/MMB29P) AppleWebKit/537.36 (KHTML, like Gecko) Chrome/150.0.7871.114 Mobile Safari/537.36 (compatible; Googlebot/2.1; +http://www.google.com/bot.html)"
103.138.171.139 - - [15/Jul/2026:16:30:17 +0000] "GET /product/47646532956992 HTTP/1.1" 200 680 "https://oas.com.ng/sitemap-9.xml" "Mozilla/5.0 (Linux; Android 15; M2102J23) AppleWebKit/537.36 (KHTML, like Gecko) Chrome/152.0.5721.35 Mobile Safari/537.36 MicroMessenger/8.0.45(0x18001B3F) NetType/WIFI Language/zh_CN"
66.249.79.234 - - [15/Jul/2026:16:30:20 +0000] "GET /shop/pg/62158176-4 HTTP/1.1" 200 680 "-" "Mozilla/5.0 (Linux; Android 6.0.1; Nexus 5X Build/MMB29P) AppleWebKit/537.36 (KHTML, like Gecko) Chrome/150.0.7871.114 Mobile Safari/537.36 (compatible; Googlebot/2.1; +http://www.google.com/bot.html)"
187.115.91.178 - - [15/Jul/2026:16:30:20 +0000] "GET /product/35445526104738 HTTP/2" 200 680 "-" "Mozilla/5.0 (Linux; Android 8.0; Pixel 2 Build/OPD3.170816.012) AppleWebKit/537.36 (KHTML, like Gecko) Chrome/53.0.4343.1895 Mobile Safari/537.36"
66.249.79.233 - - [15/Jul/2026:16:30:25 +0000] "GET /shop/pg/75591412-4 HTTP/1.1" 200 680 "-" "Mozilla/5.0 (Linux; Android 6.0.1; Nexus 5X Build/MMB29P) AppleWebKit/537.36 (KHTML, like Gecko) Chrome/150.0.7871.114 Mobile Safari/537.36 (compatible; Googlebot/2.1; +http://www.google.com/bot.html)"
66.249.79.162 - - [15/Jul/2026:16:30:28 +0000] "GET /shop/pg/58852100-1 HTTP/1.1" 200 680 "-" "Mozilla/5.0 (Linux; Android 6.0.1; Nexus 5X Build/MMB29P) AppleWebKit/537.36 (KHTML, like Gecko) Chrome/150.0.7871.114 Mobile Safari/537.36 (compatible; Googlebot/2.1; +http://www.google.com/bot.html)"
66.249.79.233 - - [15/Jul/2026:16:30:29 +0000] "GET /prizes/164539028 HTTP/1.1" 200 680 "-" "Mozilla/5.0 (Linux; Android 6.0.1; Nexus 5X Build/MMB29P) AppleWebKit/537.36 (KHTML, like Gecko) Chrome/150.0.7871.114 Mobile Safari/537.36 (compatible; Googlebot/2.1; +http://www.google.com/bot.html)"
209.42.17.20 - - [15/Jul/2026:16:30:34 +0000] "POST /wp-cron.php?doing_wp_cron=1784133034.1221048831939697265625 HTTP/1.1" 200 0 "-" "WordPress/7.0.1; https://oas.com.ng"
66.249.79.161 - - [15/Jul/2026:16:30:33 +0000] "GET /product/40897114790223 HTTP/1.1" 200 680 "-" "Mozilla/5.0 (Linux; Android 6.0.1; Nexus 5X Build/MMB29P) AppleWebKit/537.36 (KHTML, like Gecko) Chrome/150.0.7871.114 Mobile Safari/537.36 (compatible; Googlebot/2.1; +http://www.google.com/bot.html)"
66.249.79.233 - - [15/Jul/2026:16:30:37 +0000] "GET /prizes/119569624 HTTP/1.1" 200 680 "-" "Mozilla/5.0 (Linux; Android 6.0.1; Nexus 5X Build/MMB29P) AppleWebKit/537.36 (KHTML, like Gecko) Chrome/150.0.7871.114 Mobile Safari/537.36 (compatible; Googlebot/2.1; +http://www.google.com/bot.html)"
66.249.68.64 - - [15/Jul/2026:16:30:41 +0000] "GET /product/17038256621987 HTTP/1.1" 200 680 "-" "Mozilla/5.0 (Linux; Android 6.0.1; Nexus 5X Build/MMB29P) AppleWebKit/537.36 (KHTML, like Gecko) Chrome/150.0.7871.114 Mobile Safari/537.36 (compatible; Googlebot/2.1; +http://www.google.com/bot.html)"
66.249.79.161 - - [15/Jul/2026:16:30:43 +0000] "GET /product/15190646311976 HTTP/1.1" 200 680 "-" "Mozilla/5.0 (Linux; Android 6.0.1; Nexus 5X Build/MMB29P) AppleWebKit/537.36 (KHTML, like Gecko) Chrome/150.0.7871.114 Mobile Safari/537.36 (compatible; Googlebot/2.1; +http://www.google.com/bot.html)"
66.249.79.233 - - [15/Jul/2026:16:30:57 +0000] "GET /product/15783832370542 HTTP/1.1" 200 680 "-" "Mozilla/5.0 (Linux; Android 6.0.1; Nexus 5X Build/MMB29P) AppleWebKit/537.36 (KHTML, like Gecko) Chrome/150.0.7871.114 Mobile Safari/537.36 (compatible; Googlebot/2.1; +http://www.google.com/bot.html)"
66.249.79.162 - - [15/Jul/2026:16:31:03 +0000] "GET /prizes/98141149 HTTP/1.1" 200 680 "-" "Mozilla/5.0 (Linux; Android 6.0.1; Nexus 5X Build/MMB29P) AppleWebKit/537.36 (KHTML, like Gecko) Chrome/150.0.7871.114 Mobile Safari/537.36 (compatible; Googlebot/2.1; +http://www.google.com/bot.html)"
47.128.117.204 - - [15/Jul/2026:16:31:06 +0000] "GET /product/39685553227600 HTTP/2" 200 680 "-" "Mozilla/5.0 (Linux; Android 5.0) AppleWebKit/537.36 (KHTML, like Gecko) Mobile Safari/537.36 (compatible; Bytespider; spider-feedback@bytedance.com)"
66.249.79.233 - - [15/Jul/2026:16:31:07 +0000] "GET /shop/pg/31789896-2 HTTP/1.1" 200 680 "-" "Mozilla/5.0 (Linux; Android 6.0.1; Nexus 5X Build/MMB29P) AppleWebKit/537.36 (KHTML, like Gecko) Chrome/150.0.7871.114 Mobile Safari/537.36 (compatible; Googlebot/2.1; +http://www.google.com/bot.html)"
66.249.79.235 - - [15/Jul/2026:16:31:09 +0000] "GET /prizes/168469987 HTTP/1.1" 200 680 "-" "Mozilla/5.0 (Linux; Android 6.0.1; Nexus 5X Build/MMB29P) AppleWebKit/537.36 (KHTML, like Gecko) Chrome/150.0.7871.114 Mobile Safari/537.36 (compatible; Googlebot/2.1; +http://www.google.com/bot.html)"
66.249.79.161 - - [15/Jul/2026:16:31:13 +0000] "GET /shop/pg/90187929-2 HTTP/1.1" 200 680 "-" "Mozilla/5.0 (Linux; Android 6.0.1; Nexus 5X Build/MMB29P) AppleWebKit/537.36 (KHTML, like Gecko) Chrome/150.0.7871.114 Mobile Safari/537.36 (compatible; Googlebot/2.1; +http://www.google.com/bot.html)"
66.249.79.233 - - [15/Jul/2026:16:31:14 +0000] "GET /prizes/118071917 HTTP/1.1" 200 680 "-" "Mozilla/5.0 (Linux; Android 6.0.1; Nexus 5X Build/MMB29P) AppleWebKit/537.36 (KHTML, like Gecko) Chrome/150.0.7871.114 Mobile Safari/537.36 (compatible; Googlebot/2.1; +http://www.google.com/bot.html)"
66.249.79.162 - - [15/Jul/2026:16:31:24 +0000] "GET /product/40495505587356 HTTP/1.1" 200 680 "-" "Mozilla/5.0 (Linux; Android 6.0.1; Nexus 5X Build/MMB29P) AppleWebKit/537.36 (KHTML, like Gecko) Chrome/150.0.7871.114 Mobile Safari/537.36 (compatible; Googlebot/2.1; +http://www.google.com/bot.html)"
66.249.79.162 - - [15/Jul/2026:16:31:25 +0000] "GET /shop/pg/97276918-1 HTTP/1.1" 200 680 "-" "Mozilla/5.0 (Linux; Android 6.0.1; Nexus 5X Build/MMB29P) AppleWebKit/537.36 (KHTML, like Gecko) Chrome/150.0.7871.114 Mobile Safari/537.36 (compatible; Googlebot/2.1; +http://www.google.com/bot.html)"
66.249.79.233 - - [15/Jul/2026:16:31:27 +0000] "GET /product/40198672005614m HTTP/1.1" 200 680 "-" "Mozilla/5.0 (Linux; Android 6.0.1; Nexus 5X Build/MMB29P) AppleWebKit/537.36 (KHTML, like Gecko) Chrome/150.0.7871.114 Mobile Safari/537.36 (compatible; Googlebot/2.1; +http://www.google.com/bot.html)"
66.249.79.234 - - [15/Jul/2026:16:31:35 +0000] "GET /product/15441442266412 HTTP/1.1" 200 680 "-" "Mozilla/5.0 (Linux; Android 6.0.1; Nexus 5X Build/MMB29P) AppleWebKit/537.36 (KHTML, like Gecko) Chrome/150.0.7871.114 Mobile Safari/537.36 (compatible; Googlebot/2.1; +http://www.google.com/bot.html)"
173.239.254.170 - - [15/Jul/2026:16:31:38 +0000] "POST /wp-login.php HTTP/1.1" 200 2382 "-" "Mozilla/5.0 (Macintosh; Intel Mac OS X 10_15_7) AppleWebKit/605.1.15 Version/17.0 Safari/605.1.15"
105.214.14.192 - - [15/Jul/2026:16:31:41 +0000] "GET /product/47495485943247 HTTP/1.1" 200 680 "https://oas.com.ng/sitemap-3.xml" "Mozilla/5.0 (Linux; Android 12; V2180) AppleWebKit/537.36 (KHTML, like Gecko) Chrome/148.0.5693.32 Mobile Safari/537.36 MicroMessenger/8.0.30(0x18001B3F) NetType/WIFI Language/zh_CN"
66.249.68.64 - - [15/Jul/2026:16:31:42 +0000] "GET /product/29443243272633 HTTP/1.1" 200 680 "-" "Mozilla/5.0 (Linux; Android 6.0.1; Nexus 5X Build/MMB29P) AppleWebKit/537.36 (KHTML, like Gecko) Chrome/150.0.7871.114 Mobile Safari/537.36 (compatible; Googlebot/2.1; +http://www.google.com/bot.html)"
66.249.79.161 - - [15/Jul/2026:16:31:45 +0000] "GET /product/17647035209618m HTTP/1.1" 200 680 "-" "Mozilla/5.0 (Linux; Android 6.0.1; Nexus 5X Build/MMB29P) AppleWebKit/537.36 (KHTML, like Gecko) Chrome/150.0.7871.114 Mobile Safari/537.36 (compatible; Googlebot/2.1; +http://www.google.com/bot.html)"
66.249.79.161 - - [15/Jul/2026:16:31:46 +0000] "GET /shop/pg/77455072-4 HTTP/1.1" 200 680 "-" "Mozilla/5.0 (Linux; Android 6.0.1; Nexus 5X Build/MMB29P) AppleWebKit/537.36 (KHTML, like Gecko) Chrome/150.0.7871.114 Mobile Safari/537.36 (compatible; Googlebot/2.1; +http://www.google.com/bot.html)"
154.194.25.152 - - [15/Jul/2026:16:31:47 +0000] "GET /product/19742633029258 HTTP/2" 200 680 "-" "Mozilla/5.0 (iPhone; CPU iPhone OS 11_0 like Mac OS X) AppleWebKit/537.36 (KHTML, like Gecko) Chrome/60.0.1249.1124 Mobile Safari/537.36"
66.249.79.233 - - [15/Jul/2026:16:32:02 +0000] "GET /product/16686331991512 HTTP/1.1" 200 680 "-" "Mozilla/5.0 (Linux; Android 6.0.1; Nexus 5X Build/MMB29P) AppleWebKit/537.36 (KHTML, like Gecko) Chrome/150.0.7871.114 Mobile Safari/537.36 (compatible; Googlebot/2.1; +http://www.google.com/bot.html)"
88.234.83.153 - - [15/Jul/2026:16:32:03 +0000] "GET /product/45005804792320 HTTP/2" 200 680 "-" "Mozilla/5.0 (iPhone; CPU iPhone OS 11_0 like Mac OS X) AppleWebKit/537.36 (KHTML, like Gecko) Chrome/58.0.7316.1250 Mobile Safari/537.36"
66.249.79.162 - - [15/Jul/2026:16:32:07 +0000] "GET /product/31791906239497m HTTP/1.1" 200 680 "-" "Mozilla/5.0 (Linux; Android 6.0.1; Nexus 5X Build/MMB29P) AppleWebKit/537.36 (KHTML, like Gecko) Chrome/150.0.7871.114 Mobile Safari/537.36 (compatible; Googlebot/2.1; +http://www.google.com/bot.html)"
66.249.79.162 - - [15/Jul/2026:16:32:13 +0000] "GET /prizes/130725200 HTTP/1.1" 200 680 "-" "Mozilla/5.0 (Linux; Android 6.0.1; Nexus 5X Build/MMB29P) AppleWebKit/537.36 (KHTML, like Gecko) Chrome/150.0.7871.114 Mobile Safari/537.36 (compatible; Googlebot/2.1; +http://www.google.com/bot.html)"
66.249.68.167 - - [15/Jul/2026:16:32:19 +0000] "GET /product/12385325611678 HTTP/1.1" 200 680 "-" "Mozilla/5.0 (Linux; Android 6.0.1; Nexus 5X Build/MMB29P) AppleWebKit/537.36 (KHTML, like Gecko) Chrome/150.0.7871.114 Mobile Safari/537.36 (compatible; Googlebot/2.1; +http://www.google.com/bot.html)"
66.249.79.233 - - [15/Jul/2026:16:32:20 +0000] "GET /shop/pg/73322898-2 HTTP/1.1" 200 680 "-" "Mozilla/5.0 (Linux; Android 6.0.1; Nexus 5X Build/MMB29P) AppleWebKit/537.36 (KHTML, like Gecko) Chrome/150.0.7871.114 Mobile Safari/537.36 (compatible; Googlebot/2.1; +http://www.google.com/bot.html)"
209.42.17.20 - - [15/Jul/2026:16:32:38 +0000] "POST /wp-cron.php?doing_wp_cron=1784133158.9222440719604492187500 HTTP/1.1" 200 0 "-" "WordPress/7.0.1; https://oas.com.ng"
66.249.79.161 - - [15/Jul/2026:16:32:38 +0000] "GET /shop/pg/18448826-2 HTTP/1.1" 200 680 "-" "Mozilla/5.0 (Linux; Android 6.0.1; Nexus 5X Build/MMB29P) AppleWebKit/537.36 (KHTML, like Gecko) Chrome/150.0.7871.114 Mobile Safari/537.36 (compatible; Googlebot/2.1; +http://www.google.com/bot.html)"
66.249.79.233 - - [15/Jul/2026:16:32:39 +0000] "GET /prizes/73069543 HTTP/1.1" 200 680 "-" "Mozilla/5.0 (Linux; Android 6.0.1; Nexus 5X Build/MMB29P) AppleWebKit/537.36 (KHTML, like Gecko) Chrome/150.0.7871.114 Mobile Safari/537.36 (compatible; Googlebot/2.1; +http://www.google.com/bot.html)"
138.186.28.107 - - [15/Jul/2026:16:32:40 +0000] "GET /product/30392833354149 HTTP/2" 200 680 "-" "Mozilla/5.0 (Linux; Android 6.0; Nexus 5 Build/MRA58N) AppleWebKit/537.36 (KHTML, like Gecko) Chrome/57.0.3814.1991 Mobile Safari/537.36"
66.249.79.161 - - [15/Jul/2026:16:32:48 +0000] "GET /product/43973792949676 HTTP/1.1" 200 680 "-" "Mozilla/5.0 (Linux; Android 6.0.1; Nexus 5X Build/MMB29P) AppleWebKit/537.36 (KHTML, like Gecko) Chrome/150.0.7871.114 Mobile Safari/537.36 (compatible; Googlebot/2.1; +http://www.google.com/bot.html)"
34.182.74.92 - - [15/Jul/2026:16:32:50 +0000] "GET / HTTP/2" 200 793 "http://theolatechnologies.com" "Mozilla/5.0 (compatible; CMS-Checker/1.0; +https://example.com)"
193.19.109.37 - - [15/Jul/2026:16:32:50 +0000] "POST /wp-login.php HTTP/1.1" 200 2382 "-" "Mozilla/5.0 (Windows NT 10.0; Win64; rv:143.0) Gecko/20100101 Firefox/143.0"
66.249.68.65 - - [15/Jul/2026:16:32:56 +0000] "GET /product/21068323598808 HTTP/1.1" 200 680 "-" "Mozilla/5.0 (Linux; Android 6.0.1; Nexus 5X Build/MMB29P) AppleWebKit/537.36 (KHTML, like Gecko) Chrome/150.0.7871.114 Mobile Safari/537.36 (compatible; Googlebot/2.1; +http://www.google.com/bot.html)"
176.224.27.213 - - [15/Jul/2026:16:33:04 +0000] "GET /product/47406535239428 HTTP/1.1" 200 680 "https://oas.com.ng/sitemap-11.xml" "Mozilla/5.0 (Linux; Android 12; V2189) AppleWebKit/537.36 (KHTML, like Gecko) Chrome/154.0.5684.44 Mobile Safari/537.36 MicroMessenger/8.0.44(0x18001B3F) NetType/WIFI Language/zh_CN"
52.167.144.184 - - [15/Jul/2026:16:33:07 +0000] "GET /product/38552694710277 HTTP/2" 200 680 "-" "Mozilla/5.0 AppleWebKit/537.36 (KHTML, like Gecko; compatible; bingbot/2.0; +http://www.bing.com/bingbot.htm) Chrome/116.0.1938.76 Safari/537.36"
52.167.144.184 - - [15/Jul/2026:16:33:08 +0000] "GET /product/33748524338599 HTTP/2" 200 680 "-" "Mozilla/5.0 AppleWebKit/537.36 (KHTML, like Gecko; compatible; bingbot/2.0; +http://www.bing.com/bingbot.htm) Chrome/116.0.1938.76 Safari/537.36"
66.249.79.233 - - [15/Jul/2026:16:33:09 +0000] "GET /product/44961222046180 HTTP/1.1" 200 680 "-" "Mozilla/5.0 (Linux; Android 6.0.1; Nexus 5X Build/MMB29P) AppleWebKit/537.36 (KHTML, like Gecko) Chrome/150.0.7871.114 Mobile Safari/537.36 (compatible; Googlebot/2.1; +http://www.google.com/bot.html)"
66.249.79.162 - - [15/Jul/2026:16:33:13 +0000] "GET /product/47036804162315m HTTP/1.1" 200 680 "-" "Mozilla/5.0 (Linux; Android 6.0.1; Nexus 5X Build/MMB29P) AppleWebKit/537.36 (KHTML, like Gecko) Chrome/150.0.7871.114 Mobile Safari/537.36 (compatible; Googlebot/2.1; +http://www.google.com/bot.html)"
105.116.11.212 - - [15/Jul/2026:16:33:17 +0000] "GET /product/22223353814615 HTTP/2" 200 680 "-" "Mozilla/5.0 (iPhone; CPU iPhone OS 17_6_1 like Mac OS X) AppleWebKit/605.1.15 (KHTML, like Gecko) FxiOS/133.4  Mobile/15E148 Safari/605.1.15"
66.249.79.161 - - [15/Jul/2026:16:33:19 +0000] "GET /prizes/163716260 HTTP/1.1" 200 680 "-" "Mozilla/5.0 (Linux; Android 6.0.1; Nexus 5X Build/MMB29P) AppleWebKit/537.36 (KHTML, like Gecko) Chrome/150.0.7871.114 Mobile Safari/537.36 (compatible; Googlebot/2.1; +http://www.google.com/bot.html)"
209.42.17.20 - - [15/Jul/2026:16:33:36 +0000] "POST /wp-cron.php?doing_wp_cron=1784133216.2405979633331298828125 HTTP/1.1" 200 0 "-" "WordPress/7.0.1; https://oas.com.ng"
66.249.79.233 - - [15/Jul/2026:16:33:35 +0000] "GET /shop/pg/11132895-4 HTTP/1.1" 200 680 "-" "Mozilla/5.0 (Linux; Android 6.0.1; Nexus 5X Build/MMB29P) AppleWebKit/537.36 (KHTML, like Gecko) Chrome/150.0.7871.114 Mobile Safari/537.36 (compatible; Googlebot/2.1; +http://www.google.com/bot.html)"
52.167.144.143 - - [15/Jul/2026:16:33:42 +0000] "GET /shop/pg/65504280-3 HTTP/2" 200 680 "-" "Mozilla/5.0 AppleWebKit/537.36 (KHTML, like Gecko; compatible; bingbot/2.0; +http://www.bing.com/bingbot.htm) Chrome/116.0.1938.76 Safari/537.36"
66.249.79.161 - - [15/Jul/2026:16:33:48 +0000] "GET /shop/pg/15614951-3 HTTP/1.1" 200 680 "-" "Mozilla/5.0 (Linux; Android 6.0.1; Nexus 5X Build/MMB29P) AppleWebKit/537.36 (KHTML, like Gecko) Chrome/150.0.7871.114 Mobile Safari/537.36 (compatible; Googlebot/2.1; +http://www.google.com/bot.html)"
47.128.117.128 - - [15/Jul/2026:16:33:50 +0000] "GET /product/33865724888870 HTTP/2" 200 680 "-" "Mozilla/5.0 (Linux; Android 5.0) AppleWebKit/537.36 (KHTML, like Gecko) Mobile Safari/537.36 (compatible; Bytespider; spider-feedback@bytedance.com)"
66.249.79.234 - - [15/Jul/2026:16:33:51 +0000] "GET /prizes/103215159 HTTP/1.1" 200 680 "-" "Mozilla/5.0 (Linux; Android 6.0.1; Nexus 5X Build/MMB29P) AppleWebKit/537.36 (KHTML, like Gecko) Chrome/150.0.7871.114 Mobile Safari/537.36 (compatible; Googlebot/2.1; +http://www.google.com/bot.html)"
66.249.79.161 - - [15/Jul/2026:16:33:52 +0000] "GET /product/40210365125191 HTTP/1.1" 200 680 "-" "Mozilla/5.0 (Linux; Android 6.0.1; Nexus 5X Build/MMB29P) AppleWebKit/537.36 (KHTML, like Gecko) Chrome/150.0.7871.114 Mobile Safari/537.36 (compatible; Googlebot/2.1; +http://www.google.com/bot.html)"
66.249.79.163 - - [15/Jul/2026:16:34:00 +0000] "GET /product/14394056543865 HTTP/1.1" 200 680 "-" "Mozilla/5.0 (Linux; Android 6.0.1; Nexus 5X Build/MMB29P) AppleWebKit/537.36 (KHTML, like Gecko) Chrome/150.0.7871.114 Mobile Safari/537.36 (compatible; Googlebot/2.1; +http://www.google.com/bot.html)"
193.19.109.43 - - [15/Jul/2026:16:34:02 +0000] "POST /wp-login.php HTTP/1.1" 200 2382 "-" "Mozilla/5.0 (Macintosh; Intel Mac OS X 10_15_7) AppleWebKit/605.1.15 Version/17.0 Safari/605.1.15"
66.249.68.66 - - [15/Jul/2026:16:34:08 +0000] "GET /product/16152974849491 HTTP/1.1" 200 680 "-" "Mozilla/5.0 (Linux; Android 6.0.1; Nexus 5X Build/MMB29P) AppleWebKit/537.36 (KHTML, like Gecko) Chrome/150.0.7871.114 Mobile Safari/537.36 (compatible; Googlebot/2.1; +http://www.google.com/bot.html)"
66.249.79.234 - - [15/Jul/2026:16:34:09 +0000] "GET /prizes/276504755 HTTP/1.1" 200 680 "-" "Mozilla/5.0 (Linux; Android 6.0.1; Nexus 5X Build/MMB29P) AppleWebKit/537.36 (KHTML, like Gecko) Chrome/150.0.7871.114 Mobile Safari/537.36 (compatible; Googlebot/2.1; +http://www.google.com/bot.html)"
66.249.79.161 - - [15/Jul/2026:16:34:11 +0000] "GET /product/39064113270011 HTTP/1.1" 200 680 "-" "Mozilla/5.0 (Linux; Android 6.0.1; Nexus 5X Build/MMB29P) AppleWebKit/537.36 (KHTML, like Gecko) Chrome/150.0.7871.114 Mobile Safari/537.36 (compatible; Googlebot/2.1; +http://www.google.com/bot.html)"
66.249.79.234 - - [15/Jul/2026:16:34:18 +0000] "GET /product/21691994766846 HTTP/1.1" 200 680 "-" "Mozilla/5.0 (Linux; Android 6.0.1; Nexus 5X Build/MMB29P) AppleWebKit/537.36 (KHTML, like Gecko) Chrome/150.0.7871.114 Mobile Safari/537.36 (compatible; Googlebot/2.1; +http://www.google.com/bot.html)"
66.249.79.233 - - [15/Jul/2026:16:34:27 +0000] "GET /product/32634634525739 HTTP/1.1" 200 680 "-" "Mozilla/5.0 (Linux; Android 6.0.1; Nexus 5X Build/MMB29P) AppleWebKit/537.36 (KHTML, like Gecko) Chrome/150.0.7871.114 Mobile Safari/537.36 (compatible; Googlebot/2.1; +http://www.google.com/bot.html)"
104.164.158.118 - - [15/Jul/2026:16:34:27 +0000] "GET /product/12326983071673 HTTP/2" 200 680 "https://oas.com.ng/" "Mozilla/5.0 (Linux; Android 11; SM-S901B) AppleWebKit/537.36 (KHTML, like Gecko) Chrome/112.0.0.0 Mobile Safari/537.36"
201.71.201.234 - - [15/Jul/2026:16:34:28 +0000] "GET /product/47351385461407 HTTP/1.1" 200 680 "https://oas.com.ng/sitemap-4.xml" "Mozilla/5.0 (Linux; Android 15; M2102J27) AppleWebKit/537.36 (KHTML, like Gecko) Chrome/140.0.5893.27 Mobile Safari/537.36"
209.42.17.20 - - [15/Jul/2026:16:34:36 +0000] "POST /wp-cron.php?doing_wp_cron=1784133276.0084009170532226562500 HTTP/1.1" 200 0 "-" "WordPress/7.0.1; https://oas.com.ng"
66.249.79.161 - - [15/Jul/2026:16:34:35 +0000] "GET /product/30402164098197m HTTP/1.1" 200 680 "-" "Mozilla/5.0 (Linux; Android 6.0.1; Nexus 5X Build/MMB29P) AppleWebKit/537.36 (KHTML, like Gecko) Chrome/150.0.7871.114 Mobile Safari/537.36 (compatible; Googlebot/2.1; +http://www.google.com/bot.html)"
66.249.79.161 - - [15/Jul/2026:16:34:39 +0000] "GET /prizes/112660270 HTTP/1.1" 200 680 "-" "Mozilla/5.0 (Linux; Android 6.0.1; Nexus 5X Build/MMB29P) AppleWebKit/537.36 (KHTML, like Gecko) Chrome/150.0.7871.114 Mobile Safari/537.36 (compatible; Googlebot/2.1; +http://www.google.com/bot.html)"
66.249.79.233 - - [15/Jul/2026:16:34:44 +0000] "GET /shop/pg/44539331-2 HTTP/1.1" 200 680 "-" "Mozilla/5.0 (Linux; Android 6.0.1; Nexus 5X Build/MMB29P) AppleWebKit/537.36 (KHTML, like Gecko) Chrome/150.0.7871.114 Mobile Safari/537.36 (compatible; Googlebot/2.1; +http://www.google.com/bot.html)"
66.249.68.64 - - [15/Jul/2026:16:34:46 +0000] "GET /product/49146525021460 HTTP/1.1" 200 680 "-" "Mozilla/5.0 (Linux; Android 6.0.1; Nexus 5X Build/MMB29P) AppleWebKit/537.36 (KHTML, like Gecko) Chrome/150.0.7871.114 Mobile Safari/537.36 (compatible; Googlebot/2.1; +http://www.google.com/bot.html)"
66.249.79.161 - - [15/Jul/2026:16:34:53 +0000] "GET /shop/pg/71680189-1 HTTP/1.1" 200 680 "-" "Mozilla/5.0 (Linux; Android 6.0.1; Nexus 5X Build/MMB29P) AppleWebKit/537.36 (KHTML, like Gecko) Chrome/150.0.7871.114 Mobile Safari/537.36 (compatible; Googlebot/2.1; +http://www.google.com/bot.html)"
66.249.79.233 - - [15/Jul/2026:16:34:54 +0000] "GET /prizes/99340109 HTTP/1.1" 200 680 "-" "Mozilla/5.0 (Linux; Android 6.0.1; Nexus 5X Build/MMB29P) AppleWebKit/537.36 (KHTML, like Gecko) Chrome/150.0.7871.114 Mobile Safari/537.36 (compatible; Googlebot/2.1; +http://www.google.com/bot.html)"
66.249.79.161 - - [15/Jul/2026:16:35:02 +0000] "GET /product/14842906521254 HTTP/1.1" 200 680 "-" "Mozilla/5.0 (Linux; Android 6.0.1; Nexus 5X Build/MMB29P) AppleWebKit/537.36 (KHTML, like Gecko) Chrome/150.0.7871.114 Mobile Safari/537.36 (compatible; Googlebot/2.1; +http://www.google.com/bot.html)"
24.192.196.190 - - [15/Jul/2026:16:35:04 +0000] "GET /product/15766753562500 HTTP/2" 200 680 "-" "Mozilla/5.0 (Linux; Android 6.0; Nexus 5 Build/MRA58N) AppleWebKit/537.36 (KHTML, like Gecko) Chrome/43.0.2388.1245 Mobile Safari/537.36"
66.249.68.64 - - [15/Jul/2026:16:35:08 +0000] "GET /product/12379984955980 HTTP/1.1" 200 680 "-" "Mozilla/5.0 (Linux; Android 6.0.1; Nexus 5X Build/MMB29P) AppleWebKit/537.36 (KHTML, like Gecko) Chrome/150.0.7871.114 Mobile Safari/537.36 (compatible; Googlebot/2.1; +http://www.google.com/bot.html)"
193.19.109.39 - - [15/Jul/2026:16:35:16 +0000] "POST /wp-login.php HTTP/1.1" 200 2382 "-" "Mozilla/5.0 (Windows NT 10.0; Win64; x64) AppleWebKit/537.36 Chrome/129.0.0.0 Safari/537.36"
66.249.68.64 - - [15/Jul/2026:16:35:17 +0000] "GET /product/42367654452010 HTTP/1.1" 200 680 "-" "Mozilla/5.0 (Linux; Android 6.0.1; Nexus 5X Build/MMB29P) AppleWebKit/537.36 (KHTML, like Gecko) Chrome/150.0.7871.114 Mobile Safari/537.36 (compatible; Googlebot/2.1; +http://www.google.com/bot.html)"
66.249.79.233 - - [15/Jul/2026:16:35:24 +0000] "GET /product/19399972400218 HTTP/1.1" 200 680 "-" "Mozilla/5.0 (Linux; Android 6.0.1; Nexus 5X Build/MMB29P) AppleWebKit/537.36 (KHTML, like Gecko) Chrome/150.0.7871.114 Mobile Safari/537.36 (compatible; Googlebot/2.1; +http://www.google.com/bot.html)"
66.249.79.162 - - [15/Jul/2026:16:35:29 +0000] "GET /prizes/80817048 HTTP/1.1" 200 680 "-" "Mozilla/5.0 (Linux; Android 6.0.1; Nexus 5X Build/MMB29P) AppleWebKit/537.36 (KHTML, like Gecko) Chrome/150.0.7871.114 Mobile Safari/537.36 (compatible; Googlebot/2.1; +http://www.google.com/bot.html)"
209.42.17.20 - - [15/Jul/2026:16:35:38 +0000] "POST /wp-cron.php?doing_wp_cron=1784133338.1550009250640869140625 HTTP/1.1" 200 0 "-" "WordPress/7.0.1; https://oas.com.ng"
66.249.79.233 - - [15/Jul/2026:16:35:37 +0000] "GET /shop/pg/78267355-3 HTTP/1.1" 200 680 "-" "Mozilla/5.0 (Linux; Android 6.0.1; Nexus 5X Build/MMB29P) AppleWebKit/537.36 (KHTML, like Gecko) Chrome/150.0.7871.114 Mobile Safari/537.36 (compatible; Googlebot/2.1; +http://www.google.com/bot.html)"
104.164.158.118 - - [15/Jul/2026:16:35:38 +0000] "GET /product/10010225924539 HTTP/2" 200 680 "https://www.yahoo.com.ng/" "Mozilla/5.0 (Linux; Android 11; SM-S901B) AppleWebKit/537.36 (KHTML, like Gecko) Chrome/112.0.0.0 Mobile Safari/537.36"
5.109.199.149 - - [15/Jul/2026:16:35:52 +0000] "GET /product/47275456602568 HTTP/1.1" 200 680 "https://oas.com.ng/sitemap-9.xml" "Mozilla/5.0 (iPhone; CPU iPhone OS 16_2 like Mac OS X) AppleWebKit/605.1.15 (KHTML, like Gecko) Version/16.2 Mobile/15E148 Safari/604.1 MicroMessenger/8.0.45(0x18001B3F) NetType/WIFI Language/zh_CN"
38.159.161.156 - - [15/Jul/2026:16:36:02 +0000] "GET /product/19149665113202 HTTP/2" 200 680 "-" "Mozilla/5.0 (iPhone; CPU iPhone OS 11_0 like Mac OS X) AppleWebKit/537.36 (KHTML, like Gecko) Chrome/53.0.3248.1273 Mobile Safari/537.36"
91.92.243.249 - - [15/Jul/2026:16:36:10 +0000] "POST /wp-login.php HTTP/1.1" 200 6655 "-" "Mozilla/5.0"
