66.249.79.161 - - [15/Jul/2026:16:15:31 +0000] "GET /product/37384594435406 HTTP/1.1" 200 680 "-" "Mozilla/5.0 (Linux; Android 6.0.1; Nexus 5X Build/MMB29P) AppleWebKit/537.36 (KHTML, like Gecko) Chrome/150.0.7871.114 Mobile Safari/537.36 (compatible; Googlebot/2.1; +http://www.google.com/bot.html)"
66.249.79.233 - - [15/Jul/2026:16:15:31 +0000] "GET /prizes/164346422 HTTP/1.1" 200 680 "-" "Mozilla/5.0 (Linux; Android 6.0.1; Nexus 5X Build/MMB29P) AppleWebKit/537.36 (KHTML, like Gecko) Chrome/150.0.7871.114 Mobile Safari/537.36 (compatible; Googlebot/2.1; +http://www.google.com/bot.html)"
209.42.17.20 - - [15/Jul/2026:16:15:33 +0000] "POST /wp-cron.php?doing_wp_cron=1784132133.8062009811401367187500 HTTP/1.1" 200 0 "-" "WordPress/7.0.1; https://oas.com.ng"
66.249.79.161 - - [15/Jul/2026:16:15:33 +0000] "GET /shop/pg/44979741-1 HTTP/1.1" 200 680 "-" "Mozilla/5.0 (Linux; Android 6.0.1; Nexus 5X Build/MMB29P) AppleWebKit/537.36 (KHTML, like Gecko) Chrome/150.0.7871.114 Mobile Safari/537.36 (compatible; Googlebot/2.1; +http://www.google.com/bot.html)"
66.249.68.64 - - [15/Jul/2026:16:15:39 +0000] "GET /product/31389525304851 HTTP/1.1" 200 680 "-" "Mozilla/5.0 (Linux; Android 6.0.1; Nexus 5X Build/MMB29P) AppleWebKit/537.36 (KHTML, like Gecko) Chrome/150.0.7871.114 Mobile Safari/537.36 (compatible; Googlebot/2.1; +http://www.google.com/bot.html)"
66.249.79.233 - - [15/Jul/2026:16:15:46 +0000] "GET /product/34609412878498 HTTP/1.1" 200 680 "-" "Mozilla/5.0 (Linux; Android 6.0.1; Nexus 5X Build/MMB29P) AppleWebKit/537.36 (KHTML, like Gecko) Chrome/150.0.7871.114 Mobile Safari/537.36 (compatible; Googlebot/2.1; +http://www.google.com/bot.html)"
66.249.79.161 - - [15/Jul/2026:16:15:53 +0000] "GET /prizes/33925139 HTTP/1.1" 200 680 "-" "Mozilla/5.0 (Linux; Android 6.0.1; Nexus 5X Build/MMB29P) AppleWebKit/537.36 (KHTML, like Gecko) Chrome/150.0.7871.114 Mobile Safari/537.36 (compatible; Googlebot/2.1; +http://www.google.com/bot.html)"
47.128.117.154 - - [15/Jul/2026:16:15:55 +0000] "GET /product/32339653679466 HTTP/2" 200 680 "-" "Mozilla/5.0 (Linux; Android 5.0) AppleWebKit/537.36 (KHTML, like Gecko) Mobile Safari/537.36 (compatible; Bytespider; spider-feedback@bytedance.com)"
66.249.79.234 - - [15/Jul/2026:16:16:02 +0000] "GET /shop/pg/27663375-1 HTTP/1.1" 200 680 "-" "Mozilla/5.0 (Linux; Android 6.0.1; Nexus 5X Build/MMB29P) AppleWebKit/537.36 (KHTML, like Gecko) Chrome/150.0.7871.114 Mobile Safari/537.36 (compatible; Googlebot/2.1; +http://www.google.com/bot.html)"
47.128.117.172 - - [15/Jul/2026:16:16:13 +0000] "GET /product/22132362871682 HTTP/2" 200 680 "-" "Mozilla/5.0 (Linux; Android 5.0) AppleWebKit/537.36 (KHTML, like Gecko) Mobile Safari/537.36 (compatible; Bytespider; spider-feedback@bytedance.com)"
66.249.79.163 - - [15/Jul/2026:16:16:13 +0000] "GET /shop/pg/79353817-3 HTTP/1.1" 200 680 "-" "Mozilla/5.0 (Linux; Android 6.0.1; Nexus 5X Build/MMB29P) AppleWebKit/537.36 (KHTML, like Gecko) Chrome/150.0.7871.114 Mobile Safari/537.36 (compatible; Googlebot/2.1; +http://www.google.com/bot.html)"
66.249.79.233 - - [15/Jul/2026:16:16:15 +0000] "GET /prizes/93843341 HTTP/1.1" 200 680 "-" "Mozilla/5.0 (Linux; Android 6.0.1; Nexus 5X Build/MMB29P) AppleWebKit/537.36 (KHTML, like Gecko) Chrome/150.0.7871.114 Mobile Safari/537.36 (compatible; Googlebot/2.1; +http://www.google.com/bot.html)"
66.249.79.161 - - [15/Jul/2026:16:16:18 +0000] "GET /product/24062792825319 HTTP/1.1" 200 680 "-" "Mozilla/5.0 (Linux; Android 6.0.1; Nexus 5X Build/MMB29P) AppleWebKit/537.36 (KHTML, like Gecko) Chrome/150.0.7871.114 Mobile Safari/537.36 (compatible; Googlebot/2.1; +http://www.google.com/bot.html)"
103.109.238.82 - - [15/Jul/2026:16:16:19 +0000] "GET /product/47665905060881 HTTP/1.1" 200 680 "https://oas.com.ng/sitemap-3.xml" "Mozilla/5.0 (Linux; Android 14; M2102J23) AppleWebKit/537.36 (KHTML, like Gecko) Chrome/155.0.5438.35 Mobile Safari/537.36 MicroMessenger/8.0.32(0x18001B3F) NetType/WIFI Language/zh_CN"
66.249.68.64 - - [15/Jul/2026:16:16:26 +0000] "GET /product/23492402988855 HTTP/1.1" 200 680 "-" "Mozilla/5.0 (Linux; Android 6.0.1; Nexus 5X Build/MMB29P) AppleWebKit/537.36 (KHTML, like Gecko) Chrome/150.0.7871.114 Mobile Safari/537.36 (compatible; Googlebot/2.1; +http://www.google.com/bot.html)"
66.249.79.161 - - [15/Jul/2026:16:16:30 +0000] "GET /shop/pg/87396669-1 HTTP/1.1" 200 680 "-" "Mozilla/5.0 (Linux; Android 6.0.1; Nexus 5X Build/MMB29P) AppleWebKit/537.36 (KHTML, like Gecko) Chrome/150.0.7871.114 Mobile Safari/537.36 (compatible; Googlebot/2.1; +http://www.google.com/bot.html)"
209.42.17.20 - - [15/Jul/2026:16:16:35 +0000] "POST /wp-cron.php?doing_wp_cron=1784132195.8370959758758544921875 HTTP/1.1" 200 0 "-" "WordPress/7.0.1; https://oas.com.ng"
66.249.79.233 - - [15/Jul/2026:16:16:35 +0000] "GET /product/18817093436968 HTTP/1.1" 200 680 "-" "Mozilla/5.0 (Linux; Android 6.0.1; Nexus 5X Build/MMB29P) AppleWebKit/537.36 (KHTML, like Gecko) Chrome/150.0.7871.114 Mobile Safari/537.36 (compatible; Googlebot/2.1; +http://www.google.com/bot.html)"
66.249.79.161 - - [15/Jul/2026:16:16:42 +0000] "GET /prizes/141411341 HTTP/1.1" 200 680 "-" "Mozilla/5.0 (Linux; Android 6.0.1; Nexus 5X Build/MMB29P) AppleWebKit/537.36 (KHTML, like Gecko) Chrome/150.0.7871.114 Mobile Safari/537.36 (compatible; Googlebot/2.1; +http://www.google.com/bot.html)"
47.128.117.201 - - [15/Jul/2026:16:16:49 +0000] "GET /product/31227742708537 HTTP/2" 200 680 "-" "Mozilla/5.0 (Linux; Android 5.0) AppleWebKit/537.36 (KHTML, like Gecko) Mobile Safari/537.36 (compatible; Bytespider; spider-feedback@bytedance.com)"
66.249.79.234 - - [15/Jul/2026:16:16:52 +0000] "GET /shop/pg/21498098-3 HTTP/1.1" 200 680 "-" "Mozilla/5.0 (Linux; Android 6.0.1; Nexus 5X Build/MMB29P) AppleWebKit/537.36 (KHTML, like Gecko) Chrome/150.0.7871.114 Mobile Safari/537.36 (compatible; Googlebot/2.1; +http://www.google.com/bot.html)"
66.249.79.162 - - [15/Jul/2026:16:17:02 +0000] "GET /shop/pg/42497623-3 HTTP/1.1" 200 680 "-" "Mozilla/5.0 (Linux; Android 6.0.1; Nexus 5X Build/MMB29P) AppleWebKit/537.36 (KHTML, like Gecko) Chrome/150.0.7871.114 Mobile Safari/537.36 (compatible; Googlebot/2.1; +http://www.google.com/bot.html)"
66.249.79.233 - - [15/Jul/2026:16:17:03 +0000] "GET /prizes/90004058 HTTP/1.1" 200 680 "-" "Mozilla/5.0 (Linux; Android 6.0.1; Nexus 5X Build/MMB29P) AppleWebKit/537.36 (KHTML, like Gecko) Chrome/150.0.7871.114 Mobile Safari/537.36 (compatible; Googlebot/2.1; +http://www.google.com/bot.html)"
66.249.79.161 - - [15/Jul/2026:16:17:06 +0000] "GET /product/39314776594640 HTTP/1.1" 200 680 "-" "Mozilla/5.0 (Linux; Android 6.0.1; Nexus 5X Build/MMB29P) AppleWebKit/537.36 (KHTML, like Gecko) Chrome/150.0.7871.114 Mobile Safari/537.36 (compatible; Googlebot/2.1; +http://www.google.com/bot.html)"
66.249.68.66 - - [15/Jul/2026:16:17:13 +0000] "GET /product/28515402903729 HTTP/1.1" 200 680 "-" "Mozilla/5.0 (Linux; Android 6.0.1; Nexus 5X Build/MMB29P) AppleWebKit/537.36 (KHTML, like Gecko) Chrome/150.0.7871.114 Mobile Safari/537.36 (compatible; Googlebot/2.1; +http://www.google.com/bot.html)"
66.249.79.233 - - [15/Jul/2026:16:17:18 +0000] "GET /product/16794763700274 HTTP/1.1" 200 680 "-" "Mozilla/5.0 (Linux; Android 6.0.1; Nexus 5X Build/MMB29P) AppleWebKit/537.36 (KHTML, like Gecko) Chrome/150.0.7871.114 Mobile Safari/537.36 (compatible; Googlebot/2.1; +http://www.google.com/bot.html)"
66.249.79.233 - - [15/Jul/2026:16:17:19 +0000] "GET /prizes/236737240 HTTP/1.1" 200 680 "-" "Mozilla/5.0 (Linux; Android 6.0.1; Nexus 5X Build/MMB29P) AppleWebKit/537.36 (KHTML, like Gecko) Chrome/150.0.7871.114 Mobile Safari/537.36 (compatible; Googlebot/2.1; +http://www.google.com/bot.html)"
66.249.79.161 - - [15/Jul/2026:16:17:21 +0000] "GET /product/32822476579785 HTTP/1.1" 200 680 "-" "Mozilla/5.0 (Linux; Android 6.0.1; Nexus 5X Build/MMB29P) AppleWebKit/537.36 (KHTML, like Gecko) Chrome/150.0.7871.114 Mobile Safari/537.36 (compatible; Googlebot/2.1; +http://www.google.com/bot.html)"
47.128.117.17 - - [15/Jul/2026:16:17:23 +0000] "GET /product/26026914420489 HTTP/2" 200 680 "-" "Mozilla/5.0 (Linux; Android 5.0) AppleWebKit/537.36 (KHTML, like Gecko) Mobile Safari/537.36 (compatible; Bytespider; spider-feedback@bytedance.com)"
34.181.200.123 - - [15/Jul/2026:16:17:25 +0000] "GET / HTTP/2" 200 793 "http://www.pctm.gov.ng" "Mozilla/5.0 (compatible; CMS-Checker/1.0; +https://example.com)"
66.249.79.161 - - [15/Jul/2026:16:17:30 +0000] "GET /prizes/146990664 HTTP/1.1" 200 680 "-" "Mozilla/5.0 (Linux; Android 6.0.1; Nexus 5X Build/MMB29P) AppleWebKit/537.36 (KHTML, like Gecko) Chrome/150.0.7871.114 Mobile Safari/537.36 (compatible; Googlebot/2.1; +http://www.google.com/bot.html)"
209.42.17.20 - - [15/Jul/2026:16:17:38 +0000] "POST /wp-cron.php?doing_wp_cron=1784132258.6493690013885498046875 HTTP/1.1" 200 0 "-" "WordPress/7.0.1; https://oas.com.ng"
66.249.79.233 - - [15/Jul/2026:16:17:37 +0000] "GET /shop/pg/28351244-3 HTTP/1.1" 200 680 "-" "Mozilla/5.0 (Linux; Android 6.0.1; Nexus 5X Build/MMB29P) AppleWebKit/537.36 (KHTML, like Gecko) Chrome/150.0.7871.114 Mobile Safari/537.36 (compatible; Googlebot/2.1; +http://www.google.com/bot.html)"
66.249.79.161 - - [15/Jul/2026:16:17:40 +0000] "GET /prizes/167494462 HTTP/1.1" 200 680 "-" "Mozilla/5.0 (Linux; Android 6.0.1; Nexus 5X Build/MMB29P) AppleWebKit/537.36 (KHTML, like Gecko) Chrome/150.0.7871.114 Mobile Safari/537.36 (compatible; Googlebot/2.1; +http://www.google.com/bot.html)"
49.145.46.64 - - [15/Jul/2026:16:17:43 +0000] "GET /product/49858413122448 HTTP/1.1" 200 680 "https://oas.com.ng/sitemap-14.xml" "Mozilla/5.0 (Linux; Android 14; M2102J25) AppleWebKit/537.36 (KHTML, like Gecko) Chrome/147.0.5483.121 Mobile Safari/537.36"
66.249.79.161 - - [15/Jul/2026:16:17:45 +0000] "GET /shop/pg/76520042-2 HTTP/1.1" 200 680 "-" "Mozilla/5.0 (Linux; Android 6.0.1; Nexus 5X Build/MMB29P) AppleWebKit/537.36 (KHTML, like Gecko) Chrome/150.0.7871.114 Mobile Safari/537.36 (compatible; Googlebot/2.1; +http://www.google.com/bot.html)"
66.249.79.233 - - [15/Jul/2026:16:17:46 +0000] "GET /prizes/95242624 HTTP/1.1" 200 680 "-" "Mozilla/5.0 (Linux; Android 6.0.1; Nexus 5X Build/MMB29P) AppleWebKit/537.36 (KHTML, like Gecko) Chrome/150.0.7871.114 Mobile Safari/537.36 (compatible; Googlebot/2.1; +http://www.google.com/bot.html)"
66.249.79.233 - - [15/Jul/2026:16:17:53 +0000] "GET /shop/pg/14098278-1 HTTP/1.1" 200 680 "-" "Mozilla/5.0 (Linux; Android 6.0.1; Nexus 5X Build/MMB29P) AppleWebKit/537.36 (KHTML, like Gecko) Chrome/150.0.7871.114 Mobile Safari/537.36 (compatible; Googlebot/2.1; +http://www.google.com/bot.html)"
66.249.79.161 - - [15/Jul/2026:16:17:54 +0000] "GET /product/21019516112308 HTTP/1.1" 200 680 "-" "Mozilla/5.0 (Linux; Android 6.0.1; Nexus 5X Build/MMB29P) AppleWebKit/537.36 (KHTML, like Gecko) Chrome/150.0.7871.114 Mobile Safari/537.36 (compatible; Googlebot/2.1; +http://www.google.com/bot.html)"
47.128.117.16 - - [15/Jul/2026:16:17:58 +0000] "GET /product/20402443489896 HTTP/2" 200 680 "-" "Mozilla/5.0 (Linux; Android 5.0) AppleWebKit/537.36 (KHTML, like Gecko) Mobile Safari/537.36 (compatible; Bytespider; spider-feedback@bytedance.com)"
66.249.68.65 - - [15/Jul/2026:16:18:02 +0000] "GET /product/21093584620761 HTTP/1.1" 200 680 "-" "Mozilla/5.0 (Linux; Android 6.0.1; Nexus 5X Build/MMB29P) AppleWebKit/537.36 (KHTML, like Gecko) Chrome/150.0.7871.114 Mobile Safari/537.36 (compatible; Googlebot/2.1; +http://www.google.com/bot.html)"
66.249.79.234 - - [15/Jul/2026:16:18:07 +0000] "GET /product/23753923629142 HTTP/1.1" 200 680 "-" "Mozilla/5.0 (Linux; Android 6.0.1; Nexus 5X Build/MMB29P) AppleWebKit/537.36 (KHTML, like Gecko) Chrome/150.0.7871.114 Mobile Safari/537.36 (compatible; Googlebot/2.1; +http://www.google.com/bot.html)"
66.249.79.162 - - [15/Jul/2026:16:18:14 +0000] "GET /product/16932615742294 HTTP/1.1" 200 680 "-" "Mozilla/5.0 (Linux; Android 6.0.1; Nexus 5X Build/MMB29P) AppleWebKit/537.36 (KHTML, like Gecko) Chrome/150.0.7871.114 Mobile Safari/537.36 (compatible; Googlebot/2.1; +http://www.google.com/bot.html)"
66.249.79.162 - - [15/Jul/2026:16:18:15 +0000] "GET /prizes/201878301 HTTP/1.1" 200 680 "-" "Mozilla/5.0 (Linux; Android 6.0.1; Nexus 5X Build/MMB29P) AppleWebKit/537.36 (KHTML, like Gecko) Chrome/150.0.7871.114 Mobile Safari/537.36 (compatible; Googlebot/2.1; +http://www.google.com/bot.html)"
66.249.79.233 - - [15/Jul/2026:16:18:24 +0000] "GET /shop/pg/76838999-1 HTTP/1.1" 200 680 "-" "Mozilla/5.0 (Linux; Android 6.0.1; Nexus 5X Build/MMB29P) AppleWebKit/537.36 (KHTML, like Gecko) Chrome/150.0.7871.114 Mobile Safari/537.36 (compatible; Googlebot/2.1; +http://www.google.com/bot.html)"
66.249.79.161 - - [15/Jul/2026:16:18:32 +0000] "GET /shop/pg/79070628-3 HTTP/1.1" 200 680 "-" "Mozilla/5.0 (Linux; Android 6.0.1; Nexus 5X Build/MMB29P) AppleWebKit/537.36 (KHTML, like Gecko) Chrome/150.0.7871.114 Mobile Safari/537.36 (compatible; Googlebot/2.1; +http://www.google.com/bot.html)"
209.42.17.20 - - [15/Jul/2026:16:18:34 +0000] "POST /wp-cron.php?doing_wp_cron=1784132314.0351369380950927734375 HTTP/1.1" 200 0 "-" "WordPress/7.0.1; https://oas.com.ng"
66.249.79.233 - - [15/Jul/2026:16:18:33 +0000] "GET /prizes/109963462 HTTP/1.1" 200 680 "-" "Mozilla/5.0 (Linux; Android 6.0.1; Nexus 5X Build/MMB29P) AppleWebKit/537.36 (KHTML, like Gecko) Chrome/150.0.7871.114 Mobile Safari/537.36 (compatible; Googlebot/2.1; +http://www.google.com/bot.html)"
47.128.117.199 - - [15/Jul/2026:16:18:36 +0000] "GET /product/43771812835097 HTTP/2" 200 680 "-" "Mozilla/5.0 (Linux; Android 5.0) AppleWebKit/537.36 (KHTML, like Gecko) Mobile Safari/537.36 (compatible; Bytespider; spider-feedback@bytedance.com)"
66.249.79.161 - - [15/Jul/2026:16:18:39 +0000] "GET /product/24225055191317 HTTP/1.1" 200 680 "-" "Mozilla/5.0 (Linux; Android 6.0.1; Nexus 5X Build/MMB29P) AppleWebKit/537.36 (KHTML, like Gecko) Chrome/150.0.7871.114 Mobile Safari/537.36 (compatible; Googlebot/2.1; +http://www.google.com/bot.html)"
34.86.84.144 - - [15/Jul/2026:16:18:41 +0000] "GET / HTTP/2" 200 793 "http://mail.oas.com.ng" "Mozilla/5.0 (compatible; CMS-Checker/1.0; +https://example.com)"
66.249.68.66 - - [15/Jul/2026:16:18:48 +0000] "GET /product/23997572942488 HTTP/1.1" 200 680 "-" "Mozilla/5.0 (Linux; Android 6.0.1; Nexus 5X Build/MMB29P) AppleWebKit/537.36 (KHTML, like Gecko) Chrome/150.0.7871.114 Mobile Safari/537.36 (compatible; Googlebot/2.1; +http://www.google.com/bot.html)"
66.249.79.234 - - [15/Jul/2026:16:18:52 +0000] "GET /product/40110392463932 HTTP/1.1" 200 680 "-" "Mozilla/5.0 (Linux; Android 6.0.1; Nexus 5X Build/MMB29P) AppleWebKit/537.36 (KHTML, like Gecko) Chrome/150.0.7871.114 Mobile Safari/537.36 (compatible; Googlebot/2.1; +http://www.google.com/bot.html)"
66.249.79.162 - - [15/Jul/2026:16:18:55 +0000] "GET /shop/pg/70244780-4 HTTP/1.1" 200 680 "-" "Mozilla/5.0 (Linux; Android 6.0.1; Nexus 5X Build/MMB29P) AppleWebKit/537.36 (KHTML, like Gecko) Chrome/150.0.7871.114 Mobile Safari/537.36 (compatible; Googlebot/2.1; +http://www.google.com/bot.html)"
66.249.79.162 - - [15/Jul/2026:16:19:01 +0000] "GET /prizes/231683937 HTTP/1.1" 200 680 "-" "Mozilla/5.0 (Linux; Android 6.0.1; Nexus 5X Build/MMB29P) AppleWebKit/537.36 (KHTML, like Gecko) Chrome/150.0.7871.114 Mobile Safari/537.36 (compatible; Googlebot/2.1; +http://www.google.com/bot.html)"
177.112.201.191 - - [15/Jul/2026:16:19:07 +0000] "GET /product/49830946578811 HTTP/1.1" 200 680 "https://oas.com.ng/sitemap-6.xml" "Mozilla/5.0 (iPhone; CPU iPhone OS 16_5 like Mac OS X) AppleWebKit/605.1.15 (KHTML, like Gecko) Version/16.5 Mobile/15E148 Safari/604.1"
47.128.117.149 - - [15/Jul/2026:16:19:10 +0000] "GET /product/44759755281738 HTTP/2" 200 680 "-" "Mozilla/5.0 (Linux; Android 5.0) AppleWebKit/537.36 (KHTML, like Gecko) Mobile Safari/537.36 (compatible; Bytespider; spider-feedback@bytedance.com)"
66.249.79.234 - - [15/Jul/2026:16:19:12 +0000] "GET /shop/pg/26018508-4 HTTP/1.1" 200 680 "-" "Mozilla/5.0 (Linux; Android 6.0.1; Nexus 5X Build/MMB29P) AppleWebKit/537.36 (KHTML, like Gecko) Chrome/150.0.7871.114 Mobile Safari/537.36 (compatible; Googlebot/2.1; +http://www.google.com/bot.html)"
66.249.79.161 - - [15/Jul/2026:16:19:20 +0000] "GET /product/19553246425422m HTTP/1.1" 200 680 "-" "Mozilla/5.0 (Linux; Android 6.0.1; Nexus 5X Build/MMB29P) AppleWebKit/537.36 (KHTML, like Gecko) Chrome/150.0.7871.114 Mobile Safari/537.36 (compatible; Googlebot/2.1; +http://www.google.com/bot.html)"
66.249.79.161 - - [15/Jul/2026:16:19:21 +0000] "GET /shop/pg/37497510-1 HTTP/1.1" 200 680 "-" "Mozilla/5.0 (Linux; Android 6.0.1; Nexus 5X Build/MMB29P) AppleWebKit/537.36 (KHTML, like Gecko) Chrome/150.0.7871.114 Mobile Safari/537.36 (compatible; Googlebot/2.1; +http://www.google.com/bot.html)"
66.249.79.234 - - [15/Jul/2026:16:19:22 +0000] "GET /prizes/101852331 HTTP/1.1" 200 680 "-" "Mozilla/5.0 (Linux; Android 6.0.1; Nexus 5X Build/MMB29P) AppleWebKit/537.36 (KHTML, like Gecko) Chrome/150.0.7871.114 Mobile Safari/537.36 (compatible; Googlebot/2.1; +http://www.google.com/bot.html)"
66.249.79.161 - - [15/Jul/2026:16:19:25 +0000] "GET /product/15046113850859 HTTP/1.1" 200 680 "-" "Mozilla/5.0 (Linux; Android 6.0.1; Nexus 5X Build/MMB29P) AppleWebKit/537.36 (KHTML, like Gecko) Chrome/150.0.7871.114 Mobile Safari/537.36 (compatible; Googlebot/2.1; +http://www.google.com/bot.html)"
209.42.17.20 - - [15/Jul/2026:16:19:38 +0000] "POST /wp-cron.php?doing_wp_cron=1784132378.9675879478454589843750 HTTP/1.1" 200 0 "-" "WordPress/7.0.1; https://oas.com.ng"
66.249.68.65 - - [15/Jul/2026:16:19:38 +0000] "GET /product/45574803431177 HTTP/1.1" 200 680 "-" "Mozilla/5.0 (Linux; Android 6.0.1; Nexus 5X Build/MMB29P) AppleWebKit/537.36 (KHTML, like Gecko) Chrome/150.0.7871.114 Mobile Safari/537.36 (compatible; Googlebot/2.1; +http://www.google.com/bot.html)"
66.249.79.233 - - [15/Jul/2026:16:19:40 +0000] "GET /product/19617092395044 HTTP/1.1" 200 680 "-" "Mozilla/5.0 (Linux; Android 6.0.1; Nexus 5X Build/MMB29P) AppleWebKit/537.36 (KHTML, like Gecko) Chrome/150.0.7871.114 Mobile Safari/537.36 (compatible; Googlebot/2.1; +http://www.google.com/bot.html)"
34.86.84.144 - - [15/Jul/2026:16:19:42 +0000] "GET / HTTP/2" 200 793 "http://mail.pctm.gov.ng" "Mozilla/5.0 (compatible; CMS-Checker/1.0; +https://example.com)"
47.128.117.124 - - [15/Jul/2026:16:19:43 +0000] "GET /product/38411383786064 HTTP/2" 200 680 "-" "Mozilla/5.0 (Linux; Android 5.0) AppleWebKit/537.36 (KHTML, like Gecko) Mobile Safari/537.36 (compatible; Bytespider; spider-feedback@bytedance.com)"
66.249.79.161 - - [15/Jul/2026:16:19:43 +0000] "GET /product/46019276564980 HTTP/1.1" 200 680 "-" "Mozilla/5.0 (Linux; Android 6.0.1; Nexus 5X Build/MMB29P) AppleWebKit/537.36 (KHTML, like Gecko) Chrome/150.0.7871.114 Mobile Safari/537.36 (compatible; Googlebot/2.1; +http://www.google.com/bot.html)"
66.249.79.161 - - [15/Jul/2026:16:19:49 +0000] "GET /prizes/72145210 HTTP/1.1" 200 680 "-" "Mozilla/5.0 (Linux; Android 6.0.1; Nexus 5X Build/MMB29P) AppleWebKit/537.36 (KHTML, like Gecko) Chrome/150.0.7871.114 Mobile Safari/537.36 (compatible; Googlebot/2.1; +http://www.google.com/bot.html)"
66.249.68.64 - - [15/Jul/2026:16:19:52 +0000] "GET /product/15958135797667 HTTP/1.1" 200 680 "-" "Mozilla/5.0 (Linux; Android 6.0.1; Nexus 5X Build/MMB29P) AppleWebKit/537.36 (KHTML, like Gecko) Chrome/150.0.7871.114 Mobile Safari/537.36 (compatible; Googlebot/2.1; +http://www.google.com/bot.html)"
66.249.79.233 - - [15/Jul/2026:16:19:56 +0000] "GET /shop/pg/41079652-1 HTTP/1.1" 200 680 "-" "Mozilla/5.0 (Linux; Android 6.0.1; Nexus 5X Build/MMB29P) AppleWebKit/537.36 (KHTML, like Gecko) Chrome/150.0.7871.114 Mobile Safari/537.36 (compatible; Googlebot/2.1; +http://www.google.com/bot.html)"
66.249.79.163 - - [15/Jul/2026:16:20:06 +0000] "GET /shop/pg/16741740-2 HTTP/1.1" 200 680 "-" "Mozilla/5.0 (Linux; Android 6.0.1; Nexus 5X Build/MMB29P) AppleWebKit/537.36 (KHTML, like Gecko) Chrome/150.0.7871.114 Mobile Safari/537.36 (compatible; Googlebot/2.1; +http://www.google.com/bot.html)"
66.249.79.235 - - [15/Jul/2026:16:20:07 +0000] "GET /prizes/16885240 HTTP/1.1" 200 680 "-" "Mozilla/5.0 (Linux; Android 6.0.1; Nexus 5X Build/MMB29P) AppleWebKit/537.36 (KHTML, like Gecko) Chrome/150.0.7871.114 Mobile Safari/537.36 (compatible; Googlebot/2.1; +http://www.google.com/bot.html)"
66.249.79.162 - - [15/Jul/2026:16:20:09 +0000] "GET /product/43327186284615 HTTP/1.1" 200 680 "-" "Mozilla/5.0 (Linux; Android 6.0.1; Nexus 5X Build/MMB29P) AppleWebKit/537.36 (KHTML, like Gecko) Chrome/150.0.7871.114 Mobile Safari/537.36 (compatible; Googlebot/2.1; +http://www.google.com/bot.html)"
66.249.68.65 - - [15/Jul/2026:16:20:16 +0000] "GET /product/16633954842804 HTTP/1.1" 200 680 "-" "Mozilla/5.0 (Linux; Android 6.0.1; Nexus 5X Build/MMB29P) AppleWebKit/537.36 (KHTML, like Gecko) Chrome/150.0.7871.114 Mobile Safari/537.36 (compatible; Googlebot/2.1; +http://www.google.com/bot.html)"
66.249.79.234 - - [15/Jul/2026:16:20:19 +0000] "GET /product/19183793576292 HTTP/1.1" 200 680 "-" "Mozilla/5.0 (Linux; Android 6.0.1; Nexus 5X Build/MMB29P) AppleWebKit/537.36 (KHTML, like Gecko) Chrome/150.0.7871.114 Mobile Safari/537.36 (compatible; Googlebot/2.1; +http://www.google.com/bot.html)"
66.249.79.234 - - [15/Jul/2026:16:20:19 +0000] "GET /shop/pg/32905099-1 HTTP/1.1" 200 680 "-" "Mozilla/5.0 (Linux; Android 6.0.1; Nexus 5X Build/MMB29P) AppleWebKit/537.36 (KHTML, like Gecko) Chrome/150.0.7871.114 Mobile Safari/537.36 (compatible; Googlebot/2.1; +http://www.google.com/bot.html)"
125.167.56.48 - - [15/Jul/2026:16:20:21 +0000] "GET /product/20156384728932 HTTP/2" 200 680 "-" "Mozilla/5.0 (iPhone; CPU iPhone OS 11_0 like Mac OS X) AppleWebKit/537.36 (KHTML, like Gecko) Chrome/60.0.8073.1243 Mobile Safari/537.36"
66.249.79.161 - - [15/Jul/2026:16:20:27 +0000] "GET /prizes/69873947 HTTP/1.1" 200 680 "-" "Mozilla/5.0 (Linux; Android 6.0.1; Nexus 5X Build/MMB29P) AppleWebKit/537.36 (KHTML, like Gecko) Chrome/150.0.7871.114 Mobile Safari/537.36 (compatible; Googlebot/2.1; +http://www.google.com/bot.html)"
37.238.63.242 - - [15/Jul/2026:16:20:31 +0000] "GET /product/49442603650323 HTTP/1.1" 200 680 "https://oas.com.ng/sitemap-12.xml" "Mozilla/5.0 (iPhone; CPU iPhone OS 18_4 like Mac OS X) AppleWebKit/605.1.15 (KHTML, like Gecko) Version/18.4 Mobile/15E148 Safari/604.1"
209.42.17.20 - - [15/Jul/2026:16:20:35 +0000] "POST /wp-cron.php?doing_wp_cron=1784132435.7720909118652343750000 HTTP/1.1" 200 0 "-" "WordPress/7.0.1; https://oas.com.ng"
66.249.79.233 - - [15/Jul/2026:16:20:35 +0000] "GET /shop/pg/14549903-2 HTTP/1.1" 200 680 "-" "Mozilla/5.0 (Linux; Android 6.0.1; Nexus 5X Build/MMB29P) AppleWebKit/537.36 (KHTML, like Gecko) Chrome/150.0.7871.114 Mobile Safari/537.36 (compatible; Googlebot/2.1; +http://www.google.com/bot.html)"
66.249.79.161 - - [15/Jul/2026:16:20:36 +0000] "GET /prizes/75854220 HTTP/1.1" 200 680 "-" "Mozilla/5.0 (Linux; Android 6.0.1; Nexus 5X Build/MMB29P) AppleWebKit/537.36 (KHTML, like Gecko) Chrome/150.0.7871.114 Mobile Safari/537.36 (compatible; Googlebot/2.1; +http://www.google.com/bot.html)"
66.249.79.161 - - [15/Jul/2026:16:20:41 +0000] "GET /shop/pg/41661264-3 HTTP/1.1" 200 680 "-" "Mozilla/5.0 (Linux; Android 6.0.1; Nexus 5X Build/MMB29P) AppleWebKit/537.36 (KHTML, like Gecko) Chrome/150.0.7871.114 Mobile Safari/537.36 (compatible; Googlebot/2.1; +http://www.google.com/bot.html)"
66.249.79.233 - - [15/Jul/2026:16:20:42 +0000] "GET /prizes/78128442 HTTP/1.1" 200 680 "-" "Mozilla/5.0 (Linux; Android 6.0.1; Nexus 5X Build/MMB29P) AppleWebKit/537.36 (KHTML, like Gecko) Chrome/150.0.7871.114 Mobile Safari/537.36 (compatible; Googlebot/2.1; +http://www.google.com/bot.html)"
66.249.79.161 - - [15/Jul/2026:16:20:44 +0000] "GET /product/39751046192594 HTTP/1.1" 200 680 "-" "Mozilla/5.0 (Linux; Android 6.0.1; Nexus 5X Build/MMB29P) AppleWebKit/537.36 (KHTML, like Gecko) Chrome/150.0.7871.114 Mobile Safari/537.36 (compatible; Googlebot/2.1; +http://www.google.com/bot.html)"
66.249.79.233 - - [15/Jul/2026:16:20:54 +0000] "GET /product/20560093848759 HTTP/1.1" 200 680 "-" "Mozilla/5.0 (Linux; Android 6.0.1; Nexus 5X Build/MMB29P) AppleWebKit/537.36 (KHTML, like Gecko) Chrome/150.0.7871.114 Mobile Safari/537.36 (compatible; Googlebot/2.1; +http://www.google.com/bot.html)"
38.187.2.74 - - [15/Jul/2026:16:20:56 +0000] "GET /product/33203184056847 HTTP/2" 200 680 "-" "Mozilla/5.0 (iPhone; CPU iPhone OS 11_0 like Mac OS X) AppleWebKit/537.36 (KHTML, like Gecko) Chrome/58.0.1877.1581 Mobile Safari/537.36"
66.249.68.64 - - [15/Jul/2026:16:20:56 +0000] "GET /product/15307933283768 HTTP/1.1" 200 680 "-" "Mozilla/5.0 (Linux; Android 6.0.1; Nexus 5X Build/MMB29P) AppleWebKit/537.36 (KHTML, like Gecko) Chrome/150.0.7871.114 Mobile Safari/537.36 (compatible; Googlebot/2.1; +http://www.google.com/bot.html)"
66.249.79.233 - - [15/Jul/2026:16:20:59 +0000] "GET /product/45672373680408 HTTP/1.1" 200 680 "-" "Mozilla/5.0 (Linux; Android 6.0.1; Nexus 5X Build/MMB29P) AppleWebKit/537.36 (KHTML, like Gecko) Chrome/150.0.7871.114 Mobile Safari/537.36 (compatible; Googlebot/2.1; +http://www.google.com/bot.html)"
66.249.79.163 - - [15/Jul/2026:16:21:02 +0000] "GET /product/41342833382958 HTTP/1.1" 200 680 "-" "Mozilla/5.0 (Linux; Android 6.0.1; Nexus 5X Build/MMB29P) AppleWebKit/537.36 (KHTML, like Gecko) Chrome/150.0.7871.114 Mobile Safari/537.36 (compatible; Googlebot/2.1; +http://www.google.com/bot.html)"
66.249.79.233 - - [15/Jul/2026:16:21:06 +0000] "GET /prizes/59341402 HTTP/1.1" 200 680 "-" "Mozilla/5.0 (Linux; Android 6.0.1; Nexus 5X Build/MMB29P) AppleWebKit/537.36 (KHTML, like Gecko) Chrome/150.0.7871.114 Mobile Safari/537.36 (compatible; Googlebot/2.1; +http://www.google.com/bot.html)"
66.249.79.162 - - [15/Jul/2026:16:21:09 +0000] "GET /product/22417236570239 HTTP/1.1" 200 680 "-" "Mozilla/5.0 (Linux; Android 6.0.1; Nexus 5X Build/MMB29P) AppleWebKit/537.36 (KHTML, like Gecko) Chrome/150.0.7871.114 Mobile Safari/537.36 (compatible; Googlebot/2.1; +http://www.google.com/bot.html)"
66.249.79.161 - - [15/Jul/2026:16:21:12 +0000] "GET /prizes/236289341 HTTP/1.1" 200 680 "-" "Mozilla/5.0 (Linux; Android 6.0.1; Nexus 5X Build/MMB29P) AppleWebKit/537.36 (KHTML, like Gecko) Chrome/150.0.7871.114 Mobile Safari/537.36 (compatible; Googlebot/2.1; +http://www.google.com/bot.html)"
66.249.79.233 - - [15/Jul/2026:16:21:20 +0000] "GET /shop/pg/39965379-1 HTTP/1.1" 200 680 "-" "Mozilla/5.0 (Linux; Android 6.0.1; Nexus 5X Build/MMB29P) AppleWebKit/537.36 (KHTML, like Gecko) Chrome/150.0.7871.114 Mobile Safari/537.36 (compatible; Googlebot/2.1; +http://www.google.com/bot.html)"
66.249.79.161 - - [15/Jul/2026:16:21:21 +0000] "GET /product/30452584718574 HTTP/1.1" 200 680 "-" "Mozilla/5.0 (Linux; Android 6.0.1; Nexus 5X Build/MMB29P) AppleWebKit/537.36 (KHTML, like Gecko) Chrome/150.0.7871.114 Mobile Safari/537.36 (compatible; Googlebot/2.1; +http://www.google.com/bot.html)"
66.249.79.161 - - [15/Jul/2026:16:21:26 +0000] "GET /shop/pg/63249165-4 HTTP/1.1" 200 680 "-" "Mozilla/5.0 (Linux; Android 6.0.1; Nexus 5X Build/MMB29P) AppleWebKit/537.36 (KHTML, like Gecko) Chrome/150.0.7871.114 Mobile Safari/537.36 (compatible; Googlebot/2.1; +http://www.google.com/bot.html)"
66.249.79.233 - - [15/Jul/2026:16:21:27 +0000] "GET /prizes/68263109 HTTP/1.1" 200 680 "-" "Mozilla/5.0 (Linux; Android 6.0.1; Nexus 5X Build/MMB29P) AppleWebKit/537.36 (KHTML, like Gecko) Chrome/150.0.7871.114 Mobile Safari/537.36 (compatible; Googlebot/2.1; +http://www.google.com/bot.html)"
66.249.79.161 - - [15/Jul/2026:16:21:28 +0000] "GET /product/25901612933851 HTTP/1.1" 200 680 "-" "Mozilla/5.0 (Linux; Android 6.0.1; Nexus 5X Build/MMB29P) AppleWebKit/537.36 (KHTML, like Gecko) Chrome/150.0.7871.114 Mobile Safari/537.36 (compatible; Googlebot/2.1; +http://www.google.com/bot.html)"
209.42.17.20 - - [15/Jul/2026:16:21:33 +0000] "POST /wp-cron.php?doing_wp_cron=1784132493.6206669807434082031250 HTTP/1.1" 200 0 "-" "WordPress/7.0.1; https://oas.com.ng"
102.91.102.65 - - [15/Jul/2026:16:21:32 +0000] "GET /product/32016805240028 HTTP/2" 200 680 "https://www.bing.com.ng/" "Mozilla/5.0 (Android 13; Mobile; rv:98.0) Gecko/98.0 Firefox/98.0"
66.249.68.65 - - [15/Jul/2026:16:21:34 +0000] "GET /product/32311544331663 HTTP/1.1" 200 680 "-" "Mozilla/5.0 (Linux; Android 6.0.1; Nexus 5X Build/MMB29P) AppleWebKit/537.36 (KHTML, like Gecko) Chrome/150.0.7871.114 Mobile Safari/537.36 (compatible; Googlebot/2.1; +http://www.google.com/bot.html)"
66.249.79.233 - - [15/Jul/2026:16:21:38 +0000] "GET /product/35180653021892 HTTP/1.1" 200 680 "-" "Mozilla/5.0 (Linux; Android 6.0.1; Nexus 5X Build/MMB29P) AppleWebKit/537.36 (KHTML, like Gecko) Chrome/150.0.7871.114 Mobile Safari/537.36 (compatible; Googlebot/2.1; +http://www.google.com/bot.html)"
66.249.79.161 - - [15/Jul/2026:16:21:46 +0000] "GET /prizes/129100816 HTTP/1.1" 200 680 "-" "Mozilla/5.0 (Linux; Android 6.0.1; Nexus 5X Build/MMB29P) AppleWebKit/537.36 (KHTML, like Gecko) Chrome/150.0.7871.114 Mobile Safari/537.36 (compatible; Googlebot/2.1; +http://www.google.com/bot.html)"
150.228.183.90 - - [15/Jul/2026:16:21:54 +0000] "GET /product/49314415154729 HTTP/1.1" 200 680 "https://oas.com.ng/sitemap-7.xml" "Mozilla/5.0 (iPhone; CPU iPhone OS 16_5 like Mac OS X) AppleWebKit/605.1.15 (KHTML, like Gecko) Version/16.5 Mobile/15E148 Safari/604.1"
66.249.79.233 - - [15/Jul/2026:16:21:54 +0000] "GET /prizes/207369230 HTTP/1.1" 200 680 "-" "Mozilla/5.0 (Linux; Android 6.0.1; Nexus 5X Build/MMB29P) AppleWebKit/537.36 (KHTML, like Gecko) Chrome/150.0.7871.114 Mobile Safari/537.36 (compatible; Googlebot/2.1; +http://www.google.com/bot.html)"
66.249.79.233 - - [15/Jul/2026:16:21:55 +0000] "GET /shop/pg/78928149-1 HTTP/1.1" 200 680 "-" "Mozilla/5.0 (Linux; Android 6.0.1; Nexus 5X Build/MMB29P) AppleWebKit/537.36 (KHTML, like Gecko) Chrome/150.0.7871.114 Mobile Safari/537.36 (compatible; Googlebot/2.1; +http://www.google.com/bot.html)"
66.249.79.162 - - [15/Jul/2026:16:22:04 +0000] "GET /shop/pg/77698875-2 HTTP/1.1" 200 680 "-" "Mozilla/5.0 (Linux; Android 6.0.1; Nexus 5X Build/MMB29P) AppleWebKit/537.36 (KHTML, like Gecko) Chrome/150.0.7871.114 Mobile Safari/537.36 (compatible; Googlebot/2.1; +http://www.google.com/bot.html)"
47.128.117.136 - - [15/Jul/2026:16:22:04 +0000] "GET /product/13426566133233 HTTP/2" 200 680 "-" "Mozilla/5.0 (Linux; Android 5.0) AppleWebKit/537.36 (KHTML, like Gecko) Mobile Safari/537.36 (compatible; Bytespider; spider-feedback@bytedance.com)"
66.249.79.235 - - [15/Jul/2026:16:22:05 +0000] "GET /prizes/287699634 HTTP/1.1" 200 680 "-" "Mozilla/5.0 (Linux; Android 6.0.1; Nexus 5X Build/MMB29P) AppleWebKit/537.36 (KHTML, like Gecko) Chrome/150.0.7871.114 Mobile Safari/537.36 (compatible; Googlebot/2.1; +http://www.google.com/bot.html)"
66.249.79.161 - - [15/Jul/2026:16:22:06 +0000] "GET /product/49207964942016 HTTP/1.1" 200 680 "-" "Mozilla/5.0 (Linux; Android 6.0.1; Nexus 5X Build/MMB29P) AppleWebKit/537.36 (KHTML, like Gecko) Chrome/150.0.7871.114 Mobile Safari/537.36 (compatible; Googlebot/2.1; +http://www.google.com/bot.html)"
66.249.68.64 - - [15/Jul/2026:16:22:13 +0000] "GET /product/33174083719989 HTTP/1.1" 200 680 "-" "Mozilla/5.0 (Linux; Android 6.0.1; Nexus 5X Build/MMB29P) AppleWebKit/537.36 (KHTML, like Gecko) Chrome/150.0.7871.114 Mobile Safari/537.36 (compatible; Googlebot/2.1; +http://www.google.com/bot.html)"
66.249.79.234 - - [15/Jul/2026:16:22:16 +0000] "GET /product/13515513223603 HTTP/1.1" 200 680 "-" "Mozilla/5.0 (Linux; Android 6.0.1; Nexus 5X Build/MMB29P) AppleWebKit/537.36 (KHTML, like Gecko) Chrome/150.0.7871.114 Mobile Safari/537.36 (compatible; Googlebot/2.1; +http://www.google.com/bot.html)"
66.249.79.161 - - [15/Jul/2026:16:22:22 +0000] "GET /prizes/119874129 HTTP/1.1" 200 680 "-" "Mozilla/5.0 (Linux; Android 6.0.1; Nexus 5X Build/MMB29P) AppleWebKit/537.36 (KHTML, like Gecko) Chrome/150.0.7871.114 Mobile Safari/537.36 (compatible; Googlebot/2.1; +http://www.google.com/bot.html)"
66.249.79.233 - - [15/Jul/2026:16:22:28 +0000] "GET /shop/pg/31755260-1 HTTP/1.1" 200 680 "-" "Mozilla/5.0 (Linux; Android 6.0.1; Nexus 5X Build/MMB29P) AppleWebKit/537.36 (KHTML, like Gecko) Chrome/150.0.7871.114 Mobile Safari/537.36 (compatible; Googlebot/2.1; +http://www.google.com/bot.html)"
209.42.17.20 - - [15/Jul/2026:16:22:34 +0000] "POST /wp-cron.php?doing_wp_cron=1784132554.6208910942077636718750 HTTP/1.1" 200 0 "-" "WordPress/7.0.1; https://oas.com.ng"
66.249.79.161 - - [15/Jul/2026:16:22:33 +0000] "GET /shop/pg/51932812-4 HTTP/1.1" 200 680 "-" "Mozilla/5.0 (Linux; Android 6.0.1; Nexus 5X Build/MMB29P) AppleWebKit/537.36 (KHTML, like Gecko) Chrome/150.0.7871.114 Mobile Safari/537.36 (compatible; Googlebot/2.1; +http://www.google.com/bot.html)"
66.249.79.233 - - [15/Jul/2026:16:22:36 +0000] "GET /prizes/157295472 HTTP/1.1" 200 680 "-" "Mozilla/5.0 (Linux; Android 6.0.1; Nexus 5X Build/MMB29P) AppleWebKit/537.36 (KHTML, like Gecko) Chrome/150.0.7871.114 Mobile Safari/537.36 (compatible; Googlebot/2.1; +http://www.google.com/bot.html)"
66.249.79.161 - - [15/Jul/2026:16:22:36 +0000] "GET /product/47640682723551 HTTP/1.1" 200 680 "-" "Mozilla/5.0 (Linux; Android 6.0.1; Nexus 5X Build/MMB29P) AppleWebKit/537.36 (KHTML, like Gecko) Chrome/150.0.7871.114 Mobile Safari/537.36 (compatible; Googlebot/2.1; +http://www.google.com/bot.html)"
66.249.79.233 - - [15/Jul/2026:16:22:37 +0000] "GET /shop/pg/44530620-4 HTTP/1.1" 200 680 "-" "Mozilla/5.0 (Linux; Android 6.0.1; Nexus 5X Build/MMB29P) AppleWebKit/537.36 (KHTML, like Gecko) Chrome/150.0.7871.114 Mobile Safari/537.36 (compatible; Googlebot/2.1; +http://www.google.com/bot.html)"
47.128.117.203 - - [15/Jul/2026:16:22:41 +0000] "GET /product/11142435230127 HTTP/2" 200 680 "-" "Mozilla/5.0 (Linux; Android 5.0) AppleWebKit/537.36 (KHTML, like Gecko) Mobile Safari/537.36 (compatible; Bytespider; spider-feedback@bytedance.com)"
66.249.68.64 - - [15/Jul/2026:16:22:44 +0000] "GET /product/46477345282542 HTTP/1.1" 200 680 "-" "Mozilla/5.0 (Linux; Android 6.0.1; Nexus 5X Build/MMB29P) AppleWebKit/537.36 (KHTML, like Gecko) Chrome/150.0.7871.114 Mobile Safari/537.36 (compatible; Googlebot/2.1; +http://www.google.com/bot.html)"
66.249.79.233 - - [15/Jul/2026:16:22:46 +0000] "GET /product/25246444950478 HTTP/1.1" 200 680 "-" "Mozilla/5.0 (Linux; Android 6.0.1; Nexus 5X Build/MMB29P) AppleWebKit/537.36 (KHTML, like Gecko) Chrome/150.0.7871.114 Mobile Safari/537.36 (compatible; Googlebot/2.1; +http://www.google.com/bot.html)"
66.249.79.161 - - [15/Jul/2026:16:22:53 +0000] "GET /prizes/296508341 HTTP/1.1" 200 680 "-" "Mozilla/5.0 (Linux; Android 6.0.1; Nexus 5X Build/MMB29P) AppleWebKit/537.36 (KHTML, like Gecko) Chrome/150.0.7871.114 Mobile Safari/537.36 (compatible; Googlebot/2.1; +http://www.google.com/bot.html)"
34.26.63.78 - - [15/Jul/2026:16:22:57 +0000] "GET / HTTP/2" 401 53 "http://webdisk.oas.com.ng" "Mozilla/5.0 (compatible; CMS-Checker/1.0; +https://example.com)"
66.249.79.233 - - [15/Jul/2026:16:22:59 +0000] "GET /shop/pg/15958520-3 HTTP/1.1" 200 680 "-" "Mozilla/5.0 (Linux; Android 6.0.1; Nexus 5X Build/MMB29P) AppleWebKit/537.36 (KHTML, like Gecko) Chrome/150.0.7871.114 Mobile Safari/537.36 (compatible; Googlebot/2.1; +http://www.google.com/bot.html)"
66.249.79.163 - - [15/Jul/2026:16:23:07 +0000] "GET /shop/pg/68085263-3 HTTP/1.1" 200 680 "-" "Mozilla/5.0 (Linux; Android 6.0.1; Nexus 5X Build/MMB29P) AppleWebKit/537.36 (KHTML, like Gecko) Chrome/150.0.7871.114 Mobile Safari/537.36 (compatible; Googlebot/2.1; +http://www.google.com/bot.html)"
66.249.79.233 - - [15/Jul/2026:16:23:08 +0000] "GET /prizes/144828129 HTTP/1.1" 200 680 "-" "Mozilla/5.0 (Linux; Android 6.0.1; Nexus 5X Build/MMB29P) AppleWebKit/537.36 (KHTML, like Gecko) Chrome/150.0.7871.114 Mobile Safari/537.36 (compatible; Googlebot/2.1; +http://www.google.com/bot.html)"
66.249.79.161 - - [15/Jul/2026:16:23:09 +0000] "GET /product/31568734245937 HTTP/1.1" 200 680 "-" "Mozilla/5.0 (Linux; Android 6.0.1; Nexus 5X Build/MMB29P) AppleWebKit/537.36 (KHTML, like Gecko) Chrome/150.0.7871.114 Mobile Safari/537.36 (compatible; Googlebot/2.1; +http://www.google.com/bot.html)"
66.249.79.233 - - [15/Jul/2026:16:23:14 +0000] "GET /shop/pg/73844408-1 HTTP/1.1" 200 680 "-" "Mozilla/5.0 (Linux; Android 6.0.1; Nexus 5X Build/MMB29P) AppleWebKit/537.36 (KHTML, like Gecko) Chrome/150.0.7871.114 Mobile Safari/537.36 (compatible; Googlebot/2.1; +http://www.google.com/bot.html)"
66.249.68.64 - - [15/Jul/2026:16:23:14 +0000] "GET /product/15108415349725 HTTP/1.1" 200 680 "-" "Mozilla/5.0 (Linux; Android 6.0.1; Nexus 5X Build/MMB29P) AppleWebKit/537.36 (KHTML, like Gecko) Chrome/150.0.7871.114 Mobile Safari/537.36 (compatible; Googlebot/2.1; +http://www.google.com/bot.html)"
66.249.79.233 - - [15/Jul/2026:16:23:15 +0000] "GET /product/39764065196100 HTTP/1.1" 200 680 "-" "Mozilla/5.0 (Linux; Android 6.0.1; Nexus 5X Build/MMB29P) AppleWebKit/537.36 (KHTML, like Gecko) Chrome/150.0.7871.114 Mobile Safari/537.36 (compatible; Googlebot/2.1; +http://www.google.com/bot.html)"
31.44.159.117 - - [15/Jul/2026:16:23:16 +0000] "GET /product/33393993049741 HTTP/2" 200 680 "-" "Mozilla/5.0 (Linux; Android 8.0; Pixel 2 Build/OPD3.170816.012) AppleWebKit/537.36 (KHTML, like Gecko) Chrome/60.0.7075.1368 Mobile Safari/537.36"
66.249.79.233 - - [15/Jul/2026:16:23:18 +0000] "GET /product/29180832632619 HTTP/1.1" 200 680 "-" "Mozilla/5.0 (Linux; Android 6.0.1; Nexus 5X Build/MMB29P) AppleWebKit/537.36 (KHTML, like Gecko) Chrome/150.0.7871.114 Mobile Safari/537.36 (compatible; Googlebot/2.1; +http://www.google.com/bot.html)"
188.53.220.62 - - [15/Jul/2026:16:23:18 +0000] "GET /product/48890884542826 HTTP/1.1" 200 680 "https://oas.com.ng/sitemap-6.xml" "Mozilla/5.0 (Linux; Android 15; V2188) AppleWebKit/537.36 (KHTML, like Gecko) Chrome/141.0.5965.32 Mobile Safari/537.36"
66.249.79.162 - - [15/Jul/2026:16:23:21 +0000] "GET /prizes/109782755 HTTP/1.1" 200 680 "-" "Mozilla/5.0 (Linux; Android 6.0.1; Nexus 5X Build/MMB29P) AppleWebKit/537.36 (KHTML, like Gecko) Chrome/150.0.7871.114 Mobile Safari/537.36 (compatible; Googlebot/2.1; +http://www.google.com/bot.html)"
66.249.79.233 - - [15/Jul/2026:16:23:24 +0000] "GET /shop/pg/54662852-3 HTTP/1.1" 200 680 "-" "Mozilla/5.0 (Linux; Android 6.0.1; Nexus 5X Build/MMB29P) AppleWebKit/537.36 (KHTML, like Gecko) Chrome/150.0.7871.114 Mobile Safari/537.36 (compatible; Googlebot/2.1; +http://www.google.com/bot.html)"
66.249.79.233 - - [15/Jul/2026:16:23:26 +0000] "GET /product/33176781565070 HTTP/1.1" 200 680 "-" "Mozilla/5.0 (Linux; Android 6.0.1; Nexus 5X Build/MMB29P) AppleWebKit/537.36 (KHTML, like Gecko) Chrome/150.0.7871.114 Mobile Safari/537.36 (compatible; Googlebot/2.1; +http://www.google.com/bot.html)"
66.249.79.161 - - [15/Jul/2026:16:23:30 +0000] "GET /shop/pg/71721667-4 HTTP/1.1" 200 680 "-" "Mozilla/5.0 (Linux; Android 6.0.1; Nexus 5X Build/MMB29P) AppleWebKit/537.36 (KHTML, like Gecko) Chrome/150.0.7871.114 Mobile Safari/537.36 (compatible; Googlebot/2.1; +http://www.google.com/bot.html)"
66.249.79.233 - - [15/Jul/2026:16:23:30 +0000] "GET /prizes/104468068 HTTP/1.1" 200 680 "-" "Mozilla/5.0 (Linux; Android 6.0.1; Nexus 5X Build/MMB29P) AppleWebKit/537.36 (KHTML, like Gecko) Chrome/150.0.7871.114 Mobile Safari/537.36 (compatible; Googlebot/2.1; +http://www.google.com/bot.html)"
66.249.79.161 - - [15/Jul/2026:16:23:31 +0000] "GET /product/28768946057978 HTTP/1.1" 200 680 "-" "Mozilla/5.0 (Linux; Android 6.0.1; Nexus 5X Build/MMB29P) AppleWebKit/537.36 (KHTML, like Gecko) Chrome/150.0.7871.114 Mobile Safari/537.36 (compatible; Googlebot/2.1; +http://www.google.com/bot.html)"
209.42.17.20 - - [15/Jul/2026:16:23:36 +0000] "POST /wp-cron.php?doing_wp_cron=1784132616.0684518814086914062500 HTTP/1.1" 200 0 "-" "WordPress/7.0.1; https://oas.com.ng"
66.249.68.64 - - [15/Jul/2026:16:23:34 +0000] "GET /product/23443394797633 HTTP/1.1" 200 680 "-" "Mozilla/5.0 (Linux; Android 6.0.1; Nexus 5X Build/MMB29P) AppleWebKit/537.36 (KHTML, like Gecko) Chrome/150.0.7871.114 Mobile Safari/537.36 (compatible; Googlebot/2.1; +http://www.google.com/bot.html)"
66.249.79.233 - - [15/Jul/2026:16:23:36 +0000] "GET /product/38277032316497 HTTP/1.1" 200 680 "-" "Mozilla/5.0 (Linux; Android 6.0.1; Nexus 5X Build/MMB29P) AppleWebKit/537.36 (KHTML, like Gecko) Chrome/150.0.7871.114 Mobile Safari/537.36 (compatible; Googlebot/2.1; +http://www.google.com/bot.html)"
66.249.79.161 - - [15/Jul/2026:16:23:40 +0000] "GET /prizes/160803533 HTTP/1.1" 200 680 "-" "Mozilla/5.0 (Linux; Android 6.0.1; Nexus 5X Build/MMB29P) AppleWebKit/537.36 (KHTML, like Gecko) Chrome/150.0.7871.114 Mobile Safari/537.36 (compatible; Googlebot/2.1; +http://www.google.com/bot.html)"
66.249.79.233 - - [15/Jul/2026:16:23:44 +0000] "GET /shop/pg/31400445-3 HTTP/1.1" 200 680 "-" "Mozilla/5.0 (Linux; Android 6.0.1; Nexus 5X Build/MMB29P) AppleWebKit/537.36 (KHTML, like Gecko) Chrome/150.0.7871.114 Mobile Safari/537.36 (compatible; Googlebot/2.1; +http://www.google.com/bot.html)"
66.249.79.161 - - [15/Jul/2026:16:23:47 +0000] "GET /shop/pg/58943648-3 HTTP/1.1" 200 680 "-" "Mozilla/5.0 (Linux; Android 6.0.1; Nexus 5X Build/MMB29P) AppleWebKit/537.36 (KHTML, like Gecko) Chrome/150.0.7871.114 Mobile Safari/537.36 (compatible; Googlebot/2.1; +http://www.google.com/bot.html)"
66.249.79.233 - - [15/Jul/2026:16:23:48 +0000] "GET /prizes/151847907 HTTP/1.1" 200 680 "-" "Mozilla/5.0 (Linux; Android 6.0.1; Nexus 5X Build/MMB29P) AppleWebKit/537.36 (KHTML, like Gecko) Chrome/150.0.7871.114 Mobile Safari/537.36 (compatible; Googlebot/2.1; +http://www.google.com/bot.html)"
66.249.79.161 - - [15/Jul/2026:16:23:49 +0000] "GET /product/35903385543403 HTTP/1.1" 200 680 "-" "Mozilla/5.0 (Linux; Android 6.0.1; Nexus 5X Build/MMB29P) AppleWebKit/537.36 (KHTML, like Gecko) Chrome/150.0.7871.114 Mobile Safari/537.36 (compatible; Googlebot/2.1; +http://www.google.com/bot.html)"
95.244.38.119 - - [15/Jul/2026:16:23:50 +0000] "GET /product/14195625126454 HTTP/2" 200 680 "-" "Mozilla/5.0 (Linux; Android 5.0; SM-G900P Build/LRX21T) AppleWebKit/537.36 (KHTML, like Gecko) Chrome/56.0.3323.1217 Mobile Safari/537.36"
66.249.68.65 - - [15/Jul/2026:16:23:53 +0000] "GET /product/34066726212529 HTTP/1.1" 200 680 "-" "Mozilla/5.0 (Linux; Android 6.0.1; Nexus 5X Build/MMB29P) AppleWebKit/537.36 (KHTML, like Gecko) Chrome/150.0.7871.114 Mobile Safari/537.36 (compatible; Googlebot/2.1; +http://www.google.com/bot.html)"
66.249.79.233 - - [15/Jul/2026:16:23:59 +0000] "GET /product/37367895172148 HTTP/1.1" 200 680 "-" "Mozilla/5.0 (Linux; Android 6.0.1; Nexus 5X Build/MMB29P) AppleWebKit/537.36 (KHTML, like Gecko) Chrome/150.0.7871.114 Mobile Safari/537.36 (compatible; Googlebot/2.1; +http://www.google.com/bot.html)"
66.249.79.161 - - [15/Jul/2026:16:24:04 +0000] "GET /prizes/206405967 HTTP/1.1" 200 680 "-" "Mozilla/5.0 (Linux; Android 6.0.1; Nexus 5X Build/MMB29P) AppleWebKit/537.36 (KHTML, like Gecko) Chrome/150.0.7871.114 Mobile Safari/537.36 (compatible; Googlebot/2.1; +http://www.google.com/bot.html)"
91.92.243.249 - - [15/Jul/2026:16:24:09 +0000] "POST /wp-login.php HTTP/1.1" 200 6655 "-" "Mozilla/5.0"
66.249.79.233 - - [15/Jul/2026:16:24:09 +0000] "GET /shop/pg/14191095-3 HTTP/1.1" 200 680 "-" "Mozilla/5.0 (Linux; Android 6.0.1; Nexus 5X Build/MMB29P) AppleWebKit/537.36 (KHTML, like Gecko) Chrome/150.0.7871.114 Mobile Safari/537.36 (compatible; Googlebot/2.1; +http://www.google.com/bot.html)"
66.249.79.161 - - [15/Jul/2026:16:24:13 +0000] "GET /shop/pg/96068995-2 HTTP/1.1" 200 680 "-" "Mozilla/5.0 (Linux; Android 6.0.1; Nexus 5X Build/MMB29P) AppleWebKit/537.36 (KHTML, like Gecko) Chrome/150.0.7871.114 Mobile Safari/537.36 (compatible; Googlebot/2.1; +http://www.google.com/bot.html)"
66.249.79.233 - - [15/Jul/2026:16:24:15 +0000] "GET /prizes/151590725 HTTP/1.1" 200 680 "-" "Mozilla/5.0 (Linux; Android 6.0.1; Nexus 5X Build/MMB29P) AppleWebKit/537.36 (KHTML, like Gecko) Chrome/150.0.7871.114 Mobile Safari/537.36 (compatible; Googlebot/2.1; +http://www.google.com/bot.html)"
66.249.79.161 - - [15/Jul/2026:16:24:18 +0000] "GET /product/47402885147234 HTTP/1.1" 200 680 "-" "Mozilla/5.0 (Linux; Android 6.0.1; Nexus 5X Build/MMB29P) AppleWebKit/537.36 (KHTML, like Gecko) Chrome/150.0.7871.114 Mobile Safari/537.36 (compatible; Googlebot/2.1; +http://www.google.com/bot.html)"
66.249.79.161 - - [15/Jul/2026:16:24:20 +0000] "GET /prizes/84740715 HTTP/1.1" 200 680 "-" "Mozilla/5.0 (Linux; Android 6.0.1; Nexus 5X Build/MMB29P) AppleWebKit/537.36 (KHTML, like Gecko) Chrome/150.0.7871.114 Mobile Safari/537.36 (compatible; Googlebot/2.1; +http://www.google.com/bot.html)"
66.249.68.65 - - [15/Jul/2026:16:24:22 +0000] "GET /product/19505155001601 HTTP/1.1" 200 680 "-" "Mozilla/5.0 (Linux; Android 6.0.1; Nexus 5X Build/MMB29P) AppleWebKit/537.36 (KHTML, like Gecko) Chrome/150.0.7871.114 Mobile Safari/537.36 (compatible; Googlebot/2.1; +http://www.google.com/bot.html)"
47.128.117.126 - - [15/Jul/2026:16:24:26 +0000] "GET /product/17662374484670 HTTP/2" 200 680 "-" "Mozilla/5.0 (Linux; Android 5.0) AppleWebKit/537.36 (KHTML, like Gecko) Mobile Safari/537.36 (compatible; Bytespider; spider-feedback@bytedance.com)"
66.249.79.233 - - [15/Jul/2026:16:24:26 +0000] "GET /product/13852582895028 HTTP/1.1" 200 680 "-" "Mozilla/5.0 (Linux; Android 6.0.1; Nexus 5X Build/MMB29P) AppleWebKit/537.36 (KHTML, like Gecko) Chrome/150.0.7871.114 Mobile Safari/537.36 (compatible; Googlebot/2.1; +http://www.google.com/bot.html)"
110.38.254.254 - - [15/Jul/2026:16:24:41 +0000] "GET /product/48543043170553 HTTP/1.1" 200 680 "https://oas.com.ng/sitemap-8.xml" "Mozilla/5.0 (Linux; Android 12; M2102J24) AppleWebKit/537.36 (KHTML, like Gecko) Chrome/154.0.5501.99 Mobile Safari/537.36 MicroMessenger/8.0.45(0x18001B3F) NetType/WIFI Language/zh_CN"
66.249.79.161 - - [15/Jul/2026:16:24:39 +0000] "GET /prizes/104513715 HTTP/1.1" 200 680 "-" "Mozilla/5.0 (Linux; Android 6.0.1; Nexus 5X Build/MMB29P) AppleWebKit/537.36 (KHTML, like Gecko) Chrome/150.0.7871.114 Mobile Safari/537.36 (compatible; Googlebot/2.1; +http://www.google.com/bot.html)"
66.249.79.233 - - [15/Jul/2026:16:24:47 +0000] "GET /shop/pg/73317594-3 HTTP/1.1" 200 680 "-" "Mozilla/5.0 (Linux; Android 6.0.1; Nexus 5X Build/MMB29P) AppleWebKit/537.36 (KHTML, like Gecko) Chrome/150.0.7871.114 Mobile Safari/537.36 (compatible; Googlebot/2.1; +http://www.google.com/bot.html)"
66.249.79.161 - - [15/Jul/2026:16:24:51 +0000] "GET /shop/pg/45818663-2 HTTP/1.1" 200 680 "-" "Mozilla/5.0 (Linux; Android 6.0.1; Nexus 5X Build/MMB29P) AppleWebKit/537.36 (KHTML, like Gecko) Chrome/150.0.7871.114 Mobile Safari/537.36 (compatible; Googlebot/2.1; +http://www.google.com/bot.html)"
66.249.79.233 - - [15/Jul/2026:16:24:53 +0000] "GET /prizes/128337533 HTTP/1.1" 200 680 "-" "Mozilla/5.0 (Linux; Android 6.0.1; Nexus 5X Build/MMB29P) AppleWebKit/537.36 (KHTML, like Gecko) Chrome/150.0.7871.114 Mobile Safari/537.36 (compatible; Googlebot/2.1; +http://www.google.com/bot.html)"
66.249.79.161 - - [15/Jul/2026:16:24:55 +0000] "GET /product/25349304191933 HTTP/1.1" 200 680 "-" "Mozilla/5.0 (Linux; Android 6.0.1; Nexus 5X Build/MMB29P) AppleWebKit/537.36 (KHTML, like Gecko) Chrome/150.0.7871.114 Mobile Safari/537.36 (compatible; Googlebot/2.1; +http://www.google.com/bot.html)"
66.249.68.64 - - [15/Jul/2026:16:24:59 +0000] "GET /product/21522574161325 HTTP/1.1" 200 680 "-" "Mozilla/5.0 (Linux; Android 6.0.1; Nexus 5X Build/MMB29P) AppleWebKit/537.36 (KHTML, like Gecko) Chrome/150.0.7871.114 Mobile Safari/537.36 (compatible; Googlebot/2.1; +http://www.google.com/bot.html)"
66.249.79.233 - - [15/Jul/2026:16:25:03 +0000] "GET /product/45814503642580 HTTP/1.1" 200 680 "-" "Mozilla/5.0 (Linux; Android 6.0.1; Nexus 5X Build/MMB29P) AppleWebKit/537.36 (KHTML, like Gecko) Chrome/150.0.7871.114 Mobile Safari/537.36 (compatible; Googlebot/2.1; +http://www.google.com/bot.html)"
47.128.117.209 - - [15/Jul/2026:16:25:03 +0000] "GET /product/37490993182811 HTTP/2" 200 680 "-" "Mozilla/5.0 (Linux; Android 5.0) AppleWebKit/537.36 (KHTML, like Gecko) Mobile Safari/537.36 (compatible; Bytespider; spider-feedback@bytedance.com)"
66.249.79.163 - - [15/Jul/2026:16:25:09 +0000] "GET /prizes/122488270 HTTP/1.1" 200 680 "-" "Mozilla/5.0 (Linux; Android 6.0.1; Nexus 5X Build/MMB29P) AppleWebKit/537.36 (KHTML, like Gecko) Chrome/150.0.7871.114 Mobile Safari/537.36 (compatible; Googlebot/2.1; +http://www.google.com/bot.html)"
66.249.79.233 - - [15/Jul/2026:16:25:16 +0000] "GET /shop/pg/51245334-4 HTTP/1.1" 200 680 "-" "Mozilla/5.0 (Linux; Android 6.0.1; Nexus 5X Build/MMB29P) AppleWebKit/537.36 (KHTML, like Gecko) Chrome/150.0.7871.114 Mobile Safari/537.36 (compatible; Googlebot/2.1; +http://www.google.com/bot.html)"
66.249.79.162 - - [15/Jul/2026:16:25:21 +0000] "GET /shop/pg/41556402-4 HTTP/1.1" 200 680 "-" "Mozilla/5.0 (Linux; Android 6.0.1; Nexus 5X Build/MMB29P) AppleWebKit/537.36 (KHTML, like Gecko) Chrome/150.0.7871.114 Mobile Safari/537.36 (compatible; Googlebot/2.1; +http://www.google.com/bot.html)"
66.249.79.233 - - [15/Jul/2026:16:25:22 +0000] "GET /prizes/78302604 HTTP/1.1" 200 680 "-" "Mozilla/5.0 (Linux; Android 6.0.1; Nexus 5X Build/MMB29P) AppleWebKit/537.36 (KHTML, like Gecko) Chrome/150.0.7871.114 Mobile Safari/537.36 (compatible; Googlebot/2.1; +http://www.google.com/bot.html)"
66.249.79.161 - - [15/Jul/2026:16:25:24 +0000] "GET /product/47977166294885 HTTP/1.1" 200 680 "-" "Mozilla/5.0 (Linux; Android 6.0.1; Nexus 5X Build/MMB29P) AppleWebKit/537.36 (KHTML, like Gecko) Chrome/150.0.7871.114 Mobile Safari/537.36 (compatible; Googlebot/2.1; +http://www.google.com/bot.html)"
66.249.79.161 - - [15/Jul/2026:16:25:28 +0000] "GET /prizes/99220240 HTTP/1.1" 200 680 "-" "Mozilla/5.0 (Linux; Android 6.0.1; Nexus 5X Build/MMB29P) AppleWebKit/537.36 (KHTML, like Gecko) Chrome/150.0.7871.114 Mobile Safari/537.36 (compatible; Googlebot/2.1; +http://www.google.com/bot.html)"
