20.104.76.210 - - [15/Jul/2026:14:30:19 +0000] "GET /ioxi-o.php HTTP/1.1" 200 680 "-" "Mozilla/5.0 (Windows NT 10.0; Win64; x64) AppleWebKit/537.36 (KHTML, like Gecko) Chrome/120.0.0.0 Safari/537.36"
20.104.76.210 - - [15/Jul/2026:14:30:20 +0000] "GET /1.php HTTP/1.1" 200 680 "-" "Mozilla/5.0 (Windows NT 10.0; Win64; x64) AppleWebKit/537.36 (KHTML, like Gecko) Chrome/120.0.0.0 Safari/537.36"
20.104.76.210 - - [15/Jul/2026:14:30:21 +0000] "GET /alfa.php HTTP/1.1" 200 680 "-" "Mozilla/5.0 (Windows NT 10.0; Win64; x64) AppleWebKit/537.36 (KHTML, like Gecko) Chrome/120.0.0.0 Safari/537.36"
20.104.76.210 - - [15/Jul/2026:14:30:23 +0000] "GET /edit.php HTTP/1.1" 200 680 "-" "Mozilla/5.0 (Windows NT 10.0; Win64; x64) AppleWebKit/537.36 (KHTML, like Gecko) Chrome/120.0.0.0 Safari/537.36"
20.104.76.210 - - [15/Jul/2026:14:30:23 +0000] "GET /elp.php HTTP/1.1" 200 680 "-" "Mozilla/5.0 (Windows NT 10.0; Win64; x64) AppleWebKit/537.36 (KHTML, like Gecko) Chrome/120.0.0.0 Safari/537.36"
20.104.76.210 - - [15/Jul/2026:14:30:24 +0000] "GET /classwithtostring.php HTTP/1.1" 200 680 "-" "Mozilla/5.0 (Windows NT 10.0; Win64; x64) AppleWebKit/537.36 (KHTML, like Gecko) Chrome/120.0.0.0 Safari/537.36"
20.104.76.210 - - [15/Jul/2026:14:30:25 +0000] "GET /666.php HTTP/1.1" 200 680 "-" "Mozilla/5.0 (Windows NT 10.0; Win64; x64) AppleWebKit/537.36 (KHTML, like Gecko) Chrome/120.0.0.0 Safari/537.36"
20.104.76.210 - - [15/Jul/2026:14:30:25 +0000] "GET /wp-admin/ HTTP/1.1" 302 0 "-" "Mozilla/5.0 (Windows NT 10.0; Win64; x64) AppleWebKit/537.36 (KHTML, like Gecko) Chrome/120.0.0.0 Safari/537.36"
20.104.76.210 - - [15/Jul/2026:14:30:26 +0000] "GET /ws54.php HTTP/1.1" 200 680 "-" "Mozilla/5.0 (Windows NT 10.0; Win64; x64) AppleWebKit/537.36 (KHTML, like Gecko) Chrome/120.0.0.0 Safari/537.36"
20.104.76.210 - - [15/Jul/2026:14:30:27 +0000] "GET /deepseek_d.php HTTP/1.1" 200 680 "-" "Mozilla/5.0 (Windows NT 10.0; Win64; x64) AppleWebKit/537.36 (KHTML, like Gecko) Chrome/120.0.0.0 Safari/537.36"
20.104.76.210 - - [15/Jul/2026:14:30:28 +0000] "GET /function/function.php HTTP/1.1" 200 680 "-" "Mozilla/5.0 (Windows NT 10.0; Win64; x64) AppleWebKit/537.36 (KHTML, like Gecko) Chrome/120.0.0.0 Safari/537.36"
20.104.76.210 - - [15/Jul/2026:14:30:29 +0000] "GET /nw.php HTTP/1.1" 200 680 "-" "Mozilla/5.0 (Windows NT 10.0; Win64; x64) AppleWebKit/537.36 (KHTML, like Gecko) Chrome/120.0.0.0 Safari/537.36"
20.104.76.210 - - [15/Jul/2026:14:30:29 +0000] "GET /xleet.php HTTP/1.1" 200 680 "-" "Mozilla/5.0 (Windows NT 10.0; Win64; x64) AppleWebKit/537.36 (KHTML, like Gecko) Chrome/120.0.0.0 Safari/537.36"
20.104.76.210 - - [15/Jul/2026:14:30:30 +0000] "GET /wp.php HTTP/1.1" 200 680 "-" "Mozilla/5.0 (Windows NT 10.0; Win64; x64) AppleWebKit/537.36 (KHTML, like Gecko) Chrome/120.0.0.0 Safari/537.36"
20.104.76.210 - - [15/Jul/2026:14:30:31 +0000] "GET /155.php HTTP/1.1" 200 680 "-" "Mozilla/5.0 (Windows NT 10.0; Win64; x64) AppleWebKit/537.36 (KHTML, like Gecko) Chrome/120.0.0.0 Safari/537.36"
209.42.17.20 - - [15/Jul/2026:14:30:33 +0000] "POST /wp-cron.php?doing_wp_cron=1784125833.2695620059967041015625 HTTP/1.1" 200 0 "-" "WordPress/7.0.1; https://oas.com.ng"
20.104.76.210 - - [15/Jul/2026:14:30:32 +0000] "GET /96i.php HTTP/1.1" 200 680 "-" "Mozilla/5.0 (Windows NT 10.0; Win64; x64) AppleWebKit/537.36 (KHTML, like Gecko) Chrome/120.0.0.0 Safari/537.36"
20.104.76.210 - - [15/Jul/2026:14:30:33 +0000] "GET /as.php HTTP/1.1" 200 680 "-" "Mozilla/5.0 (Windows NT 10.0; Win64; x64) AppleWebKit/537.36 (KHTML, like Gecko) Chrome/120.0.0.0 Safari/537.36"
47.128.117.201 - - [15/Jul/2026:14:30:33 +0000] "GET /product/31487126491341 HTTP/2" 200 680 "-" "Mozilla/5.0 (Linux; Android 5.0) AppleWebKit/537.36 (KHTML, like Gecko) Mobile Safari/537.36 (compatible; Bytespider; spider-feedback@bytedance.com)"
20.104.76.210 - - [15/Jul/2026:14:30:34 +0000] "GET /min.php HTTP/1.1" 200 680 "-" "Mozilla/5.0 (Windows NT 10.0; Win64; x64) AppleWebKit/537.36 (KHTML, like Gecko) Chrome/120.0.0.0 Safari/537.36"
20.104.76.210 - - [15/Jul/2026:14:30:35 +0000] "GET /.well-known/ HTTP/1.1" 404 1251 "-" "Mozilla/5.0 (Windows NT 10.0; Win64; x64) AppleWebKit/537.36 (KHTML, like Gecko) Chrome/120.0.0.0 Safari/537.36"
20.104.76.210 - - [15/Jul/2026:14:30:35 +0000] "GET /php8.php HTTP/1.1" 200 680 "-" "Mozilla/5.0 (Windows NT 10.0; Win64; x64) AppleWebKit/537.36 (KHTML, like Gecko) Chrome/120.0.0.0 Safari/537.36"
20.104.76.210 - - [15/Jul/2026:14:30:36 +0000] "GET /wp-content/admin.php HTTP/1.1" 200 680 "-" "Mozilla/5.0 (Windows NT 10.0; Win64; x64) AppleWebKit/537.36 (KHTML, like Gecko) Chrome/120.0.0.0 Safari/537.36"
20.104.76.210 - - [15/Jul/2026:14:30:37 +0000] "GET /222.php HTTP/1.1" 200 680 "-" "Mozilla/5.0 (Windows NT 10.0; Win64; x64) AppleWebKit/537.36 (KHTML, like Gecko) Chrome/120.0.0.0 Safari/537.36"
20.104.76.210 - - [15/Jul/2026:14:30:38 +0000] "GET /wp-content/themes/pridmag/il.php HTTP/1.1" 200 680 "-" "Mozilla/5.0 (Windows NT 10.0; Win64; x64) AppleWebKit/537.36 (KHTML, like Gecko) Chrome/120.0.0.0 Safari/537.36"
20.104.76.210 - - [15/Jul/2026:14:30:38 +0000] "GET /info.php HTTP/1.1" 200 34686 "-" "Mozilla/5.0 (Windows NT 10.0; Win64; x64) AppleWebKit/537.36 (KHTML, like Gecko) Chrome/120.0.0.0 Safari/537.36"
20.104.76.210 - - [15/Jul/2026:14:30:39 +0000] "GET /a.php HTTP/1.1" 200 680 "-" "Mozilla/5.0 (Windows NT 10.0; Win64; x64) AppleWebKit/537.36 (KHTML, like Gecko) Chrome/120.0.0.0 Safari/537.36"
20.104.76.210 - - [15/Jul/2026:14:30:40 +0000] "GET /chosen.php HTTP/1.1" 200 680 "-" "Mozilla/5.0 (Windows NT 10.0; Win64; x64) AppleWebKit/537.36 (KHTML, like Gecko) Chrome/120.0.0.0 Safari/537.36"
20.104.76.210 - - [15/Jul/2026:14:30:40 +0000] "GET /wp-content/index.php HTTP/1.1" 200 0 "-" "Mozilla/5.0 (Windows NT 10.0; Win64; x64) AppleWebKit/537.36 (KHTML, like Gecko) Chrome/120.0.0.0 Safari/537.36"
20.104.76.210 - - [15/Jul/2026:14:30:41 +0000] "GET /vx.php HTTP/1.1" 200 680 "-" "Mozilla/5.0 (Windows NT 10.0; Win64; x64) AppleWebKit/537.36 (KHTML, like Gecko) Chrome/120.0.0.0 Safari/537.36"
66.249.79.161 - - [15/Jul/2026:14:30:41 +0000] "GET /prizes/153313513 HTTP/1.1" 200 680 "-" "Mozilla/5.0 (Linux; Android 6.0.1; Nexus 5X Build/MMB29P) AppleWebKit/537.36 (KHTML, like Gecko) Chrome/150.0.7871.114 Mobile Safari/537.36 (compatible; Googlebot/2.1; +http://www.google.com/bot.html)"
20.104.76.210 - - [15/Jul/2026:14:30:41 +0000] "GET /admin/controller/extension/ HTTP/1.1" 200 680 "-" "Mozilla/5.0 (Windows NT 10.0; Win64; x64) AppleWebKit/537.36 (KHTML, like Gecko) Chrome/120.0.0.0 Safari/537.36"
66.249.79.161 - - [15/Jul/2026:14:30:42 +0000] "GET /shop/pg/12678841-3 HTTP/1.1" 200 680 "-" "Mozilla/5.0 (Linux; Android 6.0.1; Nexus 5X Build/MMB29P) AppleWebKit/537.36 (KHTML, like Gecko) Chrome/150.0.7871.114 Mobile Safari/537.36 (compatible; Googlebot/2.1; +http://www.google.com/bot.html)"
20.104.76.210 - - [15/Jul/2026:14:30:42 +0000] "GET /wap.php HTTP/1.1" 200 680 "-" "Mozilla/5.0 (Windows NT 10.0; Win64; x64) AppleWebKit/537.36 (KHTML, like Gecko) Chrome/120.0.0.0 Safari/537.36"
20.104.76.210 - - [15/Jul/2026:14:30:43 +0000] "GET /wp-admin/wp.php HTTP/1.1" 200 680 "-" "Mozilla/5.0 (Windows NT 10.0; Win64; x64) AppleWebKit/537.36 (KHTML, like Gecko) Chrome/120.0.0.0 Safari/537.36"
66.249.79.161 - - [15/Jul/2026:14:30:44 +0000] "GET /prizes/160317755 HTTP/1.1" 200 680 "-" "Mozilla/5.0 (Linux; Android 6.0.1; Nexus 5X Build/MMB29P) AppleWebKit/537.36 (KHTML, like Gecko) Chrome/150.0.7871.114 Mobile Safari/537.36 (compatible; Googlebot/2.1; +http://www.google.com/bot.html)"
20.104.76.210 - - [15/Jul/2026:14:30:44 +0000] "GET /bgymj.php HTTP/1.1" 200 680 "-" "Mozilla/5.0 (Windows NT 10.0; Win64; x64) AppleWebKit/537.36 (KHTML, like Gecko) Chrome/120.0.0.0 Safari/537.36"
20.104.76.210 - - [15/Jul/2026:14:30:45 +0000] "GET /aa.php HTTP/1.1" 200 680 "-" "Mozilla/5.0 (Windows NT 10.0; Win64; x64) AppleWebKit/537.36 (KHTML, like Gecko) Chrome/120.0.0.0 Safari/537.36"
20.104.76.210 - - [15/Jul/2026:14:30:46 +0000] "GET /wp-mail.php HTTP/1.1" 403 989 "-" "Mozilla/5.0 (Windows NT 10.0; Win64; x64) AppleWebKit/537.36 (KHTML, like Gecko) Chrome/120.0.0.0 Safari/537.36"
20.104.76.210 - - [15/Jul/2026:14:30:47 +0000] "GET /bolt.php HTTP/1.1" 200 680 "-" "Mozilla/5.0 (Windows NT 10.0; Win64; x64) AppleWebKit/537.36 (KHTML, like Gecko) Chrome/120.0.0.0 Safari/537.36"
20.104.76.210 - - [15/Jul/2026:14:30:48 +0000] "GET /bthil.php HTTP/1.1" 200 680 "-" "Mozilla/5.0 (Windows NT 10.0; Win64; x64) AppleWebKit/537.36 (KHTML, like Gecko) Chrome/120.0.0.0 Safari/537.36"
20.104.76.210 - - [15/Jul/2026:14:30:49 +0000] "GET /cgi-bin/ HTTP/1.1" 403 1242 "-" "Mozilla/5.0 (Windows NT 10.0; Win64; x64) AppleWebKit/537.36 (KHTML, like Gecko) Chrome/120.0.0.0 Safari/537.36"
20.104.76.210 - - [15/Jul/2026:14:30:49 +0000] "GET /x.php HTTP/1.1" 200 680 "-" "Mozilla/5.0 (Windows NT 10.0; Win64; x64) AppleWebKit/537.36 (KHTML, like Gecko) Chrome/120.0.0.0 Safari/537.36"
20.104.76.210 - - [15/Jul/2026:14:30:50 +0000] "GET /index/function.php HTTP/1.1" 200 680 "-" "Mozilla/5.0 (Windows NT 10.0; Win64; x64) AppleWebKit/537.36 (KHTML, like Gecko) Chrome/120.0.0.0 Safari/537.36"
20.104.76.210 - - [15/Jul/2026:14:30:52 +0000] "GET /aaa.php HTTP/1.1" 200 680 "-" "Mozilla/5.0 (Windows NT 10.0; Win64; x64) AppleWebKit/537.36 (KHTML, like Gecko) Chrome/120.0.0.0 Safari/537.36"
20.104.76.210 - - [15/Jul/2026:14:30:53 +0000] "GET /abcd.php HTTP/1.1" 200 680 "-" "Mozilla/5.0 (Windows NT 10.0; Win64; x64) AppleWebKit/537.36 (KHTML, like Gecko) Chrome/120.0.0.0 Safari/537.36"
20.104.76.210 - - [15/Jul/2026:14:30:54 +0000] "GET /wp-good.php HTTP/1.1" 200 680 "-" "Mozilla/5.0 (Windows NT 10.0; Win64; x64) AppleWebKit/537.36 (KHTML, like Gecko) Chrome/120.0.0.0 Safari/537.36"
20.104.76.210 - - [15/Jul/2026:14:30:54 +0000] "GET /simple.php HTTP/1.1" 200 680 "-" "Mozilla/5.0 (Windows NT 10.0; Win64; x64) AppleWebKit/537.36 (KHTML, like Gecko) Chrome/120.0.0.0 Safari/537.36"
20.104.76.210 - - [15/Jul/2026:14:30:55 +0000] "GET /edit-tags.php HTTP/1.1" 200 680 "-" "Mozilla/5.0 (Windows NT 10.0; Win64; x64) AppleWebKit/537.36 (KHTML, like Gecko) Chrome/120.0.0.0 Safari/537.36"
66.249.79.235 - - [15/Jul/2026:14:30:55 +0000] "GET /product/42887353319516 HTTP/1.1" 200 680 "-" "Mozilla/5.0 (Linux; Android 6.0.1; Nexus 5X Build/MMB29P) AppleWebKit/537.36 (KHTML, like Gecko) Chrome/150.0.7871.114 Mobile Safari/537.36 (compatible; Googlebot/2.1; +http://www.google.com/bot.html)"
20.104.76.210 - - [15/Jul/2026:14:30:56 +0000] "GET /u.php HTTP/1.1" 200 680 "-" "Mozilla/5.0 (Windows NT 10.0; Win64; x64) AppleWebKit/537.36 (KHTML, like Gecko) Chrome/120.0.0.0 Safari/537.36"
20.104.76.210 - - [15/Jul/2026:14:30:57 +0000] "GET /wp-content/themes/admin.php HTTP/1.1" 200 680 "-" "Mozilla/5.0 (Windows NT 10.0; Win64; x64) AppleWebKit/537.36 (KHTML, like Gecko) Chrome/120.0.0.0 Safari/537.36"
20.104.76.210 - - [15/Jul/2026:14:30:58 +0000] "GET /h.php HTTP/1.1" 200 680 "-" "Mozilla/5.0 (Windows NT 10.0; Win64; x64) AppleWebKit/537.36 (KHTML, like Gecko) Chrome/120.0.0.0 Safari/537.36"
20.104.76.210 - - [15/Jul/2026:14:30:59 +0000] "GET /ms-edit.php HTTP/1.1" 200 680 "-" "Mozilla/5.0 (Windows NT 10.0; Win64; x64) AppleWebKit/537.36 (KHTML, like Gecko) Chrome/120.0.0.0 Safari/537.36"
20.104.76.210 - - [15/Jul/2026:14:31:00 +0000] "GET /a7.php HTTP/1.1" 200 680 "-" "Mozilla/5.0 (Windows NT 10.0; Win64; x64) AppleWebKit/537.36 (KHTML, like Gecko) Chrome/120.0.0.0 Safari/537.36"
20.104.76.210 - - [15/Jul/2026:14:31:00 +0000] "GET /manager.php HTTP/1.1" 200 680 "-" "Mozilla/5.0 (Windows NT 10.0; Win64; x64) AppleWebKit/537.36 (KHTML, like Gecko) Chrome/120.0.0.0 Safari/537.36"
47.128.117.160 - - [15/Jul/2026:14:31:00 +0000] "GET /product/19413203447635 HTTP/2" 200 680 "-" "Mozilla/5.0 (Linux; Android 5.0) AppleWebKit/537.36 (KHTML, like Gecko) Mobile Safari/537.36 (compatible; Bytespider; spider-feedback@bytedance.com)"
20.104.76.210 - - [15/Jul/2026:14:31:02 +0000] "GET /w1.php HTTP/1.1" 200 680 "-" "Mozilla/5.0 (Windows NT 10.0; Win64; x64) AppleWebKit/537.36 (KHTML, like Gecko) Chrome/120.0.0.0 Safari/537.36"
20.104.76.210 - - [15/Jul/2026:14:31:03 +0000] "GET /wp-includes/fonts/ HTTP/1.1" 404 1251 "-" "Mozilla/5.0 (Windows NT 10.0; Win64; x64) AppleWebKit/537.36 (KHTML, like Gecko) Chrome/120.0.0.0 Safari/537.36"
20.104.76.210 - - [15/Jul/2026:14:31:03 +0000] "GET /wp-login.php HTTP/1.1" 200 1990 "-" "Mozilla/5.0 (Windows NT 10.0; Win64; x64) AppleWebKit/537.36 (KHTML, like Gecko) Chrome/120.0.0.0 Safari/537.36"
20.104.76.210 - - [15/Jul/2026:14:31:04 +0000] "GET /default.php HTTP/1.1" 200 680 "-" "Mozilla/5.0 (Windows NT 10.0; Win64; x64) AppleWebKit/537.36 (KHTML, like Gecko) Chrome/120.0.0.0 Safari/537.36"
20.104.76.210 - - [15/Jul/2026:14:31:05 +0000] "GET /i.php HTTP/1.1" 200 680 "-" "Mozilla/5.0 (Windows NT 10.0; Win64; x64) AppleWebKit/537.36 (KHTML, like Gecko) Chrome/120.0.0.0 Safari/537.36"
20.104.76.210 - - [15/Jul/2026:14:31:05 +0000] "GET /wp-content/uploads/ HTTP/1.1" 404 1251 "-" "Mozilla/5.0 (Windows NT 10.0; Win64; x64) AppleWebKit/537.36 (KHTML, like Gecko) Chrome/120.0.0.0 Safari/537.36"
20.104.76.210 - - [15/Jul/2026:14:31:06 +0000] "GET /wp-includes/Requests/library/index.php HTTP/1.1" 200 680 "-" "Mozilla/5.0 (Windows NT 10.0; Win64; x64) AppleWebKit/537.36 (KHTML, like Gecko) Chrome/120.0.0.0 Safari/537.36"
66.249.79.161 - - [15/Jul/2026:14:31:06 +0000] "GET /prizes/126319139 HTTP/1.1" 200 680 "-" "Mozilla/5.0 (Linux; Android 6.0.1; Nexus 5X Build/MMB29P) AppleWebKit/537.36 (KHTML, like Gecko) Chrome/150.0.7871.114 Mobile Safari/537.36 (compatible; Googlebot/2.1; +http://www.google.com/bot.html)"
20.104.76.210 - - [15/Jul/2026:14:31:06 +0000] "GET /wp-content/themes/index.php HTTP/1.1" 200 0 "-" "Mozilla/5.0 (Windows NT 10.0; Win64; x64) AppleWebKit/537.36 (KHTML, like Gecko) Chrome/120.0.0.0 Safari/537.36"
20.104.76.210 - - [15/Jul/2026:14:31:07 +0000] "GET /gecko-new.php HTTP/1.1" 200 680 "-" "Mozilla/5.0 (Windows NT 10.0; Win64; x64) AppleWebKit/537.36 (KHTML, like Gecko) Chrome/120.0.0.0 Safari/537.36"
20.104.76.210 - - [15/Jul/2026:14:31:07 +0000] "GET /NewFile.php HTTP/1.1" 200 680 "-" "Mozilla/5.0 (Windows NT 10.0; Win64; x64) AppleWebKit/537.36 (KHTML, like Gecko) Chrome/120.0.0.0 Safari/537.36"
20.104.76.210 - - [15/Jul/2026:14:31:08 +0000] "GET /wp-Blogs.php HTTP/1.1" 200 680 "-" "Mozilla/5.0 (Windows NT 10.0; Win64; x64) AppleWebKit/537.36 (KHTML, like Gecko) Chrome/120.0.0.0 Safari/537.36"
20.104.76.210 - - [15/Jul/2026:14:31:09 +0000] "GET /wp-includes/fonts/index.php HTTP/1.1" 200 680 "-" "Mozilla/5.0 (Windows NT 10.0; Win64; x64) AppleWebKit/537.36 (KHTML, like Gecko) Chrome/120.0.0.0 Safari/537.36"
20.104.76.210 - - [15/Jul/2026:14:31:10 +0000] "GET /themes.php HTTP/1.1" 200 680 "-" "Mozilla/5.0 (Windows NT 10.0; Win64; x64) AppleWebKit/537.36 (KHTML, like Gecko) Chrome/120.0.0.0 Safari/537.36"
20.104.76.210 - - [15/Jul/2026:14:31:10 +0000] "GET /cv.php HTTP/1.1" 200 680 "-" "Mozilla/5.0 (Windows NT 10.0; Win64; x64) AppleWebKit/537.36 (KHTML, like Gecko) Chrome/120.0.0.0 Safari/537.36"
20.104.76.210 - - [15/Jul/2026:14:31:11 +0000] "GET /wp-admin/js/ HTTP/1.1" 404 1251 "-" "Mozilla/5.0 (Windows NT 10.0; Win64; x64) AppleWebKit/537.36 (KHTML, like Gecko) Chrome/120.0.0.0 Safari/537.36"
20.104.76.210 - - [15/Jul/2026:14:31:11 +0000] "GET /wp-content/uploads/index.php HTTP/1.1" 200 680 "-" "Mozilla/5.0 (Windows NT 10.0; Win64; x64) AppleWebKit/537.36 (KHTML, like Gecko) Chrome/120.0.0.0 Safari/537.36"
20.104.76.210 - - [15/Jul/2026:14:31:12 +0000] "GET /ws83.php HTTP/1.1" 200 680 "-" "Mozilla/5.0 (Windows NT 10.0; Win64; x64) AppleWebKit/537.36 (KHTML, like Gecko) Chrome/120.0.0.0 Safari/537.36"
20.104.76.210 - - [15/Jul/2026:14:31:13 +0000] "GET /atex1.php HTTP/1.1" 200 680 "-" "Mozilla/5.0 (Windows NT 10.0; Win64; x64) AppleWebKit/537.36 (KHTML, like Gecko) Chrome/120.0.0.0 Safari/537.36"
20.104.76.210 - - [15/Jul/2026:14:31:14 +0000] "GET /class-t.api.php HTTP/1.1" 200 680 "-" "Mozilla/5.0 (Windows NT 10.0; Win64; x64) AppleWebKit/537.36 (KHTML, like Gecko) Chrome/120.0.0.0 Safari/537.36"
47.128.117.168 - - [15/Jul/2026:14:31:15 +0000] "GET /product/25228376113070 HTTP/2" 200 680 "-" "Mozilla/5.0 (Linux; Android 5.0) AppleWebKit/537.36 (KHTML, like Gecko) Mobile Safari/537.36 (compatible; Bytespider; spider-feedback@bytedance.com)"
20.104.76.210 - - [15/Jul/2026:14:31:15 +0000] "GET /w.php HTTP/1.1" 200 680 "-" "Mozilla/5.0 (Windows NT 10.0; Win64; x64) AppleWebKit/537.36 (KHTML, like Gecko) Chrome/120.0.0.0 Safari/537.36"
107.150.61.58 - - [15/Jul/2026:14:31:15 +0000] "GET /wp-includes/admin.php HTTP/1.1" 200 680 "http://oas.com.ng/wp-includes/admin.php" "Mozilla/5.0 (Windows NT 10.0; Win64; x64) AppleWebKit/537.36 (KHTML, like Gecko) Chrome/58.0.3029.110 Safari/537.3"
20.104.76.210 - - [15/Jul/2026:14:31:16 +0000] "GET /archive.php HTTP/1.1" 200 680 "-" "Mozilla/5.0 (Windows NT 10.0; Win64; x64) AppleWebKit/537.36 (KHTML, like Gecko) Chrome/120.0.0.0 Safari/537.36"
20.104.76.210 - - [15/Jul/2026:14:31:17 +0000] "GET /bless.php HTTP/1.1" 200 680 "-" "Mozilla/5.0 (Windows NT 10.0; Win64; x64) AppleWebKit/537.36 (KHTML, like Gecko) Chrome/120.0.0.0 Safari/537.36"
20.104.76.210 - - [15/Jul/2026:14:31:18 +0000] "GET /sagax1.php HTTP/1.1" 200 680 "-" "Mozilla/5.0 (Windows NT 10.0; Win64; x64) AppleWebKit/537.36 (KHTML, like Gecko) Chrome/120.0.0.0 Safari/537.36"
20.104.76.210 - - [15/Jul/2026:14:31:19 +0000] "GET /wpc.php HTTP/1.1" 200 680 "-" "Mozilla/5.0 (Windows NT 10.0; Win64; x64) AppleWebKit/537.36 (KHTML, like Gecko) Chrome/120.0.0.0 Safari/537.36"
20.104.76.210 - - [15/Jul/2026:14:31:19 +0000] "GET /fone1.php HTTP/1.1" 200 680 "-" "Mozilla/5.0 (Windows NT 10.0; Win64; x64) AppleWebKit/537.36 (KHTML, like Gecko) Chrome/120.0.0.0 Safari/537.36"
20.104.76.210 - - [15/Jul/2026:14:31:20 +0000] "GET /ncx.php HTTP/1.1" 200 680 "-" "Mozilla/5.0 (Windows NT 10.0; Win64; x64) AppleWebKit/537.36 (KHTML, like Gecko) Chrome/120.0.0.0 Safari/537.36"
20.104.76.210 - - [15/Jul/2026:14:31:21 +0000] "GET /wp-admin/js/index.php HTTP/1.1" 200 680 "-" "Mozilla/5.0 (Windows NT 10.0; Win64; x64) AppleWebKit/537.36 (KHTML, like Gecko) Chrome/120.0.0.0 Safari/537.36"
20.104.76.210 - - [15/Jul/2026:14:31:22 +0000] "GET /wso.php HTTP/1.1" 200 680 "-" "Mozilla/5.0 (Windows NT 10.0; Win64; x64) AppleWebKit/537.36 (KHTML, like Gecko) Chrome/120.0.0.0 Safari/537.36"
20.104.76.210 - - [15/Jul/2026:14:31:23 +0000] "GET /zup.php73 HTTP/1.1" 200 680 "-" "Mozilla/5.0 (Windows NT 10.0; Win64; x64) AppleWebKit/537.36 (KHTML, like Gecko) Chrome/120.0.0.0 Safari/537.36"
20.104.76.210 - - [15/Jul/2026:14:31:24 +0000] "GET /k.php HTTP/1.1" 200 680 "-" "Mozilla/5.0 (Windows NT 10.0; Win64; x64) AppleWebKit/537.36 (KHTML, like Gecko) Chrome/120.0.0.0 Safari/537.36"
20.104.76.210 - - [15/Jul/2026:14:31:25 +0000] "GET /wp-blink.php HTTP/1.1" 200 680 "-" "Mozilla/5.0 (Windows NT 10.0; Win64; x64) AppleWebKit/537.36 (KHTML, like Gecko) Chrome/120.0.0.0 Safari/537.36"
20.104.76.210 - - [15/Jul/2026:14:31:25 +0000] "GET /randkeyword.PhP7 HTTP/1.1" 200 680 "-" "Mozilla/5.0 (Windows NT 10.0; Win64; x64) AppleWebKit/537.36 (KHTML, like Gecko) Chrome/120.0.0.0 Safari/537.36"
20.104.76.210 - - [15/Jul/2026:14:31:26 +0000] "GET /wp-admin/css/colors/ectoplasm/ HTTP/1.1" 404 1251 "-" "Mozilla/5.0 (Windows NT 10.0; Win64; x64) AppleWebKit/537.36 (KHTML, like Gecko) Chrome/120.0.0.0 Safari/537.36"
20.104.76.210 - - [15/Jul/2026:14:31:26 +0000] "GET /wp-content/ HTTP/1.1" 200 0 "-" "Mozilla/5.0 (Windows NT 10.0; Win64; x64) AppleWebKit/537.36 (KHTML, like Gecko) Chrome/120.0.0.0 Safari/537.36"
66.249.79.235 - - [15/Jul/2026:14:31:26 +0000] "GET /product/35543785138938 HTTP/1.1" 200 680 "-" "Mozilla/5.0 (Linux; Android 6.0.1; Nexus 5X Build/MMB29P) AppleWebKit/537.36 (KHTML, like Gecko) Chrome/150.0.7871.114 Mobile Safari/537.36 (compatible; Googlebot/2.1; +http://www.google.com/bot.html)"
20.104.76.210 - - [15/Jul/2026:14:31:26 +0000] "GET /ww5.php HTTP/1.1" 200 680 "-" "Mozilla/5.0 (Windows NT 10.0; Win64; x64) AppleWebKit/537.36 (KHTML, like Gecko) Chrome/120.0.0.0 Safari/537.36"
20.104.76.210 - - [15/Jul/2026:14:31:27 +0000] "GET /2.php HTTP/1.1" 200 680 "-" "Mozilla/5.0 (Windows NT 10.0; Win64; x64) AppleWebKit/537.36 (KHTML, like Gecko) Chrome/120.0.0.0 Safari/537.36"
20.104.76.210 - - [15/Jul/2026:14:31:28 +0000] "GET /wp-admin/classwithtostring.php HTTP/1.1" 200 680 "-" "Mozilla/5.0 (Windows NT 10.0; Win64; x64) AppleWebKit/537.36 (KHTML, like Gecko) Chrome/120.0.0.0 Safari/537.36"
20.104.76.210 - - [15/Jul/2026:14:31:29 +0000] "GET /atomlib.php HTTP/1.1" 200 680 "-" "Mozilla/5.0 (Windows NT 10.0; Win64; x64) AppleWebKit/537.36 (KHTML, like Gecko) Chrome/120.0.0.0 Safari/537.36"
20.104.76.210 - - [15/Jul/2026:14:31:30 +0000] "GET /rip.php HTTP/1.1" 200 680 "-" "Mozilla/5.0 (Windows NT 10.0; Win64; x64) AppleWebKit/537.36 (KHTML, like Gecko) Chrome/120.0.0.0 Safari/537.36"
20.104.76.210 - - [15/Jul/2026:14:31:30 +0000] "GET /p.php HTTP/1.1" 200 680 "-" "Mozilla/5.0 (Windows NT 10.0; Win64; x64) AppleWebKit/537.36 (KHTML, like Gecko) Chrome/120.0.0.0 Safari/537.36"
20.104.76.210 - - [15/Jul/2026:14:31:31 +0000] "GET /php.php HTTP/1.1" 200 680 "-" "Mozilla/5.0 (Windows NT 10.0; Win64; x64) AppleWebKit/537.36 (KHTML, like Gecko) Chrome/120.0.0.0 Safari/537.36"
209.42.17.20 - - [15/Jul/2026:14:31:40 +0000] "POST /wp-cron.php?doing_wp_cron=1784125900.3773429393768310546875 HTTP/1.1" 200 0 "-" "WordPress/7.0.1; https://oas.com.ng"
47.128.117.21 - - [15/Jul/2026:14:31:39 +0000] "GET /product/41856665413180 HTTP/2" 200 680 "-" "Mozilla/5.0 (Linux; Android 5.0) AppleWebKit/537.36 (KHTML, like Gecko) Mobile Safari/537.36 (compatible; Bytespider; spider-feedback@bytedance.com)"
47.128.117.187 - - [15/Jul/2026:14:31:46 +0000] "GET /product/10010225924539 HTTP/2" 200 680 "-" "Mozilla/5.0 (Linux; Android 5.0) AppleWebKit/537.36 (KHTML, like Gecko) Mobile Safari/537.36 (compatible; Bytespider; spider-feedback@bytedance.com)"
66.249.79.161 - - [15/Jul/2026:14:31:48 +0000] "GET /product/26802366102131 HTTP/1.1" 200 680 "-" "Mozilla/5.0 (Linux; Android 6.0.1; Nexus 5X Build/MMB29P) AppleWebKit/537.36 (KHTML, like Gecko) Chrome/150.0.7871.114 Mobile Safari/537.36 (compatible; Googlebot/2.1; +http://www.google.com/bot.html)"
102.88.109.248 - - [15/Jul/2026:14:31:49 +0000] "GET /product/48405656419545 HTTP/1.1" 200 680 "https://oas.com.ng/sitemap-17.xml" "Mozilla/5.0 (iPhone; CPU iPhone OS 18_3 like Mac OS X) AppleWebKit/605.1.15 (KHTML, like Gecko) Version/18.3 Mobile/15E148 Safari/604.1 MicroMessenger/8.0.33(0x18001B3F) NetType/WIFI Language/zh_CN"
66.249.68.64 - - [15/Jul/2026:14:32:11 +0000] "GET /product/31442724409669 HTTP/1.1" 200 680 "-" "Mozilla/5.0 (Linux; Android 6.0.1; Nexus 5X Build/MMB29P) AppleWebKit/537.36 (KHTML, like Gecko) Chrome/150.0.7871.114 Mobile Safari/537.36 (compatible; Googlebot/2.1; +http://www.google.com/bot.html)"
66.249.79.162 - - [15/Jul/2026:14:32:14 +0000] "GET /shop/pg/82216422-3 HTTP/1.1" 200 680 "-" "Mozilla/5.0 (Linux; Android 6.0.1; Nexus 5X Build/MMB29P) AppleWebKit/537.36 (KHTML, like Gecko) Chrome/150.0.7871.114 Mobile Safari/537.36 (compatible; Googlebot/2.1; +http://www.google.com/bot.html)"
47.128.117.206 - - [15/Jul/2026:14:32:15 +0000] "GET /product/10243146361278 HTTP/2" 200 680 "-" "Mozilla/5.0 (Linux; Android 5.0) AppleWebKit/537.36 (KHTML, like Gecko) Mobile Safari/537.36 (compatible; Bytespider; spider-feedback@bytedance.com)"
47.128.117.19 - - [15/Jul/2026:14:32:29 +0000] "GET /product/33393993049741 HTTP/2" 200 680 "-" "Mozilla/5.0 (Linux; Android 5.0) AppleWebKit/537.36 (KHTML, like Gecko) Mobile Safari/537.36 (compatible; Bytespider; spider-feedback@bytedance.com)"
209.42.17.20 - - [15/Jul/2026:14:32:36 +0000] "POST /wp-cron.php?doing_wp_cron=1784125956.7253580093383789062500 HTTP/1.1" 200 0 "-" "WordPress/7.0.1; https://oas.com.ng"
66.249.79.233 - - [15/Jul/2026:14:32:35 +0000] "GET /shop/pg/94328430-4 HTTP/1.1" 200 680 "-" "Mozilla/5.0 (Linux; Android 6.0.1; Nexus 5X Build/MMB29P) AppleWebKit/537.36 (KHTML, like Gecko) Chrome/150.0.7871.114 Mobile Safari/537.36 (compatible; Googlebot/2.1; +http://www.google.com/bot.html)"
66.249.79.162 - - [15/Jul/2026:14:32:37 +0000] "GET /product/32405552732672m HTTP/1.1" 200 680 "-" "Mozilla/5.0 (Linux; Android 6.0.1; Nexus 5X Build/MMB29P) AppleWebKit/537.36 (KHTML, like Gecko) Chrome/150.0.7871.114 Mobile Safari/537.36 (compatible; Googlebot/2.1; +http://www.google.com/bot.html)"
47.128.117.192 - - [15/Jul/2026:14:32:46 +0000] "GET /product/27747192911238 HTTP/2" 200 680 "-" "Mozilla/5.0 (Linux; Android 5.0) AppleWebKit/537.36 (KHTML, like Gecko) Mobile Safari/537.36 (compatible; Bytespider; spider-feedback@bytedance.com)"
66.249.79.233 - - [15/Jul/2026:14:32:54 +0000] "GET /product/29417853071830 HTTP/1.1" 200 680 "-" "Mozilla/5.0 (Linux; Android 6.0.1; Nexus 5X Build/MMB29P) AppleWebKit/537.36 (KHTML, like Gecko) Chrome/150.0.7871.114 Mobile Safari/537.36 (compatible; Googlebot/2.1; +http://www.google.com/bot.html)"
66.249.79.162 - - [15/Jul/2026:14:33:04 +0000] "GET /prizes/169440371 HTTP/1.1" 200 680 "-" "Mozilla/5.0 (Linux; Android 6.0.1; Nexus 5X Build/MMB29P) AppleWebKit/537.36 (KHTML, like Gecko) Chrome/150.0.7871.114 Mobile Safari/537.36 (compatible; Googlebot/2.1; +http://www.google.com/bot.html)"
66.249.68.66 - - [15/Jul/2026:14:33:12 +0000] "GET /prizes/241179961 HTTP/1.1" 200 680 "-" "Mozilla/5.0 (Linux; Android 6.0.1; Nexus 5X Build/MMB29P) AppleWebKit/537.36 (KHTML, like Gecko) Chrome/150.0.7871.114 Mobile Safari/537.36 (compatible; Googlebot/2.1; +http://www.google.com/bot.html)"
66.249.79.161 - - [15/Jul/2026:14:33:15 +0000] "GET /shop/pg/32563793-3 HTTP/1.1" 200 680 "-" "Mozilla/5.0 (Linux; Android 6.0.1; Nexus 5X Build/MMB29P) AppleWebKit/537.36 (KHTML, like Gecko) Chrome/150.0.7871.114 Mobile Safari/537.36 (compatible; Googlebot/2.1; +http://www.google.com/bot.html)"
66.249.79.234 - - [15/Jul/2026:14:33:22 +0000] "GET /prizes/55024654 HTTP/1.1" 200 680 "-" "Mozilla/5.0 (Linux; Android 6.0.1; Nexus 5X Build/MMB29P) AppleWebKit/537.36 (KHTML, like Gecko) Chrome/150.0.7871.114 Mobile Safari/537.36 (compatible; Googlebot/2.1; +http://www.google.com/bot.html)"
209.42.17.20 - - [15/Jul/2026:14:33:41 +0000] "POST /wp-cron.php?doing_wp_cron=1784126021.3834691047668457031250 HTTP/1.1" 200 0 "-" "WordPress/7.0.1; https://oas.com.ng"
66.249.79.161 - - [15/Jul/2026:14:33:40 +0000] "GET /shop/pg/35995916-4 HTTP/1.1" 200 680 "-" "Mozilla/5.0 (Linux; Android 6.0.1; Nexus 5X Build/MMB29P) AppleWebKit/537.36 (KHTML, like Gecko) Chrome/150.0.7871.114 Mobile Safari/537.36 (compatible; Googlebot/2.1; +http://www.google.com/bot.html)"
66.249.68.64 - - [15/Jul/2026:14:33:46 +0000] "GET /product/14834405410802 HTTP/1.1" 200 680 "-" "Mozilla/5.0 (Linux; Android 6.0.1; Nexus 5X Build/MMB29P) AppleWebKit/537.36 (KHTML, like Gecko) Chrome/150.0.7871.114 Mobile Safari/537.36 (compatible; Googlebot/2.1; +http://www.google.com/bot.html)"
66.249.79.161 - - [15/Jul/2026:14:33:54 +0000] "GET /product/34039823333411 HTTP/1.1" 200 680 "-" "Mozilla/5.0 (Linux; Android 6.0.1; Nexus 5X Build/MMB29P) AppleWebKit/537.36 (KHTML, like Gecko) Chrome/150.0.7871.114 Mobile Safari/537.36 (compatible; Googlebot/2.1; +http://www.google.com/bot.html)"
47.128.117.147 - - [15/Jul/2026:14:33:55 +0000] "GET /product/14195625126454 HTTP/2" 200 680 "-" "Mozilla/5.0 (Linux; Android 5.0) AppleWebKit/537.36 (KHTML, like Gecko) Mobile Safari/537.36 (compatible; Bytespider; spider-feedback@bytedance.com)"
66.249.79.163 - - [15/Jul/2026:14:34:10 +0000] "GET /product/18883916143736m HTTP/1.1" 200 680 "-" "Mozilla/5.0 (Linux; Android 6.0.1; Nexus 5X Build/MMB29P) AppleWebKit/537.36 (KHTML, like Gecko) Chrome/150.0.7871.114 Mobile Safari/537.36 (compatible; Googlebot/2.1; +http://www.google.com/bot.html)"
20.226.114.112 - - [15/Jul/2026:14:34:11 +0000] "GET / HTTP/1.1" 200 2215 "-" "Mozilla/5.0 (Windows NT 10.0; Win64; x64) AppleWebKit/537.36 (KHTML, like Gecko) Chrome/78.0.3904.108 Safari/537.36"
20.226.114.112 - - [15/Jul/2026:14:34:13 +0000] "GET //wp-includes/wlwmanifest.xml HTTP/1.1" 200 2215 "-" "Mozilla/5.0 (Windows NT 10.0; Win64; x64) AppleWebKit/537.36 (KHTML, like Gecko) Chrome/78.0.3904.108 Safari/537.36"
20.226.114.112 - - [15/Jul/2026:14:34:14 +0000] "GET //?author=1 HTTP/1.1" 200 2215 "-" "Mozilla/5.0 (Windows NT 10.0; Win64; x64) AppleWebKit/537.36 (KHTML, like Gecko) Chrome/78.0.3904.108 Safari/537.36"
20.226.114.112 - - [15/Jul/2026:14:34:15 +0000] "GET //?author=2 HTTP/1.1" 200 2215 "-" "Mozilla/5.0 (Windows NT 10.0; Win64; x64) AppleWebKit/537.36 (KHTML, like Gecko) Chrome/78.0.3904.108 Safari/537.36"
20.226.114.112 - - [15/Jul/2026:14:34:15 +0000] "GET //wp-json/wp/v2/users/ HTTP/1.1" 200 1612 "-" "Mozilla/5.0 (Windows NT 10.0; Win64; x64) AppleWebKit/537.36 (KHTML, like Gecko) Chrome/78.0.3904.108 Safari/537.36"
20.226.114.112 - - [15/Jul/2026:14:34:17 +0000] "POST //xmlrpc.php HTTP/1.1" 403 1242 "-" "Mozilla/5.0 (Windows NT 10.0; Win64; x64) AppleWebKit/537.36 (KHTML, like Gecko) Chrome/78.0.3904.108 Safari/537.36"
47.128.117.178 - - [15/Jul/2026:14:34:27 +0000] "GET /product/43111704093627 HTTP/2" 200 680 "-" "Mozilla/5.0 (Linux; Android 5.0) AppleWebKit/537.36 (KHTML, like Gecko) Mobile Safari/537.36 (compatible; Bytespider; spider-feedback@bytedance.com)"
209.42.17.20 - - [15/Jul/2026:14:34:36 +0000] "POST /wp-cron.php?doing_wp_cron=1784126076.6090888977050781250000 HTTP/1.1" 200 0 "-" "WordPress/7.0.1; https://oas.com.ng"
65.20.207.135 - - [15/Jul/2026:14:34:35 +0000] "GET /product/47945105873999 HTTP/1.1" 200 680 "https://oas.com.ng/sitemap-3.xml" "Mozilla/5.0 (Linux; Android 13; V2188) AppleWebKit/537.36 (KHTML, like Gecko) Chrome/155.0.5903.71 Mobile Safari/537.36 MicroMessenger/8.0.45(0x18001B3F) NetType/WIFI Language/zh_CN"
47.128.117.179 - - [15/Jul/2026:14:35:06 +0000] "GET /product/23091116527915 HTTP/2" 200 680 "-" "Mozilla/5.0 (Linux; Android 5.0) AppleWebKit/537.36 (KHTML, like Gecko) Mobile Safari/537.36 (compatible; Bytespider; spider-feedback@bytedance.com)"
209.42.17.20 - - [15/Jul/2026:14:35:50 +0000] "POST /wp-cron.php?doing_wp_cron=1784126150.3760969638824462890625 HTTP/1.1" 200 0 "-" "WordPress/7.0.1; https://oas.com.ng"
66.249.79.233 - - [15/Jul/2026:14:35:49 +0000] "GET /product/30619681708634 HTTP/1.1" 200 680 "-" "Mozilla/5.0 (Linux; Android 6.0.1; Nexus 5X Build/MMB29P) AppleWebKit/537.36 (KHTML, like Gecko) Chrome/150.0.7871.114 Mobile Safari/537.36 (compatible; Googlebot/2.1; +http://www.google.com/bot.html)"
47.128.117.140 - - [15/Jul/2026:14:35:54 +0000] "GET /product/15766753562500 HTTP/2" 200 680 "-" "Mozilla/5.0 (Linux; Android 5.0) AppleWebKit/537.36 (KHTML, like Gecko) Mobile Safari/537.36 (compatible; Bytespider; spider-feedback@bytedance.com)"
78.40.180.177 - - [15/Jul/2026:14:36:00 +0000] "GET /product/47626635915015 HTTP/1.1" 200 680 "https://oas.com.ng/sitemap-4.xml" "Mozilla/5.0 (Linux; Android 15; V2188) AppleWebKit/537.36 (KHTML, like Gecko) Chrome/143.0.5799.155 Mobile Safari/537.36"
66.249.79.163 - - [15/Jul/2026:14:36:08 +0000] "GET /prizes/127192240 HTTP/1.1" 200 680 "-" "Mozilla/5.0 (Linux; Android 6.0.1; Nexus 5X Build/MMB29P) AppleWebKit/537.36 (KHTML, like Gecko) Chrome/150.0.7871.114 Mobile Safari/537.36 (compatible; Googlebot/2.1; +http://www.google.com/bot.html)"
47.128.117.171 - - [15/Jul/2026:14:36:10 +0000] "GET /product/40965103027935 HTTP/2" 200 680 "-" "Mozilla/5.0 (Linux; Android 5.0) AppleWebKit/537.36 (KHTML, like Gecko) Mobile Safari/537.36 (compatible; Bytespider; spider-feedback@bytedance.com)"
66.249.79.162 - - [15/Jul/2026:14:36:36 +0000] "GET /shop/pg/26981736-3 HTTP/1.1" 200 680 "-" "Mozilla/5.0 (Linux; Android 6.0.1; Nexus 5X Build/MMB29P) AppleWebKit/537.36 (KHTML, like Gecko) Chrome/150.0.7871.114 Mobile Safari/537.36 (compatible; Googlebot/2.1; +http://www.google.com/bot.html)"
105.112.224.251 - - [15/Jul/2026:14:36:51 +0000] "GET / HTTP/2" 200 680 "-" "Mozilla/5.0 (iPhone; CPU iPhone OS 16_2 like Mac OS X) AppleWebKit/605.1.15 (KHTML, like Gecko) Version/16.2 Mobile/15E148 Safari/604.1"
66.249.79.233 - - [15/Jul/2026:14:36:52 +0000] "GET /prizes/164535977 HTTP/1.1" 200 680 "-" "Mozilla/5.0 (Linux; Android 6.0.1; Nexus 5X Build/MMB29P) AppleWebKit/537.36 (KHTML, like Gecko) Chrome/150.0.7871.114 Mobile Safari/537.36 (compatible; Googlebot/2.1; +http://www.google.com/bot.html)"
105.112.224.251 - - [15/Jul/2026:14:36:54 +0000] "GET /product/11225745646018 HTTP/2" 200 680 "https://www.oas.com.ng/" "Mozilla/5.0 (iPhone; CPU iPhone OS 16_2 like Mac OS X) AppleWebKit/605.1.15 (KHTML, like Gecko) Version/16.2 Mobile/15E148 Safari/604.1"
91.92.243.249 - - [15/Jul/2026:14:36:57 +0000] "POST /wp-login.php HTTP/1.1" 200 6655 "-" "Mozilla/5.0"
66.249.79.161 - - [15/Jul/2026:14:37:02 +0000] "GET /product/25947066363742 HTTP/1.1" 200 680 "-" "Mozilla/5.0 (Linux; Android 6.0.1; Nexus 5X Build/MMB29P) AppleWebKit/537.36 (KHTML, like Gecko) Chrome/150.0.7871.114 Mobile Safari/537.36 (compatible; Googlebot/2.1; +http://www.google.com/bot.html)"
66.249.79.161 - - [15/Jul/2026:14:37:15 +0000] "GET /product/29369543838612m HTTP/1.1" 200 680 "-" "Mozilla/5.0 (Linux; Android 6.0.1; Nexus 5X Build/MMB29P) AppleWebKit/537.36 (KHTML, like Gecko) Chrome/150.0.7871.114 Mobile Safari/537.36 (compatible; Googlebot/2.1; +http://www.google.com/bot.html)"
47.128.117.164 - - [15/Jul/2026:14:37:20 +0000] "GET /product/28383753155933 HTTP/2" 200 680 "-" "Mozilla/5.0 (Linux; Android 5.0) AppleWebKit/537.36 (KHTML, like Gecko) Mobile Safari/537.36 (compatible; Bytespider; spider-feedback@bytedance.com)"
66.249.79.161 - - [15/Jul/2026:14:37:33 +0000] "GET /prizes/299605462 HTTP/1.1" 200 680 "-" "Mozilla/5.0 (Linux; Android 6.0.1; Nexus 5X Build/MMB29P) AppleWebKit/537.36 (KHTML, like Gecko) Chrome/150.0.7871.114 Mobile Safari/537.36 (compatible; Googlebot/2.1; +http://www.google.com/bot.html)"
209.42.17.20 - - [15/Jul/2026:14:37:48 +0000] "POST /wp-cron.php?doing_wp_cron=1784126268.7033829689025878906250 HTTP/1.1" 200 0 "-" "WordPress/7.0.1; https://oas.com.ng"
66.249.68.64 - - [15/Jul/2026:14:37:48 +0000] "GET /product/32476886632061 HTTP/1.1" 200 680 "-" "Mozilla/5.0 (Linux; Android 6.0.1; Nexus 5X Build/MMB29P) AppleWebKit/537.36 (KHTML, like Gecko) Chrome/150.0.7871.114 Mobile Safari/537.36 (compatible; Googlebot/2.1; +http://www.google.com/bot.html)"
159.203.26.163 - - [15/Jul/2026:14:38:00 +0000] "POST /wp-login.php HTTP/1.1" 200 6606 "-" "Mozilla/5.0"
66.249.79.233 - - [15/Jul/2026:14:38:05 +0000] "GET /product/26378243524973 HTTP/1.1" 200 680 "-" "Mozilla/5.0 (Linux; Android 6.0.1; Nexus 5X Build/MMB29P) AppleWebKit/537.36 (KHTML, like Gecko) Chrome/150.0.7871.114 Mobile Safari/537.36 (compatible; Googlebot/2.1; +http://www.google.com/bot.html)"
66.249.79.162 - - [15/Jul/2026:14:38:17 +0000] "GET /prizes/230340674 HTTP/1.1" 200 680 "-" "Mozilla/5.0 (Linux; Android 6.0.1; Nexus 5X Build/MMB29P) AppleWebKit/537.36 (KHTML, like Gecko) Chrome/150.0.7871.114 Mobile Safari/537.36 (compatible; Googlebot/2.1; +http://www.google.com/bot.html)"
47.128.117.158 - - [15/Jul/2026:14:38:20 +0000] "GET /product/22223353814615 HTTP/2" 200 680 "-" "Mozilla/5.0 (Linux; Android 5.0) AppleWebKit/537.36 (KHTML, like Gecko) Mobile Safari/537.36 (compatible; Bytespider; spider-feedback@bytedance.com)"
209.42.17.20 - - [15/Jul/2026:14:38:45 +0000] "POST /wp-cron.php?doing_wp_cron=1784126325.4686369895935058593750 HTTP/1.1" 200 0 "-" "WordPress/7.0.1; https://oas.com.ng"
66.249.79.161 - - [15/Jul/2026:14:38:44 +0000] "GET /shop/pg/71373464-1 HTTP/1.1" 200 680 "-" "Mozilla/5.0 (Linux; Android 6.0.1; Nexus 5X Build/MMB29P) AppleWebKit/537.36 (KHTML, like Gecko) Chrome/150.0.7871.114 Mobile Safari/537.36 (compatible; Googlebot/2.1; +http://www.google.com/bot.html)"
105.76.54.208 - - [15/Jul/2026:14:38:45 +0000] "GET /product/47297425841505 HTTP/1.1" 200 680 "https://oas.com.ng/sitemap-4.xml" "Mozilla/5.0 (iPhone; CPU iPhone OS 17_1 like Mac OS X) AppleWebKit/605.1.15 (KHTML, like Gecko) Version/17.1 Mobile/15E148 Safari/604.1 MicroMessenger/8.0.34(0x18001B3F) NetType/WIFI Language/zh_CN"
47.128.117.173 - - [15/Jul/2026:14:38:46 +0000] "GET /product/33203184056847 HTTP/2" 200 680 "-" "Mozilla/5.0 (Linux; Android 5.0) AppleWebKit/537.36 (KHTML, like Gecko) Mobile Safari/537.36 (compatible; Bytespider; spider-feedback@bytedance.com)"
66.249.79.235 - - [15/Jul/2026:14:39:01 +0000] "GET /product/45751651731888 HTTP/1.1" 200 680 "-" "Mozilla/5.0 (Linux; Android 6.0.1; Nexus 5X Build/MMB29P) AppleWebKit/537.36 (KHTML, like Gecko) Chrome/150.0.7871.114 Mobile Safari/537.36 (compatible; Googlebot/2.1; +http://www.google.com/bot.html)"
66.249.79.161 - - [15/Jul/2026:14:39:08 +0000] "GET /product/32484722744960 HTTP/1.1" 200 680 "-" "Mozilla/5.0 (Linux; Android 6.0.1; Nexus 5X Build/MMB29P) AppleWebKit/537.36 (KHTML, like Gecko) Chrome/150.0.7871.114 Mobile Safari/537.36 (compatible; Googlebot/2.1; +http://www.google.com/bot.html)"
47.128.117.170 - - [15/Jul/2026:14:39:09 +0000] "GET /product/10372494691027 HTTP/2" 200 680 "-" "Mozilla/5.0 (Linux; Android 5.0) AppleWebKit/537.36 (KHTML, like Gecko) Mobile Safari/537.36 (compatible; Bytespider; spider-feedback@bytedance.com)"
66.249.79.161 - - [15/Jul/2026:14:39:26 +0000] "GET /product/32908294337047m HTTP/1.1" 200 680 "-" "Mozilla/5.0 (Linux; Android 6.0.1; Nexus 5X Build/MMB29P) AppleWebKit/537.36 (KHTML, like Gecko) Chrome/150.0.7871.114 Mobile Safari/537.36 (compatible; Googlebot/2.1; +http://www.google.com/bot.html)"
209.42.17.20 - - [15/Jul/2026:14:39:39 +0000] "POST /wp-cron.php?doing_wp_cron=1784126379.4871408939361572265625 HTTP/1.1" 200 0 "-" "WordPress/7.0.1; https://oas.com.ng"
66.249.79.161 - - [15/Jul/2026:14:39:38 +0000] "GET /product/36054385505775 HTTP/1.1" 200 680 "-" "Mozilla/5.0 (Linux; Android 6.0.1; Nexus 5X Build/MMB29P) AppleWebKit/537.36 (KHTML, like Gecko) Chrome/150.0.7871.114 Mobile Safari/537.36 (compatible; Googlebot/2.1; +http://www.google.com/bot.html)"
45.188.229.76 - - [15/Jul/2026:14:39:43 +0000] "GET /product/11593716079847 HTTP/2" 200 680 "-" "Mozilla/5.0 (iPhone; CPU iPhone OS 11_0 like Mac OS X) AppleWebKit/537.36 (KHTML, like Gecko) Chrome/50.0.9043.1777 Mobile Safari/537.36"
66.249.68.65 - - [15/Jul/2026:14:39:49 +0000] "GET /product/49896956542611 HTTP/1.1" 200 680 "-" "Mozilla/5.0 (Linux; Android 6.0.1; Nexus 5X Build/MMB29P) AppleWebKit/537.36 (KHTML, like Gecko) Chrome/150.0.7871.114 Mobile Safari/537.36 (compatible; Googlebot/2.1; +http://www.google.com/bot.html)"
88.230.127.137 - - [15/Jul/2026:14:40:08 +0000] "GET /product/47265405719149 HTTP/1.1" 200 680 "https://oas.com.ng/sitemap-3.xml" "Mozilla/5.0 (Linux; Android 13; OPPO PCLM9) AppleWebKit/537.36 (KHTML, like Gecko) Chrome/151.0.5865.76 Mobile Safari/537.36"
66.249.79.233 - - [15/Jul/2026:14:40:09 +0000] "GET /product/43855894788735 HTTP/1.1" 200 680 "-" "Mozilla/5.0 (Linux; Android 6.0.1; Nexus 5X Build/MMB29P) AppleWebKit/537.36 (KHTML, like Gecko) Chrome/150.0.7871.114 Mobile Safari/537.36 (compatible; Googlebot/2.1; +http://www.google.com/bot.html)"
47.128.117.167 - - [15/Jul/2026:14:40:18 +0000] "GET /product/35321795917059 HTTP/2" 200 680 "-" "Mozilla/5.0 (Linux; Android 5.0) AppleWebKit/537.36 (KHTML, like Gecko) Mobile Safari/537.36 (compatible; Bytespider; spider-feedback@bytedance.com)"
66.249.79.161 - - [15/Jul/2026:14:40:19 +0000] "GET /prizes/85515482 HTTP/1.1" 200 680 "-" "Mozilla/5.0 (Linux; Android 6.0.1; Nexus 5X Build/MMB29P) AppleWebKit/537.36 (KHTML, like Gecko) Chrome/150.0.7871.114 Mobile Safari/537.36 (compatible; Googlebot/2.1; +http://www.google.com/bot.html)"
209.42.17.20 - - [15/Jul/2026:14:40:35 +0000] "POST /wp-cron.php?doing_wp_cron=1784126435.4721930027008056640625 HTTP/1.1" 200 0 "-" "WordPress/7.0.1; https://oas.com.ng"
66.249.79.162 - - [15/Jul/2026:14:40:34 +0000] "GET /shop/pg/49396990-4 HTTP/1.1" 200 680 "-" "Mozilla/5.0 (Linux; Android 6.0.1; Nexus 5X Build/MMB29P) AppleWebKit/537.36 (KHTML, like Gecko) Chrome/150.0.7871.114 Mobile Safari/537.36 (compatible; Googlebot/2.1; +http://www.google.com/bot.html)"
66.249.79.161 - - [15/Jul/2026:14:40:43 +0000] "GET /shop/pg/35183677-3 HTTP/1.1" 200 680 "-" "Mozilla/5.0 (Linux; Android 6.0.1; Nexus 5X Build/MMB29P) AppleWebKit/537.36 (KHTML, like Gecko) Chrome/150.0.7871.114 Mobile Safari/537.36 (compatible; Googlebot/2.1; +http://www.google.com/bot.html)"
66.249.79.161 - - [15/Jul/2026:14:40:51 +0000] "GET /product/41981134947020 HTTP/1.1" 200 680 "-" "Mozilla/5.0 (Linux; Android 6.0.1; Nexus 5X Build/MMB29P) AppleWebKit/537.36 (KHTML, like Gecko) Chrome/150.0.7871.114 Mobile Safari/537.36 (compatible; Googlebot/2.1; +http://www.google.com/bot.html)"
47.128.117.128 - - [15/Jul/2026:14:40:54 +0000] "GET /product/38268554352137 HTTP/2" 200 680 "-" "Mozilla/5.0 (Linux; Android 5.0) AppleWebKit/537.36 (KHTML, like Gecko) Mobile Safari/537.36 (compatible; Bytespider; spider-feedback@bytedance.com)"
66.249.68.65 - - [15/Jul/2026:14:40:54 +0000] "GET /product/30888823690416 HTTP/1.1" 200 680 "-" "Mozilla/5.0 (Linux; Android 6.0.1; Nexus 5X Build/MMB29P) AppleWebKit/537.36 (KHTML, like Gecko) Chrome/150.0.7871.114 Mobile Safari/537.36 (compatible; Googlebot/2.1; +http://www.google.com/bot.html)"
66.249.79.162 - - [15/Jul/2026:14:41:07 +0000] "GET /product/47523743749780 HTTP/1.1" 200 680 "-" "Mozilla/5.0 (Linux; Android 6.0.1; Nexus 5X Build/MMB29P) AppleWebKit/537.36 (KHTML, like Gecko) Chrome/150.0.7871.114 Mobile Safari/537.36 (compatible; Googlebot/2.1; +http://www.google.com/bot.html)"
66.249.68.65 - - [15/Jul/2026:14:41:12 +0000] "GET /product/47443396225811 HTTP/1.1" 200 680 "-" "Mozilla/5.0 (Linux; Android 6.0.1; Nexus 5X Build/MMB29P) AppleWebKit/537.36 (KHTML, like Gecko) Chrome/150.0.7871.114 Mobile Safari/537.36 (compatible; Googlebot/2.1; +http://www.google.com/bot.html)"
66.249.79.161 - - [15/Jul/2026:14:41:22 +0000] "GET /product/34884775886753m HTTP/1.1" 200 680 "-" "Mozilla/5.0 (Linux; Android 6.0.1; Nexus 5X Build/MMB29P) AppleWebKit/537.36 (KHTML, like Gecko) Chrome/150.0.7871.114 Mobile Safari/537.36 (compatible; Googlebot/2.1; +http://www.google.com/bot.html)"
66.249.79.161 - - [15/Jul/2026:14:41:26 +0000] "GET /product/38224185704672 HTTP/1.1" 200 680 "-" "Mozilla/5.0 (Linux; Android 6.0.1; Nexus 5X Build/MMB29P) AppleWebKit/537.36 (KHTML, like Gecko) Chrome/150.0.7871.114 Mobile Safari/537.36 (compatible; Googlebot/2.1; +http://www.google.com/bot.html)"
209.42.17.20 - - [15/Jul/2026:14:41:33 +0000] "POST /wp-cron.php?doing_wp_cron=1784126493.5421340465545654296875 HTTP/1.1" 200 0 "-" "WordPress/7.0.1; https://oas.com.ng"
49.36.46.242 - - [15/Jul/2026:14:41:32 +0000] "GET /product/47257955649043 HTTP/1.1" 200 680 "https://oas.com.ng/sitemap-7.xml" "Mozilla/5.0 (iPhone; CPU iPhone OS 17_4 like Mac OS X) AppleWebKit/605.1.15 (KHTML, like Gecko) Version/17.4 Mobile/15E148 Safari/604.1"
47.128.117.148 - - [15/Jul/2026:14:41:44 +0000] "GET /product/19742633029258 HTTP/2" 200 680 "-" "Mozilla/5.0 (Linux; Android 5.0) AppleWebKit/537.36 (KHTML, like Gecko) Mobile Safari/537.36 (compatible; Bytespider; spider-feedback@bytedance.com)"
66.249.68.64 - - [15/Jul/2026:14:41:44 +0000] "GET /product/47533834545870 HTTP/1.1" 200 680 "-" "Mozilla/5.0 (Linux; Android 6.0.1; Nexus 5X Build/MMB29P) AppleWebKit/537.36 (KHTML, like Gecko) Chrome/150.0.7871.114 Mobile Safari/537.36 (compatible; Googlebot/2.1; +http://www.google.com/bot.html)"
66.249.68.64 - - [15/Jul/2026:14:41:45 +0000] "GET /product/27582714310710 HTTP/1.1" 200 680 "-" "Mozilla/5.0 (Linux; Android 6.0.1; Nexus 5X Build/MMB29P) AppleWebKit/537.36 (KHTML, like Gecko) Chrome/150.0.7871.114 Mobile Safari/537.36 (compatible; Googlebot/2.1; +http://www.google.com/bot.html)"
66.249.79.162 - - [15/Jul/2026:14:41:50 +0000] "GET /product/40878605788602 HTTP/1.1" 200 680 "-" "Mozilla/5.0 (Linux; Android 6.0.1; Nexus 5X Build/MMB29P) AppleWebKit/537.36 (KHTML, like Gecko) Chrome/150.0.7871.114 Mobile Safari/537.36 (compatible; Googlebot/2.1; +http://www.google.com/bot.html)"
47.128.117.13 - - [15/Jul/2026:14:42:03 +0000] "GET /product/18441865713563 HTTP/2" 200 680 "-" "Mozilla/5.0 (Linux; Android 5.0) AppleWebKit/537.36 (KHTML, like Gecko) Mobile Safari/537.36 (compatible; Bytespider; spider-feedback@bytedance.com)"
66.249.79.234 - - [15/Jul/2026:14:42:09 +0000] "GET /product/25833752409577 HTTP/1.1" 200 680 "-" "Mozilla/5.0 (Linux; Android 6.0.1; Nexus 5X Build/MMB29P) AppleWebKit/537.36 (KHTML, like Gecko) Chrome/150.0.7871.114 Mobile Safari/537.36 (compatible; Googlebot/2.1; +http://www.google.com/bot.html)"
66.249.79.161 - - [15/Jul/2026:14:42:20 +0000] "GET /prizes/145237705 HTTP/1.1" 200 680 "-" "Mozilla/5.0 (Linux; Android 6.0.1; Nexus 5X Build/MMB29P) AppleWebKit/537.36 (KHTML, like Gecko) Chrome/150.0.7871.114 Mobile Safari/537.36 (compatible; Googlebot/2.1; +http://www.google.com/bot.html)"
209.42.17.20 - - [15/Jul/2026:14:42:42 +0000] "POST /wp-cron.php?doing_wp_cron=1784126562.3920040130615234375000 HTTP/1.1" 200 0 "-" "WordPress/7.0.1; https://oas.com.ng"
66.249.79.161 - - [15/Jul/2026:14:42:41 +0000] "GET /shop/pg/40891252-4 HTTP/1.1" 200 680 "-" "Mozilla/5.0 (Linux; Android 6.0.1; Nexus 5X Build/MMB29P) AppleWebKit/537.36 (KHTML, like Gecko) Chrome/150.0.7871.114 Mobile Safari/537.36 (compatible; Googlebot/2.1; +http://www.google.com/bot.html)"
47.128.117.177 - - [15/Jul/2026:14:42:42 +0000] "GET /product/38321906138644 HTTP/2" 200 680 "-" "Mozilla/5.0 (Linux; Android 5.0) AppleWebKit/537.36 (KHTML, like Gecko) Mobile Safari/537.36 (compatible; Bytespider; spider-feedback@bytedance.com)"
66.249.79.161 - - [15/Jul/2026:14:42:54 +0000] "GET /shop/pg/28045780-3 HTTP/1.1" 200 680 "-" "Mozilla/5.0 (Linux; Android 6.0.1; Nexus 5X Build/MMB29P) AppleWebKit/537.36 (KHTML, like Gecko) Chrome/150.0.7871.114 Mobile Safari/537.36 (compatible; Googlebot/2.1; +http://www.google.com/bot.html)"
79.181.155.189 - - [15/Jul/2026:14:42:54 +0000] "GET /product/47226534010722 HTTP/1.1" 200 680 "https://oas.com.ng/sitemap-5.xml" "Mozilla/5.0 (Linux; Android 15; OPPO PCLM2) AppleWebKit/537.36 (KHTML, like Gecko) Chrome/153.0.5630.122 Mobile Safari/537.36"
66.249.79.163 - - [15/Jul/2026:14:43:09 +0000] "GET /product/20163085442616 HTTP/1.1" 200 680 "-" "Mozilla/5.0 (Linux; Android 6.0.1; Nexus 5X Build/MMB29P) AppleWebKit/537.36 (KHTML, like Gecko) Chrome/150.0.7871.114 Mobile Safari/537.36 (compatible; Googlebot/2.1; +http://www.google.com/bot.html)"
66.249.79.235 - - [15/Jul/2026:14:43:11 +0000] "GET /product/22581403771041 HTTP/1.1" 200 680 "-" "Mozilla/5.0 (Linux; Android 6.0.1; Nexus 5X Build/MMB29P) AppleWebKit/537.36 (KHTML, like Gecko) Chrome/150.0.7871.114 Mobile Safari/537.36 (compatible; Googlebot/2.1; +http://www.google.com/bot.html)"
47.128.117.186 - - [15/Jul/2026:14:43:13 +0000] "GET /product/20156384728932 HTTP/2" 200 680 "-" "Mozilla/5.0 (Linux; Android 5.0) AppleWebKit/537.36 (KHTML, like Gecko) Mobile Safari/537.36 (compatible; Bytespider; spider-feedback@bytedance.com)"
66.249.79.162 - - [15/Jul/2026:14:43:17 +0000] "GET /product/30759886056220 HTTP/1.1" 200 680 "-" "Mozilla/5.0 (Linux; Android 6.0.1; Nexus 5X Build/MMB29P) AppleWebKit/537.36 (KHTML, like Gecko) Chrome/150.0.7871.114 Mobile Safari/537.36 (compatible; Googlebot/2.1; +http://www.google.com/bot.html)"
209.42.17.20 - - [15/Jul/2026:14:43:36 +0000] "POST /wp-cron.php?doing_wp_cron=1784126616.3573598861694335937500 HTTP/1.1" 200 0 "-" "WordPress/7.0.1; https://oas.com.ng"
66.249.79.161 - - [15/Jul/2026:14:43:35 +0000] "GET /product/31774225877442m HTTP/1.1" 200 680 "-" "Mozilla/5.0 (Linux; Android 6.0.1; Nexus 5X Build/MMB29P) AppleWebKit/537.36 (KHTML, like Gecko) Chrome/150.0.7871.114 Mobile Safari/537.36 (compatible; Googlebot/2.1; +http://www.google.com/bot.html)"
47.128.117.173 - - [15/Jul/2026:14:43:49 +0000] "GET /product/47173385928175 HTTP/2" 200 680 "-" "Mozilla/5.0 (Linux; Android 5.0) AppleWebKit/537.36 (KHTML, like Gecko) Mobile Safari/537.36 (compatible; Bytespider; spider-feedback@bytedance.com)"
66.249.68.169 - - [15/Jul/2026:14:43:53 +0000] "GET /shop/pg/14260776-3 HTTP/1.1" 200 680 "-" "Mozilla/5.0 (Linux; Android 6.0.1; Nexus 5X Build/MMB29P) AppleWebKit/537.36 (KHTML, like Gecko) Chrome/150.0.7871.114 Mobile Safari/537.36 (compatible; Googlebot/2.1; +http://www.google.com/bot.html)"
66.249.68.65 - - [15/Jul/2026:14:43:56 +0000] "GET /product/23415343842849 HTTP/1.1" 200 680 "-" "Mozilla/5.0 (Linux; Android 6.0.1; Nexus 5X Build/MMB29P) AppleWebKit/537.36 (KHTML, like Gecko) Chrome/150.0.7871.114 Mobile Safari/537.36 (compatible; Googlebot/2.1; +http://www.google.com/bot.html)"
66.249.79.234 - - [15/Jul/2026:14:44:12 +0000] "GET /product/25065922544356 HTTP/1.1" 200 680 "-" "Mozilla/5.0 (Linux; Android 6.0.1; Nexus 5X Build/MMB29P) AppleWebKit/537.36 (KHTML, like Gecko) Chrome/150.0.7871.114 Mobile Safari/537.36 (compatible; Googlebot/2.1; +http://www.google.com/bot.html)"
181.177.217.64 - - [15/Jul/2026:14:44:18 +0000] "GET /product/47187994751323 HTTP/1.1" 200 680 "https://oas.com.ng/sitemap-8.xml" "Mozilla/5.0 (Linux; Android 14; M2102J24) AppleWebKit/537.36 (KHTML, like Gecko) Chrome/151.0.5586.142 Mobile Safari/537.36"
66.249.79.162 - - [15/Jul/2026:14:44:24 +0000] "GET /prizes/142716674 HTTP/1.1" 200 680 "-" "Mozilla/5.0 (Linux; Android 6.0.1; Nexus 5X Build/MMB29P) AppleWebKit/537.36 (KHTML, like Gecko) Chrome/150.0.7871.114 Mobile Safari/537.36 (compatible; Googlebot/2.1; +http://www.google.com/bot.html)"
47.128.117.183 - - [15/Jul/2026:14:44:26 +0000] "GET /product/39428754949553 HTTP/2" 200 680 "-" "Mozilla/5.0 (Linux; Android 5.0) AppleWebKit/537.36 (KHTML, like Gecko) Mobile Safari/537.36 (compatible; Bytespider; spider-feedback@bytedance.com)"
66.249.79.234 - - [15/Jul/2026:14:44:26 +0000] "GET /product/22446322997095 HTTP/1.1" 200 680 "-" "Mozilla/5.0 (Linux; Android 6.0.1; Nexus 5X Build/MMB29P) AppleWebKit/537.36 (KHTML, like Gecko) Chrome/150.0.7871.114 Mobile Safari/537.36 (compatible; Googlebot/2.1; +http://www.google.com/bot.html)"
