34.105.30.251 - - [15/Jul/2026:16:23:52 +0000] "GET //wp-includes/wlwmanifest.xml HTTP/1.1" 404 5749 "-" "Mozilla/5.0 (Windows NT 10.0; Win64; x64) AppleWebKit/537.36 (KHTML, like Gecko) Chrome/89.0.4389.114 Safari/537.36"
34.105.30.251 - - [15/Jul/2026:16:23:52 +0000] "GET //xmlrpc.php?rsd HTTP/1.1" 401 40189 "-" "Mozilla/5.0 (Windows NT 10.0; Win64; x64) AppleWebKit/537.36 (KHTML, like Gecko) Chrome/89.0.4389.114 Safari/537.36"
34.105.30.251 - - [15/Jul/2026:16:23:52 +0000] "GET / HTTP/1.1" 200 40068 "-" "Mozilla/5.0 (Windows NT 10.0; Win64; x64) AppleWebKit/537.36 (KHTML, like Gecko) Chrome/89.0.4389.114 Safari/537.36"
34.105.30.251 - - [15/Jul/2026:16:23:52 +0000] "GET //blog/wp-includes/wlwmanifest.xml HTTP/1.1" 404 5749 "-" "Mozilla/5.0 (Windows NT 10.0; Win64; x64) AppleWebKit/537.36 (KHTML, like Gecko) Chrome/89.0.4389.114 Safari/537.36"
34.105.30.251 - - [15/Jul/2026:16:23:52 +0000] "GET //web/wp-includes/wlwmanifest.xml HTTP/1.1" 401 40189 "-" "Mozilla/5.0 (Windows NT 10.0; Win64; x64) AppleWebKit/537.36 (KHTML, like Gecko) Chrome/89.0.4389.114 Safari/537.36"
34.105.30.251 - - [15/Jul/2026:16:23:52 +0000] "GET //wordpress/wp-includes/wlwmanifest.xml HTTP/1.1" 404 5749 "-" "Mozilla/5.0 (Windows NT 10.0; Win64; x64) AppleWebKit/537.36 (KHTML, like Gecko) Chrome/89.0.4389.114 Safari/537.36"
34.105.30.251 - - [15/Jul/2026:16:23:53 +0000] "GET //website/wp-includes/wlwmanifest.xml HTTP/1.1" 401 40189 "-" "Mozilla/5.0 (Windows NT 10.0; Win64; x64) AppleWebKit/537.36 (KHTML, like Gecko) Chrome/89.0.4389.114 Safari/537.36"
34.105.30.251 - - [15/Jul/2026:16:23:53 +0000] "GET //wp/wp-includes/wlwmanifest.xml HTTP/1.1" 404 5749 "-" "Mozilla/5.0 (Windows NT 10.0; Win64; x64) AppleWebKit/537.36 (KHTML, like Gecko) Chrome/89.0.4389.114 Safari/537.36"
34.105.30.251 - - [15/Jul/2026:16:23:53 +0000] "GET //news/wp-includes/wlwmanifest.xml HTTP/1.1" 401 40189 "-" "Mozilla/5.0 (Windows NT 10.0; Win64; x64) AppleWebKit/537.36 (KHTML, like Gecko) Chrome/89.0.4389.114 Safari/537.36"
34.105.30.251 - - [15/Jul/2026:16:23:53 +0000] "GET //2020/wp-includes/wlwmanifest.xml HTTP/1.1" 404 5749 "-" "Mozilla/5.0 (Windows NT 10.0; Win64; x64) AppleWebKit/537.36 (KHTML, like Gecko) Chrome/89.0.4389.114 Safari/537.36"
34.105.30.251 - - [15/Jul/2026:16:23:53 +0000] "GET //2019/wp-includes/wlwmanifest.xml HTTP/1.1" 401 40189 "-" "Mozilla/5.0 (Windows NT 10.0; Win64; x64) AppleWebKit/537.36 (KHTML, like Gecko) Chrome/89.0.4389.114 Safari/537.36"
34.105.30.251 - - [15/Jul/2026:16:23:53 +0000] "GET //shop/wp-includes/wlwmanifest.xml HTTP/1.1" 404 5749 "-" "Mozilla/5.0 (Windows NT 10.0; Win64; x64) AppleWebKit/537.36 (KHTML, like Gecko) Chrome/89.0.4389.114 Safari/537.36"
34.105.30.251 - - [15/Jul/2026:16:23:53 +0000] "GET //wp1/wp-includes/wlwmanifest.xml HTTP/1.1" 401 40189 "-" "Mozilla/5.0 (Windows NT 10.0; Win64; x64) AppleWebKit/537.36 (KHTML, like Gecko) Chrome/89.0.4389.114 Safari/537.36"
34.105.30.251 - - [15/Jul/2026:16:23:54 +0000] "GET //test/wp-includes/wlwmanifest.xml HTTP/1.1" 404 5749 "-" "Mozilla/5.0 (Windows NT 10.0; Win64; x64) AppleWebKit/537.36 (KHTML, like Gecko) Chrome/89.0.4389.114 Safari/537.36"
34.105.30.251 - - [15/Jul/2026:16:23:54 +0000] "GET //wp2/wp-includes/wlwmanifest.xml HTTP/1.1" 401 40189 "-" "Mozilla/5.0 (Windows NT 10.0; Win64; x64) AppleWebKit/537.36 (KHTML, like Gecko) Chrome/89.0.4389.114 Safari/537.36"
34.105.30.251 - - [15/Jul/2026:16:23:54 +0000] "GET //site/wp-includes/wlwmanifest.xml HTTP/1.1" 404 5749 "-" "Mozilla/5.0 (Windows NT 10.0; Win64; x64) AppleWebKit/537.36 (KHTML, like Gecko) Chrome/89.0.4389.114 Safari/537.36"
34.105.30.251 - - [15/Jul/2026:16:23:54 +0000] "GET //cms/wp-includes/wlwmanifest.xml HTTP/1.1" 401 40189 "-" "Mozilla/5.0 (Windows NT 10.0; Win64; x64) AppleWebKit/537.36 (KHTML, like Gecko) Chrome/89.0.4389.114 Safari/537.36"
34.105.30.251 - - [15/Jul/2026:16:23:54 +0000] "GET //sito/wp-includes/wlwmanifest.xml HTTP/1.1" 404 5749 "-" "Mozilla/5.0 (Windows NT 10.0; Win64; x64) AppleWebKit/537.36 (KHTML, like Gecko) Chrome/89.0.4389.114 Safari/537.36"
209.42.17.20 - - [15/Jul/2026:16:24:40 +0000] "POST /wp-cron.php?doing_wp_cron=1784132680.0353200435638427734375 HTTP/1.1" 200 0 "-" "WordPress/7.0.1; https://ebifo.org"
92.222.108.127 - - [15/Jul/2026:16:24:38 +0000] "GET /products/11801435910733 HTTP/2" 404 39254 "-" "Mozilla/5.0 (compatible; AhrefsBot/7.0; +http://ahrefs.com/robot/)"
209.42.17.20 - - [15/Jul/2026:16:25:46 +0000] "POST /wp-cron.php?doing_wp_cron=1784132746.9032580852508544921875 HTTP/1.1" 200 0 "-" "WordPress/7.0.1; https://ebifo.org"
176.31.139.11 - - [15/Jul/2026:16:25:44 +0000] "GET /products/11586527550030 HTTP/2" 404 39254 "-" "Mozilla/5.0 (compatible; AhrefsBot/7.0; +http://ahrefs.com/robot/)"
209.42.17.20 - - [15/Jul/2026:16:26:52 +0000] "POST /wp-cron.php?doing_wp_cron=1784132812.5575220584869384765625 HTTP/1.1" 200 0 "-" "WordPress/7.0.1; https://ebifo.org"
92.222.108.117 - - [15/Jul/2026:16:26:50 +0000] "GET /products/18706617787963 HTTP/2" 404 39255 "-" "Mozilla/5.0 (compatible; AhrefsBot/7.0; +http://ahrefs.com/robot/)"
209.42.17.20 - - [15/Jul/2026:16:27:58 +0000] "POST /wp-cron.php?doing_wp_cron=1784132878.5136229991912841796875 HTTP/1.1" 200 0 "-" "WordPress/7.0.1; https://ebifo.org"
51.75.236.150 - - [15/Jul/2026:16:27:56 +0000] "GET /products/11181847293176 HTTP/2" 404 39254 "-" "Mozilla/5.0 (compatible; AhrefsBot/7.0; +http://ahrefs.com/robot/)"
209.42.17.20 - - [15/Jul/2026:16:29:04 +0000] "POST /wp-cron.php?doing_wp_cron=1784132944.4535779953002929687500 HTTP/1.1" 200 0 "-" "WordPress/7.0.1; https://ebifo.org"
51.75.236.146 - - [15/Jul/2026:16:29:02 +0000] "GET /products/17665132431676 HTTP/2" 404 39252 "-" "Mozilla/5.0 (compatible; AhrefsBot/7.0; +http://ahrefs.com/robot/)"
40.77.167.67 - - [15/Jul/2026:16:29:37 +0000] "GET /items/N363837028/ HTTP/2" 301 0 "-" "Mozilla/5.0 AppleWebKit/537.36 (KHTML, like Gecko; compatible; bingbot/2.0; +http://www.bing.com/bingbot.htm) Chrome/116.0.1938.76 Safari/537.36"
209.42.17.20 - - [15/Jul/2026:16:30:10 +0000] "POST /wp-cron.php?doing_wp_cron=1784133010.9604771137237548828125 HTTP/1.1" 200 0 "-" "WordPress/7.0.1; https://ebifo.org"
37.59.204.148 - - [15/Jul/2026:16:30:08 +0000] "GET /products/10880196108329 HTTP/2" 404 39255 "-" "Mozilla/5.0 (compatible; AhrefsBot/7.0; +http://ahrefs.com/robot/)"
209.42.17.20 - - [15/Jul/2026:16:30:59 +0000] "POST /wp-cron.php?doing_wp_cron=1784133059.4523799419403076171875 HTTP/1.1" 200 0 "-" "WordPress/7.0.1; https://ebifo.org"
52.167.144.237 - - [15/Jul/2026:16:30:58 +0000] "GET /items/O274322939/ HTTP/2" 301 0 "-" "Mozilla/5.0 AppleWebKit/537.36 (KHTML, like Gecko; compatible; bingbot/2.0; +http://www.bing.com/bingbot.htm) Chrome/116.0.1938.76 Safari/537.36"
92.222.104.206 - - [15/Jul/2026:16:31:01 +0000] "GET /items/J974660595/ HTTP/2" 404 39192 "-" "Mozilla/5.0 (compatible; AhrefsBot/7.0; +http://ahrefs.com/robot/)"
43.166.242.189 - - [15/Jul/2026:16:31:05 +0000] "GET / HTTP/1.1" 200 83595 "http://ebifo.org" "Mozilla/5.0 (iPhone; CPU iPhone OS 13_2_3 like Mac OS X) AppleWebKit/605.1.15 (KHTML, like Gecko) Version/13.0.3 Mobile/15E148 Safari/604.1"
209.42.17.20 - - [15/Jul/2026:16:32:13 +0000] "POST /wp-cron.php?doing_wp_cron=1784133133.9604411125183105468750 HTTP/1.1" 200 0 "-" "WordPress/7.0.1; https://ebifo.org"
176.31.139.6 - - [15/Jul/2026:16:32:11 +0000] "GET /products/16634762689928 HTTP/2" 404 39256 "-" "Mozilla/5.0 (compatible; AhrefsBot/7.0; +http://ahrefs.com/robot/)"
209.42.17.20 - - [15/Jul/2026:16:33:18 +0000] "POST /wp-cron.php?doing_wp_cron=1784133198.2208120822906494140625 HTTP/1.1" 200 0 "-" "WordPress/7.0.1; https://ebifo.org"
176.31.139.4 - - [15/Jul/2026:16:33:16 +0000] "GET /items/J974194095/ HTTP/2" 404 39193 "-" "Mozilla/5.0 (compatible; AhrefsBot/7.0; +http://ahrefs.com/robot/)"
209.42.17.20 - - [15/Jul/2026:16:34:25 +0000] "POST /wp-cron.php?doing_wp_cron=1784133265.0457460880279541015625 HTTP/1.1" 200 0 "-" "WordPress/7.0.1; https://ebifo.org"
176.31.139.7 - - [15/Jul/2026:16:34:22 +0000] "GET /products/15998185382245 HTTP/2" 404 39256 "-" "Mozilla/5.0 (compatible; AhrefsBot/7.0; +http://ahrefs.com/robot/)"
52.167.144.196 - - [15/Jul/2026:16:34:29 +0000] "GET /items/S002030852/ HTTP/2" 301 0 "-" "Mozilla/5.0 AppleWebKit/537.36 (KHTML, like Gecko; compatible; bingbot/2.0; +http://www.bing.com/bingbot.htm) Chrome/116.0.1938.76 Safari/537.36"
40.77.167.73 - - [15/Jul/2026:16:34:46 +0000] "GET /items/P332377467/ HTTP/2" 301 0 "-" "Mozilla/5.0 AppleWebKit/537.36 (KHTML, like Gecko; compatible; bingbot/2.0; +http://www.bing.com/bingbot.htm) Chrome/116.0.1938.76 Safari/537.36"
209.42.17.20 - - [15/Jul/2026:16:35:31 +0000] "POST /wp-cron.php?doing_wp_cron=1784133331.0859808921813964843750 HTTP/1.1" 200 0 "-" "WordPress/7.0.1; https://ebifo.org"
92.222.104.196 - - [15/Jul/2026:16:35:29 +0000] "GET /items/J972566599/ HTTP/2" 404 39193 "-" "Mozilla/5.0 (compatible; AhrefsBot/7.0; +http://ahrefs.com/robot/)"
209.42.17.20 - - [15/Jul/2026:16:36:43 +0000] "POST /wp-cron.php?doing_wp_cron=1784133403.2096240520477294921875 HTTP/1.1" 200 0 "-" "WordPress/7.0.1; https://ebifo.org"
176.31.139.6 - - [15/Jul/2026:16:36:41 +0000] "GET /products/14086076147244 HTTP/2" 404 39257 "-" "Mozilla/5.0 (compatible; AhrefsBot/7.0; +http://ahrefs.com/robot/)"
92.222.108.102 - - [15/Jul/2026:16:37:53 +0000] "GET /items/J971274094/ HTTP/2" 404 39192 "-" "Mozilla/5.0 (compatible; AhrefsBot/7.0; +http://ahrefs.com/robot/)"
209.42.17.20 - - [15/Jul/2026:16:37:55 +0000] "POST /wp-cron.php?doing_wp_cron=1784133475.3704049587249755859375 HTTP/1.1" 200 0 "-" "WordPress/7.0.1; https://ebifo.org"
209.42.17.20 - - [15/Jul/2026:16:39:02 +0000] "POST /wp-cron.php?doing_wp_cron=1784133542.4056210517883300781250 HTTP/1.1" 200 0 "-" "WordPress/7.0.1; https://ebifo.org"
92.222.104.223 - - [15/Jul/2026:16:38:59 +0000] "GET /products/1084996353200 HTTP/2" 404 39248 "-" "Mozilla/5.0 (compatible; AhrefsBot/7.0; +http://ahrefs.com/robot/)"
209.42.17.20 - - [15/Jul/2026:16:40:04 +0000] "POST /wp-cron.php?doing_wp_cron=1784133604.1384229660034179687500 HTTP/1.1" 200 0 "-" "WordPress/7.0.1; https://ebifo.org"
54.37.118.80 - - [15/Jul/2026:16:40:01 +0000] "GET /products/10678385379285 HTTP/2" 404 39257 "-" "Mozilla/5.0 (compatible; AhrefsBot/7.0; +http://ahrefs.com/robot/)"
52.167.144.169 - - [15/Jul/2026:16:40:40 +0000] "GET /items/O033023746/ HTTP/2" 301 0 "-" "Mozilla/5.0 AppleWebKit/537.36 (KHTML, like Gecko; compatible; bingbot/2.0; +http://www.bing.com/bingbot.htm) Chrome/116.0.1938.76 Safari/537.36"
209.42.17.20 - - [15/Jul/2026:16:41:07 +0000] "POST /wp-cron.php?doing_wp_cron=1784133667.2449140548706054687500 HTTP/1.1" 200 0 "-" "WordPress/7.0.1; https://ebifo.org"
54.37.118.87 - - [15/Jul/2026:16:41:04 +0000] "GET /items/J973088094/ HTTP/2" 404 39191 "-" "Mozilla/5.0 (compatible; AhrefsBot/7.0; +http://ahrefs.com/robot/)"
209.42.17.20 - - [15/Jul/2026:16:42:11 +0000] "POST /wp-cron.php?doing_wp_cron=1784133731.8511099815368652343750 HTTP/1.1" 200 0 "-" "WordPress/7.0.1; https://ebifo.org"
92.222.104.193 - - [15/Jul/2026:16:42:09 +0000] "GET /products/35374465871464 HTTP/2" 404 39256 "-" "Mozilla/5.0 (compatible; AhrefsBot/7.0; +http://ahrefs.com/robot/)"
209.42.17.20 - - [15/Jul/2026:16:43:23 +0000] "POST /wp-cron.php?doing_wp_cron=1784133803.0005970001220703125000 HTTP/1.1" 200 0 "-" "WordPress/7.0.1; https://ebifo.org"
92.222.104.207 - - [15/Jul/2026:16:43:20 +0000] "GET /products/35218955881934 HTTP/2" 404 39256 "-" "Mozilla/5.0 (compatible; AhrefsBot/7.0; +http://ahrefs.com/robot/)"
209.42.17.20 - - [15/Jul/2026:16:44:19 +0000] "POST /wp-cron.php?doing_wp_cron=1784133859.8824369907379150390625 HTTP/1.1" 200 0 "-" "WordPress/7.0.1; https://ebifo.org"
54.37.118.71 - - [15/Jul/2026:16:44:17 +0000] "GET /items/J972140808/ HTTP/2" 404 39197 "-" "Mozilla/5.0 (compatible; AhrefsBot/7.0; +http://ahrefs.com/robot/)"
51.68.247.214 - - [15/Jul/2026:16:45:21 +0000] "GET /products/33785964560144 HTTP/2" 404 39257 "-" "Mozilla/5.0 (compatible; AhrefsBot/7.0; +http://ahrefs.com/robot/)"
128.199.242.0 - - [15/Jul/2026:16:46:15 +0000] "GET /wp-content/uploads/2022/12/sw-post-3-min.jpg HTTP/1.1" 200 45846 "https://ebifo.org/" "Mozilla/5.0 (Windows NT 10.0; Win64; x64) AppleWebKit/537.36 (KHTML, like Gecko) Chrome/112.0.0.0 Safari/537.36"
5.39.1.253 - - [15/Jul/2026:16:46:26 +0000] "GET /products/30170342338756 HTTP/2" 404 39253 "-" "Mozilla/5.0 (compatible; AhrefsBot/7.0; +http://ahrefs.com/robot/)"
209.42.17.20 - - [15/Jul/2026:16:47:32 +0000] "POST /wp-cron.php?doing_wp_cron=1784134052.5723381042480468750000 HTTP/1.1" 200 0 "-" "WordPress/7.0.1; https://ebifo.org"
51.75.236.130 - - [15/Jul/2026:16:47:30 +0000] "GET /products/37972550360311 HTTP/2" 404 39254 "-" "Mozilla/5.0 (compatible; AhrefsBot/7.0; +http://ahrefs.com/robot/)"
209.42.17.20 - - [15/Jul/2026:16:48:36 +0000] "POST /wp-cron.php?doing_wp_cron=1784134116.7461159229278564453125 HTTP/1.1" 200 0 "-" "WordPress/7.0.1; https://ebifo.org"
5.39.1.242 - - [15/Jul/2026:16:48:34 +0000] "GET /products/28439613625129 HTTP/2" 404 39255 "-" "Mozilla/5.0 (compatible; AhrefsBot/7.0; +http://ahrefs.com/robot/)"
17.246.15.62 - - [15/Jul/2026:16:49:31 +0000] "GET /robots.txt HTTP/2" 200 143 "-" "Mozilla/5.0 (Macintosh; Intel Mac OS X 10_15_7) AppleWebKit/605.1.15 (KHTML, like Gecko) Version/17.4 Safari/605.1.15 (Applebot/0.1; +http://www.apple.com/go/applebot)"
209.42.17.20 - - [15/Jul/2026:16:49:33 +0000] "POST /wp-cron.php?doing_wp_cron=1784134173.7140049934387207031250 HTTP/1.1" 200 0 "-" "WordPress/7.0.1; https://ebifo.org"
17.246.15.62 - - [15/Jul/2026:16:49:31 +0000] "GET /cause/free-agri-business-seminar/ HTTP/2" 404 45534 "-" "Mozilla/5.0 (Macintosh; Intel Mac OS X 10_15_7) AppleWebKit/605.1.15 (KHTML, like Gecko) Version/17.4 Safari/605.1.15 (Applebot/0.1; +http://www.apple.com/go/applebot)"
176.31.139.30 - - [15/Jul/2026:16:49:36 +0000] "GET /products/16845193095300 HTTP/2" 404 39254 "-" "Mozilla/5.0 (compatible; AhrefsBot/7.0; +http://ahrefs.com/robot/)"
209.42.17.20 - - [15/Jul/2026:16:50:42 +0000] "POST /wp-cron.php?doing_wp_cron=1784134242.9435930252075195312500 HTTP/1.1" 200 0 "-" "WordPress/7.0.1; https://ebifo.org"
51.68.247.215 - - [15/Jul/2026:16:50:40 +0000] "GET /products/36578913691633 HTTP/2" 404 39256 "-" "Mozilla/5.0 (compatible; AhrefsBot/7.0; +http://ahrefs.com/robot/)"
209.42.17.20 - - [15/Jul/2026:16:51:46 +0000] "POST /wp-cron.php?doing_wp_cron=1784134306.5205700397491455078125 HTTP/1.1" 200 0 "-" "WordPress/7.0.1; https://ebifo.org"
37.59.204.132 - - [15/Jul/2026:16:51:44 +0000] "GET /products/1193719552280 HTTP/2" 404 39238 "-" "Mozilla/5.0 (compatible; AhrefsBot/7.0; +http://ahrefs.com/robot/)"
92.222.108.117 - - [15/Jul/2026:16:52:48 +0000] "GET /products/34617454061172 HTTP/2" 404 39254 "-" "Mozilla/5.0 (compatible; AhrefsBot/7.0; +http://ahrefs.com/robot/)"
209.42.17.20 - - [15/Jul/2026:16:52:50 +0000] "POST /wp-cron.php?doing_wp_cron=1784134370.6493010520935058593750 HTTP/1.1" 200 0 "-" "WordPress/7.0.1; https://ebifo.org"
176.31.139.31 - - [15/Jul/2026:16:53:53 +0000] "GET /products/33909068800752 HTTP/2" 404 39256 "-" "Mozilla/5.0 (compatible; AhrefsBot/7.0; +http://ahrefs.com/robot/)"
209.42.17.20 - - [15/Jul/2026:16:53:54 +0000] "POST /wp-cron.php?doing_wp_cron=1784134434.7894380092620849609375 HTTP/1.1" 200 0 "-" "WordPress/7.0.1; https://ebifo.org"
209.42.17.20 - - [15/Jul/2026:16:54:59 +0000] "POST /wp-cron.php?doing_wp_cron=1784134499.5021901130676269531250 HTTP/1.1" 200 0 "-" "WordPress/7.0.1; https://ebifo.org"
92.222.108.113 - - [15/Jul/2026:16:54:57 +0000] "GET /products/3381740465514 HTTP/2" 404 39239 "-" "Mozilla/5.0 (compatible; AhrefsBot/7.0; +http://ahrefs.com/robot/)"
54.37.118.70 - - [15/Jul/2026:16:56:01 +0000] "GET /products/9739851864309 HTTP/2" 404 39248 "-" "Mozilla/5.0 (compatible; AhrefsBot/7.0; +http://ahrefs.com/robot/)"
17.246.23.14 - - [15/Jul/2026:16:57:18 +0000] "GET /wp-content/plugins/the-events-calendar/build/css/tribe-events-single-skeleton.css?ver=6.16.5 HTTP/2" 200 3356 "https://ebifo.org/cause/free-agri-business-seminar/" "Mozilla/5.0 (Macintosh; Intel Mac OS X 10_15_7) AppleWebKit/605.1.15 (KHTML, like Gecko) Version/17.4 Safari/605.1.15 (Applebot/0.1; +http://www.apple.com/go/applebot)"
17.246.23.14 - - [15/Jul/2026:16:57:19 +0000] "GET /wp-includes/css/dist/block-library/style.min.css?ver=7.0.1 HTTP/2" 200 16250 "https://ebifo.org/cause/free-agri-business-seminar/" "Mozilla/5.0 (Macintosh; Intel Mac OS X 10_15_7) AppleWebKit/605.1.15 (KHTML, like Gecko) Version/17.4 Safari/605.1.15 (Applebot/0.1; +http://www.apple.com/go/applebot)"
17.246.23.14 - - [15/Jul/2026:16:57:21 +0000] "GET /wp-content/plugins/sermone//dist/sermone.css?ver=1.0.0 HTTP/2" 200 34 "https://ebifo.org/cause/free-agri-business-seminar/" "Mozilla/5.0 (Macintosh; Intel Mac OS X 10_15_7) AppleWebKit/605.1.15 (KHTML, like Gecko) Version/17.4 Safari/605.1.15 (Applebot/0.1; +http://www.apple.com/go/applebot)"
17.246.23.14 - - [15/Jul/2026:16:57:22 +0000] "GET /wp-content/plugins/the-events-calendar/build/css/tribe-events-single-full.css?ver=6.16.5 HTTP/2" 200 3187 "https://ebifo.org/cause/free-agri-business-seminar/" "Mozilla/5.0 (Macintosh; Intel Mac OS X 10_15_7) AppleWebKit/605.1.15 (KHTML, like Gecko) Version/17.4 Safari/605.1.15 (Applebot/0.1; +http://www.apple.com/go/applebot)"
17.246.23.14 - - [15/Jul/2026:16:57:24 +0000] "GET /wp-content/plugins/woocommerce/assets/css/woocommerce-layout.css?ver=10.9.1 HTTP/2" 200 3178 "https://ebifo.org/cause/free-agri-business-seminar/" "Mozilla/5.0 (Macintosh; Intel Mac OS X 10_15_7) AppleWebKit/605.1.15 (KHTML, like Gecko) Version/17.4 Safari/605.1.15 (Applebot/0.1; +http://www.apple.com/go/applebot)"
17.246.23.14 - - [15/Jul/2026:16:57:25 +0000] "GET /wp-content/plugins/woocommerce/assets/css/woocommerce.css?ver=10.9.1 HTTP/2" 200 10470 "https://ebifo.org/cause/free-agri-business-seminar/" "Mozilla/5.0 (Macintosh; Intel Mac OS X 10_15_7) AppleWebKit/605.1.15 (KHTML, like Gecko) Version/17.4 Safari/605.1.15 (Applebot/0.1; +http://www.apple.com/go/applebot)"
17.246.23.14 - - [15/Jul/2026:16:57:27 +0000] "GET /wp-content/plugins/the-events-calendar/build/css/integrations/plugins/elementor/widgets/widget-base.css?ver=6.16.5 HTTP/2" 200 300 "https://ebifo.org/cause/free-agri-business-seminar/" "Mozilla/5.0 (Macintosh; Intel Mac OS X 10_15_7) AppleWebKit/605.1.15 (KHTML, like Gecko) Version/17.4 Safari/605.1.15 (Applebot/0.1; +http://www.apple.com/go/applebot)"
17.246.23.14 - - [15/Jul/2026:16:57:28 +0000] "GET /wp-content/plugins/give/build/assets/dist/css/give.css?ver=4.16.0 HTTP/2" 200 43170 "https://ebifo.org/cause/free-agri-business-seminar/" "Mozilla/5.0 (Macintosh; Intel Mac OS X 10_15_7) AppleWebKit/605.1.15 (KHTML, like Gecko) Version/17.4 Safari/605.1.15 (Applebot/0.1; +http://www.apple.com/go/applebot)"
17.246.23.14 - - [15/Jul/2026:16:57:30 +0000] "GET /wp-content/plugins/give/build/assets/dist/css/design-system/foundation.css?ver=1.2.0 HTTP/2" 200 1221 "https://ebifo.org/cause/free-agri-business-seminar/" "Mozilla/5.0 (Macintosh; Intel Mac OS X 10_15_7) AppleWebKit/605.1.15 (KHTML, like Gecko) Version/17.4 Safari/605.1.15 (Applebot/0.1; +http://www.apple.com/go/applebot)"
17.246.23.14 - - [15/Jul/2026:16:57:31 +0000] "GET /wp-content/themes/alone/style.css?ver=7.8.8 HTTP/2" 200 870 "https://ebifo.org/cause/free-agri-business-seminar/" "Mozilla/5.0 (Macintosh; Intel Mac OS X 10_15_7) AppleWebKit/605.1.15 (KHTML, like Gecko) Version/17.4 Safari/605.1.15 (Applebot/0.1; +http://www.apple.com/go/applebot)"
17.246.23.14 - - [15/Jul/2026:16:57:32 +0000] "GET /wp-content/themes/alone/css/woocommerce.css?ver=7.8.8 HTTP/2" 200 11340 "https://ebifo.org/cause/free-agri-business-seminar/" "Mozilla/5.0 (Macintosh; Intel Mac OS X 10_15_7) AppleWebKit/605.1.15 (KHTML, like Gecko) Version/17.4 Safari/605.1.15 (Applebot/0.1; +http://www.apple.com/go/applebot)"
17.246.23.14 - - [15/Jul/2026:16:57:34 +0000] "GET /wp-content/themes/alone/css/give.css?ver=7.8.8 HTTP/2" 200 9668 "https://ebifo.org/cause/free-agri-business-seminar/" "Mozilla/5.0 (Macintosh; Intel Mac OS X 10_15_7) AppleWebKit/605.1.15 (KHTML, like Gecko) Version/17.4 Safari/605.1.15 (Applebot/0.1; +http://www.apple.com/go/applebot)"
17.246.23.14 - - [15/Jul/2026:16:57:35 +0000] "GET /wp-content/themes/alone/css/events.css?ver=7.8.8 HTTP/2" 200 3260 "https://ebifo.org/cause/free-agri-business-seminar/" "Mozilla/5.0 (Macintosh; Intel Mac OS X 10_15_7) AppleWebKit/605.1.15 (KHTML, like Gecko) Version/17.4 Safari/605.1.15 (Applebot/0.1; +http://www.apple.com/go/applebot)"
17.246.23.14 - - [15/Jul/2026:16:57:37 +0000] "GET /wp-content/themes/alone/css/sermone.css?ver=7.8.8 HTTP/2" 200 133 "https://ebifo.org/cause/free-agri-business-seminar/" "Mozilla/5.0 (Macintosh; Intel Mac OS X 10_15_7) AppleWebKit/605.1.15 (KHTML, like Gecko) Version/17.4 Safari/605.1.15 (Applebot/0.1; +http://www.apple.com/go/applebot)"
17.246.23.14 - - [15/Jul/2026:16:57:38 +0000] "GET /wp-content/plugins/elementor/assets/css/frontend.min.css?ver=4.1.4 HTTP/2" 200 6613 "https://ebifo.org/cause/free-agri-business-seminar/" "Mozilla/5.0 (Macintosh; Intel Mac OS X 10_15_7) AppleWebKit/605.1.15 (KHTML, like Gecko) Version/17.4 Safari/605.1.15 (Applebot/0.1; +http://www.apple.com/go/applebot)"
17.246.23.14 - - [15/Jul/2026:16:57:40 +0000] "GET /wp-content/plugins/elementor/assets/css/widget-image.min.css?ver=4.1.4 HTTP/2" 200 96 "https://ebifo.org/cause/free-agri-business-seminar/" "Mozilla/5.0 (Macintosh; Intel Mac OS X 10_15_7) AppleWebKit/605.1.15 (KHTML, like Gecko) Version/17.4 Safari/605.1.15 (Applebot/0.1; +http://www.apple.com/go/applebot)"
17.246.23.14 - - [15/Jul/2026:16:57:41 +0000] "GET /wp-content/plugins/elementor-pro/assets/css/widget-nav-menu.min.css?ver=4.1.1 HTTP/2" 200 3241 "https://ebifo.org/cause/free-agri-business-seminar/" "Mozilla/5.0 (Macintosh; Intel Mac OS X 10_15_7) AppleWebKit/605.1.15 (KHTML, like Gecko) Version/17.4 Safari/605.1.15 (Applebot/0.1; +http://www.apple.com/go/applebot)"
17.246.23.14 - - [15/Jul/2026:16:57:43 +0000] "GET /wp-content/plugins/elementor-pro/assets/css/modules/sticky.min.css?ver=4.1.1 HTTP/2" 200 162 "https://ebifo.org/cause/free-agri-business-seminar/" "Mozilla/5.0 (Macintosh; Intel Mac OS X 10_15_7) AppleWebKit/605.1.15 (KHTML, like Gecko) Version/17.4 Safari/605.1.15 (Applebot/0.1; +http://www.apple.com/go/applebot)"
17.246.23.14 - - [15/Jul/2026:16:57:44 +0000] "GET /wp-content/plugins/elementor/assets/css/widget-heading.min.css?ver=4.1.4 HTTP/2" 200 126 "https://ebifo.org/cause/free-agri-business-seminar/" "Mozilla/5.0 (Macintosh; Intel Mac OS X 10_15_7) AppleWebKit/605.1.15 (KHTML, like Gecko) Version/17.4 Safari/605.1.15 (Applebot/0.1; +http://www.apple.com/go/applebot)"
17.246.23.14 - - [15/Jul/2026:16:57:45 +0000] "GET /wp-content/plugins/elementor/assets/css/widget-icon-list.min.css?ver=4.1.4 HTTP/2" 200 928 "https://ebifo.org/cause/free-agri-business-seminar/" "Mozilla/5.0 (Macintosh; Intel Mac OS X 10_15_7) AppleWebKit/605.1.15 (KHTML, like Gecko) Version/17.4 Safari/605.1.15 (Applebot/0.1; +http://www.apple.com/go/applebot)"
17.246.23.14 - - [15/Jul/2026:16:57:47 +0000] "GET /wp-content/plugins/elementor/assets/css/widget-social-icons.min.css?ver=4.1.4 HTTP/2" 200 1039 "https://ebifo.org/cause/free-agri-business-seminar/" "Mozilla/5.0 (Macintosh; Intel Mac OS X 10_15_7) AppleWebKit/605.1.15 (KHTML, like Gecko) Version/17.4 Safari/605.1.15 (Applebot/0.1; +http://www.apple.com/go/applebot)"
17.246.23.14 - - [15/Jul/2026:16:57:48 +0000] "GET /wp-content/plugins/elementor/assets/css/conditionals/apple-webkit.min.css?ver=4.1.4 HTTP/2" 200 464 "https://ebifo.org/cause/free-agri-business-seminar/" "Mozilla/5.0 (Macintosh; Intel Mac OS X 10_15_7) AppleWebKit/605.1.15 (KHTML, like Gecko) Version/17.4 Safari/605.1.15 (Applebot/0.1; +http://www.apple.com/go/applebot)"
17.246.23.14 - - [15/Jul/2026:16:57:50 +0000] "GET /wp-content/plugins/ubermenu/pro/assets/css/ubermenu.min.css?ver=3.8.5 HTTP/2" 200 8670 "https://ebifo.org/cause/free-agri-business-seminar/" "Mozilla/5.0 (Macintosh; Intel Mac OS X 10_15_7) AppleWebKit/605.1.15 (KHTML, like Gecko) Version/17.4 Safari/605.1.15 (Applebot/0.1; +http://www.apple.com/go/applebot)"
17.246.23.14 - - [15/Jul/2026:16:57:51 +0000] "GET /wp-content/plugins/ubermenu/assets/css/skins/minimal.css?ver=7.0.1 HTTP/2" 200 623 "https://ebifo.org/cause/free-agri-business-seminar/" "Mozilla/5.0 (Macintosh; Intel Mac OS X 10_15_7) AppleWebKit/605.1.15 (KHTML, like Gecko) Version/17.4 Safari/605.1.15 (Applebot/0.1; +http://www.apple.com/go/applebot)"
17.246.23.14 - - [15/Jul/2026:16:57:53 +0000] "GET /wp-content/plugins/ubermenu/assets/fontawesome/css/all.min.css?ver=7.0.1 HTTP/2" 200 12370 "https://ebifo.org/cause/free-agri-business-seminar/" "Mozilla/5.0 (Macintosh; Intel Mac OS X 10_15_7) AppleWebKit/605.1.15 (KHTML, like Gecko) Version/17.4 Safari/605.1.15 (Applebot/0.1; +http://www.apple.com/go/applebot)"
17.246.23.14 - - [15/Jul/2026:16:57:54 +0000] "GET /wp-content/plugins/essential-addons-for-elementor-lite/assets/front-end/css/view/general.min.css?ver=6.6.9 HTTP/2" 200 1420 "https://ebifo.org/cause/free-agri-business-seminar/" "Mozilla/5.0 (Macintosh; Intel Mac OS X 10_15_7) AppleWebKit/605.1.15 (KHTML, like Gecko) Version/17.4 Safari/605.1.15 (Applebot/0.1; +http://www.apple.com/go/applebot)"
17.246.23.14 - - [15/Jul/2026:16:57:56 +0000] "GET /wp-content/plugins/bearsthemes-addons/assets/css/swiper.min.css?ver=7.0.1 HTTP/2" 200 2180 "https://ebifo.org/cause/free-agri-business-seminar/" "Mozilla/5.0 (Macintosh; Intel Mac OS X 10_15_7) AppleWebKit/605.1.15 (KHTML, like Gecko) Version/17.4 Safari/605.1.15 (Applebot/0.1; +http://www.apple.com/go/applebot)"
17.246.23.14 - - [15/Jul/2026:16:57:57 +0000] "GET /wp-content/plugins/bearsthemes-addons/assets/css/tooltipster.css?ver=7.0.1 HTTP/2" 200 1528 "https://ebifo.org/cause/free-agri-business-seminar/" "Mozilla/5.0 (Macintosh; Intel Mac OS X 10_15_7) AppleWebKit/605.1.15 (KHTML, like Gecko) Version/17.4 Safari/605.1.15 (Applebot/0.1; +http://www.apple.com/go/applebot)"
17.246.23.14 - - [15/Jul/2026:16:57:58 +0000] "GET /wp-content/plugins/bearsthemes-addons/assets/css/magnific-popup.css?ver=7.0.1 HTTP/2" 200 1660 "https://ebifo.org/cause/free-agri-business-seminar/" "Mozilla/5.0 (Macintosh; Intel Mac OS X 10_15_7) AppleWebKit/605.1.15 (KHTML, like Gecko) Version/17.4 Safari/605.1.15 (Applebot/0.1; +http://www.apple.com/go/applebot)"
17.246.23.14 - - [15/Jul/2026:16:58:00 +0000] "GET /wp-content/plugins/bearsthemes-addons/assets/css/elements.css?ver=7.0.1 HTTP/2" 200 27816 "https://ebifo.org/cause/free-agri-business-seminar/" "Mozilla/5.0 (Macintosh; Intel Mac OS X 10_15_7) AppleWebKit/605.1.15 (KHTML, like Gecko) Version/17.4 Safari/605.1.15 (Applebot/0.1; +http://www.apple.com/go/applebot)"
17.246.23.14 - - [15/Jul/2026:16:58:01 +0000] "GET /wp-content/plugins/bearsthemes-addons/assets/css/woocommerce.css?ver=7.0.1 HTTP/2" 200 1608 "https://ebifo.org/cause/free-agri-business-seminar/" "Mozilla/5.0 (Macintosh; Intel Mac OS X 10_15_7) AppleWebKit/605.1.15 (KHTML, like Gecko) Version/17.4 Safari/605.1.15 (Applebot/0.1; +http://www.apple.com/go/applebot)"
17.246.23.14 - - [15/Jul/2026:16:58:03 +0000] "GET /wp-content/plugins/bearsthemes-addons/assets/css/give.css?ver=7.0.1 HTTP/2" 200 17597 "https://ebifo.org/cause/free-agri-business-seminar/" "Mozilla/5.0 (Macintosh; Intel Mac OS X 10_15_7) AppleWebKit/605.1.15 (KHTML, like Gecko) Version/17.4 Safari/605.1.15 (Applebot/0.1; +http://www.apple.com/go/applebot)"
17.246.23.14 - - [15/Jul/2026:16:58:04 +0000] "GET /wp-content/plugins/bearsthemes-addons/assets/css/events.css?ver=7.0.1 HTTP/2" 200 9313 "https://ebifo.org/cause/free-agri-business-seminar/" "Mozilla/5.0 (Macintosh; Intel Mac OS X 10_15_7) AppleWebKit/605.1.15 (KHTML, like Gecko) Version/17.4 Safari/605.1.15 (Applebot/0.1; +http://www.apple.com/go/applebot)"
17.246.23.14 - - [15/Jul/2026:16:58:06 +0000] "GET /wp-content/plugins/bearsthemes-addons/assets/css/sermone.css?ver=7.0.1 HTTP/2" 200 2697 "https://ebifo.org/cause/free-agri-business-seminar/" "Mozilla/5.0 (Macintosh; Intel Mac OS X 10_15_7) AppleWebKit/605.1.15 (KHTML, like Gecko) Version/17.4 Safari/605.1.15 (Applebot/0.1; +http://www.apple.com/go/applebot)"
17.246.23.14 - - [15/Jul/2026:16:58:07 +0000] "GET /wp-content/uploads/elementor/google-fonts/css/roboto.css?ver=1753686476 HTTP/2" 200 1877 "https://ebifo.org/cause/free-agri-business-seminar/" "Mozilla/5.0 (Macintosh; Intel Mac OS X 10_15_7) AppleWebKit/605.1.15 (KHTML, like Gecko) Version/17.4 Safari/605.1.15 (Applebot/0.1; +http://www.apple.com/go/applebot)"
17.246.23.14 - - [15/Jul/2026:16:58:08 +0000] "GET /wp-content/uploads/elementor/google-fonts/css/robotoslab.css?ver=1753686469 HTTP/2" 200 714 "https://ebifo.org/cause/free-agri-business-seminar/" "Mozilla/5.0 (Macintosh; Intel Mac OS X 10_15_7) AppleWebKit/605.1.15 (KHTML, like Gecko) Version/17.4 Safari/605.1.15 (Applebot/0.1; +http://www.apple.com/go/applebot)"
17.246.23.14 - - [15/Jul/2026:16:58:10 +0000] "GET /wp-content/uploads/elementor/google-fonts/css/poppins.css?ver=1753686470 HTTP/2" 200 784 "https://ebifo.org/cause/free-agri-business-seminar/" "Mozilla/5.0 (Macintosh; Intel Mac OS X 10_15_7) AppleWebKit/605.1.15 (KHTML, like Gecko) Version/17.4 Safari/605.1.15 (Applebot/0.1; +http://www.apple.com/go/applebot)"
17.246.23.14 - - [15/Jul/2026:16:58:11 +0000] "GET /wp-includes/js/jquery/jquery.min.js?ver=3.7.1 HTTP/2" 200 29744 "https://ebifo.org/cause/free-agri-business-seminar/" "Mozilla/5.0 (Macintosh; Intel Mac OS X 10_15_7) AppleWebKit/605.1.15 (KHTML, like Gecko) Version/17.4 Safari/605.1.15 (Applebot/0.1; +http://www.apple.com/go/applebot)"
17.246.23.14 - - [15/Jul/2026:16:58:13 +0000] "GET /wp-includes/js/jquery/jquery-migrate.min.js?ver=3.4.1 HTTP/2" 200 4678 "https://ebifo.org/cause/free-agri-business-seminar/" "Mozilla/5.0 (Macintosh; Intel Mac OS X 10_15_7) AppleWebKit/605.1.15 (KHTML, like Gecko) Version/17.4 Safari/605.1.15 (Applebot/0.1; +http://www.apple.com/go/applebot)"
17.246.23.14 - - [15/Jul/2026:16:58:14 +0000] "GET /wp-content/plugins/sermone//dist/sermone.frontend.bundle.js?ver=1.0.0 HTTP/2" 200 60807 "https://ebifo.org/cause/free-agri-business-seminar/" "Mozilla/5.0 (Macintosh; Intel Mac OS X 10_15_7) AppleWebKit/605.1.15 (KHTML, like Gecko) Version/17.4 Safari/605.1.15 (Applebot/0.1; +http://www.apple.com/go/applebot)"
17.246.23.14 - - [15/Jul/2026:16:58:16 +0000] "GET /wp-content/plugins/woocommerce/assets/js/jquery-blockui/jquery.blockUI.min.js?ver=2.7.0-wc.10.9.1 HTTP/2" 200 3277 "https://ebifo.org/cause/free-agri-business-seminar/" "Mozilla/5.0 (Macintosh; Intel Mac OS X 10_15_7) AppleWebKit/605.1.15 (KHTML, like Gecko) Version/17.4 Safari/605.1.15 (Applebot/0.1; +http://www.apple.com/go/applebot)"
17.246.23.14 - - [15/Jul/2026:16:58:17 +0000] "GET /wp-content/plugins/woocommerce/assets/js/frontend/add-to-cart.min.js?ver=10.9.1 HTTP/2" 200 1296 "https://ebifo.org/cause/free-agri-business-seminar/" "Mozilla/5.0 (Macintosh; Intel Mac OS X 10_15_7) AppleWebKit/605.1.15 (KHTML, like Gecko) Version/17.4 Safari/605.1.15 (Applebot/0.1; +http://www.apple.com/go/applebot)"
17.246.23.14 - - [15/Jul/2026:16:58:18 +0000] "GET /wp-content/plugins/woocommerce/assets/js/js-cookie/js.cookie.min.js?ver=2.1.4-wc.10.9.1 HTTP/2" 200 760 "https://ebifo.org/cause/free-agri-business-seminar/" "Mozilla/5.0 (Macintosh; Intel Mac OS X 10_15_7) AppleWebKit/605.1.15 (KHTML, like Gecko) Version/17.4 Safari/605.1.15 (Applebot/0.1; +http://www.apple.com/go/applebot)"
17.246.23.14 - - [15/Jul/2026:16:58:20 +0000] "GET /wp-content/plugins/woocommerce/assets/js/frontend/woocommerce.min.js?ver=10.9.1 HTTP/2" 200 1384 "https://ebifo.org/cause/free-agri-business-seminar/" "Mozilla/5.0 (Macintosh; Intel Mac OS X 10_15_7) AppleWebKit/605.1.15 (KHTML, like Gecko) Version/17.4 Safari/605.1.15 (Applebot/0.1; +http://www.apple.com/go/applebot)"
17.246.23.14 - - [15/Jul/2026:16:58:21 +0000] "GET /wp-includes/js/dist/hooks.min.js?ver=7496969728ca0f95732d HTTP/2" 200 1734 "https://ebifo.org/cause/free-agri-business-seminar/" "Mozilla/5.0 (Macintosh; Intel Mac OS X 10_15_7) AppleWebKit/605.1.15 (KHTML, like Gecko) Version/17.4 Safari/605.1.15 (Applebot/0.1; +http://www.apple.com/go/applebot)"
17.246.23.14 - - [15/Jul/2026:16:58:23 +0000] "GET /wp-includes/js/dist/i18n.min.js?ver=781d11515ad3d91786ec HTTP/2" 200 2354 "https://ebifo.org/cause/free-agri-business-seminar/" "Mozilla/5.0 (Macintosh; Intel Mac OS X 10_15_7) AppleWebKit/605.1.15 (KHTML, like Gecko) Version/17.4 Safari/605.1.15 (Applebot/0.1; +http://www.apple.com/go/applebot)"
17.246.23.14 - - [15/Jul/2026:16:58:24 +0000] "GET /wp-content/plugins/give/build/assets/dist/js/give.js?ver=8540f4f50a2032d9c5b5 HTTP/2" 200 46238 "https://ebifo.org/cause/free-agri-business-seminar/" "Mozilla/5.0 (Macintosh; Intel Mac OS X 10_15_7) AppleWebKit/605.1.15 (KHTML, like Gecko) Version/17.4 Safari/605.1.15 (Applebot/0.1; +http://www.apple.com/go/applebot)"
17.246.23.14 - - [15/Jul/2026:16:58:26 +0000] "GET /wp-content/themes/alone/js/posts-loadmore.js?ver=7.0.1 HTTP/2" 200 917 "https://ebifo.org/cause/free-agri-business-seminar/" "Mozilla/5.0 (Macintosh; Intel Mac OS X 10_15_7) AppleWebKit/605.1.15 (KHTML, like Gecko) Version/17.4 Safari/605.1.15 (Applebot/0.1; +http://www.apple.com/go/applebot)"
17.246.23.14 - - [15/Jul/2026:16:58:27 +0000] "GET /wp-content/themes/alone/js/give-loadmore.js?ver=7.0.1 HTTP/2" 200 1695 "https://ebifo.org/cause/free-agri-business-seminar/" "Mozilla/5.0 (Macintosh; Intel Mac OS X 10_15_7) AppleWebKit/605.1.15 (KHTML, like Gecko) Version/17.4 Safari/605.1.15 (Applebot/0.1; +http://www.apple.com/go/applebot)"
17.246.23.14 - - [15/Jul/2026:16:58:28 +0000] "GET /wp-content/plugins/woocommerce/assets/client/blocks/wc-blocks.css?ver=wc-10.9.1 HTTP/2" 200 2391 "https://ebifo.org/cause/free-agri-business-seminar/" "Mozilla/5.0 (Macintosh; Intel Mac OS X 10_15_7) AppleWebKit/605.1.15 (KHTML, like Gecko) Version/17.4 Safari/605.1.15 (Applebot/0.1; +http://www.apple.com/go/applebot)"
17.246.23.14 - - [15/Jul/2026:16:58:30 +0000] "GET /wp-content/plugins/woocommerce/assets/css/photoswipe/photoswipe.min.css?ver=10.9.1 HTTP/2" 200 846 "https://ebifo.org/cause/free-agri-business-seminar/" "Mozilla/5.0 (Macintosh; Intel Mac OS X 10_15_7) AppleWebKit/605.1.15 (KHTML, like Gecko) Version/17.4 Safari/605.1.15 (Applebot/0.1; +http://www.apple.com/go/applebot)"
17.246.23.14 - - [15/Jul/2026:16:58:31 +0000] "GET /wp-content/plugins/woocommerce/assets/css/photoswipe/default-skin/default-skin.min.css?ver=10.9.1 HTTP/2" 200 1759 "https://ebifo.org/cause/free-agri-business-seminar/" "Mozilla/5.0 (Macintosh; Intel Mac OS X 10_15_7) AppleWebKit/605.1.15 (KHTML, like Gecko) Version/17.4 Safari/605.1.15 (Applebot/0.1; +http://www.apple.com/go/applebot)"
17.246.23.14 - - [15/Jul/2026:16:58:33 +0000] "GET /wp-content/plugins/the-events-calendar/common/build/js/user-agent.js?ver=da75d0bdea6dde3898df HTTP/2" 200 171 "https://ebifo.org/cause/free-agri-business-seminar/" "Mozilla/5.0 (Macintosh; Intel Mac OS X 10_15_7) AppleWebKit/605.1.15 (KHTML, like Gecko) Version/17.4 Safari/605.1.15 (Applebot/0.1; +http://www.apple.com/go/applebot)"
17.246.23.14 - - [15/Jul/2026:16:58:34 +0000] "GET /wp-includes/js/dist/vendor/react.min.js?ver=18.3.1.1 HTTP/2" 200 4117 "https://ebifo.org/cause/free-agri-business-seminar/" "Mozilla/5.0 (Macintosh; Intel Mac OS X 10_15_7) AppleWebKit/605.1.15 (KHTML, like Gecko) Version/17.4 Safari/605.1.15 (Applebot/0.1; +http://www.apple.com/go/applebot)"
17.246.23.14 - - [15/Jul/2026:16:58:35 +0000] "GET /wp-includes/js/dist/vendor/react-jsx-runtime.min.js?ver=18.3.1 HTTP/2" 200 613 "https://ebifo.org/cause/free-agri-business-seminar/" "Mozilla/5.0 (Macintosh; Intel Mac OS X 10_15_7) AppleWebKit/605.1.15 (KHTML, like Gecko) Version/17.4 Safari/605.1.15 (Applebot/0.1; +http://www.apple.com/go/applebot)"
17.246.23.14 - - [15/Jul/2026:16:58:37 +0000] "GET /wp-includes/js/dist/url.min.js?ver=bb0f766c3d2efe497871 HTTP/2" 200 3629 "https://ebifo.org/cause/free-agri-business-seminar/" "Mozilla/5.0 (Macintosh; Intel Mac OS X 10_15_7) AppleWebKit/605.1.15 (KHTML, like Gecko) Version/17.4 Safari/605.1.15 (Applebot/0.1; +http://www.apple.com/go/applebot)"
17.246.23.14 - - [15/Jul/2026:16:58:38 +0000] "GET /wp-includes/js/dist/api-fetch.min.js?ver=d7efe4dc1468d36c39b8 HTTP/2" 200 2692 "https://ebifo.org/cause/free-agri-business-seminar/" "Mozilla/5.0 (Macintosh; Intel Mac OS X 10_15_7) AppleWebKit/605.1.15 (KHTML, like Gecko) Version/17.4 Safari/605.1.15 (Applebot/0.1; +http://www.apple.com/go/applebot)"
17.246.23.14 - - [15/Jul/2026:16:58:40 +0000] "GET /wp-includes/js/dist/vendor/react-dom.min.js?ver=18.3.1.1 HTTP/2" 200 41410 "https://ebifo.org/cause/free-agri-business-seminar/" "Mozilla/5.0 (Macintosh; Intel Mac OS X 10_15_7) AppleWebKit/605.1.15 (KHTML, like Gecko) Version/17.4 Safari/605.1.15 (Applebot/0.1; +http://www.apple.com/go/applebot)"
17.246.23.14 - - [15/Jul/2026:16:58:41 +0000] "GET /wp-includes/js/dist/dom-ready.min.js?ver=a06281ae5cf5500e9317 HTTP/2" 200 420 "https://ebifo.org/cause/free-agri-business-seminar/" "Mozilla/5.0 (Macintosh; Intel Mac OS X 10_15_7) AppleWebKit/605.1.15 (KHTML, like Gecko) Version/17.4 Safari/605.1.15 (Applebot/0.1; +http://www.apple.com/go/applebot)"
17.246.23.14 - - [15/Jul/2026:16:58:42 +0000] "GET /wp-includes/js/dist/a11y.min.js?ver=af934e5259bc51b8718e HTTP/2" 200 935 "https://ebifo.org/cause/free-agri-business-seminar/" "Mozilla/5.0 (Macintosh; Intel Mac OS X 10_15_7) AppleWebKit/605.1.15 (KHTML, like Gecko) Version/17.4 Safari/605.1.15 (Applebot/0.1; +http://www.apple.com/go/applebot)"
17.246.23.14 - - [15/Jul/2026:16:58:44 +0000] "GET /wp-includes/js/dist/blob.min.js?ver=198af75fe06d924090d8 HTTP/2" 200 564 "https://ebifo.org/cause/free-agri-business-seminar/" "Mozilla/5.0 (Macintosh; Intel Mac OS X 10_15_7) AppleWebKit/605.1.15 (KHTML, like Gecko) Version/17.4 Safari/605.1.15 (Applebot/0.1; +http://www.apple.com/go/applebot)"
17.246.23.14 - - [15/Jul/2026:16:58:45 +0000] "GET /wp-includes/js/dist/block-serialization-default-parser.min.js?ver=bff55bd3f1ce9df0c99c HTTP/2" 200 1092 "https://ebifo.org/cause/free-agri-business-seminar/" "Mozilla/5.0 (Macintosh; Intel Mac OS X 10_15_7) AppleWebKit/605.1.15 (KHTML, like Gecko) Version/17.4 Safari/605.1.15 (Applebot/0.1; +http://www.apple.com/go/applebot)"
17.246.23.14 - - [15/Jul/2026:16:58:47 +0000] "GET /wp-includes/js/dist/autop.min.js?ver=9d0d0901b46f0a9027c9 HTTP/2" 200 2067 "https://ebifo.org/cause/free-agri-business-seminar/" "Mozilla/5.0 (Macintosh; Intel Mac OS X 10_15_7) AppleWebKit/605.1.15 (KHTML, like Gecko) Version/17.4 Safari/605.1.15 (Applebot/0.1; +http://www.apple.com/go/applebot)"
17.246.23.14 - - [15/Jul/2026:16:58:48 +0000] "GET /wp-includes/js/dist/deprecated.min.js?ver=990e85f234fee8f7d446 HTTP/2" 200 698 "https://ebifo.org/cause/free-agri-business-seminar/" "Mozilla/5.0 (Macintosh; Intel Mac OS X 10_15_7) AppleWebKit/605.1.15 (KHTML, like Gecko) Version/17.4 Safari/605.1.15 (Applebot/0.1; +http://www.apple.com/go/applebot)"
17.246.23.14 - - [15/Jul/2026:16:58:49 +0000] "GET /wp-includes/js/dist/dom.min.js?ver=66a6cf58e0c4cd128af0 HTTP/2" 200 4822 "https://ebifo.org/cause/free-agri-business-seminar/" "Mozilla/5.0 (Macintosh; Intel Mac OS X 10_15_7) AppleWebKit/605.1.15 (KHTML, like Gecko) Version/17.4 Safari/605.1.15 (Applebot/0.1; +http://www.apple.com/go/applebot)"
17.246.23.14 - - [15/Jul/2026:16:58:51 +0000] "GET /wp-includes/js/dist/escape-html.min.js?ver=3f093e5cca67aa0f8b56 HTTP/2" 200 537 "https://ebifo.org/cause/free-agri-business-seminar/" "Mozilla/5.0 (Macintosh; Intel Mac OS X 10_15_7) AppleWebKit/605.1.15 (KHTML, like Gecko) Version/17.4 Safari/605.1.15 (Applebot/0.1; +http://www.apple.com/go/applebot)"
17.246.23.14 - - [15/Jul/2026:16:58:52 +0000] "GET /wp-includes/js/dist/element.min.js?ver=15ba804677f72a8db97b HTTP/2" 200 5024 "https://ebifo.org/cause/free-agri-business-seminar/" "Mozilla/5.0 (Macintosh; Intel Mac OS X 10_15_7) AppleWebKit/605.1.15 (KHTML, like Gecko) Version/17.4 Safari/605.1.15 (Applebot/0.1; +http://www.apple.com/go/applebot)"
17.246.23.14 - - [15/Jul/2026:16:58:54 +0000] "GET /wp-includes/js/dist/is-shallow-equal.min.js?ver=5d84b9f3cb50d2ce7d04 HTTP/2" 200 523 "https://ebifo.org/cause/free-agri-business-seminar/" "Mozilla/5.0 (Macintosh; Intel Mac OS X 10_15_7) AppleWebKit/605.1.15 (KHTML, like Gecko) Version/17.4 Safari/605.1.15 (Applebot/0.1; +http://www.apple.com/go/applebot)"
17.246.23.14 - - [15/Jul/2026:16:58:55 +0000] "GET /wp-includes/js/dist/keycodes.min.js?ver=aa1a141e3468afe7f852 HTTP/2" 200 1492 "https://ebifo.org/cause/free-agri-business-seminar/" "Mozilla/5.0 (Macintosh; Intel Mac OS X 10_15_7) AppleWebKit/605.1.15 (KHTML, like Gecko) Version/17.4 Safari/605.1.15 (Applebot/0.1; +http://www.apple.com/go/applebot)"
17.246.23.14 - - [15/Jul/2026:16:58:56 +0000] "GET /wp-includes/js/dist/priority-queue.min.js?ver=1f0e89e247bc0bd3f9b9 HTTP/2" 200 1514 "https://ebifo.org/cause/free-agri-business-seminar/" "Mozilla/5.0 (Macintosh; Intel Mac OS X 10_15_7) AppleWebKit/605.1.15 (KHTML, like Gecko) Version/17.4 Safari/605.1.15 (Applebot/0.1; +http://www.apple.com/go/applebot)"
17.246.23.14 - - [15/Jul/2026:16:58:58 +0000] "GET /wp-includes/js/dist/undo-manager.min.js?ver=27bb0ae036a2c9d4a1b5 HTTP/2" 200 871 "https://ebifo.org/cause/free-agri-business-seminar/" "Mozilla/5.0 (Macintosh; Intel Mac OS X 10_15_7) AppleWebKit/605.1.15 (KHTML, like Gecko) Version/17.4 Safari/605.1.15 (Applebot/0.1; +http://www.apple.com/go/applebot)"
17.246.23.14 - - [15/Jul/2026:16:58:59 +0000] "GET /wp-includes/js/dist/compose.min.js?ver=fbe37f6b46750554f947 HTTP/2" 200 10730 "https://ebifo.org/cause/free-agri-business-seminar/" "Mozilla/5.0 (Macintosh; Intel Mac OS X 10_15_7) AppleWebKit/605.1.15 (KHTML, like Gecko) Version/17.4 Safari/605.1.15 (Applebot/0.1; +http://www.apple.com/go/applebot)"
17.246.23.14 - - [15/Jul/2026:16:59:01 +0000] "GET /wp-includes/js/dist/redux-routine.min.js?ver=64f9f5001aabc046c605 HTTP/2" 200 3223 "https://ebifo.org/cause/free-agri-business-seminar/" "Mozilla/5.0 (Macintosh; Intel Mac OS X 10_15_7) AppleWebKit/605.1.15 (KHTML, like Gecko) Version/17.4 Safari/605.1.15 (Applebot/0.1; +http://www.apple.com/go/applebot)"
17.246.23.14 - - [15/Jul/2026:16:59:02 +0000] "GET /wp-includes/js/dist/private-apis.min.js?ver=835912f0086b9e59aed4 HTTP/2" 200 997 "https://ebifo.org/cause/free-agri-business-seminar/" "Mozilla/5.0 (Macintosh; Intel Mac OS X 10_15_7) AppleWebKit/605.1.15 (KHTML, like Gecko) Version/17.4 Safari/605.1.15 (Applebot/0.1; +http://www.apple.com/go/applebot)"
17.246.23.14 - - [15/Jul/2026:16:59:03 +0000] "GET /wp-includes/js/dist/data.min.js?ver=1756b6a2676c1b3369ab HTTP/2" 200 9420 "https://ebifo.org/cause/free-agri-business-seminar/" "Mozilla/5.0 (Macintosh; Intel Mac OS X 10_15_7) AppleWebKit/605.1.15 (KHTML, like Gecko) Version/17.4 Safari/605.1.15 (Applebot/0.1; +http://www.apple.com/go/applebot)"
17.246.23.14 - - [15/Jul/2026:16:59:05 +0000] "GET /wp-includes/js/dist/html-entities.min.js?ver=8c6fa5b869dfeadc4af2 HTTP/2" 200 441 "https://ebifo.org/cause/free-agri-business-seminar/" "Mozilla/5.0 (Macintosh; Intel Mac OS X 10_15_7) AppleWebKit/605.1.15 (KHTML, like Gecko) Version/17.4 Safari/605.1.15 (Applebot/0.1; +http://www.apple.com/go/applebot)"
17.246.23.14 - - [15/Jul/2026:16:59:06 +0000] "GET /wp-includes/js/dist/rich-text.min.js?ver=16449e6108f48327f368 HTTP/2" 200 13480 "https://ebifo.org/cause/free-agri-business-seminar/" "Mozilla/5.0 (Macintosh; Intel Mac OS X 10_15_7) AppleWebKit/605.1.15 (KHTML, like Gecko) Version/17.4 Safari/605.1.15 (Applebot/0.1; +http://www.apple.com/go/applebot)"
17.246.23.14 - - [15/Jul/2026:16:59:07 +0000] "GET /wp-includes/js/dist/shortcode.min.js?ver=11742fe18cc215d3d5ab HTTP/2" 200 1499 "https://ebifo.org/cause/free-agri-business-seminar/" "Mozilla/5.0 (Macintosh; Intel Mac OS X 10_15_7) AppleWebKit/605.1.15 (KHTML, like Gecko) Version/17.4 Safari/605.1.15 (Applebot/0.1; +http://www.apple.com/go/applebot)"
17.246.23.14 - - [15/Jul/2026:16:59:09 +0000] "GET /wp-includes/js/dist/warning.min.js?ver=36fdbdc984d93aee8a97 HTTP/2" 200 407 "https://ebifo.org/cause/free-agri-business-seminar/" "Mozilla/5.0 (Macintosh; Intel Mac OS X 10_15_7) AppleWebKit/605.1.15 (KHTML, like Gecko) Version/17.4 Safari/605.1.15 (Applebot/0.1; +http://www.apple.com/go/applebot)"
17.246.23.14 - - [15/Jul/2026:16:59:10 +0000] "GET /wp-includes/js/dist/blocks.min.js?ver=ef38e42500165bfda301 HTTP/2" 200 54171 "https://ebifo.org/cause/free-agri-business-seminar/" "Mozilla/5.0 (Macintosh; Intel Mac OS X 10_15_7) AppleWebKit/605.1.15 (KHTML, like Gecko) Version/17.4 Safari/605.1.15 (Applebot/0.1; +http://www.apple.com/go/applebot)"
17.246.23.14 - - [15/Jul/2026:16:59:12 +0000] "GET /wp-includes/js/dist/vendor/moment.min.js?ver=2.30.1 HTTP/2" 200 18383 "https://ebifo.org/cause/free-agri-business-seminar/" "Mozilla/5.0 (Macintosh; Intel Mac OS X 10_15_7) AppleWebKit/605.1.15 (KHTML, like Gecko) Version/17.4 Safari/605.1.15 (Applebot/0.1; +http://www.apple.com/go/applebot)"
17.246.23.14 - - [15/Jul/2026:16:59:13 +0000] "GET /wp-includes/js/dist/date.min.js?ver=c9f8e7dd3232716f34e9 HTTP/2" 200 22977 "https://ebifo.org/cause/free-agri-business-seminar/" "Mozilla/5.0 (Macintosh; Intel Mac OS X 10_15_7) AppleWebKit/605.1.15 (KHTML, like Gecko) Version/17.4 Safari/605.1.15 (Applebot/0.1; +http://www.apple.com/go/applebot)"
17.246.23.14 - - [15/Jul/2026:16:59:14 +0000] "GET /wp-includes/js/dist/primitives.min.js?ver=a5c905ec27bcd76ef287 HTTP/2" 200 948 "https://ebifo.org/cause/free-agri-business-seminar/" "Mozilla/5.0 (Macintosh; Intel Mac OS X 10_15_7) AppleWebKit/605.1.15 (KHTML, like Gecko) Version/17.4 Safari/605.1.15 (Applebot/0.1; +http://www.apple.com/go/applebot)"
17.246.23.14 - - [15/Jul/2026:16:59:16 +0000] "GET /wp-includes/js/dist/components.min.js?ver=5dedfe13f08880193a28 HTTP/2" 200 252681 "https://ebifo.org/cause/free-agri-business-seminar/" "Mozilla/5.0 (Macintosh; Intel Mac OS X 10_15_7) AppleWebKit/605.1.15 (KHTML, like Gecko) Version/17.4 Safari/605.1.15 (Applebot/0.1; +http://www.apple.com/go/applebot)"
17.246.23.14 - - [15/Jul/2026:16:59:17 +0000] "GET /wp-includes/js/dist/keyboard-shortcuts.min.js?ver=2ed78d3b4c23f38804e0 HTTP/2" 200 1481 "https://ebifo.org/cause/free-agri-business-seminar/" "Mozilla/5.0 (Macintosh; Intel Mac OS X 10_15_7) AppleWebKit/605.1.15 (KHTML, like Gecko) Version/17.4 Safari/605.1.15 (Applebot/0.1; +http://www.apple.com/go/applebot)"
17.246.23.14 - - [15/Jul/2026:16:59:19 +0000] "GET /wp-includes/js/dist/commands.min.js?ver=e3d8bba53f4ffea4fcd2 HTTP/2" 200 19300 "https://ebifo.org/cause/free-agri-business-seminar/" "Mozilla/5.0 (Macintosh; Intel Mac OS X 10_15_7) AppleWebKit/605.1.15 (KHTML, like Gecko) Version/17.4 Safari/605.1.15 (Applebot/0.1; +http://www.apple.com/go/applebot)"
17.246.23.14 - - [15/Jul/2026:16:59:20 +0000] "GET /wp-includes/js/dist/notices.min.js?ver=218d0173a31ae7269246 HTTP/2" 200 1760 "https://ebifo.org/cause/free-agri-business-seminar/" "Mozilla/5.0 (Macintosh; Intel Mac OS X 10_15_7) AppleWebKit/605.1.15 (KHTML, like Gecko) Version/17.4 Safari/605.1.15 (Applebot/0.1; +http://www.apple.com/go/applebot)"
17.246.23.14 - - [15/Jul/2026:16:59:21 +0000] "GET /wp-includes/js/dist/preferences-persistence.min.js?ver=e8033be98338d1861bca HTTP/2" 200 2054 "https://ebifo.org/cause/free-agri-business-seminar/" "Mozilla/5.0 (Macintosh; Intel Mac OS X 10_15_7) AppleWebKit/605.1.15 (KHTML, like Gecko) Version/17.4 Safari/605.1.15 (Applebot/0.1; +http://www.apple.com/go/applebot)"
17.246.23.14 - - [15/Jul/2026:16:59:23 +0000] "GET /wp-includes/js/dist/preferences.min.js?ver=035813168e404aa30193 HTTP/2" 200 3108 "https://ebifo.org/cause/free-agri-business-seminar/" "Mozilla/5.0 (Macintosh; Intel Mac OS X 10_15_7) AppleWebKit/605.1.15 (KHTML, like Gecko) Version/17.4 Safari/605.1.15 (Applebot/0.1; +http://www.apple.com/go/applebot)"
17.246.23.89 - - [15/Jul/2026:16:59:24 +0000] "GET /wp-includes/js/dist/style-engine.min.js?ver=faa37ce61b7ec8394b2a HTTP/2" 200 2243 "https://ebifo.org/cause/free-agri-business-seminar/" "Mozilla/5.0 (Macintosh; Intel Mac OS X 10_15_7) AppleWebKit/605.1.15 (KHTML, like Gecko) Version/17.4 Safari/605.1.15 (Applebot/0.1; +http://www.apple.com/go/applebot)"
17.246.23.89 - - [15/Jul/2026:16:59:25 +0000] "GET /wp-includes/js/dist/preferences.min.js?ver=035813168e404aa30193 HTTP/2" 200 3108 "https://ebifo.org/cause/free-agri-business-seminar/" "Mozilla/5.0 (Macintosh; Intel Mac OS X 10_15_7) AppleWebKit/605.1.15 (KHTML, like Gecko) Version/17.4 Safari/605.1.15 (Applebot/0.1; +http://www.apple.com/go/applebot)"
17.246.23.89 - - [15/Jul/2026:16:59:27 +0000] "GET /wp-includes/js/dist/token-list.min.js?ver=16f0aebdd39d87c2a84b HTTP/2" 200 678 "https://ebifo.org/cause/free-agri-business-seminar/" "Mozilla/5.0 (Macintosh; Intel Mac OS X 10_15_7) AppleWebKit/605.1.15 (KHTML, like Gecko) Version/17.4 Safari/605.1.15 (Applebot/0.1; +http://www.apple.com/go/applebot)"
17.246.23.89 - - [15/Jul/2026:16:59:28 +0000] "GET /wp-includes/js/dist/upload-media.min.js?ver=d359c2cccf866d7082d2 HTTP/2" 200 7528 "https://ebifo.org/cause/free-agri-business-seminar/" "Mozilla/5.0 (Macintosh; Intel Mac OS X 10_15_7) AppleWebKit/605.1.15 (KHTML, like Gecko) Version/17.4 Safari/605.1.15 (Applebot/0.1; +http://www.apple.com/go/applebot)"
17.246.23.89 - - [15/Jul/2026:16:59:30 +0000] "GET /wp-includes/js/dist/block-editor.min.js?ver=f3d941bcb2e86c269881 HTTP/2" 200 313912 "https://ebifo.org/cause/free-agri-business-seminar/" "Mozilla/5.0 (Macintosh; Intel Mac OS X 10_15_7) AppleWebKit/605.1.15 (KHTML, like Gecko) Version/17.4 Safari/605.1.15 (Applebot/0.1; +http://www.apple.com/go/applebot)"
