20.63.63.128 - - [16/Jul/2026:00:47:14 +0000] "GET /1.php HTTP/1.1" 401 36 "-" "-"
20.63.63.128 - - [16/Jul/2026:00:47:14 +0000] "GET /sql.php HTTP/1.1" 401 36 "-" "-"
20.63.63.128 - - [16/Jul/2026:00:47:14 +0000] "GET /xxx.php HTTP/1.1" 401 36 "-" "-"
20.63.63.128 - - [16/Jul/2026:00:47:14 +0000] "GET /shell.php HTTP/1.1" 401 36 "-" "-"
20.63.63.128 - - [16/Jul/2026:00:47:15 +0000] "GET /r.php HTTP/1.1" 401 36 "-" "-"
20.63.63.128 - - [16/Jul/2026:00:47:15 +0000] "GET /wso.php HTTP/1.1" 401 36 "-" "-"
20.63.63.128 - - [16/Jul/2026:00:47:15 +0000] "GET /wp-ws68.php HTTP/1.1" 401 36 "-" "-"
20.63.63.128 - - [16/Jul/2026:00:47:15 +0000] "GET /x.php HTTP/1.1" 401 36 "-" "-"
20.63.63.128 - - [16/Jul/2026:00:47:16 +0000] "GET /v2.php HTTP/1.1" 401 36 "-" "-"
20.63.63.128 - - [16/Jul/2026:00:47:16 +0000] "GET /atomlib.php HTTP/1.1" 401 36 "-" "-"
20.63.63.128 - - [16/Jul/2026:00:47:16 +0000] "GET /wp-ver.php HTTP/1.1" 401 36 "-" "-"
20.63.63.128 - - [16/Jul/2026:00:47:16 +0000] "GET /z.php HTTP/1.1" 401 36 "-" "-"
20.63.63.128 - - [16/Jul/2026:00:47:16 +0000] "GET /thoms.php HTTP/1.1" 401 36 "-" "-"
20.63.63.128 - - [16/Jul/2026:00:47:17 +0000] "GET /bthil.php HTTP/1.1" 401 36 "-" "-"
20.63.63.128 - - [16/Jul/2026:00:47:17 +0000] "GET /crgio.php HTTP/1.1" 401 36 "-" "-"
20.63.63.128 - - [16/Jul/2026:00:47:17 +0000] "GET /file11.php HTTP/1.1" 401 36 "-" "-"
209.42.17.20 - - [16/Jul/2026:00:47:49 +0000] "POST /wp-cron.php?doing_wp_cron=1784162869.6922600269317626953125 HTTP/1.1" 200 0 "-" "WordPress/7.0.1; https://ebifo.org"
92.222.104.203 - - [16/Jul/2026:00:47:47 +0000] "GET /products/757231191591 HTTP/2" 404 39208 "-" "Mozilla/5.0 (compatible; AhrefsBot/7.0; +http://ahrefs.com/robot/)"
209.42.17.20 - - [16/Jul/2026:00:49:25 +0000] "POST /wp-cron.php?doing_wp_cron=1784162965.8802421092987060546875 HTTP/1.1" 200 0 "-" "WordPress/7.0.1; https://ebifo.org"
40.77.167.77 - - [16/Jul/2026:00:49:24 +0000] "GET /items/V453099340/ HTTP/2" 301 0 "-" "Mozilla/5.0 AppleWebKit/537.36 (KHTML, like Gecko; compatible; bingbot/2.0; +http://www.bing.com/bingbot.htm) Chrome/116.0.1938.76 Safari/537.36"
209.42.17.20 - - [16/Jul/2026:00:54:16 +0000] "POST /wp-cron.php?doing_wp_cron=1784163256.9421050548553466796875 HTTP/1.1" 200 0 "-" "WordPress/7.0.1; https://ebifo.org"
66.249.79.32 - - [16/Jul/2026:00:54:15 +0000] "GET /products/5750334091272 HTTP/1.1" 301 0 "-" "Mozilla/5.0 (Linux; Android 6.0.1; Nexus 5X Build/MMB29P) AppleWebKit/537.36 (KHTML, like Gecko) Chrome/150.0.7871.114 Mobile Safari/537.36 (compatible; Googlebot/2.1; +http://www.google.com/bot.html)"
66.249.79.137 - - [16/Jul/2026:00:54:17 +0000] "GET /products/5750334091272 HTTP/1.1" 404 39235 "-" "Mozilla/5.0 (Linux; Android 6.0.1; Nexus 5X Build/MMB29P) AppleWebKit/537.36 (KHTML, like Gecko) Chrome/150.0.7871.114 Mobile Safari/537.36 (compatible; Googlebot/2.1; +http://www.google.com/bot.html)"
209.42.17.20 - - [16/Jul/2026:00:55:27 +0000] "POST /wp-cron.php?doing_wp_cron=1784163327.0191459655761718750000 HTTP/1.1" 200 0 "-" "WordPress/7.0.1; https://ebifo.org"
124.227.221.180 - - [16/Jul/2026:00:55:24 +0000] "POST /wp-comments-post.php HTTP/1.1" 302 0 "-" "Mozilla/5.0 (Windows NT 10.0; Win64; x64) AppleWebKit/537.36 (KHTML, like Gecko) Chrome/108.0.0.0 Safari/537.36 Edg/108.0.1462.46"
124.227.221.180 - - [16/Jul/2026:00:55:27 +0000] "GET /charities-turning-to-tech-to-help-safeguard-future/?unapproved=298&moderation-hash=a1cbcafd537c50ced232518bc0a8fede HTTP/1.1" 200 46158 "-" "Mozilla/5.0 (Windows NT 10.0; Win64; x64) AppleWebKit/537.36 (KHTML, like Gecko) Chrome/108.0.0.0 Safari/537.36 Edg/108.0.1462.46"
20.226.26.5 - - [16/Jul/2026:00:59:48 +0000] "GET /autodiscover/autodiscover.xml HTTP/1.1" 400 52 "-" "-"
20.226.26.5 - - [16/Jul/2026:00:59:49 +0000] "GET /autodiscover/autodiscover.xml HTTP/1.1" 400 52 "-" "-"
20.226.26.5 - - [16/Jul/2026:00:59:49 +0000] "GET /autodiscover/autodiscover.xml HTTP/1.1" 400 52 "-" "-"
20.226.26.5 - - [16/Jul/2026:00:59:50 +0000] "GET /autodiscover/autodiscover.xml HTTP/1.1" 400 52 "-" "-"
20.226.26.5 - - [16/Jul/2026:00:59:50 +0000] "GET /autodiscover/autodiscover.xml HTTP/1.1" 400 52 "-" "-"
20.226.26.5 - - [16/Jul/2026:00:59:50 +0000] "GET /autodiscover/autodiscover.xml HTTP/1.1" 400 52 "-" "-"
20.226.26.5 - - [16/Jul/2026:00:59:51 +0000] "GET /autodiscover/autodiscover.xml HTTP/1.1" 400 52 "-" "-"
20.226.26.5 - - [16/Jul/2026:00:59:51 +0000] "GET /autodiscover/autodiscover.xml HTTP/1.1" 400 52 "-" "-"
20.226.26.5 - - [16/Jul/2026:00:59:52 +0000] "GET /autodiscover/autodiscover.xml HTTP/1.1" 400 52 "-" "-"
20.226.26.5 - - [16/Jul/2026:00:59:52 +0000] "GET /autodiscover/autodiscover.xml HTTP/1.1" 400 52 "-" "-"
20.226.26.5 - - [16/Jul/2026:00:59:53 +0000] "GET /autodiscover/autodiscover.xml HTTP/1.1" 400 52 "-" "-"
20.226.26.5 - - [16/Jul/2026:00:59:53 +0000] "GET /autodiscover/autodiscover.xml HTTP/1.1" 400 52 "-" "-"
20.226.26.5 - - [16/Jul/2026:00:59:54 +0000] "GET /autodiscover/autodiscover.xml HTTP/1.1" 400 52 "-" "-"
20.226.26.5 - - [16/Jul/2026:00:59:54 +0000] "GET /autodiscover/autodiscover.xml HTTP/1.1" 400 52 "-" "-"
20.226.26.5 - - [16/Jul/2026:00:59:55 +0000] "GET /autodiscover/autodiscover.xml HTTP/1.1" 400 52 "-" "-"
20.226.26.5 - - [16/Jul/2026:00:59:55 +0000] "GET /autodiscover/autodiscover.xml HTTP/1.1" 400 52 "-" "-"
20.226.26.5 - - [16/Jul/2026:00:59:56 +0000] "GET /autodiscover/autodiscover.xml HTTP/1.1" 400 52 "-" "-"
20.226.26.5 - - [16/Jul/2026:00:59:56 +0000] "GET /autodiscover/autodiscover.xml HTTP/1.1" 400 52 "-" "-"
20.226.26.5 - - [16/Jul/2026:00:59:57 +0000] "GET /autodiscover/autodiscover.xml HTTP/1.1" 400 52 "-" "-"
20.226.26.5 - - [16/Jul/2026:00:59:57 +0000] "GET /autodiscover/autodiscover.xml HTTP/1.1" 400 52 "-" "-"
20.226.26.5 - - [16/Jul/2026:00:59:58 +0000] "GET /autodiscover/autodiscover.xml HTTP/1.1" 400 52 "-" "-"
20.226.26.5 - - [16/Jul/2026:00:59:58 +0000] "GET /autodiscover/autodiscover.xml HTTP/1.1" 400 52 "-" "-"
20.226.26.5 - - [16/Jul/2026:00:59:59 +0000] "GET /autodiscover/autodiscover.xml HTTP/1.1" 400 52 "-" "-"
20.226.26.5 - - [16/Jul/2026:00:59:59 +0000] "GET /autodiscover/autodiscover.xml HTTP/1.1" 400 52 "-" "-"
20.226.26.5 - - [16/Jul/2026:01:00:00 +0000] "GET /autodiscover/autodiscover.xml HTTP/1.1" 400 52 "-" "-"
20.226.26.5 - - [16/Jul/2026:01:00:00 +0000] "GET /autodiscover/autodiscover.xml HTTP/1.1" 400 52 "-" "-"
20.226.26.5 - - [16/Jul/2026:01:00:01 +0000] "GET /autodiscover/autodiscover.xml HTTP/1.1" 400 52 "-" "-"
20.226.26.5 - - [16/Jul/2026:01:00:01 +0000] "GET /autodiscover/autodiscover.xml HTTP/1.1" 400 52 "-" "-"
20.226.26.5 - - [16/Jul/2026:01:00:02 +0000] "GET /autodiscover/autodiscover.xml HTTP/1.1" 400 52 "-" "-"
20.226.26.5 - - [16/Jul/2026:01:00:02 +0000] "GET /autodiscover/autodiscover.xml HTTP/1.1" 400 52 "-" "-"
20.226.26.5 - - [16/Jul/2026:01:00:03 +0000] "GET /autodiscover/autodiscover.xml HTTP/1.1" 400 52 "-" "-"
20.226.26.5 - - [16/Jul/2026:01:00:03 +0000] "GET /autodiscover/autodiscover.xml HTTP/1.1" 400 52 "-" "-"
20.226.26.5 - - [16/Jul/2026:01:00:04 +0000] "GET /autodiscover/autodiscover.xml HTTP/1.1" 400 52 "-" "-"
20.226.26.5 - - [16/Jul/2026:01:00:04 +0000] "GET /autodiscover/autodiscover.xml HTTP/1.1" 400 52 "-" "-"
20.226.26.5 - - [16/Jul/2026:01:00:05 +0000] "GET /autodiscover/autodiscover.xml HTTP/1.1" 400 52 "-" "-"
20.226.26.5 - - [16/Jul/2026:01:00:05 +0000] "GET /autodiscover/autodiscover.xml HTTP/1.1" 400 52 "-" "-"
20.226.26.5 - - [16/Jul/2026:01:00:06 +0000] "GET /autodiscover/autodiscover.xml HTTP/1.1" 400 52 "-" "-"
20.226.26.5 - - [16/Jul/2026:01:00:06 +0000] "GET /autodiscover/autodiscover.xml HTTP/1.1" 400 52 "-" "-"
20.226.26.5 - - [16/Jul/2026:01:00:07 +0000] "GET /autodiscover/autodiscover.xml HTTP/1.1" 400 52 "-" "-"
20.226.26.5 - - [16/Jul/2026:01:00:07 +0000] "GET /autodiscover/autodiscover.xml HTTP/1.1" 400 52 "-" "-"
20.226.26.5 - - [16/Jul/2026:01:00:08 +0000] "GET /autodiscover/autodiscover.xml HTTP/1.1" 400 52 "-" "-"
20.226.26.5 - - [16/Jul/2026:01:00:08 +0000] "GET /autodiscover/autodiscover.xml HTTP/1.1" 400 52 "-" "-"
20.226.26.5 - - [16/Jul/2026:01:00:09 +0000] "GET /autodiscover/autodiscover.xml HTTP/1.1" 400 52 "-" "-"
20.226.26.5 - - [16/Jul/2026:01:00:09 +0000] "GET /autodiscover/autodiscover.xml HTTP/1.1" 400 52 "-" "-"
20.226.26.5 - - [16/Jul/2026:01:00:10 +0000] "GET /autodiscover/autodiscover.xml HTTP/1.1" 400 52 "-" "-"
20.226.26.5 - - [16/Jul/2026:01:00:10 +0000] "GET /autodiscover/autodiscover.xml HTTP/1.1" 400 52 "-" "-"
20.226.26.5 - - [16/Jul/2026:01:00:11 +0000] "GET /autodiscover/autodiscover.xml HTTP/1.1" 400 52 "-" "-"
20.226.26.5 - - [16/Jul/2026:01:00:11 +0000] "GET /autodiscover/autodiscover.xml HTTP/1.1" 400 52 "-" "-"
20.226.26.5 - - [16/Jul/2026:01:00:12 +0000] "GET /autodiscover/autodiscover.xml HTTP/1.1" 400 52 "-" "-"
20.226.26.5 - - [16/Jul/2026:01:00:12 +0000] "GET /autodiscover/autodiscover.xml HTTP/1.1" 400 52 "-" "-"
20.226.26.5 - - [16/Jul/2026:01:00:13 +0000] "GET /autodiscover/autodiscover.xml HTTP/1.1" 400 52 "-" "-"
20.226.26.5 - - [16/Jul/2026:01:00:13 +0000] "GET /autodiscover/autodiscover.xml HTTP/1.1" 400 52 "-" "-"
20.226.26.5 - - [16/Jul/2026:01:00:14 +0000] "GET /autodiscover/autodiscover.xml HTTP/1.1" 400 52 "-" "-"
20.226.26.5 - - [16/Jul/2026:01:00:14 +0000] "GET /autodiscover/autodiscover.xml HTTP/1.1" 400 52 "-" "-"
20.226.26.5 - - [16/Jul/2026:01:00:15 +0000] "GET /autodiscover/autodiscover.xml HTTP/1.1" 400 52 "-" "-"
20.226.26.5 - - [16/Jul/2026:01:00:15 +0000] "GET /autodiscover/autodiscover.xml HTTP/1.1" 400 52 "-" "-"
20.226.26.5 - - [16/Jul/2026:01:00:16 +0000] "GET /autodiscover/autodiscover.xml HTTP/1.1" 400 52 "-" "-"
20.226.26.5 - - [16/Jul/2026:01:00:16 +0000] "GET /autodiscover/autodiscover.xml HTTP/1.1" 400 52 "-" "-"
20.226.26.5 - - [16/Jul/2026:01:00:17 +0000] "GET /autodiscover/autodiscover.xml HTTP/1.1" 400 52 "-" "-"
20.226.26.5 - - [16/Jul/2026:01:00:17 +0000] "GET /autodiscover/autodiscover.xml HTTP/1.1" 400 52 "-" "-"
20.226.26.5 - - [16/Jul/2026:01:00:18 +0000] "GET /autodiscover/autodiscover.xml HTTP/1.1" 400 52 "-" "-"
20.226.26.5 - - [16/Jul/2026:01:00:18 +0000] "GET /autodiscover/autodiscover.xml HTTP/1.1" 400 52 "-" "-"
20.226.26.5 - - [16/Jul/2026:01:00:19 +0000] "GET /autodiscover/autodiscover.xml HTTP/1.1" 400 52 "-" "-"
20.226.26.5 - - [16/Jul/2026:01:00:19 +0000] "GET /autodiscover/autodiscover.xml HTTP/1.1" 400 52 "-" "-"
20.226.26.5 - - [16/Jul/2026:01:00:20 +0000] "GET /autodiscover/autodiscover.xml HTTP/1.1" 400 52 "-" "-"
20.226.26.5 - - [16/Jul/2026:01:00:20 +0000] "GET /autodiscover/autodiscover.xml HTTP/1.1" 400 52 "-" "-"
20.226.26.5 - - [16/Jul/2026:01:00:21 +0000] "GET /autodiscover/autodiscover.xml HTTP/1.1" 400 52 "-" "-"
20.226.26.5 - - [16/Jul/2026:01:00:21 +0000] "GET /autodiscover/autodiscover.xml HTTP/1.1" 400 52 "-" "-"
20.226.26.5 - - [16/Jul/2026:01:00:22 +0000] "GET /autodiscover/autodiscover.xml HTTP/1.1" 400 52 "-" "-"
20.226.26.5 - - [16/Jul/2026:01:00:22 +0000] "GET /autodiscover/autodiscover.xml HTTP/1.1" 400 52 "-" "-"
20.226.26.5 - - [16/Jul/2026:01:00:23 +0000] "GET /autodiscover/autodiscover.xml HTTP/1.1" 400 52 "-" "-"
20.226.26.5 - - [16/Jul/2026:01:00:23 +0000] "GET /autodiscover/autodiscover.xml HTTP/1.1" 400 52 "-" "-"
20.226.26.5 - - [16/Jul/2026:01:00:24 +0000] "GET /autodiscover/autodiscover.xml HTTP/1.1" 400 52 "-" "-"
20.226.26.5 - - [16/Jul/2026:01:00:24 +0000] "GET /autodiscover/autodiscover.xml HTTP/1.1" 400 52 "-" "-"
20.226.26.5 - - [16/Jul/2026:01:00:25 +0000] "GET /autodiscover/autodiscover.xml HTTP/1.1" 400 52 "-" "-"
20.226.26.5 - - [16/Jul/2026:01:00:25 +0000] "GET /autodiscover/autodiscover.xml HTTP/1.1" 400 52 "-" "-"
20.226.26.5 - - [16/Jul/2026:01:00:26 +0000] "GET /autodiscover/autodiscover.xml HTTP/1.1" 400 52 "-" "-"
20.226.26.5 - - [16/Jul/2026:01:00:26 +0000] "GET /autodiscover/autodiscover.xml HTTP/1.1" 400 52 "-" "-"
20.226.26.5 - - [16/Jul/2026:01:00:27 +0000] "GET /autodiscover/autodiscover.xml HTTP/1.1" 400 52 "-" "-"
20.226.26.5 - - [16/Jul/2026:01:00:27 +0000] "GET /autodiscover/autodiscover.xml HTTP/1.1" 400 52 "-" "-"
20.226.26.5 - - [16/Jul/2026:01:00:28 +0000] "GET /autodiscover/autodiscover.xml HTTP/1.1" 400 52 "-" "-"
20.226.26.5 - - [16/Jul/2026:01:00:28 +0000] "GET /autodiscover/autodiscover.xml HTTP/1.1" 400 52 "-" "-"
20.226.26.5 - - [16/Jul/2026:01:00:29 +0000] "GET /autodiscover/autodiscover.xml HTTP/1.1" 400 52 "-" "-"
20.226.26.5 - - [16/Jul/2026:01:00:29 +0000] "GET /autodiscover/autodiscover.xml HTTP/1.1" 400 52 "-" "-"
20.226.26.5 - - [16/Jul/2026:01:00:30 +0000] "GET /autodiscover/autodiscover.xml HTTP/1.1" 400 52 "-" "-"
20.226.26.5 - - [16/Jul/2026:01:00:30 +0000] "GET /autodiscover/autodiscover.xml HTTP/1.1" 400 52 "-" "-"
20.226.26.5 - - [16/Jul/2026:01:00:31 +0000] "GET /autodiscover/autodiscover.xml HTTP/1.1" 400 52 "-" "-"
20.226.26.5 - - [16/Jul/2026:01:00:31 +0000] "GET /autodiscover/autodiscover.xml HTTP/1.1" 400 52 "-" "-"
20.226.26.5 - - [16/Jul/2026:01:00:32 +0000] "GET /autodiscover/autodiscover.xml HTTP/1.1" 400 52 "-" "-"
20.226.26.5 - - [16/Jul/2026:01:00:32 +0000] "GET /autodiscover/autodiscover.xml HTTP/1.1" 400 52 "-" "-"
20.226.26.5 - - [16/Jul/2026:01:00:33 +0000] "GET /autodiscover/autodiscover.xml HTTP/1.1" 400 52 "-" "-"
20.226.26.5 - - [16/Jul/2026:01:00:33 +0000] "GET /autodiscover/autodiscover.xml HTTP/1.1" 400 52 "-" "-"
20.226.26.5 - - [16/Jul/2026:01:00:34 +0000] "GET /autodiscover/autodiscover.xml HTTP/1.1" 400 52 "-" "-"
20.226.26.5 - - [16/Jul/2026:01:00:34 +0000] "GET /autodiscover/autodiscover.xml HTTP/1.1" 400 52 "-" "-"
20.226.26.5 - - [16/Jul/2026:01:00:35 +0000] "GET /autodiscover/autodiscover.xml HTTP/1.1" 400 52 "-" "-"
20.226.26.5 - - [16/Jul/2026:01:00:35 +0000] "GET /autodiscover/autodiscover.xml HTTP/1.1" 400 52 "-" "-"
20.226.26.5 - - [16/Jul/2026:01:00:36 +0000] "GET /autodiscover/autodiscover.xml HTTP/1.1" 400 52 "-" "-"
20.226.26.5 - - [16/Jul/2026:01:00:36 +0000] "GET /autodiscover/autodiscover.xml HTTP/1.1" 400 52 "-" "-"
20.226.26.5 - - [16/Jul/2026:01:00:37 +0000] "GET /autodiscover/autodiscover.xml HTTP/1.1" 400 52 "-" "-"
20.226.26.5 - - [16/Jul/2026:01:00:37 +0000] "GET /autodiscover/autodiscover.xml HTTP/1.1" 400 52 "-" "-"
20.226.26.5 - - [16/Jul/2026:01:00:37 +0000] "GET /autodiscover/autodiscover.xml HTTP/1.1" 400 52 "-" "-"
20.226.26.5 - - [16/Jul/2026:01:00:38 +0000] "GET /autodiscover/autodiscover.xml HTTP/1.1" 400 52 "-" "-"
20.226.26.5 - - [16/Jul/2026:01:00:39 +0000] "GET /autodiscover/autodiscover.xml HTTP/1.1" 400 52 "-" "-"
20.226.26.5 - - [16/Jul/2026:01:00:39 +0000] "GET /autodiscover/autodiscover.xml HTTP/1.1" 400 52 "-" "-"
20.226.26.5 - - [16/Jul/2026:01:00:39 +0000] "GET /autodiscover/autodiscover.xml HTTP/1.1" 400 52 "-" "-"
20.226.26.5 - - [16/Jul/2026:01:00:40 +0000] "GET /autodiscover/autodiscover.xml HTTP/1.1" 400 52 "-" "-"
20.226.26.5 - - [16/Jul/2026:01:00:40 +0000] "GET /autodiscover/autodiscover.xml HTTP/1.1" 400 52 "-" "-"
20.226.26.5 - - [16/Jul/2026:01:00:41 +0000] "GET /autodiscover/autodiscover.xml HTTP/1.1" 400 52 "-" "-"
20.226.26.5 - - [16/Jul/2026:01:00:41 +0000] "GET /autodiscover/autodiscover.xml HTTP/1.1" 400 52 "-" "-"
20.226.26.5 - - [16/Jul/2026:01:00:42 +0000] "GET /autodiscover/autodiscover.xml HTTP/1.1" 400 52 "-" "-"
20.226.26.5 - - [16/Jul/2026:01:00:42 +0000] "GET /autodiscover/autodiscover.xml HTTP/1.1" 400 52 "-" "-"
20.226.26.5 - - [16/Jul/2026:01:00:43 +0000] "GET /autodiscover/autodiscover.xml HTTP/1.1" 400 52 "-" "-"
20.226.26.5 - - [16/Jul/2026:01:00:43 +0000] "GET /autodiscover/autodiscover.xml HTTP/1.1" 400 52 "-" "-"
20.226.26.5 - - [16/Jul/2026:01:00:44 +0000] "GET /autodiscover/autodiscover.xml HTTP/1.1" 400 52 "-" "-"
92.222.104.192 - - [16/Jul/2026:01:01:39 +0000] "GET /products/7369562195422 HTTP/2" 404 39232 "-" "Mozilla/5.0 (compatible; AhrefsBot/7.0; +http://ahrefs.com/robot/)"
209.42.17.20 - - [16/Jul/2026:01:01:41 +0000] "POST /wp-cron.php?doing_wp_cron=1784163701.4751269817352294921875 HTTP/1.1" 200 0 "-" "WordPress/7.0.1; https://ebifo.org"
209.42.17.20 - - [16/Jul/2026:01:02:59 +0000] "POST /wp-cron.php?doing_wp_cron=1784163779.4404330253601074218750 HTTP/1.1" 200 0 "-" "WordPress/7.0.1; https://ebifo.org"
37.59.204.140 - - [16/Jul/2026:01:02:57 +0000] "GET /products/17034355645860 HTTP/2" 404 39251 "-" "Mozilla/5.0 (compatible; AhrefsBot/7.0; +http://ahrefs.com/robot/)"
92.222.108.122 - - [16/Jul/2026:01:04:06 +0000] "GET /products/16810689908922 HTTP/2" 404 39258 "-" "Mozilla/5.0 (compatible; AhrefsBot/7.0; +http://ahrefs.com/robot/)"
209.42.17.20 - - [16/Jul/2026:01:04:07 +0000] "POST /wp-cron.php?doing_wp_cron=1784163847.7316839694976806640625 HTTP/1.1" 200 0 "-" "WordPress/7.0.1; https://ebifo.org"
209.42.17.20 - - [16/Jul/2026:01:05:13 +0000] "POST /wp-cron.php?doing_wp_cron=1784163913.2830400466918945312500 HTTP/1.1" 200 0 "-" "WordPress/7.0.1; https://ebifo.org"
54.37.118.75 - - [16/Jul/2026:01:05:10 +0000] "GET /products/8815124034865 HTTP/2" 404 39232 "-" "Mozilla/5.0 (compatible; AhrefsBot/7.0; +http://ahrefs.com/robot/)"
209.42.17.20 - - [16/Jul/2026:01:06:18 +0000] "POST /wp-cron.php?doing_wp_cron=1784163978.1635940074920654296875 HTTP/1.1" 200 0 "-" "WordPress/7.0.1; https://ebifo.org"
5.39.1.244 - - [16/Jul/2026:01:06:15 +0000] "GET /products/14218323185397 HTTP/2" 404 39251 "-" "Mozilla/5.0 (compatible; AhrefsBot/7.0; +http://ahrefs.com/robot/)"
209.42.17.20 - - [16/Jul/2026:01:07:24 +0000] "POST /wp-cron.php?doing_wp_cron=1784164044.9855639934539794921875 HTTP/1.1" 200 0 "-" "WordPress/7.0.1; https://ebifo.org"
176.31.139.20 - - [16/Jul/2026:01:07:22 +0000] "GET /products/8702537224570 HTTP/2" 404 39234 "-" "Mozilla/5.0 (compatible; AhrefsBot/7.0; +http://ahrefs.com/robot/)"
209.42.17.20 - - [16/Jul/2026:01:08:30 +0000] "POST /wp-cron.php?doing_wp_cron=1784164110.2174079418182373046875 HTTP/1.1" 200 0 "-" "WordPress/7.0.1; https://ebifo.org"
37.59.204.146 - - [16/Jul/2026:01:08:28 +0000] "GET /products/13815139748045 HTTP/2" 404 39252 "-" "Mozilla/5.0 (compatible; AhrefsBot/7.0; +http://ahrefs.com/robot/)"
209.42.17.20 - - [16/Jul/2026:01:09:33 +0000] "POST /wp-cron.php?doing_wp_cron=1784164173.6064980030059814453125 HTTP/1.1" 200 0 "-" "WordPress/7.0.1; https://ebifo.org"
51.75.236.158 - - [16/Jul/2026:01:09:31 +0000] "GET /products/10428825063412 HTTP/2" 404 39252 "-" "Mozilla/5.0 (compatible; AhrefsBot/7.0; +http://ahrefs.com/robot/)"
51.68.247.212 - - [16/Jul/2026:01:10:34 +0000] "GET /products/12409714201111 HTTP/2" 404 39251 "-" "Mozilla/5.0 (compatible; AhrefsBot/7.0; +http://ahrefs.com/robot/)"
209.42.17.20 - - [16/Jul/2026:01:10:36 +0000] "POST /wp-cron.php?doing_wp_cron=1784164236.7297270298004150390625 HTTP/1.1" 200 0 "-" "WordPress/7.0.1; https://ebifo.org"
209.42.17.20 - - [16/Jul/2026:01:11:38 +0000] "POST /wp-cron.php?doing_wp_cron=1784164297.9966299533843994140625 HTTP/1.1" 200 0 "-" "WordPress/7.0.1; https://ebifo.org"
51.68.247.193 - - [16/Jul/2026:01:11:36 +0000] "GET /items/J973777029/ HTTP/2" 404 39191 "-" "Mozilla/5.0 (compatible; AhrefsBot/7.0; +http://ahrefs.com/robot/)"
209.42.17.20 - - [16/Jul/2026:01:12:40 +0000] "POST /wp-cron.php?doing_wp_cron=1784164360.8213000297546386718750 HTTP/1.1" 200 0 "-" "WordPress/7.0.1; https://ebifo.org"
5.39.1.238 - - [16/Jul/2026:01:12:39 +0000] "GET /items/J974893135/ HTTP/2" 404 39191 "-" "Mozilla/5.0 (compatible; AhrefsBot/7.0; +http://ahrefs.com/robot/)"
37.59.204.151 - - [16/Jul/2026:01:13:41 +0000] "GET /items/J973190498/ HTTP/2" 404 39193 "-" "Mozilla/5.0 (compatible; AhrefsBot/7.0; +http://ahrefs.com/robot/)"
209.42.17.20 - - [16/Jul/2026:01:13:44 +0000] "POST /wp-cron.php?doing_wp_cron=1784164424.1144890785217285156250 HTTP/1.1" 200 0 "-" "WordPress/7.0.1; https://ebifo.org"
209.42.17.20 - - [16/Jul/2026:01:14:47 +0000] "POST /wp-cron.php?doing_wp_cron=1784164487.1648690700531005859375 HTTP/1.1" 200 0 "-" "WordPress/7.0.1; https://ebifo.org"
37.59.204.135 - - [16/Jul/2026:01:14:44 +0000] "GET /items/J972611443/ HTTP/2" 404 39191 "-" "Mozilla/5.0 (compatible; AhrefsBot/7.0; +http://ahrefs.com/robot/)"
209.42.17.20 - - [16/Jul/2026:01:15:50 +0000] "POST /wp-cron.php?doing_wp_cron=1784164550.8489720821380615234375 HTTP/1.1" 200 0 "-" "WordPress/7.0.1; https://ebifo.org"
54.37.118.74 - - [16/Jul/2026:01:15:48 +0000] "GET /items/J974850700/ HTTP/2" 404 39191 "-" "Mozilla/5.0 (compatible; AhrefsBot/7.0; +http://ahrefs.com/robot/)"
209.42.17.20 - - [16/Jul/2026:01:16:52 +0000] "POST /wp-cron.php?doing_wp_cron=1784164612.8620929718017578125000 HTTP/1.1" 200 0 "-" "WordPress/7.0.1; https://ebifo.org"
92.222.108.109 - - [16/Jul/2026:01:16:50 +0000] "GET /items/J971647479/ HTTP/2" 404 39191 "-" "Mozilla/5.0 (compatible; AhrefsBot/7.0; +http://ahrefs.com/robot/)"
209.42.17.20 - - [16/Jul/2026:01:17:57 +0000] "POST /wp-cron.php?doing_wp_cron=1784164677.0250580310821533203125 HTTP/1.1" 200 0 "-" "WordPress/7.0.1; https://ebifo.org"
37.59.204.131 - - [16/Jul/2026:01:17:54 +0000] "GET /items/J974175563/ HTTP/2" 404 39198 "-" "Mozilla/5.0 (compatible; AhrefsBot/7.0; +http://ahrefs.com/robot/)"
209.42.17.20 - - [16/Jul/2026:01:19:00 +0000] "POST /wp-cron.php?doing_wp_cron=1784164740.0630700588226318359375 HTTP/1.1" 200 0 "-" "WordPress/7.0.1; https://ebifo.org"
92.222.104.216 - - [16/Jul/2026:01:18:57 +0000] "GET /items/J973531821/ HTTP/2" 404 39196 "-" "Mozilla/5.0 (compatible; AhrefsBot/7.0; +http://ahrefs.com/robot/)"
92.222.104.202 - - [16/Jul/2026:01:19:59 +0000] "GET /items/J973124238/ HTTP/2" 404 39190 "-" "Mozilla/5.0 (compatible; AhrefsBot/7.0; +http://ahrefs.com/robot/)"
209.42.17.20 - - [16/Jul/2026:01:20:01 +0000] "POST /wp-cron.php?doing_wp_cron=1784164801.5845890045166015625000 HTTP/1.1" 200 0 "-" "WordPress/7.0.1; https://ebifo.org"
92.222.104.205 - - [16/Jul/2026:01:21:02 +0000] "GET /products/33138363568489 HTTP/2" 404 39253 "-" "Mozilla/5.0 (compatible; AhrefsBot/7.0; +http://ahrefs.com/robot/)"
209.42.17.20 - - [16/Jul/2026:01:21:04 +0000] "POST /wp-cron.php?doing_wp_cron=1784164864.5813000202178955078125 HTTP/1.1" 200 0 "-" "WordPress/7.0.1; https://ebifo.org"
209.42.17.20 - - [16/Jul/2026:01:22:06 +0000] "POST /wp-cron.php?doing_wp_cron=1784164926.8377048969268798828125 HTTP/1.1" 200 0 "-" "WordPress/7.0.1; https://ebifo.org"
54.37.118.65 - - [16/Jul/2026:01:22:05 +0000] "GET /items/J972614203/ HTTP/2" 404 39195 "-" "Mozilla/5.0 (compatible; AhrefsBot/7.0; +http://ahrefs.com/robot/)"
209.42.17.20 - - [16/Jul/2026:01:23:09 +0000] "POST /wp-cron.php?doing_wp_cron=1784164989.7722940444946289062500 HTTP/1.1" 200 0 "-" "WordPress/7.0.1; https://ebifo.org"
54.37.118.73 - - [16/Jul/2026:01:23:07 +0000] "GET /products/32214881916699 HTTP/2" 404 39252 "-" "Mozilla/5.0 (compatible; AhrefsBot/7.0; +http://ahrefs.com/robot/)"
20.226.26.5 - - [16/Jul/2026:01:23:57 +0000] "GET /wp-content/plugins/hellopress/wp_filemanager.php HTTP/1.1" 404 5750 "-" "-"
20.226.26.5 - - [16/Jul/2026:01:23:58 +0000] "GET /this_is_a_new_hello_world.php HTTP/1.1" 404 5750 "-" "-"
20.226.26.5 - - [16/Jul/2026:01:23:58 +0000] "GET /drykl.php HTTP/1.1" 404 5750 "-" "-"
20.226.26.5 - - [16/Jul/2026:01:23:59 +0000] "GET /f35.php HTTP/1.1" 404 5750 "-" "-"
20.226.26.5 - - [16/Jul/2026:01:23:59 +0000] "GET /wp-link-szoppm.php HTTP/1.1" 404 5750 "-" "-"
20.226.26.5 - - [16/Jul/2026:01:23:59 +0000] "GET /x.php HTTP/1.1" 404 5750 "-" "-"
20.226.26.5 - - [16/Jul/2026:01:24:00 +0000] "GET /min.php HTTP/1.1" 404 5750 "-" "-"
20.226.26.5 - - [16/Jul/2026:01:24:00 +0000] "GET /xa.php HTTP/1.1" 404 5750 "-" "-"
20.226.26.5 - - [16/Jul/2026:01:24:01 +0000] "GET /ms-edit.php HTTP/1.1" 404 5750 "-" "-"
20.226.26.5 - - [16/Jul/2026:01:24:01 +0000] "GET /as.php HTTP/1.1" 404 5750 "-" "-"
20.226.26.5 - - [16/Jul/2026:01:24:01 +0000] "GET /wen.php HTTP/1.1" 404 5750 "-" "-"
20.226.26.5 - - [16/Jul/2026:01:24:02 +0000] "GET /dex.php HTTP/1.1" 404 5750 "-" "-"
20.226.26.5 - - [16/Jul/2026:01:24:02 +0000] "GET /f.php HTTP/1.1" 404 5750 "-" "-"
20.226.26.5 - - [16/Jul/2026:01:24:03 +0000] "GET /shell.php HTTP/1.1" 404 5750 "-" "-"
20.226.26.5 - - [16/Jul/2026:01:24:03 +0000] "GET /333.php HTTP/1.1" 404 5750 "-" "-"
20.226.26.5 - - [16/Jul/2026:01:24:03 +0000] "GET /a4.php HTTP/1.1" 404 5750 "-" "-"
20.226.26.5 - - [16/Jul/2026:01:24:04 +0000] "GET /wp-the.php HTTP/1.1" 404 5750 "-" "-"
20.226.26.5 - - [16/Jul/2026:01:24:04 +0000] "GET /classwithtostring.php HTTP/1.1" 404 5750 "-" "-"
20.226.26.5 - - [16/Jul/2026:01:24:05 +0000] "GET /fun.php HTTP/1.1" 404 5750 "-" "-"
20.226.26.5 - - [16/Jul/2026:01:24:05 +0000] "GET /wp-content/languages/index.php HTTP/1.1" 404 5750 "-" "-"
20.226.26.5 - - [16/Jul/2026:01:24:05 +0000] "GET /file.php HTTP/1.1" 404 5750 "-" "-"
20.226.26.5 - - [16/Jul/2026:01:24:06 +0000] "GET /pass4.php HTTP/1.1" 404 5750 "-" "-"
20.226.26.5 - - [16/Jul/2026:01:24:06 +0000] "GET /666.php HTTP/1.1" 404 5750 "-" "-"
20.226.26.5 - - [16/Jul/2026:01:24:07 +0000] "GET /wp-access.php HTTP/1.1" 404 5750 "-" "-"
20.226.26.5 - - [16/Jul/2026:01:24:07 +0000] "GET /jj.php HTTP/1.1" 404 5750 "-" "-"
20.226.26.5 - - [16/Jul/2026:01:24:07 +0000] "GET /wp-x7.php HTTP/1.1" 404 5750 "-" "-"
20.226.26.5 - - [16/Jul/2026:01:24:08 +0000] "GET /wpxml.php HTTP/1.1" 404 5750 "-" "-"
20.226.26.5 - - [16/Jul/2026:01:24:08 +0000] "GET /inputs.php HTTP/1.1" 404 5750 "-" "-"
20.226.26.5 - - [16/Jul/2026:01:24:09 +0000] "GET /file4.php HTTP/1.1" 404 5750 "-" "-"
20.226.26.5 - - [16/Jul/2026:01:24:09 +0000] "GET /wp-firewall.php HTTP/1.1" 404 5750 "-" "-"
20.226.26.5 - - [16/Jul/2026:01:24:10 +0000] "GET /data.php HTTP/1.1" 404 5750 "-" "-"
20.226.26.5 - - [16/Jul/2026:01:24:10 +0000] "GET /wp-wpbak.php HTTP/1.1" 404 5750 "-" "-"
20.226.26.5 - - [16/Jul/2026:01:24:10 +0000] "GET /002.php HTTP/1.1" 404 5750 "-" "-"
20.226.26.5 - - [16/Jul/2026:01:24:11 +0000] "GET /class-t.api.php HTTP/1.1" 404 5750 "-" "-"
20.226.26.5 - - [16/Jul/2026:01:24:11 +0000] "GET /file5.php HTTP/1.1" 404 5750 "-" "-"
20.226.26.5 - - [16/Jul/2026:01:24:12 +0000] "GET /cache.php HTTP/1.1" 404 5750 "-" "-"
209.42.17.20 - - [16/Jul/2026:01:24:12 +0000] "POST /wp-cron.php?doing_wp_cron=1784165052.3694720268249511718750 HTTP/1.1" 200 0 "-" "WordPress/7.0.1; https://ebifo.org"
51.68.247.222 - - [16/Jul/2026:01:24:10 +0000] "GET /items/J971670970/ HTTP/2" 404 39195 "-" "Mozilla/5.0 (compatible; AhrefsBot/7.0; +http://ahrefs.com/robot/)"
20.226.26.5 - - [16/Jul/2026:01:24:12 +0000] "GET /error.php HTTP/1.1" 404 5750 "-" "-"
20.226.26.5 - - [16/Jul/2026:01:24:12 +0000] "GET /wp-content/themes/about.php HTTP/1.1" 404 5750 "-" "-"
20.226.26.5 - - [16/Jul/2026:01:24:13 +0000] "GET /wp-conflg.php HTTP/1.1" 404 5750 "-" "-"
20.226.26.5 - - [16/Jul/2026:01:24:13 +0000] "GET /f35.php HTTP/1.1" 404 5750 "-" "-"
20.226.26.5 - - [16/Jul/2026:01:24:14 +0000] "GET /test.php HTTP/1.1" 404 5750 "-" "-"
20.226.26.5 - - [16/Jul/2026:01:24:14 +0000] "GET /plugins.php HTTP/1.1" 404 5750 "-" "-"
20.226.26.5 - - [16/Jul/2026:01:24:14 +0000] "GET /wp-signup.php HTTP/1.1" 404 5750 "-" "-"
20.226.26.5 - - [16/Jul/2026:01:24:15 +0000] "GET /la.php HTTP/1.1" 404 5750 "-" "-"
20.226.26.5 - - [16/Jul/2026:01:24:15 +0000] "GET /yas.php HTTP/1.1" 404 5750 "-" "-"
20.226.26.5 - - [16/Jul/2026:01:24:16 +0000] "GET /system.php HTTP/1.1" 404 5750 "-" "-"
20.226.26.5 - - [16/Jul/2026:01:24:16 +0000] "GET /wp-fileesx-449.php HTTP/1.1" 404 5750 "-" "-"
20.226.26.5 - - [16/Jul/2026:01:24:16 +0000] "GET /wp-good.php HTTP/1.1" 404 5750 "-" "-"
20.226.26.5 - - [16/Jul/2026:01:24:17 +0000] "GET /shx.php HTTP/1.1" 404 5750 "-" "-"
20.226.26.5 - - [16/Jul/2026:01:24:17 +0000] "GET /dropdown.php HTTP/1.1" 404 5750 "-" "-"
20.226.26.5 - - [16/Jul/2026:01:24:18 +0000] "GET /revealability.php HTTP/1.1" 404 5750 "-" "-"
20.226.26.5 - - [16/Jul/2026:01:24:18 +0000] "GET /wp.php HTTP/1.1" 404 5750 "-" "-"
20.226.26.5 - - [16/Jul/2026:01:24:18 +0000] "GET /bless24.php HTTP/1.1" 404 5750 "-" "-"
20.226.26.5 - - [16/Jul/2026:01:24:19 +0000] "GET /wp-wz.php HTTP/1.1" 404 5750 "-" "-"
20.226.26.5 - - [16/Jul/2026:01:24:19 +0000] "GET /06.php HTTP/1.1" 404 5750 "-" "-"
20.226.26.5 - - [16/Jul/2026:01:24:20 +0000] "GET /chomu.php HTTP/1.1" 404 5750 "-" "-"
20.226.26.5 - - [16/Jul/2026:01:24:20 +0000] "GET /ff.php HTTP/1.1" 404 5750 "-" "-"
20.226.26.5 - - [16/Jul/2026:01:24:20 +0000] "GET /xex.php HTTP/1.1" 404 5750 "-" "-"
20.226.26.5 - - [16/Jul/2026:01:24:21 +0000] "GET /wp-sing.php HTTP/1.1" 404 5750 "-" "-"
20.226.26.5 - - [16/Jul/2026:01:24:21 +0000] "GET /txets.php HTTP/1.1" 404 5750 "-" "-"
20.226.26.5 - - [16/Jul/2026:01:24:22 +0000] "GET /xml.php HTTP/1.1" 404 5750 "-" "-"
20.226.26.5 - - [16/Jul/2026:01:24:22 +0000] "GET /bgymj.php HTTP/1.1" 404 5750 "-" "-"
20.226.26.5 - - [16/Jul/2026:01:24:22 +0000] "GET /t.php HTTP/1.1" 404 5750 "-" "-"
20.226.26.5 - - [16/Jul/2026:01:24:23 +0000] "GET /wp.php HTTP/1.1" 404 5750 "-" "-"
20.226.26.5 - - [16/Jul/2026:01:24:23 +0000] "GET /mini.php HTTP/1.1" 404 5750 "-" "-"
20.226.26.5 - - [16/Jul/2026:01:24:24 +0000] "GET /19.php HTTP/1.1" 404 5750 "-" "-"
20.226.26.5 - - [16/Jul/2026:01:24:24 +0000] "GET /db.php HTTP/1.1" 404 5750 "-" "-"
20.226.26.5 - - [16/Jul/2026:01:24:24 +0000] "GET /wmore1.php HTTP/1.1" 404 5750 "-" "-"
20.226.26.5 - - [16/Jul/2026:01:24:25 +0000] "GET /amax.php HTTP/1.1" 404 5750 "-" "-"
20.226.26.5 - - [16/Jul/2026:01:24:25 +0000] "GET /wp-admin/index.php HTTP/1.1" 404 5750 "-" "-"
20.226.26.5 - - [16/Jul/2026:01:24:26 +0000] "GET /b.php HTTP/1.1" 404 5750 "-" "-"
20.226.26.5 - - [16/Jul/2026:01:24:26 +0000] "GET /8.php HTTP/1.1" 404 5750 "-" "-"
20.226.26.5 - - [16/Jul/2026:01:24:27 +0000] "GET /wp-is.php HTTP/1.1" 404 5750 "-" "-"
20.226.26.5 - - [16/Jul/2026:01:24:27 +0000] "GET /wp-rss2.php HTTP/1.1" 404 5750 "-" "-"
20.226.26.5 - - [16/Jul/2026:01:24:27 +0000] "GET /yanz.php HTTP/1.1" 404 5750 "-" "-"
20.226.26.5 - - [16/Jul/2026:01:24:28 +0000] "GET /term.php HTTP/1.1" 404 5750 "-" "-"
20.226.26.5 - - [16/Jul/2026:01:24:28 +0000] "GET /wp-block.php HTTP/1.1" 404 5750 "-" "-"
20.226.26.5 - - [16/Jul/2026:01:24:29 +0000] "GET /file88.php HTTP/1.1" 404 5750 "-" "-"
20.226.26.5 - - [16/Jul/2026:01:24:29 +0000] "GET /wp-content/uploads/admin.php HTTP/1.1" 404 5750 "-" "-"
20.226.26.5 - - [16/Jul/2026:01:24:29 +0000] "GET /sid3.php HTTP/1.1" 404 5750 "-" "-"
20.226.26.5 - - [16/Jul/2026:01:24:30 +0000] "GET /wp-slss.php HTTP/1.1" 404 5750 "-" "-"
20.226.26.5 - - [16/Jul/2026:01:24:30 +0000] "GET /wp-blink.php HTTP/1.1" 404 5750 "-" "-"
20.226.26.5 - - [16/Jul/2026:01:24:31 +0000] "GET /i.php HTTP/1.1" 404 5750 "-" "-"
20.226.26.5 - - [16/Jul/2026:01:24:31 +0000] "GET /wp-admin/zoko.php HTTP/1.1" 404 5750 "-" "-"
20.226.26.5 - - [16/Jul/2026:01:24:31 +0000] "GET /wp-tivate.php HTTP/1.1" 404 5750 "-" "-"
20.226.26.5 - - [16/Jul/2026:01:24:32 +0000] "GET /samll.php HTTP/1.1" 404 5750 "-" "-"
20.226.26.5 - - [16/Jul/2026:01:24:32 +0000] "GET /new.php HTTP/1.1" 404 5750 "-" "-"
20.226.26.5 - - [16/Jul/2026:01:24:33 +0000] "GET /lp6.php HTTP/1.1" 404 5750 "-" "-"
20.226.26.5 - - [16/Jul/2026:01:24:33 +0000] "GET /dex.php HTTP/1.1" 404 5750 "-" "-"
20.226.26.5 - - [16/Jul/2026:01:24:33 +0000] "GET /wp-term.php HTTP/1.1" 404 5750 "-" "-"
20.226.26.5 - - [16/Jul/2026:01:24:34 +0000] "GET /wp-xx.php HTTP/1.1" 404 5750 "-" "-"
20.226.26.5 - - [16/Jul/2026:01:24:34 +0000] "GET /cilus.php HTTP/1.1" 404 5750 "-" "-"
20.226.26.5 - - [16/Jul/2026:01:24:35 +0000] "GET /ccou.php HTTP/1.1" 404 5750 "-" "-"
20.226.26.5 - - [16/Jul/2026:01:24:35 +0000] "GET /edit.php HTTP/1.1" 404 5750 "-" "-"
20.226.26.5 - - [16/Jul/2026:01:24:35 +0000] "GET /shell20211028.php HTTP/1.1" 404 5750 "-" "-"
20.226.26.5 - - [16/Jul/2026:01:24:36 +0000] "GET /ccc.php HTTP/1.1" 404 5750 "-" "-"
20.226.26.5 - - [16/Jul/2026:01:24:36 +0000] "GET /wp-links-opml.php HTTP/1.1" 404 5750 "-" "-"
20.226.26.5 - - [16/Jul/2026:01:24:37 +0000] "GET /atkno.php HTTP/1.1" 404 5750 "-" "-"
20.226.26.5 - - [16/Jul/2026:01:24:37 +0000] "GET /1.php HTTP/1.1" 404 5750 "-" "-"
20.226.26.5 - - [16/Jul/2026:01:24:37 +0000] "GET /sql.php HTTP/1.1" 404 5750 "-" "-"
20.226.26.5 - - [16/Jul/2026:01:24:38 +0000] "GET /xxx.php HTTP/1.1" 404 5750 "-" "-"
20.226.26.5 - - [16/Jul/2026:01:24:38 +0000] "GET /shell.php HTTP/1.1" 404 5750 "-" "-"
20.226.26.5 - - [16/Jul/2026:01:24:39 +0000] "GET /r.php HTTP/1.1" 404 5750 "-" "-"
20.226.26.5 - - [16/Jul/2026:01:24:39 +0000] "GET /wso.php HTTP/1.1" 404 5750 "-" "-"
20.226.26.5 - - [16/Jul/2026:01:24:39 +0000] "GET /wp-ws68.php HTTP/1.1" 404 5750 "-" "-"
20.226.26.5 - - [16/Jul/2026:01:24:40 +0000] "GET /x.php HTTP/1.1" 404 5750 "-" "-"
20.226.26.5 - - [16/Jul/2026:01:24:40 +0000] "GET /v2.php HTTP/1.1" 404 5750 "-" "-"
20.226.26.5 - - [16/Jul/2026:01:24:41 +0000] "GET /atomlib.php HTTP/1.1" 404 5750 "-" "-"
20.226.26.5 - - [16/Jul/2026:01:24:41 +0000] "GET /wp-ver.php HTTP/1.1" 404 5750 "-" "-"
20.226.26.5 - - [16/Jul/2026:01:24:41 +0000] "GET /z.php HTTP/1.1" 404 5750 "-" "-"
20.226.26.5 - - [16/Jul/2026:01:24:42 +0000] "GET /thoms.php HTTP/1.1" 404 5750 "-" "-"
20.226.26.5 - - [16/Jul/2026:01:24:42 +0000] "GET /bthil.php HTTP/1.1" 404 5750 "-" "-"
20.226.26.5 - - [16/Jul/2026:01:24:43 +0000] "GET /crgio.php HTTP/1.1" 404 5750 "-" "-"
20.226.26.5 - - [16/Jul/2026:01:24:43 +0000] "GET /file11.php HTTP/1.1" 404 5750 "-" "-"
216.73.216.194 - - [16/Jul/2026:01:27:17 +0000] "GET /robots.txt HTTP/2" 200 102 "-" "Mozilla/5.0 AppleWebKit/537.36 (KHTML, like Gecko; compatible; ClaudeBot/1.0; +claudebot@anthropic.com)"
209.42.17.20 - - [16/Jul/2026:01:27:19 +0000] "POST /wp-cron.php?doing_wp_cron=1784165239.4408740997314453125000 HTTP/1.1" 200 0 "-" "WordPress/7.0.1; https://ebifo.org"
216.73.216.194 - - [16/Jul/2026:01:27:17 +0000] "GET /sitemap-9.xml HTTP/2" 404 39180 "-" "Mozilla/5.0 AppleWebKit/537.36 (KHTML, like Gecko; compatible; ClaudeBot/1.0; +claudebot@anthropic.com)"
216.73.216.194 - - [16/Jul/2026:01:27:17 +0000] "GET /sitemap-13.xml HTTP/2" 404 39225 "-" "Mozilla/5.0 AppleWebKit/537.36 (KHTML, like Gecko; compatible; ClaudeBot/1.0; +claudebot@anthropic.com)"
216.73.216.194 - - [16/Jul/2026:01:27:25 +0000] "GET /sitemap-2.xml HTTP/2" 404 39191 "-" "Mozilla/5.0 AppleWebKit/537.36 (KHTML, like Gecko; compatible; ClaudeBot/1.0; +claudebot@anthropic.com)"
216.73.216.194 - - [16/Jul/2026:01:27:25 +0000] "GET /sitemap-18.xml HTTP/2" 404 39225 "-" "Mozilla/5.0 AppleWebKit/537.36 (KHTML, like Gecko; compatible; ClaudeBot/1.0; +claudebot@anthropic.com)"
216.73.216.194 - - [16/Jul/2026:01:27:40 +0000] "GET /sitemap-12.xml HTTP/2" 404 39225 "-" "Mozilla/5.0 AppleWebKit/537.36 (KHTML, like Gecko; compatible; ClaudeBot/1.0; +claudebot@anthropic.com)"
216.73.216.194 - - [16/Jul/2026:01:27:52 +0000] "GET /sitemap-16.xml HTTP/2" 404 39226 "-" "Mozilla/5.0 AppleWebKit/537.36 (KHTML, like Gecko; compatible; ClaudeBot/1.0; +claudebot@anthropic.com)"
209.42.17.20 - - [16/Jul/2026:01:28:22 +0000] "POST /wp-cron.php?doing_wp_cron=1784165302.5037739276885986328125 HTTP/1.1" 200 0 "-" "WordPress/7.0.1; https://ebifo.org"
216.73.216.194 - - [16/Jul/2026:01:28:20 +0000] "GET /sitemap-7.xml HTTP/2" 404 39186 "-" "Mozilla/5.0 AppleWebKit/537.36 (KHTML, like Gecko; compatible; ClaudeBot/1.0; +claudebot@anthropic.com)"
124.156.179.141 - - [16/Jul/2026:01:28:31 +0000] "GET / HTTP/1.1" 200 83591 "http://www.ebifo.org" "Mozilla/5.0 (iPhone; CPU iPhone OS 13_2_3 like Mac OS X) AppleWebKit/605.1.15 (KHTML, like Gecko) Version/13.0.3 Mobile/15E148 Safari/604.1"
216.73.216.194 - - [16/Jul/2026:01:28:36 +0000] "GET /sitemap-10.xml HTTP/2" 404 39226 "-" "Mozilla/5.0 AppleWebKit/537.36 (KHTML, like Gecko; compatible; ClaudeBot/1.0; +claudebot@anthropic.com)"
216.73.216.194 - - [16/Jul/2026:01:28:40 +0000] "GET /sitemap-4.xml HTTP/2" 404 39186 "-" "Mozilla/5.0 AppleWebKit/537.36 (KHTML, like Gecko; compatible; ClaudeBot/1.0; +claudebot@anthropic.com)"
216.73.216.194 - - [16/Jul/2026:01:28:45 +0000] "GET /sitemap-11.xml HTTP/2" 404 39226 "-" "Mozilla/5.0 AppleWebKit/537.36 (KHTML, like Gecko; compatible; ClaudeBot/1.0; +claudebot@anthropic.com)"
209.42.17.20 - - [16/Jul/2026:01:29:14 +0000] "POST /wp-cron.php?doing_wp_cron=1784165354.5894401073455810546875 HTTP/1.1" 200 0 "-" "WordPress/7.0.1; https://ebifo.org"
216.73.216.194 - - [16/Jul/2026:01:29:12 +0000] "GET /sitemap-14.xml HTTP/2" 404 39226 "-" "Mozilla/5.0 AppleWebKit/537.36 (KHTML, like Gecko; compatible; ClaudeBot/1.0; +claudebot@anthropic.com)"
216.73.216.194 - - [16/Jul/2026:01:29:15 +0000] "GET /sitemap-17.xml HTTP/2" 404 39225 "-" "Mozilla/5.0 AppleWebKit/537.36 (KHTML, like Gecko; compatible; ClaudeBot/1.0; +claudebot@anthropic.com)"
209.42.17.20 - - [16/Jul/2026:01:30:07 +0000] "POST /wp-cron.php?doing_wp_cron=1784165407.5820419788360595703125 HTTP/1.1" 200 0 "-" "WordPress/7.0.1; https://ebifo.org"
216.73.216.194 - - [16/Jul/2026:01:30:04 +0000] "GET /sitemap-3.xml HTTP/2" 404 39185 "-" "Mozilla/5.0 AppleWebKit/537.36 (KHTML, like Gecko; compatible; ClaudeBot/1.0; +claudebot@anthropic.com)"
216.73.216.194 - - [16/Jul/2026:01:30:13 +0000] "GET /sitemap-20.xml HTTP/2" 404 39225 "-" "Mozilla/5.0 AppleWebKit/537.36 (KHTML, like Gecko; compatible; ClaudeBot/1.0; +claudebot@anthropic.com)"
216.73.216.194 - - [16/Jul/2026:01:30:18 +0000] "GET /sitemap-1.xml HTTP/2" 404 39184 "-" "Mozilla/5.0 AppleWebKit/537.36 (KHTML, like Gecko; compatible; ClaudeBot/1.0; +claudebot@anthropic.com)"
216.73.216.194 - - [16/Jul/2026:01:30:31 +0000] "GET /sitemap.xml HTTP/2" 301 0 "-" "Mozilla/5.0 AppleWebKit/537.36 (KHTML, like Gecko; compatible; ClaudeBot/1.0; +claudebot@anthropic.com)"
216.73.216.194 - - [16/Jul/2026:01:30:33 +0000] "GET /wp-sitemap.xml HTTP/2" 200 316 "https://ebifo.org/sitemap.xml" "Mozilla/5.0 AppleWebKit/537.36 (KHTML, like Gecko; compatible; ClaudeBot/1.0; +claudebot@anthropic.com)"
216.73.216.194 - - [16/Jul/2026:01:30:37 +0000] "GET /sitemap-15.xml HTTP/2" 404 39226 "-" "Mozilla/5.0 AppleWebKit/537.36 (KHTML, like Gecko; compatible; ClaudeBot/1.0; +claudebot@anthropic.com)"
209.42.17.20 - - [16/Jul/2026:01:31:07 +0000] "POST /wp-cron.php?doing_wp_cron=1784165467.2891929149627685546875 HTTP/1.1" 200 0 "-" "WordPress/7.0.1; https://ebifo.org"
216.73.216.194 - - [16/Jul/2026:01:31:04 +0000] "GET /sitemap-8.xml HTTP/2" 404 39186 "-" "Mozilla/5.0 AppleWebKit/537.36 (KHTML, like Gecko; compatible; ClaudeBot/1.0; +claudebot@anthropic.com)"
216.73.216.194 - - [16/Jul/2026:01:31:09 +0000] "GET /sitemap-5.xml HTTP/2" 404 39186 "-" "Mozilla/5.0 AppleWebKit/537.36 (KHTML, like Gecko; compatible; ClaudeBot/1.0; +claudebot@anthropic.com)"
216.73.216.194 - - [16/Jul/2026:01:31:39 +0000] "GET /sitemap-19.xml HTTP/2" 404 39226 "-" "Mozilla/5.0 AppleWebKit/537.36 (KHTML, like Gecko; compatible; ClaudeBot/1.0; +claudebot@anthropic.com)"
216.73.216.194 - - [16/Jul/2026:01:31:46 +0000] "GET /sitemap-6.xml HTTP/2" 404 39185 "-" "Mozilla/5.0 AppleWebKit/537.36 (KHTML, like Gecko; compatible; ClaudeBot/1.0; +claudebot@anthropic.com)"
209.42.17.20 - - [16/Jul/2026:01:32:09 +0000] "POST /wp-cron.php?doing_wp_cron=1784165529.7482759952545166015625 HTTP/1.1" 200 0 "-" "WordPress/7.0.1; https://ebifo.org"
92.222.108.120 - - [16/Jul/2026:01:32:08 +0000] "GET /products/32172110459320 HTTP/2" 404 39252 "-" "Mozilla/5.0 (compatible; AhrefsBot/7.0; +http://ahrefs.com/robot/)"
176.31.139.22 - - [16/Jul/2026:01:33:11 +0000] "GET /products/38849584968090 HTTP/2" 404 39254 "-" "Mozilla/5.0 (compatible; AhrefsBot/7.0; +http://ahrefs.com/robot/)"
209.42.17.20 - - [16/Jul/2026:01:33:13 +0000] "POST /wp-cron.php?doing_wp_cron=1784165593.3478169441223144531250 HTTP/1.1" 200 0 "-" "WordPress/7.0.1; https://ebifo.org"
5.39.1.245 - - [16/Jul/2026:01:34:15 +0000] "GET /products/30735188852159 HTTP/2" 404 39251 "-" "Mozilla/5.0 (compatible; AhrefsBot/7.0; +http://ahrefs.com/robot/)"
209.42.17.20 - - [16/Jul/2026:01:34:17 +0000] "POST /wp-cron.php?doing_wp_cron=1784165657.3564310073852539062500 HTTP/1.1" 200 0 "-" "WordPress/7.0.1; https://ebifo.org"
37.59.204.129 - - [16/Jul/2026:01:35:21 +0000] "GET /products/3839390406878 HTTP/2" 404 39231 "-" "Mozilla/5.0 (compatible; AhrefsBot/7.0; +http://ahrefs.com/robot/)"
209.42.17.20 - - [16/Jul/2026:01:35:22 +0000] "POST /wp-cron.php?doing_wp_cron=1784165722.7549729347229003906250 HTTP/1.1" 200 0 "-" "WordPress/7.0.1; https://ebifo.org"
209.42.17.20 - - [16/Jul/2026:01:36:27 +0000] "POST /wp-cron.php?doing_wp_cron=1784165787.7004389762878417968750 HTTP/1.1" 200 0 "-" "WordPress/7.0.1; https://ebifo.org"
37.59.204.132 - - [16/Jul/2026:01:36:25 +0000] "GET /products/30095470013470 HTTP/2" 404 39251 "-" "Mozilla/5.0 (compatible; AhrefsBot/7.0; +http://ahrefs.com/robot/)"
5.39.1.227 - - [16/Jul/2026:01:37:29 +0000] "GET /products/30533470291301 HTTP/2" 404 39251 "-" "Mozilla/5.0 (compatible; AhrefsBot/7.0; +http://ahrefs.com/robot/)"
209.42.17.20 - - [16/Jul/2026:01:37:31 +0000] "POST /wp-cron.php?doing_wp_cron=1784165851.5999469757080078125000 HTTP/1.1" 200 0 "-" "WordPress/7.0.1; https://ebifo.org"
209.42.17.20 - - [16/Jul/2026:01:38:35 +0000] "POST /wp-cron.php?doing_wp_cron=1784165915.7335400581359863281250 HTTP/1.1" 200 0 "-" "WordPress/7.0.1; https://ebifo.org"
54.37.118.90 - - [16/Jul/2026:01:38:33 +0000] "GET /products/25163584868319 HTTP/2" 404 39252 "-" "Mozilla/5.0 (compatible; AhrefsBot/7.0; +http://ahrefs.com/robot/)"
209.42.17.20 - - [16/Jul/2026:01:39:37 +0000] "POST /wp-cron.php?doing_wp_cron=1784165977.6958949565887451171875 HTTP/1.1" 200 0 "-" "WordPress/7.0.1; https://ebifo.org"
54.37.118.89 - - [16/Jul/2026:01:39:35 +0000] "GET /products/29533390848831 HTTP/2" 404 39252 "-" "Mozilla/5.0 (compatible; AhrefsBot/7.0; +http://ahrefs.com/robot/)"
209.42.17.20 - - [16/Jul/2026:01:40:46 +0000] "POST /wp-cron.php?doing_wp_cron=1784166046.5076549053192138671875 HTTP/1.1" 200 0 "-" "WordPress/7.0.1; https://ebifo.org"
92.222.104.204 - - [16/Jul/2026:01:40:43 +0000] "GET /products/22777276597626 HTTP/2" 404 39251 "-" "Mozilla/5.0 (compatible; AhrefsBot/7.0; +http://ahrefs.com/robot/)"
209.42.17.20 - - [16/Jul/2026:01:41:45 +0000] "POST /wp-cron.php?doing_wp_cron=1784166105.4917089939117431640625 HTTP/1.1" 200 0 "-" "WordPress/7.0.1; https://ebifo.org"
37.59.204.155 - - [16/Jul/2026:01:41:43 +0000] "GET /products/28799848125641 HTTP/2" 404 39252 "-" "Mozilla/5.0 (compatible; AhrefsBot/7.0; +http://ahrefs.com/robot/)"
209.42.17.20 - - [16/Jul/2026:01:42:57 +0000] "POST /wp-cron.php?doing_wp_cron=1784166177.2282960414886474609375 HTTP/1.1" 200 0 "-" "WordPress/7.0.1; https://ebifo.org"
92.222.104.192 - - [16/Jul/2026:01:42:54 +0000] "GET /products/22475060998578 HTTP/2" 404 39254 "-" "Mozilla/5.0 (compatible; AhrefsBot/7.0; +http://ahrefs.com/robot/)"
51.75.236.142 - - [16/Jul/2026:01:43:50 +0000] "GET /products/20529392358006 HTTP/2" 404 39250 "-" "Mozilla/5.0 (compatible; AhrefsBot/7.0; +http://ahrefs.com/robot/)"
209.42.17.20 - - [16/Jul/2026:01:44:57 +0000] "POST /wp-cron.php?doing_wp_cron=1784166297.2698540687561035156250 HTTP/1.1" 200 0 "-" "WordPress/7.0.1; https://ebifo.org"
51.68.247.212 - - [16/Jul/2026:01:44:54 +0000] "GET /products/26746980422477 HTTP/2" 404 39250 "-" "Mozilla/5.0 (compatible; AhrefsBot/7.0; +http://ahrefs.com/robot/)"
54.37.118.82 - - [16/Jul/2026:01:45:57 +0000] "GET /products/19806800653658 HTTP/2" 404 39252 "-" "Mozilla/5.0 (compatible; AhrefsBot/7.0; +http://ahrefs.com/robot/)"
54.37.118.69 - - [16/Jul/2026:01:47:02 +0000] "GET /products/17937912005192 HTTP/2" 404 39252 "-" "Mozilla/5.0 (compatible; AhrefsBot/7.0; +http://ahrefs.com/robot/)"
209.42.17.20 - - [16/Jul/2026:01:47:04 +0000] "POST /wp-cron.php?doing_wp_cron=1784166424.6789960861206054687500 HTTP/1.1" 200 0 "-" "WordPress/7.0.1; https://ebifo.org"
209.42.17.20 - - [16/Jul/2026:01:48:07 +0000] "POST /wp-cron.php?doing_wp_cron=1784166487.0708529949188232421875 HTTP/1.1" 200 0 "-" "WordPress/7.0.1; https://ebifo.org"
54.37.118.76 - - [16/Jul/2026:01:48:04 +0000] "GET /products/24781905910383 HTTP/2" 404 39252 "-" "Mozilla/5.0 (compatible; AhrefsBot/7.0; +http://ahrefs.com/robot/)"
51.68.247.201 - - [16/Jul/2026:01:49:09 +0000] "GET /products/17099784759195 HTTP/2" 404 39253 "-" "Mozilla/5.0 (compatible; AhrefsBot/7.0; +http://ahrefs.com/robot/)"
209.42.17.20 - - [16/Jul/2026:01:49:11 +0000] "POST /wp-cron.php?doing_wp_cron=1784166551.7927339076995849609375 HTTP/1.1" 200 0 "-" "WordPress/7.0.1; https://ebifo.org"
92.222.108.120 - - [16/Jul/2026:01:50:11 +0000] "GET /products/24577632192241 HTTP/2" 404 39253 "-" "Mozilla/5.0 (compatible; AhrefsBot/7.0; +http://ahrefs.com/robot/)"
5.39.1.252 - - [16/Jul/2026:01:51:15 +0000] "GET /products/20899568959629 HTTP/2" 404 39252 "-" "Mozilla/5.0 (compatible; AhrefsBot/7.0; +http://ahrefs.com/robot/)"
40.77.167.77 - - [16/Jul/2026:01:51:20 +0000] "GET /items/Y864176659/ HTTP/2" 301 0 "-" "Mozilla/5.0 AppleWebKit/537.36 (KHTML, like Gecko; compatible; bingbot/2.0; +http://www.bing.com/bingbot.htm) Chrome/116.0.1938.76 Safari/537.36"
104.46.228.113 - - [16/Jul/2026:01:51:36 +0000] "GET /wp-login.php?action=register HTTP/1.1" 302 0 "-" "-"
104.46.228.113 - - [16/Jul/2026:01:51:37 +0000] "GET /wp-login.php?registration=disabled HTTP/1.1" 200 6949 "-" "-"
92.222.108.117 - - [16/Jul/2026:01:52:18 +0000] "GET /products/20085975758225 HTTP/2" 404 39251 "-" "Mozilla/5.0 (compatible; AhrefsBot/7.0; +http://ahrefs.com/robot/)"
40.77.167.77 - - [16/Jul/2026:01:52:20 +0000] "GET /items/F764321380/ HTTP/2" 301 0 "-" "Mozilla/5.0 AppleWebKit/537.36 (KHTML, like Gecko; compatible; bingbot/2.0; +http://www.bing.com/bingbot.htm) Chrome/116.0.1938.76 Safari/537.36"
104.46.228.113 - - [16/Jul/2026:01:53:08 +0000] "GET /wp-admin/index.php HTTP/1.1" 302 0 "-" "-"
104.46.228.113 - - [16/Jul/2026:01:53:09 +0000] "GET /wp-login.php?redirect_to=https%3A%2F%2Febifo.org%2Fwp-admin%2Findex.php&reauth=1 HTTP/1.1" 200 6766 "-" "-"
104.46.228.113 - - [16/Jul/2026:01:53:21 +0000] "GET /feed/ HTTP/1.1" 200 100766 "-" "-"
51.68.247.205 - - [16/Jul/2026:01:53:21 +0000] "GET /products/34914195988761 HTTP/2" 404 39254 "-" "Mozilla/5.0 (compatible; AhrefsBot/7.0; +http://ahrefs.com/robot/)"
94.23.188.206 - - [16/Jul/2026:01:54:25 +0000] "GET /products/338192504837 HTTP/2" 404 39209 "-" "Mozilla/5.0 (compatible; AhrefsBot/7.0; +http://ahrefs.com/robot/)"
5.39.1.226 - - [16/Jul/2026:01:55:28 +0000] "GET /products/19335073000052 HTTP/2" 404 39252 "-" "Mozilla/5.0 (compatible; AhrefsBot/7.0; +http://ahrefs.com/robot/)"
209.42.17.20 - - [16/Jul/2026:01:56:35 +0000] "POST /wp-cron.php?doing_wp_cron=1784166995.3108859062194824218750 HTTP/1.1" 200 0 "-" "WordPress/7.0.1; https://ebifo.org"
92.222.104.222 - - [16/Jul/2026:01:56:32 +0000] "GET /products/13607223278461 HTTP/2" 404 39252 "-" "Mozilla/5.0 (compatible; AhrefsBot/7.0; +http://ahrefs.com/robot/)"
37.59.204.143 - - [16/Jul/2026:01:57:36 +0000] "GET /products/7318895363821 HTTP/2" 404 39232 "-" "Mozilla/5.0 (compatible; AhrefsBot/7.0; +http://ahrefs.com/robot/)"
209.42.17.20 - - [16/Jul/2026:01:57:37 +0000] "POST /wp-cron.php?doing_wp_cron=1784167057.8671169281005859375000 HTTP/1.1" 200 0 "-" "WordPress/7.0.1; https://ebifo.org"
209.42.17.20 - - [16/Jul/2026:01:58:41 +0000] "POST /wp-cron.php?doing_wp_cron=1784167121.9653840065002441406250 HTTP/1.1" 200 0 "-" "WordPress/7.0.1; https://ebifo.org"
54.37.118.70 - - [16/Jul/2026:01:58:39 +0000] "GET /products/6765691763991 HTTP/2" 404 39238 "-" "Mozilla/5.0 (compatible; AhrefsBot/7.0; +http://ahrefs.com/robot/)"
209.42.17.20 - - [16/Jul/2026:02:02:11 +0000] "POST /wp-cron.php?doing_wp_cron=1784167331.0351269245147705078125 HTTP/1.1" 200 0 "-" "WordPress/7.0.1; https://ebifo.org"
54.37.118.74 - - [16/Jul/2026:02:02:09 +0000] "GET /products/6719710641102 HTTP/2" 404 39230 "-" "Mozilla/5.0 (compatible; AhrefsBot/7.0; +http://ahrefs.com/robot/)"
51.75.236.153 - - [16/Jul/2026:02:03:14 +0000] "GET /products/4001116100002 HTTP/2" 404 39233 "-" "Mozilla/5.0 (compatible; AhrefsBot/7.0; +http://ahrefs.com/robot/)"
209.42.17.20 - - [16/Jul/2026:02:03:17 +0000] "POST /wp-cron.php?doing_wp_cron=1784167397.0257580280303955078125 HTTP/1.1" 200 0 "-" "WordPress/7.0.1; https://ebifo.org"
209.42.17.20 - - [16/Jul/2026:02:04:26 +0000] "POST /wp-cron.php?doing_wp_cron=1784167466.6102910041809082031250 HTTP/1.1" 200 0 "-" "WordPress/7.0.1; https://ebifo.org"
92.222.104.205 - - [16/Jul/2026:02:04:24 +0000] "GET /products/37770275116871 HTTP/2" 404 39252 "-" "Mozilla/5.0 (compatible; AhrefsBot/7.0; +http://ahrefs.com/robot/)"
209.42.17.20 - - [16/Jul/2026:02:05:45 +0000] "POST /wp-cron.php?doing_wp_cron=1784167545.6029489040374755859375 HTTP/1.1" 200 0 "-" "WordPress/7.0.1; https://ebifo.org"
92.222.104.210 - - [16/Jul/2026:02:05:43 +0000] "GET /products/18614141533295 HTTP/2" 404 39251 "-" "Mozilla/5.0 (compatible; AhrefsBot/7.0; +http://ahrefs.com/robot/)"
5.39.1.232 - - [16/Jul/2026:02:06:53 +0000] "GET /products/171277119148 HTTP/2" 404 39208 "-" "Mozilla/5.0 (compatible; AhrefsBot/7.0; +http://ahrefs.com/robot/)"
209.42.17.20 - - [16/Jul/2026:02:06:56 +0000] "POST /wp-cron.php?doing_wp_cron=1784167616.2212510108947753906250 HTTP/1.1" 200 0 "-" "WordPress/7.0.1; https://ebifo.org"
176.31.139.18 - - [16/Jul/2026:02:08:00 +0000] "GET /products/16478412540596 HTTP/2" 404 39248 "-" "Mozilla/5.0 (compatible; AhrefsBot/7.0; +http://ahrefs.com/robot/)"
209.42.17.20 - - [16/Jul/2026:02:08:03 +0000] "POST /wp-cron.php?doing_wp_cron=1784167683.9501829147338867187500 HTTP/1.1" 200 0 "-" "WordPress/7.0.1; https://ebifo.org"
140.248.75.105 - - [16/Jul/2026:02:08:45 +0000] "GET /.git/config HTTP/1.1" 200 844 "-" "Mozilla/5.0 (Macintosh; Intel Mac OS X 10.15; rv:126.0) Gecko/20100101 Firefox/126.0"
140.248.75.105 - - [16/Jul/2026:02:08:45 +0000] "GET /.git/HEAD HTTP/1.1" 200 844 "-" "Mozilla/5.0 (Macintosh; Intel Mac OS X 10.15; rv:126.0) Gecko/20100101 Firefox/126.0"
94.23.188.213 - - [16/Jul/2026:02:09:06 +0000] "GET /products/15825099422504 HTTP/2" 404 39252 "-" "Mozilla/5.0 (compatible; AhrefsBot/7.0; +http://ahrefs.com/robot/)"
