209.42.17.20 - - [16/Jul/2026:05:25:23 +0000] "POST /wp-cron.php?doing_wp_cron=1784179523.9289600849151611328125 HTTP/1.1" 200 0 "-" "WordPress/7.0.1; https://ebifo.org"
198.244.242.131 - - [16/Jul/2026:05:25:21 +0000] "GET /items/J971252451/ HTTP/2" 404 39190 "-" "Mozilla/5.0 (compatible; AhrefsBot/7.0; +http://ahrefs.com/robot/)"
198.244.242.36 - - [16/Jul/2026:05:26:33 +0000] "GET /items/J971123283/ HTTP/2" 404 39190 "-" "Mozilla/5.0 (compatible; AhrefsBot/7.0; +http://ahrefs.com/robot/)"
209.42.17.20 - - [16/Jul/2026:05:26:35 +0000] "POST /wp-cron.php?doing_wp_cron=1784179595.9718620777130126953125 HTTP/1.1" 200 0 "-" "WordPress/7.0.1; https://ebifo.org"
51.195.215.235 - - [16/Jul/2026:05:27:45 +0000] "GET /products/28791312773698 HTTP/2" 404 39251 "-" "Mozilla/5.0 (compatible; AhrefsBot/7.0; +http://ahrefs.com/robot/)"
209.42.17.20 - - [16/Jul/2026:05:29:00 +0000] "POST /wp-cron.php?doing_wp_cron=1784179740.3307390213012695312500 HTTP/1.1" 200 0 "-" "WordPress/7.0.1; https://ebifo.org"
198.244.183.148 - - [16/Jul/2026:05:28:58 +0000] "GET /products/26973658619008 HTTP/2" 404 39252 "-" "Mozilla/5.0 (compatible; AhrefsBot/7.0; +http://ahrefs.com/robot/)"
216.73.216.194 - - [16/Jul/2026:05:29:21 +0000] "GET /robots.txt HTTP/2" 200 102 "-" "Mozilla/5.0 AppleWebKit/537.36 (KHTML, like Gecko; compatible; ClaudeBot/1.0; +claudebot@anthropic.com)"
216.73.216.194 - - [16/Jul/2026:05:29:21 +0000] "GET /sitemap-11.xml HTTP/2" 404 39225 "-" "Mozilla/5.0 AppleWebKit/537.36 (KHTML, like Gecko; compatible; ClaudeBot/1.0; +claudebot@anthropic.com)"
209.42.17.20 - - [16/Jul/2026:05:29:59 +0000] "POST /wp-cron.php?doing_wp_cron=1784179799.3789210319519042968750 HTTP/1.1" 200 0 "-" "WordPress/7.0.1; https://ebifo.org"
216.73.216.194 - - [16/Jul/2026:05:29:56 +0000] "GET /sitemap-5.xml HTTP/2" 404 39184 "-" "Mozilla/5.0 AppleWebKit/537.36 (KHTML, like Gecko; compatible; ClaudeBot/1.0; +claudebot@anthropic.com)"
216.73.216.194 - - [16/Jul/2026:05:29:56 +0000] "GET /sitemap-6.xml HTTP/2" 404 39185 "-" "Mozilla/5.0 AppleWebKit/537.36 (KHTML, like Gecko; compatible; ClaudeBot/1.0; +claudebot@anthropic.com)"
198.244.168.230 - - [16/Jul/2026:05:30:10 +0000] "GET /products/26206741764663 HTTP/2" 404 39252 "-" "Mozilla/5.0 (compatible; AhrefsBot/7.0; +http://ahrefs.com/robot/)"
216.73.216.194 - - [16/Jul/2026:05:30:11 +0000] "GET /sitemap-14.xml HTTP/2" 404 39226 "-" "Mozilla/5.0 AppleWebKit/537.36 (KHTML, like Gecko; compatible; ClaudeBot/1.0; +claudebot@anthropic.com)"
140.248.75.149 - - [16/Jul/2026:05:30:30 +0000] "GET /.git/config HTTP/1.1" 401 36 "-" "Mozilla/5.0 (Macintosh; Intel Mac OS X 10.15; rv:126.0) Gecko/20100101 Firefox/126.0"
140.248.75.149 - - [16/Jul/2026:05:30:30 +0000] "GET /.git/HEAD HTTP/1.1" 401 36 "-" "Mozilla/5.0 (Macintosh; Intel Mac OS X 10.15; rv:126.0) Gecko/20100101 Firefox/126.0"
216.73.216.194 - - [16/Jul/2026:05:30:42 +0000] "GET /sitemap-10.xml HTTP/2" 404 39226 "-" "Mozilla/5.0 AppleWebKit/537.36 (KHTML, like Gecko; compatible; ClaudeBot/1.0; +claudebot@anthropic.com)"
216.73.216.194 - - [16/Jul/2026:05:30:42 +0000] "GET /sitemap-8.xml HTTP/2" 404 39179 "-" "Mozilla/5.0 AppleWebKit/537.36 (KHTML, like Gecko; compatible; ClaudeBot/1.0; +claudebot@anthropic.com)"
216.73.216.194 - - [16/Jul/2026:05:30:45 +0000] "GET /sitemap-19.xml HTTP/2" 404 39226 "-" "Mozilla/5.0 AppleWebKit/537.36 (KHTML, like Gecko; compatible; ClaudeBot/1.0; +claudebot@anthropic.com)"
209.42.17.20 - - [16/Jul/2026:05:31:15 +0000] "POST /wp-cron.php?doing_wp_cron=1784179875.2797501087188720703125 HTTP/1.1" 200 0 "-" "WordPress/7.0.1; https://ebifo.org"
216.73.216.194 - - [16/Jul/2026:05:31:12 +0000] "GET /sitemap-3.xml HTTP/2" 404 39185 "-" "Mozilla/5.0 AppleWebKit/537.36 (KHTML, like Gecko; compatible; ClaudeBot/1.0; +claudebot@anthropic.com)"
142.111.152.29 - - [16/Jul/2026:05:31:16 +0000] "POST /wp-login.php HTTP/1.1" 200 2574 "-" "Mozilla/5.0 (Macintosh; Intel Mac OS X 10_15_7) AppleWebKit/605.1.15 Version/17.0 Safari/605.1.15"
51.89.129.52 - - [16/Jul/2026:05:31:23 +0000] "GET /products/31475120931109 HTTP/2" 404 39252 "-" "Mozilla/5.0 (compatible; AhrefsBot/7.0; +http://ahrefs.com/robot/)"
216.73.216.194 - - [16/Jul/2026:05:31:37 +0000] "GET /sitemap-13.xml HTTP/2" 404 39224 "-" "Mozilla/5.0 AppleWebKit/537.36 (KHTML, like Gecko; compatible; ClaudeBot/1.0; +claudebot@anthropic.com)"
216.73.216.194 - - [16/Jul/2026:05:31:37 +0000] "GET /sitemap-2.xml HTTP/2" 404 39180 "-" "Mozilla/5.0 AppleWebKit/537.36 (KHTML, like Gecko; compatible; ClaudeBot/1.0; +claudebot@anthropic.com)"
216.73.216.194 - - [16/Jul/2026:05:31:40 +0000] "GET /sitemap-20.xml HTTP/2" 404 39225 "-" "Mozilla/5.0 AppleWebKit/537.36 (KHTML, like Gecko; compatible; ClaudeBot/1.0; +claudebot@anthropic.com)"
216.73.216.194 - - [16/Jul/2026:05:31:52 +0000] "GET /sitemap-17.xml HTTP/2" 404 39225 "-" "Mozilla/5.0 AppleWebKit/537.36 (KHTML, like Gecko; compatible; ClaudeBot/1.0; +claudebot@anthropic.com)"
216.73.216.194 - - [16/Jul/2026:05:31:52 +0000] "GET /sitemap-16.xml HTTP/2" 404 39226 "-" "Mozilla/5.0 AppleWebKit/537.36 (KHTML, like Gecko; compatible; ClaudeBot/1.0; +claudebot@anthropic.com)"
216.73.216.194 - - [16/Jul/2026:05:31:55 +0000] "GET /sitemap-1.xml HTTP/2" 404 39185 "-" "Mozilla/5.0 AppleWebKit/537.36 (KHTML, like Gecko; compatible; ClaudeBot/1.0; +claudebot@anthropic.com)"
209.42.17.20 - - [16/Jul/2026:05:32:40 +0000] "POST /wp-cron.php?doing_wp_cron=1784179960.5638890266418457031250 HTTP/1.1" 200 0 "-" "WordPress/7.0.1; https://ebifo.org"
198.244.242.6 - - [16/Jul/2026:05:32:38 +0000] "GET /products/25446640844790 HTTP/2" 404 39252 "-" "Mozilla/5.0 (compatible; AhrefsBot/7.0; +http://ahrefs.com/robot/)"
209.42.17.20 - - [16/Jul/2026:05:33:05 +0000] "POST /wp-cron.php?doing_wp_cron=1784179985.0650401115417480468750 HTTP/1.1" 200 0 "-" "WordPress/7.0.1; https://ebifo.org"
216.73.216.194 - - [16/Jul/2026:05:33:03 +0000] "GET /sitemap-4.xml HTTP/2" 404 39184 "-" "Mozilla/5.0 AppleWebKit/537.36 (KHTML, like Gecko; compatible; ClaudeBot/1.0; +claudebot@anthropic.com)"
216.73.216.194 - - [16/Jul/2026:05:33:10 +0000] "GET /sitemap.xml HTTP/2" 301 0 "-" "Mozilla/5.0 AppleWebKit/537.36 (KHTML, like Gecko; compatible; ClaudeBot/1.0; +claudebot@anthropic.com)"
216.73.216.194 - - [16/Jul/2026:05:33:10 +0000] "GET /sitemap-9.xml HTTP/2" 404 39186 "-" "Mozilla/5.0 AppleWebKit/537.36 (KHTML, like Gecko; compatible; ClaudeBot/1.0; +claudebot@anthropic.com)"
216.73.216.194 - - [16/Jul/2026:05:33:12 +0000] "GET /wp-sitemap.xml HTTP/2" 200 316 "https://ebifo.org/sitemap.xml" "Mozilla/5.0 AppleWebKit/537.36 (KHTML, like Gecko; compatible; ClaudeBot/1.0; +claudebot@anthropic.com)"
216.73.216.194 - - [16/Jul/2026:05:33:13 +0000] "GET /sitemap-15.xml HTTP/2" 404 39224 "-" "Mozilla/5.0 AppleWebKit/537.36 (KHTML, like Gecko; compatible; ClaudeBot/1.0; +claudebot@anthropic.com)"
216.73.216.194 - - [16/Jul/2026:05:33:40 +0000] "GET /sitemap-7.xml HTTP/2" 404 39182 "-" "Mozilla/5.0 AppleWebKit/537.36 (KHTML, like Gecko; compatible; ClaudeBot/1.0; +claudebot@anthropic.com)"
216.73.216.194 - - [16/Jul/2026:05:33:40 +0000] "GET /sitemap-12.xml HTTP/2" 404 39226 "-" "Mozilla/5.0 AppleWebKit/537.36 (KHTML, like Gecko; compatible; ClaudeBot/1.0; +claudebot@anthropic.com)"
51.89.129.138 - - [16/Jul/2026:05:33:48 +0000] "GET /products/31470713349451 HTTP/2" 404 39251 "-" "Mozilla/5.0 (compatible; AhrefsBot/7.0; +http://ahrefs.com/robot/)"
216.73.216.194 - - [16/Jul/2026:05:33:53 +0000] "GET /sitemap-18.xml HTTP/2" 404 39224 "-" "Mozilla/5.0 AppleWebKit/537.36 (KHTML, like Gecko; compatible; ClaudeBot/1.0; +claudebot@anthropic.com)"
198.244.240.75 - - [16/Jul/2026:05:35:12 +0000] "GET /products/29582192984369 HTTP/2" 404 39253 "-" "Mozilla/5.0 (compatible; AhrefsBot/7.0; +http://ahrefs.com/robot/)"
51.195.215.188 - - [16/Jul/2026:05:36:35 +0000] "GET /products/2461095039489 HTTP/2" 404 39232 "-" "Mozilla/5.0 (compatible; AhrefsBot/7.0; +http://ahrefs.com/robot/)"
209.42.17.20 - - [16/Jul/2026:05:36:37 +0000] "POST /wp-cron.php?doing_wp_cron=1784180197.7108480930328369140625 HTTP/1.1" 200 0 "-" "WordPress/7.0.1; https://ebifo.org"
209.42.17.20 - - [16/Jul/2026:05:38:07 +0000] "POST /wp-cron.php?doing_wp_cron=1784180287.9843919277191162109375 HTTP/1.1" 200 0 "-" "WordPress/7.0.1; https://ebifo.org"
51.89.129.61 - - [16/Jul/2026:05:38:06 +0000] "GET /products/29025217683792 HTTP/2" 404 39252 "-" "Mozilla/5.0 (compatible; AhrefsBot/7.0; +http://ahrefs.com/robot/)"
142.111.152.23 - - [16/Jul/2026:05:38:28 +0000] "POST /wp-login.php HTTP/1.1" 200 2574 "-" "Mozilla/5.0 (Macintosh; Intel Mac OS X 10_15_7) AppleWebKit/605.1.15 Version/17.0 Safari/605.1.15"
51.195.215.108 - - [16/Jul/2026:05:39:28 +0000] "GET /products/27885373587060 HTTP/2" 404 39251 "-" "Mozilla/5.0 (compatible; AhrefsBot/7.0; +http://ahrefs.com/robot/)"
209.42.17.20 - - [16/Jul/2026:05:40:33 +0000] "POST /wp-cron.php?doing_wp_cron=1784180433.1655869483947753906250 HTTP/1.1" 200 0 "-" "WordPress/7.0.1; https://ebifo.org"
51.195.215.56 - - [16/Jul/2026:05:40:31 +0000] "GET /products/21351488051752 HTTP/2" 404 39252 "-" "Mozilla/5.0 (compatible; AhrefsBot/7.0; +http://ahrefs.com/robot/)"
209.42.17.20 - - [16/Jul/2026:05:41:53 +0000] "POST /wp-cron.php?doing_wp_cron=1784180513.7866621017456054687500 HTTP/1.1" 200 0 "-" "WordPress/7.0.1; https://ebifo.org"
51.195.244.202 - - [16/Jul/2026:05:41:51 +0000] "GET /products/19368205569267 HTTP/2" 404 39252 "-" "Mozilla/5.0 (compatible; AhrefsBot/7.0; +http://ahrefs.com/robot/)"
198.244.168.98 - - [16/Jul/2026:05:42:55 +0000] "GET /products/19935358347082 HTTP/2" 404 39253 "-" "Mozilla/5.0 (compatible; AhrefsBot/7.0; +http://ahrefs.com/robot/)"
51.195.215.176 - - [16/Jul/2026:05:44:04 +0000] "GET /products/18470226085177 HTTP/2" 404 39252 "-" "Mozilla/5.0 (compatible; AhrefsBot/7.0; +http://ahrefs.com/robot/)"
209.42.17.20 - - [16/Jul/2026:05:45:53 +0000] "POST /wp-cron.php?doing_wp_cron=1784180753.5829761028289794921875 HTTP/1.1" 200 0 "-" "WordPress/7.0.1; https://ebifo.org"
142.111.152.16 - - [16/Jul/2026:05:45:51 +0000] "POST /wp-login.php HTTP/1.1" 200 2574 "-" "Mozilla/5.0 (Windows NT 10.0; Win64; x64) AppleWebKit/537.36 Chrome/129.0.0.0 Safari/537.36"
198.244.242.236 - - [16/Jul/2026:05:46:11 +0000] "GET /items/J972665703/ HTTP/2" 404 39190 "-" "Mozilla/5.0 (compatible; AhrefsBot/7.0; +http://ahrefs.com/robot/)"
198.244.240.100 - - [16/Jul/2026:05:47:15 +0000] "GET /products/19026037030322 HTTP/2" 404 39252 "-" "Mozilla/5.0 (compatible; AhrefsBot/7.0; +http://ahrefs.com/robot/)"
52.167.144.159 - - [16/Jul/2026:05:48:03 +0000] "GET /items/F493249639/ HTTP/2" 301 0 "-" "Mozilla/5.0 AppleWebKit/537.36 (KHTML, like Gecko; compatible; bingbot/2.0; +http://www.bing.com/bingbot.htm) Chrome/116.0.1938.76 Safari/537.36"
51.195.244.47 - - [16/Jul/2026:05:48:17 +0000] "GET /products/1776579985584 HTTP/2" 404 39230 "-" "Mozilla/5.0 (compatible; AhrefsBot/7.0; +http://ahrefs.com/robot/)"
209.42.17.20 - - [16/Jul/2026:05:48:20 +0000] "POST /wp-cron.php?doing_wp_cron=1784180900.2021059989929199218750 HTTP/1.1" 200 0 "-" "WordPress/7.0.1; https://ebifo.org"
51.195.244.233 - - [16/Jul/2026:05:49:19 +0000] "GET /products/34629735151994 HTTP/2" 404 39252 "-" "Mozilla/5.0 (compatible; AhrefsBot/7.0; +http://ahrefs.com/robot/)"
209.42.17.20 - - [16/Jul/2026:05:49:22 +0000] "POST /wp-cron.php?doing_wp_cron=1784180962.4497549533843994140625 HTTP/1.1" 200 0 "-" "WordPress/7.0.1; https://ebifo.org"
198.244.242.165 - - [16/Jul/2026:05:50:21 +0000] "GET /products/18325850022761 HTTP/2" 404 39252 "-" "Mozilla/5.0 (compatible; AhrefsBot/7.0; +http://ahrefs.com/robot/)"
198.244.242.234 - - [16/Jul/2026:05:51:23 +0000] "GET /products/7563156615820 HTTP/2" 404 39231 "-" "Mozilla/5.0 (compatible; AhrefsBot/7.0; +http://ahrefs.com/robot/)"
209.42.17.20 - - [16/Jul/2026:05:51:25 +0000] "POST /wp-cron.php?doing_wp_cron=1784181085.4989340305328369140625 HTTP/1.1" 200 0 "-" "WordPress/7.0.1; https://ebifo.org"
52.167.144.169 - - [16/Jul/2026:05:51:54 +0000] "GET /items/Z022831240/ HTTP/2" 301 0 "-" "Mozilla/5.0 AppleWebKit/537.36 (KHTML, like Gecko; compatible; bingbot/2.0; +http://www.bing.com/bingbot.htm) Chrome/116.0.1938.76 Safari/537.36"
209.42.17.20 - - [16/Jul/2026:05:52:04 +0000] "POST /wp-cron.php?doing_wp_cron=1784181124.9327659606933593750000 HTTP/1.1" 200 0 "-" "WordPress/7.0.1; https://ebifo.org"
52.167.144.222 - - [16/Jul/2026:05:52:03 +0000] "GET /items/Z063339628/ HTTP/2" 301 0 "-" "Mozilla/5.0 AppleWebKit/537.36 (KHTML, like Gecko; compatible; bingbot/2.0; +http://www.bing.com/bingbot.htm) Chrome/116.0.1938.76 Safari/537.36"
54.38.147.8 - - [16/Jul/2026:05:52:27 +0000] "GET /products/14884544586635 HTTP/2" 404 39252 "-" "Mozilla/5.0 (compatible; AhrefsBot/7.0; +http://ahrefs.com/robot/)"
209.42.17.20 - - [16/Jul/2026:05:53:21 +0000] "POST /wp-cron.php?doing_wp_cron=1784181201.2653400897979736328125 HTTP/1.1" 200 0 "-" "WordPress/7.0.1; https://ebifo.org"
142.111.152.113 - - [16/Jul/2026:05:53:19 +0000] "POST /wp-login.php HTTP/1.1" 200 2574 "-" "Mozilla/5.0 (Macintosh; Intel Mac OS X 10_15_7) AppleWebKit/605.1.15 Version/17.0 Safari/605.1.15"
198.244.240.138 - - [16/Jul/2026:05:53:29 +0000] "GET /products/5705635356870 HTTP/2" 404 39232 "-" "Mozilla/5.0 (compatible; AhrefsBot/7.0; +http://ahrefs.com/robot/)"
155.2.215.35 - - [16/Jul/2026:06:00:54 +0000] "POST /wp-login.php HTTP/1.1" 200 2574 "-" "Mozilla/5.0 (Windows NT 10.0; Win64; rv:143.0) Gecko/20100101 Firefox/143.0"
209.42.17.20 - - [16/Jul/2026:06:01:02 +0000] "POST /wp-cron.php?doing_wp_cron=1784181662.0597479343414306640625 HTTP/1.1" 200 0 "-" "WordPress/7.0.1; https://ebifo.org"
198.244.242.7 - - [16/Jul/2026:06:02:40 +0000] "GET /products/13662920653019 HTTP/2" 404 34091 "-" "Mozilla/5.0 (compatible; AhrefsBot/7.0; +http://ahrefs.com/robot/)"
209.42.17.20 - - [16/Jul/2026:06:02:50 +0000] "POST /wp-cron.php?doing_wp_cron=1784181769.9269220829010009765625 HTTP/1.1" 200 0 "-" "WordPress/7.0.1; https://ebifo.org"
198.244.242.131 - - [16/Jul/2026:06:03:52 +0000] "GET /products/4023181328736 HTTP/2" 404 14238 "-" "Mozilla/5.0 (compatible; AhrefsBot/7.0; +http://ahrefs.com/robot/)"
209.42.17.20 - - [16/Jul/2026:06:04:01 +0000] "POST /wp-cron.php?doing_wp_cron=1784181841.0147650241851806640625 HTTP/1.1" 200 0 "-" "WordPress/7.0.1; https://ebifo.org"
51.89.129.137 - - [16/Jul/2026:06:05:00 +0000] "GET /products/10774985205211 HTTP/2" 404 39251 "-" "Mozilla/5.0 (compatible; AhrefsBot/7.0; +http://ahrefs.com/robot/)"
54.38.147.210 - - [16/Jul/2026:06:06:05 +0000] "GET /products/10217819566462 HTTP/2" 404 39252 "-" "Mozilla/5.0 (compatible; AhrefsBot/7.0; +http://ahrefs.com/robot/)"
52.167.144.16 - - [16/Jul/2026:06:06:43 +0000] "GET /items/T804743067/ HTTP/2" 301 0 "-" "Mozilla/5.0 AppleWebKit/537.36 (KHTML, like Gecko; compatible; bingbot/2.0; +http://www.bing.com/bingbot.htm) Chrome/116.0.1938.76 Safari/537.36"
198.244.240.226 - - [16/Jul/2026:06:07:16 +0000] "GET /products/39301891498162 HTTP/2" 404 14238 "-" "Mozilla/5.0 (compatible; AhrefsBot/7.0; +http://ahrefs.com/robot/)"
209.42.17.20 - - [16/Jul/2026:06:07:26 +0000] "POST /wp-cron.php?doing_wp_cron=1784182046.2137799263000488281250 HTTP/1.1" 200 0 "-" "WordPress/7.0.1; https://ebifo.org"
198.244.183.140 - - [16/Jul/2026:06:08:26 +0000] "GET /products/36245053428115 HTTP/2" 404 39252 "-" "Mozilla/5.0 (compatible; AhrefsBot/7.0; +http://ahrefs.com/robot/)"
209.42.17.20 - - [16/Jul/2026:06:08:37 +0000] "POST /wp-cron.php?doing_wp_cron=1784182117.5308380126953125000000 HTTP/1.1" 200 0 "-" "WordPress/7.0.1; https://ebifo.org"
142.111.152.17 - - [16/Jul/2026:06:08:44 +0000] "POST /wp-login.php HTTP/1.1" 200 2574 "-" "Mozilla/5.0 (Windows NT 10.0; Win64; rv:143.0) Gecko/20100101 Firefox/143.0"
198.244.226.222 - - [16/Jul/2026:06:09:30 +0000] "GET /products/35829776366152 HTTP/2" 404 39251 "-" "Mozilla/5.0 (compatible; AhrefsBot/7.0; +http://ahrefs.com/robot/)"
209.42.17.20 - - [16/Jul/2026:06:09:39 +0000] "POST /wp-cron.php?doing_wp_cron=1784182179.0418469905853271484375 HTTP/1.1" 200 0 "-" "WordPress/7.0.1; https://ebifo.org"
198.244.183.218 - - [16/Jul/2026:06:10:32 +0000] "GET /products/3387391552131 HTTP/2" 404 39231 "-" "Mozilla/5.0 (compatible; AhrefsBot/7.0; +http://ahrefs.com/robot/)"
209.42.17.20 - - [16/Jul/2026:06:10:41 +0000] "POST /wp-cron.php?doing_wp_cron=1784182241.9187080860137939453125 HTTP/1.1" 200 0 "-" "WordPress/7.0.1; https://ebifo.org"
51.195.215.112 - - [16/Jul/2026:06:11:35 +0000] "GET /products/33455582379322 HTTP/2" 404 39420 "-" "Mozilla/5.0 (compatible; AhrefsBot/7.0; +http://ahrefs.com/robot/)"
209.42.17.20 - - [16/Jul/2026:06:11:47 +0000] "POST /wp-cron.php?doing_wp_cron=1784182307.3377010822296142578125 HTTP/1.1" 200 0 "-" "WordPress/7.0.1; https://ebifo.org"
198.244.240.206 - - [16/Jul/2026:06:12:37 +0000] "GET /products/35704840724405 HTTP/2" 404 39251 "-" "Mozilla/5.0 (compatible; AhrefsBot/7.0; +http://ahrefs.com/robot/)"
209.42.17.20 - - [16/Jul/2026:06:12:44 +0000] "POST /wp-cron.php?doing_wp_cron=1784182364.3373959064483642578125 HTTP/1.1" 200 0 "-" "WordPress/7.0.1; https://ebifo.org"
209.42.17.20 - - [16/Jul/2026:06:13:47 +0000] "POST /wp-cron.php?doing_wp_cron=1784182427.9295239448547363281250 HTTP/1.1" 200 0 "-" "WordPress/7.0.1; https://ebifo.org"
198.244.226.163 - - [16/Jul/2026:06:13:41 +0000] "GET /products/33120516534009 HTTP/2" 404 39251 "-" "Mozilla/5.0 (compatible; AhrefsBot/7.0; +http://ahrefs.com/robot/)"
209.42.17.20 - - [16/Jul/2026:06:14:19 +0000] "POST /wp-cron.php?doing_wp_cron=1784182459.2331619262695312500000 HTTP/1.1" 200 0 "-" "WordPress/7.0.1; https://ebifo.org"
66.249.79.37 - - [16/Jul/2026:06:14:14 +0000] "GET /products/1753989786033 HTTP/1.1" 301 0 "-" "Mozilla/5.0 (Linux; Android 6.0.1; Nexus 5X Build/MMB29P) AppleWebKit/537.36 (KHTML, like Gecko) Chrome/150.0.7871.114 Mobile Safari/537.36 (compatible; Googlebot/2.1; +http://www.google.com/bot.html)"
66.249.79.137 - - [16/Jul/2026:06:14:19 +0000] "GET /products/1753989786033 HTTP/1.1" 404 39236 "-" "Mozilla/5.0 (Linux; Android 6.0.1; Nexus 5X Build/MMB29P) AppleWebKit/537.36 (KHTML, like Gecko) Chrome/150.0.7871.114 Mobile Safari/537.36 (compatible; Googlebot/2.1; +http://www.google.com/bot.html)"
51.195.215.147 - - [16/Jul/2026:06:14:43 +0000] "GET /products/33515386792216 HTTP/2" 404 39249 "-" "Mozilla/5.0 (compatible; AhrefsBot/7.0; +http://ahrefs.com/robot/)"
198.244.168.172 - - [16/Jul/2026:06:15:47 +0000] "GET /products/6910011996686 HTTP/2" 404 39231 "-" "Mozilla/5.0 (compatible; AhrefsBot/7.0; +http://ahrefs.com/robot/)"
155.2.215.31 - - [16/Jul/2026:06:16:22 +0000] "POST /wp-login.php HTTP/1.1" 200 2574 "-" "Mozilla/5.0 (Macintosh; Intel Mac OS X 10_15_7) AppleWebKit/605.1.15 Version/17.0 Safari/605.1.15"
198.244.240.59 - - [16/Jul/2026:06:16:50 +0000] "GET /products/17922937059928 HTTP/2" 404 39252 "-" "Mozilla/5.0 (compatible; AhrefsBot/7.0; +http://ahrefs.com/robot/)"
209.42.17.20 - - [16/Jul/2026:06:17:57 +0000] "POST /wp-cron.php?doing_wp_cron=1784182677.4040288925170898437500 HTTP/1.1" 200 0 "-" "WordPress/7.0.1; https://ebifo.org"
198.244.226.141 - - [16/Jul/2026:06:17:55 +0000] "GET /products/16213426924001 HTTP/2" 404 39253 "-" "Mozilla/5.0 (compatible; AhrefsBot/7.0; +http://ahrefs.com/robot/)"
54.38.147.77 - - [16/Jul/2026:06:18:57 +0000] "GET /products/12039803550057 HTTP/2" 404 39252 "-" "Mozilla/5.0 (compatible; AhrefsBot/7.0; +http://ahrefs.com/robot/)"
209.42.17.20 - - [16/Jul/2026:06:20:09 +0000] "POST /wp-cron.php?doing_wp_cron=1784182809.5824780464172363281250 HTTP/1.1" 200 0 "-" "WordPress/7.0.1; https://ebifo.org"
51.89.129.155 - - [16/Jul/2026:06:20:07 +0000] "GET /items/J973907674/ HTTP/2" 404 39197 "-" "Mozilla/5.0 (compatible; AhrefsBot/7.0; +http://ahrefs.com/robot/)"
20.226.66.230 - - [16/Jul/2026:06:21:00 +0000] "GET /autodiscover/autodiscover.xml HTTP/1.1" 400 52 "-" "-"
20.226.66.230 - - [16/Jul/2026:06:21:01 +0000] "GET /autodiscover/autodiscover.xml HTTP/1.1" 400 52 "-" "-"
20.226.66.230 - - [16/Jul/2026:06:21:05 +0000] "GET /autodiscover/autodiscover.xml HTTP/1.1" 400 52 "-" "-"
20.226.66.230 - - [16/Jul/2026:06:21:06 +0000] "GET /autodiscover/autodiscover.xml HTTP/1.1" 400 52 "-" "-"
43.155.27.244 - - [16/Jul/2026:06:21:04 +0000] "GET / HTTP/1.1" 200 83597 "http://ebifo.org" "Mozilla/5.0 (iPhone; CPU iPhone OS 13_2_3 like Mac OS X) AppleWebKit/605.1.15 (KHTML, like Gecko) Version/13.0.3 Mobile/15E148 Safari/604.1"
20.226.66.230 - - [16/Jul/2026:06:21:08 +0000] "GET /autodiscover/autodiscover.xml HTTP/1.1" 400 52 "-" "-"
20.226.66.230 - - [16/Jul/2026:06:21:08 +0000] "GET /autodiscover/autodiscover.xml HTTP/1.1" 400 52 "-" "-"
20.226.66.230 - - [16/Jul/2026:06:21:10 +0000] "GET /autodiscover/autodiscover.xml HTTP/1.1" 400 52 "-" "-"
20.226.66.230 - - [16/Jul/2026:06:21:11 +0000] "GET /autodiscover/autodiscover.xml HTTP/1.1" 400 52 "-" "-"
20.226.66.230 - - [16/Jul/2026:06:21:12 +0000] "GET /autodiscover/autodiscover.xml HTTP/1.1" 400 52 "-" "-"
20.226.66.230 - - [16/Jul/2026:06:21:12 +0000] "GET /autodiscover/autodiscover.xml HTTP/1.1" 400 52 "-" "-"
20.226.66.230 - - [16/Jul/2026:06:21:13 +0000] "GET /autodiscover/autodiscover.xml HTTP/1.1" 400 52 "-" "-"
20.226.66.230 - - [16/Jul/2026:06:21:14 +0000] "GET /autodiscover/autodiscover.xml HTTP/1.1" 400 52 "-" "-"
20.226.66.230 - - [16/Jul/2026:06:21:15 +0000] "GET /autodiscover/autodiscover.xml HTTP/1.1" 400 52 "-" "-"
54.38.147.246 - - [16/Jul/2026:06:21:13 +0000] "GET /items/J972492006/ HTTP/2" 404 19958 "-" "Mozilla/5.0 (compatible; AhrefsBot/7.0; +http://ahrefs.com/robot/)"
20.226.66.230 - - [16/Jul/2026:06:21:15 +0000] "GET /autodiscover/autodiscover.xml HTTP/1.1" 400 52 "-" "-"
20.226.66.230 - - [16/Jul/2026:06:21:16 +0000] "GET /autodiscover/autodiscover.xml HTTP/1.1" 400 52 "-" "-"
20.226.66.230 - - [16/Jul/2026:06:21:17 +0000] "GET /autodiscover/autodiscover.xml HTTP/1.1" 400 52 "-" "-"
20.226.66.230 - - [16/Jul/2026:06:21:17 +0000] "GET /autodiscover/autodiscover.xml HTTP/1.1" 400 52 "-" "-"
20.226.66.230 - - [16/Jul/2026:06:21:18 +0000] "GET /autodiscover/autodiscover.xml HTTP/1.1" 400 52 "-" "-"
20.226.66.230 - - [16/Jul/2026:06:21:18 +0000] "GET /autodiscover/autodiscover.xml HTTP/1.1" 400 52 "-" "-"
20.226.66.230 - - [16/Jul/2026:06:21:19 +0000] "GET /autodiscover/autodiscover.xml HTTP/1.1" 400 52 "-" "-"
20.226.66.230 - - [16/Jul/2026:06:21:19 +0000] "GET /autodiscover/autodiscover.xml HTTP/1.1" 400 52 "-" "-"
20.226.66.230 - - [16/Jul/2026:06:21:20 +0000] "GET /autodiscover/autodiscover.xml HTTP/1.1" 400 52 "-" "-"
20.226.66.230 - - [16/Jul/2026:06:21:20 +0000] "GET /autodiscover/autodiscover.xml HTTP/1.1" 400 52 "-" "-"
20.226.66.230 - - [16/Jul/2026:06:21:21 +0000] "GET /autodiscover/autodiscover.xml HTTP/1.1" 400 52 "-" "-"
20.226.66.230 - - [16/Jul/2026:06:21:21 +0000] "GET /autodiscover/autodiscover.xml HTTP/1.1" 400 52 "-" "-"
20.226.66.230 - - [16/Jul/2026:06:21:22 +0000] "GET /autodiscover/autodiscover.xml HTTP/1.1" 400 52 "-" "-"
20.226.66.230 - - [16/Jul/2026:06:21:22 +0000] "GET /autodiscover/autodiscover.xml HTTP/1.1" 400 52 "-" "-"
20.226.66.230 - - [16/Jul/2026:06:21:23 +0000] "GET /autodiscover/autodiscover.xml HTTP/1.1" 400 52 "-" "-"
20.226.66.230 - - [16/Jul/2026:06:21:23 +0000] "GET /autodiscover/autodiscover.xml HTTP/1.1" 400 52 "-" "-"
20.226.66.230 - - [16/Jul/2026:06:21:24 +0000] "GET /autodiscover/autodiscover.xml HTTP/1.1" 400 52 "-" "-"
20.226.66.230 - - [16/Jul/2026:06:21:24 +0000] "GET /autodiscover/autodiscover.xml HTTP/1.1" 400 52 "-" "-"
20.226.66.230 - - [16/Jul/2026:06:21:25 +0000] "GET /autodiscover/autodiscover.xml HTTP/1.1" 400 52 "-" "-"
20.226.66.230 - - [16/Jul/2026:06:21:26 +0000] "GET /autodiscover/autodiscover.xml HTTP/1.1" 400 52 "-" "-"
20.226.66.230 - - [16/Jul/2026:06:21:26 +0000] "GET /autodiscover/autodiscover.xml HTTP/1.1" 400 52 "-" "-"
20.226.66.230 - - [16/Jul/2026:06:21:27 +0000] "GET /autodiscover/autodiscover.xml HTTP/1.1" 400 52 "-" "-"
20.226.66.230 - - [16/Jul/2026:06:21:27 +0000] "GET /autodiscover/autodiscover.xml HTTP/1.1" 400 52 "-" "-"
20.226.66.230 - - [16/Jul/2026:06:21:27 +0000] "GET /autodiscover/autodiscover.xml HTTP/1.1" 400 52 "-" "-"
20.226.66.230 - - [16/Jul/2026:06:21:28 +0000] "GET /autodiscover/autodiscover.xml HTTP/1.1" 400 52 "-" "-"
20.226.66.230 - - [16/Jul/2026:06:21:28 +0000] "GET /autodiscover/autodiscover.xml HTTP/1.1" 400 52 "-" "-"
20.226.66.230 - - [16/Jul/2026:06:21:29 +0000] "GET /autodiscover/autodiscover.xml HTTP/1.1" 400 52 "-" "-"
20.226.66.230 - - [16/Jul/2026:06:21:29 +0000] "GET /autodiscover/autodiscover.xml HTTP/1.1" 400 52 "-" "-"
20.226.66.230 - - [16/Jul/2026:06:21:30 +0000] "GET /autodiscover/autodiscover.xml HTTP/1.1" 400 52 "-" "-"
20.226.66.230 - - [16/Jul/2026:06:21:30 +0000] "GET /autodiscover/autodiscover.xml HTTP/1.1" 400 52 "-" "-"
20.226.66.230 - - [16/Jul/2026:06:21:31 +0000] "GET /autodiscover/autodiscover.xml HTTP/1.1" 400 52 "-" "-"
20.226.66.230 - - [16/Jul/2026:06:21:31 +0000] "GET /autodiscover/autodiscover.xml HTTP/1.1" 400 52 "-" "-"
20.226.66.230 - - [16/Jul/2026:06:21:32 +0000] "GET /autodiscover/autodiscover.xml HTTP/1.1" 400 52 "-" "-"
20.226.66.230 - - [16/Jul/2026:06:21:32 +0000] "GET /autodiscover/autodiscover.xml HTTP/1.1" 400 52 "-" "-"
20.226.66.230 - - [16/Jul/2026:06:21:33 +0000] "GET /autodiscover/autodiscover.xml HTTP/1.1" 400 52 "-" "-"
20.226.66.230 - - [16/Jul/2026:06:21:33 +0000] "GET /autodiscover/autodiscover.xml HTTP/1.1" 400 52 "-" "-"
20.226.66.230 - - [16/Jul/2026:06:21:34 +0000] "GET /autodiscover/autodiscover.xml HTTP/1.1" 400 52 "-" "-"
20.226.66.230 - - [16/Jul/2026:06:21:34 +0000] "GET /autodiscover/autodiscover.xml HTTP/1.1" 400 52 "-" "-"
20.226.66.230 - - [16/Jul/2026:06:21:35 +0000] "GET /autodiscover/autodiscover.xml HTTP/1.1" 400 52 "-" "-"
20.226.66.230 - - [16/Jul/2026:06:21:35 +0000] "GET /autodiscover/autodiscover.xml HTTP/1.1" 400 52 "-" "-"
20.226.66.230 - - [16/Jul/2026:06:21:36 +0000] "GET /autodiscover/autodiscover.xml HTTP/1.1" 400 52 "-" "-"
20.226.66.230 - - [16/Jul/2026:06:21:36 +0000] "GET /autodiscover/autodiscover.xml HTTP/1.1" 400 52 "-" "-"
20.226.66.230 - - [16/Jul/2026:06:21:37 +0000] "GET /autodiscover/autodiscover.xml HTTP/1.1" 400 52 "-" "-"
20.226.66.230 - - [16/Jul/2026:06:21:37 +0000] "GET /autodiscover/autodiscover.xml HTTP/1.1" 400 52 "-" "-"
20.226.66.230 - - [16/Jul/2026:06:21:38 +0000] "GET /autodiscover/autodiscover.xml HTTP/1.1" 400 52 "-" "-"
20.226.66.230 - - [16/Jul/2026:06:21:38 +0000] "GET /autodiscover/autodiscover.xml HTTP/1.1" 400 52 "-" "-"
20.226.66.230 - - [16/Jul/2026:06:21:39 +0000] "GET /autodiscover/autodiscover.xml HTTP/1.1" 400 52 "-" "-"
20.226.66.230 - - [16/Jul/2026:06:21:39 +0000] "GET /autodiscover/autodiscover.xml HTTP/1.1" 400 52 "-" "-"
20.226.66.230 - - [16/Jul/2026:06:21:40 +0000] "GET /autodiscover/autodiscover.xml HTTP/1.1" 400 52 "-" "-"
20.226.66.230 - - [16/Jul/2026:06:21:41 +0000] "GET /autodiscover/autodiscover.xml HTTP/1.1" 400 52 "-" "-"
20.226.66.230 - - [16/Jul/2026:06:21:41 +0000] "GET /autodiscover/autodiscover.xml HTTP/1.1" 400 52 "-" "-"
20.226.66.230 - - [16/Jul/2026:06:21:42 +0000] "GET /autodiscover/autodiscover.xml HTTP/1.1" 400 52 "-" "-"
20.226.66.230 - - [16/Jul/2026:06:21:42 +0000] "GET /autodiscover/autodiscover.xml HTTP/1.1" 400 52 "-" "-"
20.226.66.230 - - [16/Jul/2026:06:21:43 +0000] "GET /autodiscover/autodiscover.xml HTTP/1.1" 400 52 "-" "-"
20.226.66.230 - - [16/Jul/2026:06:21:43 +0000] "GET /autodiscover/autodiscover.xml HTTP/1.1" 400 52 "-" "-"
20.226.66.230 - - [16/Jul/2026:06:21:44 +0000] "GET /autodiscover/autodiscover.xml HTTP/1.1" 400 52 "-" "-"
20.226.66.230 - - [16/Jul/2026:06:21:44 +0000] "GET /autodiscover/autodiscover.xml HTTP/1.1" 400 52 "-" "-"
20.226.66.230 - - [16/Jul/2026:06:21:45 +0000] "GET /autodiscover/autodiscover.xml HTTP/1.1" 400 52 "-" "-"
20.226.66.230 - - [16/Jul/2026:06:21:45 +0000] "GET /autodiscover/autodiscover.xml HTTP/1.1" 400 52 "-" "-"
20.226.66.230 - - [16/Jul/2026:06:21:45 +0000] "GET /autodiscover/autodiscover.xml HTTP/1.1" 400 52 "-" "-"
20.226.66.230 - - [16/Jul/2026:06:21:46 +0000] "GET /autodiscover/autodiscover.xml HTTP/1.1" 400 52 "-" "-"
20.226.66.230 - - [16/Jul/2026:06:21:46 +0000] "GET /autodiscover/autodiscover.xml HTTP/1.1" 400 52 "-" "-"
20.226.66.230 - - [16/Jul/2026:06:21:47 +0000] "GET /autodiscover/autodiscover.xml HTTP/1.1" 400 52 "-" "-"
20.226.66.230 - - [16/Jul/2026:06:21:47 +0000] "GET /autodiscover/autodiscover.xml HTTP/1.1" 400 52 "-" "-"
20.226.66.230 - - [16/Jul/2026:06:21:48 +0000] "GET /autodiscover/autodiscover.xml HTTP/1.1" 400 52 "-" "-"
20.226.66.230 - - [16/Jul/2026:06:21:48 +0000] "GET /autodiscover/autodiscover.xml HTTP/1.1" 400 52 "-" "-"
20.226.66.230 - - [16/Jul/2026:06:21:49 +0000] "GET /autodiscover/autodiscover.xml HTTP/1.1" 400 52 "-" "-"
20.226.66.230 - - [16/Jul/2026:06:21:49 +0000] "GET /autodiscover/autodiscover.xml HTTP/1.1" 400 52 "-" "-"
20.226.66.230 - - [16/Jul/2026:06:21:50 +0000] "GET /autodiscover/autodiscover.xml HTTP/1.1" 400 52 "-" "-"
20.226.66.230 - - [16/Jul/2026:06:21:50 +0000] "GET /autodiscover/autodiscover.xml HTTP/1.1" 400 52 "-" "-"
20.226.66.230 - - [16/Jul/2026:06:21:51 +0000] "GET /autodiscover/autodiscover.xml HTTP/1.1" 400 52 "-" "-"
20.226.66.230 - - [16/Jul/2026:06:21:52 +0000] "GET /autodiscover/autodiscover.xml HTTP/1.1" 400 52 "-" "-"
20.226.66.230 - - [16/Jul/2026:06:21:52 +0000] "GET /autodiscover/autodiscover.xml HTTP/1.1" 400 52 "-" "-"
20.226.66.230 - - [16/Jul/2026:06:21:53 +0000] "GET /autodiscover/autodiscover.xml HTTP/1.1" 400 52 "-" "-"
20.226.66.230 - - [16/Jul/2026:06:21:53 +0000] "GET /autodiscover/autodiscover.xml HTTP/1.1" 400 52 "-" "-"
20.226.66.230 - - [16/Jul/2026:06:21:54 +0000] "GET /autodiscover/autodiscover.xml HTTP/1.1" 400 52 "-" "-"
20.226.66.230 - - [16/Jul/2026:06:21:54 +0000] "GET /autodiscover/autodiscover.xml HTTP/1.1" 400 52 "-" "-"
20.226.66.230 - - [16/Jul/2026:06:21:55 +0000] "GET /autodiscover/autodiscover.xml HTTP/1.1" 400 52 "-" "-"
20.226.66.230 - - [16/Jul/2026:06:21:55 +0000] "GET /autodiscover/autodiscover.xml HTTP/1.1" 400 52 "-" "-"
20.226.66.230 - - [16/Jul/2026:06:21:56 +0000] "GET /autodiscover/autodiscover.xml HTTP/1.1" 400 52 "-" "-"
20.226.66.230 - - [16/Jul/2026:06:21:56 +0000] "GET /autodiscover/autodiscover.xml HTTP/1.1" 400 52 "-" "-"
20.226.66.230 - - [16/Jul/2026:06:21:57 +0000] "GET /autodiscover/autodiscover.xml HTTP/1.1" 400 52 "-" "-"
20.226.66.230 - - [16/Jul/2026:06:21:57 +0000] "GET /autodiscover/autodiscover.xml HTTP/1.1" 400 52 "-" "-"
20.226.66.230 - - [16/Jul/2026:06:21:58 +0000] "GET /autodiscover/autodiscover.xml HTTP/1.1" 400 52 "-" "-"
20.226.66.230 - - [16/Jul/2026:06:21:58 +0000] "GET /autodiscover/autodiscover.xml HTTP/1.1" 400 52 "-" "-"
20.226.66.230 - - [16/Jul/2026:06:21:59 +0000] "GET /autodiscover/autodiscover.xml HTTP/1.1" 400 52 "-" "-"
20.226.66.230 - - [16/Jul/2026:06:21:59 +0000] "GET /autodiscover/autodiscover.xml HTTP/1.1" 400 52 "-" "-"
20.226.66.230 - - [16/Jul/2026:06:22:00 +0000] "GET /autodiscover/autodiscover.xml HTTP/1.1" 400 52 "-" "-"
20.226.66.230 - - [16/Jul/2026:06:22:00 +0000] "GET /autodiscover/autodiscover.xml HTTP/1.1" 400 52 "-" "-"
20.226.66.230 - - [16/Jul/2026:06:22:01 +0000] "GET /autodiscover/autodiscover.xml HTTP/1.1" 400 52 "-" "-"
20.226.66.230 - - [16/Jul/2026:06:22:01 +0000] "GET /autodiscover/autodiscover.xml HTTP/1.1" 400 52 "-" "-"
20.226.66.230 - - [16/Jul/2026:06:22:02 +0000] "GET /autodiscover/autodiscover.xml HTTP/1.1" 400 52 "-" "-"
20.226.66.230 - - [16/Jul/2026:06:22:02 +0000] "GET /autodiscover/autodiscover.xml HTTP/1.1" 400 52 "-" "-"
20.226.66.230 - - [16/Jul/2026:06:22:03 +0000] "GET /autodiscover/autodiscover.xml HTTP/1.1" 400 52 "-" "-"
20.226.66.230 - - [16/Jul/2026:06:22:03 +0000] "GET /autodiscover/autodiscover.xml HTTP/1.1" 400 52 "-" "-"
20.226.66.230 - - [16/Jul/2026:06:22:04 +0000] "GET /autodiscover/autodiscover.xml HTTP/1.1" 400 52 "-" "-"
20.226.66.230 - - [16/Jul/2026:06:22:04 +0000] "GET /autodiscover/autodiscover.xml HTTP/1.1" 400 52 "-" "-"
20.226.66.230 - - [16/Jul/2026:06:22:05 +0000] "GET /autodiscover/autodiscover.xml HTTP/1.1" 400 52 "-" "-"
20.226.66.230 - - [16/Jul/2026:06:22:05 +0000] "GET /autodiscover/autodiscover.xml HTTP/1.1" 400 52 "-" "-"
20.226.66.230 - - [16/Jul/2026:06:22:06 +0000] "GET /autodiscover/autodiscover.xml HTTP/1.1" 400 52 "-" "-"
20.226.66.230 - - [16/Jul/2026:06:22:06 +0000] "GET /autodiscover/autodiscover.xml HTTP/1.1" 400 52 "-" "-"
20.226.66.230 - - [16/Jul/2026:06:22:07 +0000] "GET /autodiscover/autodiscover.xml HTTP/1.1" 400 52 "-" "-"
20.226.66.230 - - [16/Jul/2026:06:22:07 +0000] "GET /autodiscover/autodiscover.xml HTTP/1.1" 400 52 "-" "-"
20.226.66.230 - - [16/Jul/2026:06:22:08 +0000] "GET /autodiscover/autodiscover.xml HTTP/1.1" 400 52 "-" "-"
20.226.66.230 - - [16/Jul/2026:06:22:08 +0000] "GET /autodiscover/autodiscover.xml HTTP/1.1" 400 52 "-" "-"
20.226.66.230 - - [16/Jul/2026:06:22:09 +0000] "GET /autodiscover/autodiscover.xml HTTP/1.1" 400 52 "-" "-"
20.226.66.230 - - [16/Jul/2026:06:22:09 +0000] "GET /autodiscover/autodiscover.xml HTTP/1.1" 400 52 "-" "-"
20.226.66.230 - - [16/Jul/2026:06:22:10 +0000] "GET /autodiscover/autodiscover.xml HTTP/1.1" 400 52 "-" "-"
20.226.66.230 - - [16/Jul/2026:06:22:10 +0000] "GET /autodiscover/autodiscover.xml HTTP/1.1" 400 52 "-" "-"
20.226.66.230 - - [16/Jul/2026:06:22:11 +0000] "GET /autodiscover/autodiscover.xml HTTP/1.1" 400 52 "-" "-"
20.226.66.230 - - [16/Jul/2026:06:22:11 +0000] "GET /autodiscover/autodiscover.xml HTTP/1.1" 400 52 "-" "-"
20.226.66.230 - - [16/Jul/2026:06:22:12 +0000] "GET /autodiscover/autodiscover.xml HTTP/1.1" 400 52 "-" "-"
20.226.66.230 - - [16/Jul/2026:06:22:13 +0000] "GET /autodiscover/autodiscover.xml HTTP/1.1" 400 52 "-" "-"
20.226.66.230 - - [16/Jul/2026:06:22:13 +0000] "GET /autodiscover/autodiscover.xml HTTP/1.1" 400 52 "-" "-"
20.226.66.230 - - [16/Jul/2026:06:22:13 +0000] "GET /autodiscover/autodiscover.xml HTTP/1.1" 400 52 "-" "-"
20.226.66.230 - - [16/Jul/2026:06:22:14 +0000] "GET /autodiscover/autodiscover.xml HTTP/1.1" 400 52 "-" "-"
20.226.66.230 - - [16/Jul/2026:06:22:14 +0000] "GET /autodiscover/autodiscover.xml HTTP/1.1" 400 52 "-" "-"
20.226.66.230 - - [16/Jul/2026:06:22:15 +0000] "GET /autodiscover/autodiscover.xml HTTP/1.1" 400 52 "-" "-"
20.226.66.230 - - [16/Jul/2026:06:22:16 +0000] "GET /autodiscover/autodiscover.xml HTTP/1.1" 400 52 "-" "-"
20.226.66.230 - - [16/Jul/2026:06:22:16 +0000] "GET /autodiscover/autodiscover.xml HTTP/1.1" 400 52 "-" "-"
20.226.66.230 - - [16/Jul/2026:06:22:17 +0000] "GET /autodiscover/autodiscover.xml HTTP/1.1" 400 52 "-" "-"
20.226.66.230 - - [16/Jul/2026:06:22:17 +0000] "GET /autodiscover/autodiscover.xml HTTP/1.1" 400 52 "-" "-"
20.226.66.230 - - [16/Jul/2026:06:22:17 +0000] "GET /autodiscover/autodiscover.xml HTTP/1.1" 400 52 "-" "-"
20.226.66.230 - - [16/Jul/2026:06:22:18 +0000] "GET /autodiscover/autodiscover.xml HTTP/1.1" 400 52 "-" "-"
20.226.66.230 - - [16/Jul/2026:06:22:18 +0000] "GET /autodiscover/autodiscover.xml HTTP/1.1" 400 52 "-" "-"
20.226.66.230 - - [16/Jul/2026:06:22:19 +0000] "GET /autodiscover/autodiscover.xml HTTP/1.1" 400 52 "-" "-"
209.42.17.20 - - [16/Jul/2026:06:22:19 +0000] "POST /wp-cron.php?doing_wp_cron=1784182939.7487530708312988281250 HTTP/1.1" 200 0 "-" "WordPress/7.0.1; https://ebifo.org"
198.244.226.47 - - [16/Jul/2026:06:22:17 +0000] "GET /items/J971614843/ HTTP/2" 404 39198 "-" "Mozilla/5.0 (compatible; AhrefsBot/7.0; +http://ahrefs.com/robot/)"
20.226.66.230 - - [16/Jul/2026:06:22:19 +0000] "GET /autodiscover/autodiscover.xml HTTP/1.1" 400 52 "-" "-"
20.226.66.230 - - [16/Jul/2026:06:22:20 +0000] "GET /autodiscover/autodiscover.xml HTTP/1.1" 400 52 "-" "-"
20.226.66.230 - - [16/Jul/2026:06:22:20 +0000] "GET /autodiscover/autodiscover.xml HTTP/1.1" 400 52 "-" "-"
20.226.66.230 - - [16/Jul/2026:06:22:21 +0000] "GET /autodiscover/autodiscover.xml HTTP/1.1" 400 52 "-" "-"
20.226.66.230 - - [16/Jul/2026:06:22:21 +0000] "GET /autodiscover/autodiscover.xml HTTP/1.1" 400 52 "-" "-"
20.226.66.230 - - [16/Jul/2026:06:22:22 +0000] "GET /autodiscover/autodiscover.xml HTTP/1.1" 400 52 "-" "-"
20.226.66.230 - - [16/Jul/2026:06:22:22 +0000] "GET /autodiscover/autodiscover.xml HTTP/1.1" 400 52 "-" "-"
20.226.66.230 - - [16/Jul/2026:06:22:23 +0000] "GET /autodiscover/autodiscover.xml HTTP/1.1" 400 52 "-" "-"
20.226.66.230 - - [16/Jul/2026:06:22:23 +0000] "GET /autodiscover/autodiscover.xml HTTP/1.1" 400 52 "-" "-"
20.226.66.230 - - [16/Jul/2026:06:22:24 +0000] "GET /autodiscover/autodiscover.xml HTTP/1.1" 400 52 "-" "-"
20.226.66.230 - - [16/Jul/2026:06:22:24 +0000] "GET /autodiscover/autodiscover.xml HTTP/1.1" 400 52 "-" "-"
20.226.66.230 - - [16/Jul/2026:06:22:25 +0000] "GET /autodiscover/autodiscover.xml HTTP/1.1" 400 52 "-" "-"
20.226.66.230 - - [16/Jul/2026:06:22:25 +0000] "GET /autodiscover/autodiscover.xml HTTP/1.1" 400 52 "-" "-"
20.226.66.230 - - [16/Jul/2026:06:22:26 +0000] "GET /autodiscover/autodiscover.xml HTTP/1.1" 400 52 "-" "-"
20.226.66.230 - - [16/Jul/2026:06:22:26 +0000] "GET /autodiscover/autodiscover.xml HTTP/1.1" 400 52 "-" "-"
20.226.66.230 - - [16/Jul/2026:06:22:27 +0000] "GET /autodiscover/autodiscover.xml HTTP/1.1" 400 52 "-" "-"
20.226.66.230 - - [16/Jul/2026:06:22:27 +0000] "GET /autodiscover/autodiscover.xml HTTP/1.1" 400 52 "-" "-"
20.226.66.230 - - [16/Jul/2026:06:22:28 +0000] "GET /autodiscover/autodiscover.xml HTTP/1.1" 400 52 "-" "-"
20.226.66.230 - - [16/Jul/2026:06:22:28 +0000] "GET /autodiscover/autodiscover.xml HTTP/1.1" 400 52 "-" "-"
20.226.66.230 - - [16/Jul/2026:06:22:29 +0000] "GET /autodiscover/autodiscover.xml HTTP/1.1" 400 52 "-" "-"
20.226.66.230 - - [16/Jul/2026:06:22:29 +0000] "GET /autodiscover/autodiscover.xml HTTP/1.1" 400 52 "-" "-"
20.226.66.230 - - [16/Jul/2026:06:22:30 +0000] "GET /autodiscover/autodiscover.xml HTTP/1.1" 400 52 "-" "-"
198.244.183.3 - - [16/Jul/2026:06:23:20 +0000] "GET /items/J971512830/ HTTP/2" 404 39190 "-" "Mozilla/5.0 (compatible; AhrefsBot/7.0; +http://ahrefs.com/robot/)"
209.42.17.20 - - [16/Jul/2026:06:23:23 +0000] "POST /wp-cron.php?doing_wp_cron=1784183003.2305040359497070312500 HTTP/1.1" 200 0 "-" "WordPress/7.0.1; https://ebifo.org"
209.42.17.20 - - [16/Jul/2026:06:24:16 +0000] "POST /wp-cron.php?doing_wp_cron=1784183056.7762360572814941406250 HTTP/1.1" 200 0 "-" "WordPress/7.0.1; https://ebifo.org"
142.111.152.28 - - [16/Jul/2026:06:24:14 +0000] "POST /wp-login.php HTTP/1.1" 200 2574 "-" "Mozilla/5.0 (Macintosh; Intel Mac OS X 10_15_7) AppleWebKit/605.1.15 Version/17.0 Safari/605.1.15"
209.42.17.20 - - [16/Jul/2026:06:28:28 +0000] "POST /wp-cron.php?doing_wp_cron=1784183308.3610150814056396484375 HTTP/1.1" 200 0 "-" "WordPress/7.0.1; https://ebifo.org"
40.77.167.61 - - [16/Jul/2026:06:28:26 +0000] "GET /items/A084508323/ HTTP/2" 301 0 "-" "Mozilla/5.0 AppleWebKit/537.36 (KHTML, like Gecko; compatible; bingbot/2.0; +http://www.bing.com/bingbot.htm) Chrome/116.0.1938.76 Safari/537.36"
209.42.17.20 - - [16/Jul/2026:06:31:56 +0000] "POST /wp-cron.php?doing_wp_cron=1784183516.4792199134826660156250 HTTP/1.1" 200 0 "-" "WordPress/7.0.1; https://ebifo.org"
142.111.152.114 - - [16/Jul/2026:06:31:54 +0000] "POST /wp-login.php HTTP/1.1" 200 2574 "-" "Mozilla/5.0 (Windows NT 10.0; Win64; rv:143.0) Gecko/20100101 Firefox/143.0"
198.244.168.65 - - [16/Jul/2026:06:32:39 +0000] "GET /products/17425865741050 HTTP/2" 404 39251 "-" "Mozilla/5.0 (compatible; AhrefsBot/7.0; +http://ahrefs.com/robot/)"
51.195.215.221 - - [16/Jul/2026:06:34:01 +0000] "GET /items/J974604706/ HTTP/2" 404 39191 "-" "Mozilla/5.0 (compatible; AhrefsBot/7.0; +http://ahrefs.com/robot/)"
198.244.168.228 - - [16/Jul/2026:06:35:18 +0000] "GET /products/3534279166967 HTTP/2" 404 39232 "-" "Mozilla/5.0 (compatible; AhrefsBot/7.0; +http://ahrefs.com/robot/)"
209.42.17.20 - - [16/Jul/2026:06:35:20 +0000] "POST /wp-cron.php?doing_wp_cron=1784183720.7184860706329345703125 HTTP/1.1" 200 0 "-" "WordPress/7.0.1; https://ebifo.org"
51.195.183.98 - - [16/Jul/2026:06:36:36 +0000] "GET /items/J974458697/ HTTP/2" 404 39192 "-" "Mozilla/5.0 (compatible; AhrefsBot/7.0; +http://ahrefs.com/robot/)"
51.195.183.187 - - [16/Jul/2026:06:38:02 +0000] "GET /products/33722104509227 HTTP/2" 404 39252 "-" "Mozilla/5.0 (compatible; AhrefsBot/7.0; +http://ahrefs.com/robot/)"
209.42.17.20 - - [16/Jul/2026:06:38:04 +0000] "POST /wp-cron.php?doing_wp_cron=1784183884.7351651191711425781250 HTTP/1.1" 200 0 "-" "WordPress/7.0.1; https://ebifo.org"
198.244.226.210 - - [16/Jul/2026:06:39:33 +0000] "GET /products/32599009193981 HTTP/2" 404 39253 "-" "Mozilla/5.0 (compatible; AhrefsBot/7.0; +http://ahrefs.com/robot/)"
209.42.17.20 - - [16/Jul/2026:06:39:36 +0000] "POST /wp-cron.php?doing_wp_cron=1784183976.3889489173889160156250 HTTP/1.1" 200 0 "-" "WordPress/7.0.1; https://ebifo.org"
142.111.152.123 - - [16/Jul/2026:06:39:40 +0000] "POST /wp-login.php HTTP/1.1" 200 2574 "-" "Mozilla/5.0 (Windows NT 10.0; Win64; rv:143.0) Gecko/20100101 Firefox/143.0"
198.244.168.36 - - [16/Jul/2026:06:40:44 +0000] "GET /items/J973201477/ HTTP/2" 404 39277 "-" "Mozilla/5.0 (compatible; AhrefsBot/7.0; +http://ahrefs.com/robot/)"
209.42.17.20 - - [16/Jul/2026:06:40:47 +0000] "POST /wp-cron.php?doing_wp_cron=1784184047.5746719837188720703125 HTTP/1.1" 200 0 "-" "WordPress/7.0.1; https://ebifo.org"
40.77.167.22 - - [16/Jul/2026:06:41:38 +0000] "GET /items/U554290147/ HTTP/2" 301 0 "-" "Mozilla/5.0 AppleWebKit/537.36 (KHTML, like Gecko; compatible; bingbot/2.0; +http://www.bing.com/bingbot.htm) Chrome/116.0.1938.76 Safari/537.36"
185.93.89.147 - - [16/Jul/2026:06:41:43 +0000] "GET / HTTP/1.1" 301 0 "-" "Mozilla/5.0 (compatible; jscrawler/0.1; +https://github.com/)"
185.93.89.147 - - [16/Jul/2026:06:41:45 +0000] "GET / HTTP/1.1" 200 68250 "https://www.ebifo.org/" "Mozilla/5.0 (compatible; jscrawler/0.1; +https://github.com/)"
209.42.17.20 - - [16/Jul/2026:06:41:47 +0000] "POST /wp-cron.php?doing_wp_cron=1784184107.9102630615234375000000 HTTP/1.1" 200 0 "-" "WordPress/7.0.1; https://ebifo.org"
185.93.89.147 - - [16/Jul/2026:06:41:49 +0000] "GET / HTTP/1.1" 200 68253 "http://www.ebifo.org/" "Mozilla/5.0 (compatible; jscrawler/0.1; +https://github.com/)"
51.89.129.28 - - [16/Jul/2026:06:41:54 +0000] "GET /products/29114811559473 HTTP/2" 404 39250 "-" "Mozilla/5.0 (compatible; AhrefsBot/7.0; +http://ahrefs.com/robot/)"
54.38.147.187 - - [16/Jul/2026:06:43:04 +0000] "GET /products/28729229643345 HTTP/2" 404 39253 "-" "Mozilla/5.0 (compatible; AhrefsBot/7.0; +http://ahrefs.com/robot/)"
198.244.242.122 - - [16/Jul/2026:06:44:15 +0000] "GET /items/J972195487/ HTTP/2" 404 39192 "-" "Mozilla/5.0 (compatible; AhrefsBot/7.0; +http://ahrefs.com/robot/)"
209.42.17.20 - - [16/Jul/2026:06:44:17 +0000] "POST /wp-cron.php?doing_wp_cron=1784184257.2112140655517578125000 HTTP/1.1" 200 0 "-" "WordPress/7.0.1; https://ebifo.org"
198.244.183.228 - - [16/Jul/2026:06:45:24 +0000] "GET /products/27324354256132 HTTP/2" 404 39251 "-" "Mozilla/5.0 (compatible; AhrefsBot/7.0; +http://ahrefs.com/robot/)"
209.42.17.20 - - [16/Jul/2026:06:45:27 +0000] "POST /wp-cron.php?doing_wp_cron=1784184327.3769199848175048828125 HTTP/1.1" 200 0 "-" "WordPress/7.0.1; https://ebifo.org"
43.157.43.147 - - [16/Jul/2026:06:45:30 +0000] "GET /events/?ical=1 HTTP/1.1" 200 0 "-" "Mozilla/5.0 (iPhone; CPU iPhone OS 13_2_3 like Mac OS X) AppleWebKit/605.1.15 (KHTML, like Gecko) Version/13.0.3 Mobile/15E148 Safari/604.1"
66.132.224.79 - - [16/Jul/2026:06:45:33 +0000] "GET / HTTP/1.1" 301 0 "-" "Mozilla/5.0 (compatible; CensysInspect/1.1; +https://about.censys.io/)"
198.244.240.115 - - [16/Jul/2026:06:46:34 +0000] "GET /products/25600931989861 HTTP/2" 404 39252 "-" "Mozilla/5.0 (compatible; AhrefsBot/7.0; +http://ahrefs.com/robot/)"
209.42.17.20 - - [16/Jul/2026:06:47:41 +0000] "POST /wp-cron.php?doing_wp_cron=1784184461.0639269351959228515625 HTTP/1.1" 200 0 "-" "WordPress/7.0.1; https://ebifo.org"
155.2.215.17 - - [16/Jul/2026:06:47:38 +0000] "POST /wp-login.php HTTP/1.1" 200 2574 "-" "Mozilla/5.0 (Windows NT 10.0; Win64; rv:143.0) Gecko/20100101 Firefox/143.0"
54.38.147.52 - - [16/Jul/2026:06:47:43 +0000] "GET /products/3656746811313 HTTP/2" 404 39232 "-" "Mozilla/5.0 (compatible; AhrefsBot/7.0; +http://ahrefs.com/robot/)"
198.244.168.7 - - [16/Jul/2026:06:48:53 +0000] "GET /products/22702573477120 HTTP/2" 404 39326 "-" "Mozilla/5.0 (compatible; AhrefsBot/7.0; +http://ahrefs.com/robot/)"
198.244.240.68 - - [16/Jul/2026:06:50:03 +0000] "GET /products/3475773168620 HTTP/2" 404 39232 "-" "Mozilla/5.0 (compatible; AhrefsBot/7.0; +http://ahrefs.com/robot/)"
54.38.147.167 - - [16/Jul/2026:06:51:12 +0000] "GET /products/20390129320757 HTTP/2" 404 39252 "-" "Mozilla/5.0 (compatible; AhrefsBot/7.0; +http://ahrefs.com/robot/)"
209.42.17.20 - - [16/Jul/2026:06:51:15 +0000] "POST /wp-cron.php?doing_wp_cron=1784184675.3167428970336914062500 HTTP/1.1" 200 0 "-" "WordPress/7.0.1; https://ebifo.org"
51.195.244.150 - - [16/Jul/2026:06:52:22 +0000] "GET /products/31064195588775 HTTP/2" 404 39250 "-" "Mozilla/5.0 (compatible; AhrefsBot/7.0; +http://ahrefs.com/robot/)"
198.244.183.232 - - [16/Jul/2026:06:53:32 +0000] "GET /products/1912785834853 HTTP/2" 404 39235 "-" "Mozilla/5.0 (compatible; AhrefsBot/7.0; +http://ahrefs.com/robot/)"
209.42.17.20 - - [16/Jul/2026:06:53:34 +0000] "POST /wp-cron.php?doing_wp_cron=1784184814.6512520313262939453125 HTTP/1.1" 200 0 "-" "WordPress/7.0.1; https://ebifo.org"
198.244.242.235 - - [16/Jul/2026:06:54:38 +0000] "GET /products/29955164687840 HTTP/2" 404 39253 "-" "Mozilla/5.0 (compatible; AhrefsBot/7.0; +http://ahrefs.com/robot/)"
155.2.215.16 - - [16/Jul/2026:06:55:13 +0000] "POST /wp-login.php HTTP/1.1" 200 2574 "-" "Mozilla/5.0 (Macintosh; Intel Mac OS X 10_15_7) AppleWebKit/605.1.15 Version/17.0 Safari/605.1.15"
209.42.17.20 - - [16/Jul/2026:06:55:49 +0000] "POST /wp-cron.php?doing_wp_cron=1784184949.8276340961456298828125 HTTP/1.1" 200 0 "-" "WordPress/7.0.1; https://ebifo.org"
51.195.244.174 - - [16/Jul/2026:06:55:47 +0000] "GET /products/18645764315678 HTTP/2" 404 39492 "-" "Mozilla/5.0 (compatible; AhrefsBot/7.0; +http://ahrefs.com/robot/)"
198.244.240.197 - - [16/Jul/2026:06:56:55 +0000] "GET /products/29630793799424 HTTP/2" 404 39253 "-" "Mozilla/5.0 (compatible; AhrefsBot/7.0; +http://ahrefs.com/robot/)"
209.42.17.20 - - [16/Jul/2026:06:56:58 +0000] "POST /wp-cron.php?doing_wp_cron=1784185018.1165709495544433593750 HTTP/1.1" 200 0 "-" "WordPress/7.0.1; https://ebifo.org"
51.89.129.54 - - [16/Jul/2026:06:58:11 +0000] "GET /products/18291460081619 HTTP/2" 404 39252 "-" "Mozilla/5.0 (compatible; AhrefsBot/7.0; +http://ahrefs.com/robot/)"
209.42.17.20 - - [16/Jul/2026:06:58:13 +0000] "POST /wp-cron.php?doing_wp_cron=1784185093.9673008918762207031250 HTTP/1.1" 200 0 "-" "WordPress/7.0.1; https://ebifo.org"
198.244.168.195 - - [16/Jul/2026:06:59:20 +0000] "GET /products/2948823416994 HTTP/2" 404 39244 "-" "Mozilla/5.0 (compatible; AhrefsBot/7.0; +http://ahrefs.com/robot/)"
51.195.244.164 - - [16/Jul/2026:07:00:30 +0000] "GET /products/28626351796645 HTTP/2" 404 39251 "-" "Mozilla/5.0 (compatible; AhrefsBot/7.0; +http://ahrefs.com/robot/)"
51.195.183.64 - - [16/Jul/2026:07:01:37 +0000] "GET /products/2790456044512 HTTP/2" 404 39230 "-" "Mozilla/5.0 (compatible; AhrefsBot/7.0; +http://ahrefs.com/robot/)"
209.42.17.20 - - [16/Jul/2026:07:01:40 +0000] "POST /wp-cron.php?doing_wp_cron=1784185300.2539870738983154296875 HTTP/1.1" 200 0 "-" "WordPress/7.0.1; https://ebifo.org"
51.195.183.6 - - [16/Jul/2026:07:02:56 +0000] "GET /products/26905748015675 HTTP/2" 404 39251 "-" "Mozilla/5.0 (compatible; AhrefsBot/7.0; +http://ahrefs.com/robot/)"
209.42.17.20 - - [16/Jul/2026:07:02:59 +0000] "POST /wp-cron.php?doing_wp_cron=1784185378.9980499744415283203125 HTTP/1.1" 200 0 "-" "WordPress/7.0.1; https://ebifo.org"
155.2.215.28 - - [16/Jul/2026:07:02:59 +0000] "POST /wp-login.php HTTP/1.1" 200 2574 "-" "Mozilla/5.0 (Windows NT 10.0; Win64; rv:143.0) Gecko/20100101 Firefox/143.0"
51.195.215.233 - - [16/Jul/2026:07:04:09 +0000] "GET /products/37264567154772 HTTP/2" 404 39251 "-" "Mozilla/5.0 (compatible; AhrefsBot/7.0; +http://ahrefs.com/robot/)"
209.42.17.20 - - [16/Jul/2026:07:04:12 +0000] "POST /wp-cron.php?doing_wp_cron=1784185452.0043449401855468750000 HTTP/1.1" 200 0 "-" "WordPress/7.0.1; https://ebifo.org"
51.195.244.223 - - [16/Jul/2026:07:05:25 +0000] "GET /products/2096979933613 HTTP/2" 404 39235 "-" "Mozilla/5.0 (compatible; AhrefsBot/7.0; +http://ahrefs.com/robot/)"
198.244.183.105 - - [16/Jul/2026:07:06:39 +0000] "GET /products/19378019553257 HTTP/2" 404 39252 "-" "Mozilla/5.0 (compatible; AhrefsBot/7.0; +http://ahrefs.com/robot/)"
209.42.17.20 - - [16/Jul/2026:07:06:42 +0000] "POST /wp-cron.php?doing_wp_cron=1784185602.5378890037536621093750 HTTP/1.1" 200 0 "-" "WordPress/7.0.1; https://ebifo.org"
209.42.17.20 - - [16/Jul/2026:07:08:04 +0000] "POST /wp-cron.php?doing_wp_cron=1784185684.9014580249786376953125 HTTP/1.1" 200 0 "-" "WordPress/7.0.1; https://ebifo.org"
51.195.215.249 - - [16/Jul/2026:07:08:02 +0000] "GET /products/9468926003244 HTTP/2" 404 39233 "-" "Mozilla/5.0 (compatible; AhrefsBot/7.0; +http://ahrefs.com/robot/)"
140.248.75.65 - - [16/Jul/2026:07:08:11 +0000] "GET /.git/HEAD HTTP/1.1" 403 1242 "-" "Mozilla/5.0 (Windows NT 10.0; Win64; x64) AppleWebKit/537.36 (KHTML, like Gecko) Chrome/125.0.0.0 Safari/537.36"
140.248.75.65 - - [16/Jul/2026:07:08:11 +0000] "GET /.git/config HTTP/1.1" 403 1242 "-" "Mozilla/5.0 (Windows NT 10.0; Win64; x64) AppleWebKit/537.36 (KHTML, like Gecko) Chrome/125.0.0.0 Safari/537.36"
198.244.242.141 - - [16/Jul/2026:07:09:16 +0000] "GET /products/7372431435144 HTTP/2" 404 39232 "-" "Mozilla/5.0 (compatible; AhrefsBot/7.0; +http://ahrefs.com/robot/)"
209.42.17.20 - - [16/Jul/2026:07:09:19 +0000] "POST /wp-cron.php?doing_wp_cron=1784185759.1342360973358154296875 HTTP/1.1" 200 0 "-" "WordPress/7.0.1; https://ebifo.org"
