20.196.209.159 - - [16/Jul/2026:03:24:46 +0000] "GET /wp-wz.php HTTP/1.1" 401 36 "-" "-"
20.196.209.159 - - [16/Jul/2026:03:24:46 +0000] "GET /06.php HTTP/1.1" 401 36 "-" "-"
20.196.209.159 - - [16/Jul/2026:03:24:47 +0000] "GET /chomu.php HTTP/1.1" 401 36 "-" "-"
20.196.209.159 - - [16/Jul/2026:03:24:47 +0000] "GET /ff.php HTTP/1.1" 401 36 "-" "-"
20.196.209.159 - - [16/Jul/2026:03:24:48 +0000] "GET /xex.php HTTP/1.1" 401 36 "-" "-"
20.196.209.159 - - [16/Jul/2026:03:24:48 +0000] "GET /wp-sing.php HTTP/1.1" 401 36 "-" "-"
20.196.209.159 - - [16/Jul/2026:03:24:49 +0000] "GET /txets.php HTTP/1.1" 401 36 "-" "-"
20.196.209.159 - - [16/Jul/2026:03:24:49 +0000] "GET /xml.php HTTP/1.1" 401 36 "-" "-"
20.196.209.159 - - [16/Jul/2026:03:24:50 +0000] "GET /bgymj.php HTTP/1.1" 401 36 "-" "-"
20.196.209.159 - - [16/Jul/2026:03:24:50 +0000] "GET /t.php HTTP/1.1" 401 36 "-" "-"
20.196.209.159 - - [16/Jul/2026:03:24:51 +0000] "GET /wp.php HTTP/1.1" 401 36 "-" "-"
20.196.209.159 - - [16/Jul/2026:03:24:51 +0000] "GET /mini.php HTTP/1.1" 401 36 "-" "-"
20.196.209.159 - - [16/Jul/2026:03:24:52 +0000] "GET /19.php HTTP/1.1" 401 36 "-" "-"
20.196.209.159 - - [16/Jul/2026:03:24:52 +0000] "GET /db.php HTTP/1.1" 401 36 "-" "-"
20.196.209.159 - - [16/Jul/2026:03:24:53 +0000] "GET /wmore1.php HTTP/1.1" 401 36 "-" "-"
20.196.209.159 - - [16/Jul/2026:03:24:53 +0000] "GET /amax.php HTTP/1.1" 401 36 "-" "-"
20.196.209.159 - - [16/Jul/2026:03:24:54 +0000] "GET /wp-admin/index.php HTTP/1.1" 401 36 "-" "-"
20.196.209.159 - - [16/Jul/2026:03:24:54 +0000] "GET /b.php HTTP/1.1" 401 36 "-" "-"
20.196.209.159 - - [16/Jul/2026:03:24:55 +0000] "GET /8.php HTTP/1.1" 401 36 "-" "-"
20.196.209.159 - - [16/Jul/2026:03:24:55 +0000] "GET /wp-is.php HTTP/1.1" 401 36 "-" "-"
20.196.209.159 - - [16/Jul/2026:03:24:56 +0000] "GET /wp-rss2.php HTTP/1.1" 401 36 "-" "-"
20.196.209.159 - - [16/Jul/2026:03:24:56 +0000] "GET /yanz.php HTTP/1.1" 401 36 "-" "-"
20.196.209.159 - - [16/Jul/2026:03:24:57 +0000] "GET /term.php HTTP/1.1" 401 36 "-" "-"
20.196.209.159 - - [16/Jul/2026:03:24:57 +0000] "GET /wp-block.php HTTP/1.1" 401 36 "-" "-"
20.196.209.159 - - [16/Jul/2026:03:24:58 +0000] "GET /file88.php HTTP/1.1" 401 36 "-" "-"
20.196.209.159 - - [16/Jul/2026:03:24:58 +0000] "GET /wp-content/uploads/admin.php HTTP/1.1" 401 36 "-" "-"
20.196.209.159 - - [16/Jul/2026:03:24:59 +0000] "GET /sid3.php HTTP/1.1" 401 36 "-" "-"
20.196.209.159 - - [16/Jul/2026:03:24:59 +0000] "GET /wp-slss.php HTTP/1.1" 401 36 "-" "-"
20.196.209.159 - - [16/Jul/2026:03:25:00 +0000] "GET /wp-blink.php HTTP/1.1" 401 36 "-" "-"
20.196.209.159 - - [16/Jul/2026:03:25:00 +0000] "GET /i.php HTTP/1.1" 401 36 "-" "-"
20.196.209.159 - - [16/Jul/2026:03:25:01 +0000] "GET /wp-admin/zoko.php HTTP/1.1" 401 36 "-" "-"
20.196.209.159 - - [16/Jul/2026:03:25:01 +0000] "GET /wp-tivate.php HTTP/1.1" 401 36 "-" "-"
20.196.209.159 - - [16/Jul/2026:03:25:02 +0000] "GET /samll.php HTTP/1.1" 401 36 "-" "-"
20.196.209.159 - - [16/Jul/2026:03:25:02 +0000] "GET /new.php HTTP/1.1" 401 36 "-" "-"
20.196.209.159 - - [16/Jul/2026:03:25:03 +0000] "GET /lp6.php HTTP/1.1" 401 36 "-" "-"
20.196.209.159 - - [16/Jul/2026:03:25:03 +0000] "GET /dex.php HTTP/1.1" 401 36 "-" "-"
20.196.209.159 - - [16/Jul/2026:03:25:04 +0000] "GET /wp-term.php HTTP/1.1" 401 36 "-" "-"
20.196.209.159 - - [16/Jul/2026:03:25:04 +0000] "GET /wp-xx.php HTTP/1.1" 401 36 "-" "-"
20.196.209.159 - - [16/Jul/2026:03:25:05 +0000] "GET /cilus.php HTTP/1.1" 401 36 "-" "-"
20.196.209.159 - - [16/Jul/2026:03:25:05 +0000] "GET /ccou.php HTTP/1.1" 401 36 "-" "-"
20.196.209.159 - - [16/Jul/2026:03:25:06 +0000] "GET /edit.php HTTP/1.1" 401 36 "-" "-"
20.196.209.159 - - [16/Jul/2026:03:25:06 +0000] "GET /shell20211028.php HTTP/1.1" 401 36 "-" "-"
20.196.209.159 - - [16/Jul/2026:03:25:07 +0000] "GET /ccc.php HTTP/1.1" 401 36 "-" "-"
20.196.209.159 - - [16/Jul/2026:03:25:07 +0000] "GET /wp-links-opml.php HTTP/1.1" 401 36 "-" "-"
20.196.209.159 - - [16/Jul/2026:03:25:08 +0000] "GET /atkno.php HTTP/1.1" 401 36 "-" "-"
20.196.209.159 - - [16/Jul/2026:03:25:08 +0000] "GET /1.php HTTP/1.1" 401 36 "-" "-"
20.196.209.159 - - [16/Jul/2026:03:25:09 +0000] "GET /sql.php HTTP/1.1" 401 36 "-" "-"
20.196.209.159 - - [16/Jul/2026:03:25:09 +0000] "GET /xxx.php HTTP/1.1" 401 36 "-" "-"
20.196.209.159 - - [16/Jul/2026:03:25:10 +0000] "GET /shell.php HTTP/1.1" 401 36 "-" "-"
20.196.209.159 - - [16/Jul/2026:03:25:10 +0000] "GET /r.php HTTP/1.1" 401 36 "-" "-"
20.196.209.159 - - [16/Jul/2026:03:25:11 +0000] "GET /wso.php HTTP/1.1" 401 36 "-" "-"
20.196.209.159 - - [16/Jul/2026:03:25:11 +0000] "GET /wp-ws68.php HTTP/1.1" 401 36 "-" "-"
20.196.209.159 - - [16/Jul/2026:03:25:12 +0000] "GET /x.php HTTP/1.1" 401 36 "-" "-"
20.196.209.159 - - [16/Jul/2026:03:25:12 +0000] "GET /v2.php HTTP/1.1" 401 36 "-" "-"
20.196.209.159 - - [16/Jul/2026:03:25:13 +0000] "GET /atomlib.php HTTP/1.1" 401 36 "-" "-"
20.196.209.159 - - [16/Jul/2026:03:25:13 +0000] "GET /wp-ver.php HTTP/1.1" 401 36 "-" "-"
20.196.209.159 - - [16/Jul/2026:03:25:14 +0000] "GET /z.php HTTP/1.1" 401 36 "-" "-"
20.196.209.159 - - [16/Jul/2026:03:25:14 +0000] "GET /thoms.php HTTP/1.1" 401 36 "-" "-"
20.196.209.159 - - [16/Jul/2026:03:25:15 +0000] "GET /bthil.php HTTP/1.1" 401 36 "-" "-"
20.196.209.159 - - [16/Jul/2026:03:25:15 +0000] "GET /crgio.php HTTP/1.1" 401 36 "-" "-"
20.196.209.159 - - [16/Jul/2026:03:25:16 +0000] "GET /file11.php HTTP/1.1" 401 36 "-" "-"
54.37.118.77 - - [16/Jul/2026:03:32:15 +0000] "GET /products/638721213877 HTTP/2" 404 39206 "-" "Mozilla/5.0 (compatible; AhrefsBot/7.0; +http://ahrefs.com/robot/)"
209.42.17.20 - - [16/Jul/2026:03:32:25 +0000] "POST /wp-cron.php?doing_wp_cron=1784172745.1196689605712890625000 HTTP/1.1" 200 0 "-" "WordPress/7.0.1; https://ebifo.org"
138.246.253.24 - - [16/Jul/2026:03:33:31 +0000] "GET /robots.txt HTTP/1.1" 200 892 "-" "Mozilla/5.0 (Windows NT 10.0; Win64; x64) AppleWebKit/537.36 (KHTML, like Gecko) Chrome/103.0.5060.134 Safari/537.36"
209.42.17.20 - - [16/Jul/2026:03:33:31 +0000] "POST /wp-cron.php?doing_wp_cron=1784172811.6361360549926757812500 HTTP/1.1" 200 0 "-" "WordPress/7.0.1; https://ebifo.org"
51.75.236.144 - - [16/Jul/2026:03:33:28 +0000] "GET /products/6181505226416 HTTP/2" 404 39229 "-" "Mozilla/5.0 (compatible; AhrefsBot/7.0; +http://ahrefs.com/robot/)"
92.222.104.210 - - [16/Jul/2026:03:34:40 +0000] "GET /products/5066100786401 HTTP/2" 404 39233 "-" "Mozilla/5.0 (compatible; AhrefsBot/7.0; +http://ahrefs.com/robot/)"
92.222.108.123 - - [16/Jul/2026:03:35:59 +0000] "GET /products/4834977212751 HTTP/2" 404 39232 "-" "Mozilla/5.0 (compatible; AhrefsBot/7.0; +http://ahrefs.com/robot/)"
54.37.118.91 - - [16/Jul/2026:03:37:12 +0000] "GET /products/39371619689777 HTTP/2" 404 39253 "-" "Mozilla/5.0 (compatible; AhrefsBot/7.0; +http://ahrefs.com/robot/)"
92.222.104.220 - - [16/Jul/2026:03:38:36 +0000] "GET /products/37708917780188 HTTP/2" 404 39253 "-" "Mozilla/5.0 (compatible; AhrefsBot/7.0; +http://ahrefs.com/robot/)"
142.111.152.19 - - [16/Jul/2026:03:39:32 +0000] "GET /wp-login.php HTTP/1.1" 200 2437 "-" "Mozilla/5.0 (Macintosh; Intel Mac OS X 10_15_7) AppleWebKit/605.1.15 Version/17.0 Safari/605.1.15"
142.111.152.19 - - [16/Jul/2026:03:39:48 +0000] "GET /?author=1 HTTP/1.1" 301 0 "-" "Mozilla/5.0 (Windows NT 10.0; Win64; x64) AppleWebKit/537.36 Chrome/129.0.0.0 Safari/537.36"
209.42.17.20 - - [16/Jul/2026:03:39:57 +0000] "POST /wp-cron.php?doing_wp_cron=1784173197.5180449485778808593750 HTTP/1.1" 200 0 "-" "WordPress/7.0.1; https://ebifo.org"
51.75.236.141 - - [16/Jul/2026:03:39:48 +0000] "GET /products/17296864118146 HTTP/2" 404 39246 "-" "Mozilla/5.0 (compatible; AhrefsBot/7.0; +http://ahrefs.com/robot/)"
209.42.17.20 - - [16/Jul/2026:03:40:01 +0000] "POST /wp-cron.php?doing_wp_cron=1784173201.1289520263671875000000 HTTP/1.1" 200 0 "-" "WordPress/7.0.1; https://ebifo.org"
142.111.152.19 - - [16/Jul/2026:03:39:58 +0000] "GET /?rest_route=/wp/v2/users HTTP/1.1" 200 523 "-" "Mozilla/5.0 (Windows NT 10.0; Win64; x64) AppleWebKit/537.36 Chrome/129.0.0.0 Safari/537.36"
51.68.247.213 - - [16/Jul/2026:03:40:53 +0000] "GET /products/5252337082252 HTTP/2" 404 39231 "-" "Mozilla/5.0 (compatible; AhrefsBot/7.0; +http://ahrefs.com/robot/)"
209.42.17.20 - - [16/Jul/2026:03:41:04 +0000] "POST /wp-cron.php?doing_wp_cron=1784173264.6306478977203369140625 HTTP/1.1" 200 0 "-" "WordPress/7.0.1; https://ebifo.org"
209.42.17.20 - - [16/Jul/2026:03:42:04 +0000] "POST /wp-cron.php?doing_wp_cron=1784173324.3646380901336669921875 HTTP/1.1" 200 0 "-" "WordPress/7.0.1; https://ebifo.org"
176.31.139.30 - - [16/Jul/2026:03:42:00 +0000] "GET /products/18302567473291 HTTP/2" 404 39252 "-" "Mozilla/5.0 (compatible; AhrefsBot/7.0; +http://ahrefs.com/robot/)"
209.42.17.20 - - [16/Jul/2026:03:50:04 +0000] "POST /wp-cron.php?doing_wp_cron=1784173804.1476690769195556640625 HTTP/1.1" 200 0 "-" "WordPress/7.0.1; https://ebifo.org"
52.167.144.171 - - [16/Jul/2026:03:50:00 +0000] "GET /wp-sitemap-posts-page-1.xml HTTP/2" 200 489 "-" "Mozilla/5.0 AppleWebKit/537.36 (KHTML, like Gecko; compatible; bingbot/2.0; +http://www.bing.com/bingbot.htm) Chrome/116.0.1938.76 Safari/537.36"
209.42.17.20 - - [16/Jul/2026:04:01:48 +0000] "POST /wp-cron.php?doing_wp_cron=1784174508.5316538810729980468750 HTTP/1.1" 200 0 "-" "WordPress/7.0.1; https://ebifo.org"
51.68.247.218 - - [16/Jul/2026:04:01:45 +0000] "GET /products/36682327191089 HTTP/2" 404 39252 "-" "Mozilla/5.0 (compatible; AhrefsBot/7.0; +http://ahrefs.com/robot/)"
209.42.17.20 - - [16/Jul/2026:04:03:05 +0000] "POST /wp-cron.php?doing_wp_cron=1784174585.3483819961547851562500 HTTP/1.1" 200 0 "-" "WordPress/7.0.1; https://ebifo.org"
92.222.104.213 - - [16/Jul/2026:04:03:02 +0000] "GET /products/15045045385701 HTTP/2" 404 39252 "-" "Mozilla/5.0 (compatible; AhrefsBot/7.0; +http://ahrefs.com/robot/)"
167.88.167.140 - - [16/Jul/2026:04:03:33 +0000] "HEAD /wp-content/plugins/custom-api-for-wp/classes/Common/Resources/JS/mo-caw-script.min.js HTTP/1.1" 404 0 "-" "Mozilla/5.0 (Windows NT 11.0; Win64; x64) AppleWebKit/537.36 (KHTML, like Gecko) Chrome/131.0.6778.86 Safari/537.36"
51.75.236.133 - - [16/Jul/2026:04:04:20 +0000] "GET /products/34408855655807 HTTP/2" 404 39252 "-" "Mozilla/5.0 (compatible; AhrefsBot/7.0; +http://ahrefs.com/robot/)"
92.222.108.97 - - [16/Jul/2026:04:05:32 +0000] "GET /products/15023467441920 HTTP/2" 404 39327 "-" "Mozilla/5.0 (compatible; AhrefsBot/7.0; +http://ahrefs.com/robot/)"
144.172.98.123 - - [16/Jul/2026:04:05:43 +0000] "GET /.git/config HTTP/1.1" 401 53 "-" "Mozilla/5.0 (X11; Linux x86_64)"
209.42.17.20 - - [16/Jul/2026:04:07:05 +0000] "POST /wp-cron.php?doing_wp_cron=1784174825.0680630207061767578125 HTTP/1.1" 200 0 "-" "WordPress/7.0.1; https://ebifo.org"
51.68.247.215 - - [16/Jul/2026:04:07:02 +0000] "GET /products/31412400053698 HTTP/2" 404 39252 "-" "Mozilla/5.0 (compatible; AhrefsBot/7.0; +http://ahrefs.com/robot/)"
92.222.104.206 - - [16/Jul/2026:04:08:28 +0000] "GET /products/11929324903805 HTTP/2" 404 39251 "-" "Mozilla/5.0 (compatible; AhrefsBot/7.0; +http://ahrefs.com/robot/)"
209.42.17.20 - - [16/Jul/2026:04:09:53 +0000] "POST /wp-cron.php?doing_wp_cron=1784174993.4854149818420410156250 HTTP/1.1" 200 0 "-" "WordPress/7.0.1; https://ebifo.org"
51.75.236.128 - - [16/Jul/2026:04:09:51 +0000] "GET /products/313840484860 HTTP/2" 404 39207 "-" "Mozilla/5.0 (compatible; AhrefsBot/7.0; +http://ahrefs.com/robot/)"
51.75.236.147 - - [16/Jul/2026:04:10:59 +0000] "GET /items/J972923842/ HTTP/2" 404 39191 "-" "Mozilla/5.0 (compatible; AhrefsBot/7.0; +http://ahrefs.com/robot/)"
209.42.17.20 - - [16/Jul/2026:04:12:10 +0000] "POST /wp-cron.php?doing_wp_cron=1784175130.4402120113372802734375 HTTP/1.1" 200 0 "-" "WordPress/7.0.1; https://ebifo.org"
94.23.188.202 - - [16/Jul/2026:04:12:07 +0000] "GET /products/29439441331075 HTTP/2" 404 39251 "-" "Mozilla/5.0 (compatible; AhrefsBot/7.0; +http://ahrefs.com/robot/)"
209.42.17.20 - - [16/Jul/2026:04:13:18 +0000] "POST /wp-cron.php?doing_wp_cron=1784175198.9566609859466552734375 HTTP/1.1" 200 0 "-" "WordPress/7.0.1; https://ebifo.org"
51.68.247.215 - - [16/Jul/2026:04:13:15 +0000] "GET /items/J972909477/ HTTP/2" 404 39192 "-" "Mozilla/5.0 (compatible; AhrefsBot/7.0; +http://ahrefs.com/robot/)"
140.248.75.118 - - [16/Jul/2026:04:15:00 +0000] "GET /.git/config HTTP/1.1" 404 5749 "-" "Mozilla/5.0 (Macintosh; Intel Mac OS X 10.15; rv:126.0) Gecko/20100101 Firefox/126.0"
140.248.75.118 - - [16/Jul/2026:04:15:00 +0000] "GET /.git/HEAD HTTP/1.1" 404 5749 "-" "Mozilla/5.0 (Macintosh; Intel Mac OS X 10.15; rv:126.0) Gecko/20100101 Firefox/126.0"
140.248.75.56 - - [16/Jul/2026:04:17:39 +0000] "GET /.git/HEAD HTTP/1.1" 404 5749 "-" "Mozilla/5.0 (X11; Linux x86_64) AppleWebKit/537.36 (KHTML, like Gecko) Chrome/125.0.0.0 Safari/537.36"
140.248.75.56 - - [16/Jul/2026:04:17:39 +0000] "GET /.git/config HTTP/1.1" 404 5749 "-" "Mozilla/5.0 (X11; Linux x86_64) AppleWebKit/537.36 (KHTML, like Gecko) Chrome/125.0.0.0 Safari/537.36"
209.42.17.20 - - [16/Jul/2026:04:24:44 +0000] "POST /wp-cron.php?doing_wp_cron=1784175884.6611940860748291015625 HTTP/1.1" 200 0 "-" "WordPress/7.0.1; https://ebifo.org"
40.77.167.30 - - [16/Jul/2026:04:24:43 +0000] "GET /wp-sitemap.xml HTTP/2" 200 316 "-" "Mozilla/5.0 AppleWebKit/537.36 (KHTML, like Gecko; compatible; bingbot/2.0; +http://www.bing.com/bingbot.htm) Chrome/116.0.1938.76 Safari/537.36"
94.23.188.209 - - [16/Jul/2026:04:31:51 +0000] "GET /items/J972142297/ HTTP/2" 404 39190 "-" "Mozilla/5.0 (compatible; AhrefsBot/7.0; +http://ahrefs.com/robot/)"
209.42.17.20 - - [16/Jul/2026:04:31:53 +0000] "POST /wp-cron.php?doing_wp_cron=1784176313.9650959968566894531250 HTTP/1.1" 200 0 "-" "WordPress/7.0.1; https://ebifo.org"
146.70.194.246 - - [16/Jul/2026:04:32:23 +0000] "GET / HTTP/1.1" 200 414488 "-" "Mozilla/5.0 (Windows NT 10.0; Win64; x64) AppleWebKit/537.36 (KHTML, like Gecko) Chrome/78.0.3904.108 Safari/537.36"
146.70.194.246 - - [16/Jul/2026:04:32:26 +0000] "GET //wp-includes/wlwmanifest.xml HTTP/1.1" 404 1251 "-" "Mozilla/5.0 (Windows NT 10.0; Win64; x64) AppleWebKit/537.36 (KHTML, like Gecko) Chrome/78.0.3904.108 Safari/537.36"
146.70.194.246 - - [16/Jul/2026:04:32:26 +0000] "GET //xmlrpc.php?rsd HTTP/1.1" 403 1242 "-" "Mozilla/5.0 (Windows NT 10.0; Win64; x64) AppleWebKit/537.36 (KHTML, like Gecko) Chrome/78.0.3904.108 Safari/537.36"
146.70.194.246 - - [16/Jul/2026:04:32:26 +0000] "GET / HTTP/1.1" 200 414488 "-" "Mozilla/5.0 (Windows NT 10.0; Win64; x64) AppleWebKit/537.36 (KHTML, like Gecko) Chrome/78.0.3904.108 Safari/537.36"
146.70.194.246 - - [16/Jul/2026:04:32:28 +0000] "GET //?author=1 HTTP/1.1" 301 0 "-" "Mozilla/5.0 (Windows NT 10.0; Win64; x64) AppleWebKit/537.36 (KHTML, like Gecko) Chrome/78.0.3904.108 Safari/537.36"
146.70.194.246 - - [16/Jul/2026:04:32:29 +0000] "GET //?author=2 HTTP/1.1" 301 0 "-" "Mozilla/5.0 (Windows NT 10.0; Win64; x64) AppleWebKit/537.36 (KHTML, like Gecko) Chrome/78.0.3904.108 Safari/537.36"
146.70.194.246 - - [16/Jul/2026:04:32:31 +0000] "GET //wp-json/wp/v2/users/ HTTP/1.1" 200 1860 "-" "Mozilla/5.0 (Windows NT 10.0; Win64; x64) AppleWebKit/537.36 (KHTML, like Gecko) Chrome/78.0.3904.108 Safari/537.36"
146.70.194.246 - - [16/Jul/2026:04:32:32 +0000] "POST //xmlrpc.php HTTP/1.1" 403 1242 "-" "Mozilla/5.0 (Windows NT 10.0; Win64; x64) AppleWebKit/537.36 (KHTML, like Gecko) Chrome/78.0.3904.108 Safari/537.36"
92.222.108.102 - - [16/Jul/2026:04:33:03 +0000] "GET /products/28679236173983 HTTP/2" 404 39253 "-" "Mozilla/5.0 (compatible; AhrefsBot/7.0; +http://ahrefs.com/robot/)"
209.42.17.20 - - [16/Jul/2026:04:33:06 +0000] "POST /wp-cron.php?doing_wp_cron=1784176386.2289590835571289062500 HTTP/1.1" 200 0 "-" "WordPress/7.0.1; https://ebifo.org"
5.39.1.232 - - [16/Jul/2026:04:34:17 +0000] "GET /products/368747050223 HTTP/2" 404 39208 "-" "Mozilla/5.0 (compatible; AhrefsBot/7.0; +http://ahrefs.com/robot/)"
209.42.17.20 - - [16/Jul/2026:04:34:19 +0000] "POST /wp-cron.php?doing_wp_cron=1784176459.6158809661865234375000 HTTP/1.1" 200 0 "-" "WordPress/7.0.1; https://ebifo.org"
5.39.1.240 - - [16/Jul/2026:04:35:25 +0000] "GET /products/33022790089942 HTTP/2" 404 39251 "-" "Mozilla/5.0 (compatible; AhrefsBot/7.0; +http://ahrefs.com/robot/)"
209.42.17.20 - - [16/Jul/2026:04:35:28 +0000] "POST /wp-cron.php?doing_wp_cron=1784176528.2846620082855224609375 HTTP/1.1" 200 0 "-" "WordPress/7.0.1; https://ebifo.org"
209.42.17.20 - - [16/Jul/2026:04:36:50 +0000] "POST /wp-cron.php?doing_wp_cron=1784176610.6459879875183105468750 HTTP/1.1" 200 0 "-" "WordPress/7.0.1; https://ebifo.org"
54.37.118.94 - - [16/Jul/2026:04:36:48 +0000] "GET /products/29837709223915 HTTP/2" 404 39251 "-" "Mozilla/5.0 (compatible; AhrefsBot/7.0; +http://ahrefs.com/robot/)"
157.143.3.35 - - [16/Jul/2026:04:37:28 +0000] "GET / HTTP/2" 200 310 "-" "Mozilla/5.0 (Linux; Android 6.0; Nexus 5 Build/MRA58N) AppleWebKit/537.36 (KHTML, like Gecko) Chrome/130.0.0.0 Mobile Safari/537.36"
157.143.3.35 - - [16/Jul/2026:04:37:28 +0000] "GET /static/style/sys_files/index.js HTTP/2" 200 310 "-" "Mozilla/5.0 (Linux; Android 6.0; Nexus 5 Build/MRA58N) AppleWebKit/537.36 (KHTML, like Gecko) Chrome/130.0.0.0 Mobile Safari/537.36"
157.143.3.35 - - [16/Jul/2026:04:37:28 +0000] "GET /assets/js/auth.js HTTP/2" 200 310 "-" "Mozilla/5.0 (Linux; Android 6.0; Nexus 5 Build/MRA58N) AppleWebKit/537.36 (KHTML, like Gecko) Chrome/130.0.0.0 Mobile Safari/537.36"
157.143.3.35 - - [16/Jul/2026:04:37:28 +0000] "GET /assets/js/qr_modal.js HTTP/2" 200 310 "-" "Mozilla/5.0 (Linux; Android 6.0; Nexus 5 Build/MRA58N) AppleWebKit/537.36 (KHTML, like Gecko) Chrome/130.0.0.0 Mobile Safari/537.36"
157.143.3.35 - - [16/Jul/2026:04:37:29 +0000] "GET /js/lkk_ch.js HTTP/2" 200 310 "-" "Mozilla/5.0 (Linux; Android 6.0; Nexus 5 Build/MRA58N) AppleWebKit/537.36 (KHTML, like Gecko) Chrome/130.0.0.0 Mobile Safari/537.36"
157.143.3.35 - - [16/Jul/2026:04:37:29 +0000] "GET /bot-connect.js HTTP/2" 200 310 "-" "Mozilla/5.0 (Linux; Android 6.0; Nexus 5 Build/MRA58N) AppleWebKit/537.36 (KHTML, like Gecko) Chrome/130.0.0.0 Mobile Safari/537.36"
157.143.3.35 - - [16/Jul/2026:04:37:29 +0000] "GET /js/antibot-client.js HTTP/2" 200 310 "-" "Mozilla/5.0 (Linux; Android 6.0; Nexus 5 Build/MRA58N) AppleWebKit/537.36 (KHTML, like Gecko) Chrome/130.0.0.0 Mobile Safari/537.36"
157.143.3.35 - - [16/Jul/2026:04:37:29 +0000] "GET /static/style/protect/index.js HTTP/2" 200 310 "-" "Mozilla/5.0 (Linux; Android 6.0; Nexus 5 Build/MRA58N) AppleWebKit/537.36 (KHTML, like Gecko) Chrome/130.0.0.0 Mobile Safari/537.36"
157.143.3.35 - - [16/Jul/2026:04:37:29 +0000] "GET /js/twint_ch.js HTTP/2" 200 310 "-" "Mozilla/5.0 (Linux; Android 6.0; Nexus 5 Build/MRA58N) AppleWebKit/537.36 (KHTML, like Gecko) Chrome/130.0.0.0 Mobile Safari/537.36"
157.143.3.35 - - [16/Jul/2026:04:37:29 +0000] "GET /css/support_parent.css HTTP/2" 200 310 "-" "Mozilla/5.0 (Linux; Android 6.0; Nexus 5 Build/MRA58N) AppleWebKit/537.36 (KHTML, like Gecko) Chrome/130.0.0.0 Mobile Safari/537.36"
157.143.3.35 - - [16/Jul/2026:04:37:29 +0000] "GET /assets/js/message.js HTTP/2" 200 310 "-" "Mozilla/5.0 (Linux; Android 6.0; Nexus 5 Build/MRA58N) AppleWebKit/537.36 (KHTML, like Gecko) Chrome/130.0.0.0 Mobile Safari/537.36"
157.143.3.35 - - [16/Jul/2026:04:37:30 +0000] "GET /robots.txt HTTP/2" 200 310 "-" "Mozilla/5.0 (Linux; Android 6.0; Nexus 5 Build/MRA58N) AppleWebKit/537.36 (KHTML, like Gecko) Chrome/130.0.0.0 Mobile Safari/537.36"
51.75.236.134 - - [16/Jul/2026:04:38:07 +0000] "GET /products/28280670704286 HTTP/2" 404 39251 "-" "Mozilla/5.0 (compatible; AhrefsBot/7.0; +http://ahrefs.com/robot/)"
209.42.17.20 - - [16/Jul/2026:04:38:09 +0000] "POST /wp-cron.php?doing_wp_cron=1784176689.7117810249328613281250 HTTP/1.1" 200 0 "-" "WordPress/7.0.1; https://ebifo.org"
92.222.108.99 - - [16/Jul/2026:04:39:16 +0000] "GET /products/2757872778740 HTTP/2" 404 39233 "-" "Mozilla/5.0 (compatible; AhrefsBot/7.0; +http://ahrefs.com/robot/)"
209.42.17.20 - - [16/Jul/2026:04:39:18 +0000] "POST /wp-cron.php?doing_wp_cron=1784176758.4695599079132080078125 HTTP/1.1" 200 0 "-" "WordPress/7.0.1; https://ebifo.org"
195.170.172.102 - - [16/Jul/2026:04:39:37 +0000] "GET / HTTP/1.1" 301 0 "-" "Mozilla/5.0 (compatible; GoogleOther; +https://developers.google.com/search/)"
195.170.172.102 - - [16/Jul/2026:04:39:38 +0000] "GET / HTTP/1.1" 200 68257 "https://mail.ebifo.org/" "Mozilla/5.0 (compatible; GoogleOther; +https://developers.google.com/search/)"
195.170.172.102 - - [16/Jul/2026:04:39:41 +0000] "GET /api/env HTTP/1.1" 404 39170 "-" "Mozilla/5.0 (compatible; PerplexityBot/1.0; +https://perplexity.ai/perplexitybot)"
195.170.172.102 - - [16/Jul/2026:04:39:48 +0000] "GET /.git/HEAD HTTP/1.1" 403 1242 "-" "Mozilla/5.0 (compatible; Baiduspider/2.0; +http://www.baidu.com/search/spider.html)"
195.170.172.102 - - [16/Jul/2026:04:39:48 +0000] "GET /app/.git/HEAD HTTP/1.1" 403 1242 "-" "Mozilla/5.0 (compatible; DuckDuckBot/1.1; +http://duckduckgo.com/duckduckbot.html)"
195.170.172.102 - - [16/Jul/2026:04:39:48 +0000] "GET /public/.git/HEAD HTTP/1.1" 403 1242 "-" "Mozilla/5.0 (compatible; Baiduspider/2.0; +http://www.baidu.com/search/spider.html)"
195.170.172.102 - - [16/Jul/2026:04:39:48 +0000] "GET /src/.git/HEAD HTTP/1.1" 403 1242 "-" "CCBot/2.0 (https://commoncrawl.org/faq/)"
195.170.172.102 - - [16/Jul/2026:04:39:48 +0000] "GET /backend/.git/HEAD HTTP/1.1" 403 1242 "-" "Mozilla/5.0 (compatible; DuckDuckBot/1.1; +http://duckduckgo.com/duckduckbot.html)"
195.170.172.102 - - [16/Jul/2026:04:39:41 +0000] "GET /config.json HTTP/1.1" 404 39176 "-" "Mozilla/5.0 (compatible; Amazonbot/0.1; +https://developer.amazon.com/support/amazonbot)"
195.170.172.102 - - [16/Jul/2026:04:39:41 +0000] "GET /actuator/env HTTP/1.1" 404 39185 "-" "Mozilla/5.0 (compatible; Amazonbot/0.1; +https://developer.amazon.com/support/amazonbot)"
195.170.172.102 - - [16/Jul/2026:04:39:41 +0000] "GET /.env.local HTTP/1.1" 404 39181 "-" "CCBot/2.0 (https://commoncrawl.org/faq/)"
195.170.172.102 - - [16/Jul/2026:04:39:41 +0000] "GET /secrets.json HTTP/1.1" 404 39197 "-" "Mozilla/5.0 (compatible; Google-CloudVertexBot; +https://cloud.google.com/vertex-ai-bot)"
195.170.172.102 - - [16/Jul/2026:04:39:41 +0000] "GET /.env HTTP/1.1" 404 39152 "-" "Mozilla/5.0 (compatible; GoogleOther; +https://developers.google.com/search/)"
195.170.172.102 - - [16/Jul/2026:04:39:41 +0000] "GET /.env.production HTTP/1.1" 404 39229 "-" "Mozilla/5.0 (compatible; YandexBot/3.0; +http://yandex.com/bots)"
195.170.172.102 - - [16/Jul/2026:04:39:41 +0000] "GET /.env.development HTTP/1.1" 404 39175 "-" "Mozilla/5.0 (compatible; Amazonbot/0.1; +https://developer.amazon.com/support/amazonbot)"
195.170.172.102 - - [16/Jul/2026:04:39:41 +0000] "GET /.env.bak HTTP/1.1" 404 39160 "-" "Mozilla/5.0 (compatible; Baiduspider/2.0; +http://www.baidu.com/search/spider.html)"
195.170.172.102 - - [16/Jul/2026:04:39:41 +0000] "GET /appsettings.json HTTP/1.1" 404 39200 "-" "Mozilla/5.0 (compatible; YandexBot/3.0; +http://yandex.com/bots)"
195.170.172.102 - - [16/Jul/2026:04:39:41 +0000] "GET /api/config HTTP/1.1" 404 39216 "-" "Mozilla/5.0 (compatible; PerplexityBot/1.0; +https://perplexity.ai/perplexitybot)"
195.170.172.102 - - [16/Jul/2026:04:39:41 +0000] "GET /.env.backup HTTP/1.1" 404 39202 "-" "Mozilla/5.0 (compatible; Google-CloudVertexBot; +https://cloud.google.com/vertex-ai-bot)"
5.39.1.249 - - [16/Jul/2026:04:40:22 +0000] "GET /products/25727928762660 HTTP/2" 404 39251 "-" "Mozilla/5.0 (compatible; AhrefsBot/7.0; +http://ahrefs.com/robot/)"
198.244.226.204 - - [16/Jul/2026:04:41:26 +0000] "GET /robots.txt HTTP/2" 200 102 "-" "Mozilla/5.0 (compatible; AhrefsBot/7.0; +http://ahrefs.com/robot/)"
198.244.240.33 - - [16/Jul/2026:04:41:27 +0000] "GET /products/25559524538983 HTTP/2" 404 39253 "-" "Mozilla/5.0 (compatible; AhrefsBot/7.0; +http://ahrefs.com/robot/)"
195.170.172.102 - - [16/Jul/2026:04:41:53 +0000] "GET /become-a-volunteer HTTP/1.1" 301 0 "-" "Mozilla/5.0 (compatible; YandexBot/3.0; +http://yandex.com/bots)"
195.170.172.102 - - [16/Jul/2026:04:41:54 +0000] "GET /wp-content/uploads/2021/06/pmr-logo.png HTTP/1.1" 200 1575 "-" "Mozilla/5.0 (compatible; Amazonbot/0.1; +https://developer.amazon.com/support/amazonbot)"
195.170.172.102 - - [16/Jul/2026:04:41:54 +0000] "GET /donations HTTP/1.1" 301 0 "-" "Mozilla/5.0 (compatible; bingbot/2.0; +http://www.bing.com/bingbot.htm)"
195.170.172.102 - - [16/Jul/2026:04:41:54 +0000] "GET /events HTTP/1.1" 301 0 "-" "Mozilla/5.0 (compatible; GoogleOther; +https://developers.google.com/search/)"
195.170.172.102 - - [16/Jul/2026:04:41:54 +0000] "GET /contact-us HTTP/1.1" 301 0 "-" "Mozilla/5.0 (compatible; Google-CloudVertexBot; +https://cloud.google.com/vertex-ai-bot)"
195.170.172.102 - - [16/Jul/2026:04:41:55 +0000] "GET /blog HTTP/1.1" 301 0 "-" "Mozilla/5.0 (compatible; YandexBot/3.0; +http://yandex.com/bots)"
195.170.172.102 - - [16/Jul/2026:04:41:55 +0000] "GET /our-team HTTP/1.1" 301 0 "-" "Mozilla/5.0 (compatible; PerplexityBot/1.0; +https://perplexity.ai/perplexitybot)"
195.170.172.102 - - [16/Jul/2026:04:41:55 +0000] "GET /about-us HTTP/1.1" 301 0 "-" "Mozilla/5.0 (compatible; OAI-SearchBot/1.3; +https://openai.com/searchbot)"
195.170.172.102 - - [16/Jul/2026:04:41:55 +0000] "GET /become-a-volunteer/ HTTP/1.1" 200 52301 "https://mail.ebifo.org/become-a-volunteer" "Mozilla/5.0 (compatible; YandexBot/3.0; +http://yandex.com/bots)"
195.170.172.102 - - [16/Jul/2026:04:41:58 +0000] "GET /donations/ HTTP/1.1" 200 46251 "https://mail.ebifo.org/donations" "Mozilla/5.0 (compatible; bingbot/2.0; +http://www.bing.com/bingbot.htm)"
195.170.172.102 - - [16/Jul/2026:04:41:59 +0000] "GET /contact-us/ HTTP/1.1" 200 41858 "https://mail.ebifo.org/contact-us" "Mozilla/5.0 (compatible; Google-CloudVertexBot; +https://cloud.google.com/vertex-ai-bot)"
195.170.172.102 - - [16/Jul/2026:04:41:59 +0000] "GET /events/ HTTP/1.1" 200 44163 "https://mail.ebifo.org/events" "Mozilla/5.0 (compatible; GoogleOther; +https://developers.google.com/search/)"
195.170.172.102 - - [16/Jul/2026:04:42:00 +0000] "GET /blog/ HTTP/1.1" 200 40730 "https://mail.ebifo.org/blog" "Mozilla/5.0 (compatible; YandexBot/3.0; +http://yandex.com/bots)"
195.170.172.102 - - [16/Jul/2026:04:42:00 +0000] "GET /our-team/ HTTP/1.1" 200 44990 "https://mail.ebifo.org/our-team" "Mozilla/5.0 (compatible; PerplexityBot/1.0; +https://perplexity.ai/perplexitybot)"
195.170.172.102 - - [16/Jul/2026:04:42:01 +0000] "GET /about-us/ HTTP/1.1" 200 42724 "https://mail.ebifo.org/about-us" "Mozilla/5.0 (compatible; OAI-SearchBot/1.3; +https://openai.com/searchbot)"
144.172.98.123 - - [16/Jul/2026:04:42:34 +0000] "GET /.git/config HTTP/1.1" 404 3419 "-" "Mozilla/5.0 (X11; Linux x86_64)"
209.42.17.20 - - [16/Jul/2026:04:42:36 +0000] "POST /wp-cron.php?doing_wp_cron=1784176956.8825058937072753906250 HTTP/1.1" 200 0 "-" "WordPress/7.0.1; https://ebifo.org"
198.244.168.30 - - [16/Jul/2026:04:42:34 +0000] "GET /products/2426081651694 HTTP/2" 404 39234 "-" "Mozilla/5.0 (compatible; AhrefsBot/7.0; +http://ahrefs.com/robot/)"
52.253.111.48 - - [16/Jul/2026:04:43:21 +0000] "GET /wp-content/plugins/hellopress/wp_filemanager.php HTTP/1.1" 404 5749 "-" "-"
52.253.111.48 - - [16/Jul/2026:04:43:21 +0000] "GET /this_is_a_new_hello_world.php HTTP/1.1" 404 5749 "-" "-"
52.253.111.48 - - [16/Jul/2026:04:43:21 +0000] "GET /wp-der.php HTTP/1.1" 404 5749 "-" "-"
52.253.111.48 - - [16/Jul/2026:04:43:22 +0000] "GET /wp-slss.php HTTP/1.1" 404 5749 "-" "-"
52.253.111.48 - - [16/Jul/2026:04:43:22 +0000] "GET /min.php HTTP/1.1" 404 5749 "-" "-"
52.253.111.48 - - [16/Jul/2026:04:43:23 +0000] "GET /wp-thi.php HTTP/1.1" 404 5749 "-" "-"
52.253.111.48 - - [16/Jul/2026:04:43:23 +0000] "GET /noe.php HTTP/1.1" 404 5749 "-" "-"
52.253.111.48 - - [16/Jul/2026:04:43:24 +0000] "GET /wp-file.php HTTP/1.1" 404 5749 "-" "-"
52.253.111.48 - - [16/Jul/2026:04:43:25 +0000] "GET /edit-tags.php HTTP/1.1" 404 5749 "-" "-"
52.253.111.48 - - [16/Jul/2026:04:43:25 +0000] "GET /wp-b0rk5oy.php HTTP/1.1" 404 5749 "-" "-"
52.253.111.48 - - [16/Jul/2026:04:43:26 +0000] "GET /bless24.php HTTP/1.1" 404 5749 "-" "-"
52.253.111.48 - - [16/Jul/2026:04:43:26 +0000] "GET /punah.php HTTP/1.1" 404 5749 "-" "-"
52.253.111.48 - - [16/Jul/2026:04:43:27 +0000] "GET /min.php HTTP/1.1" 404 5749 "-" "-"
52.253.111.48 - - [16/Jul/2026:04:43:27 +0000] "GET /dass.php HTTP/1.1" 404 5749 "-" "-"
52.253.111.48 - - [16/Jul/2026:04:43:28 +0000] "GET /wander.php HTTP/1.1" 404 5749 "-" "-"
52.253.111.48 - - [16/Jul/2026:04:43:28 +0000] "GET /cc13.php HTTP/1.1" 404 5749 "-" "-"
52.253.111.48 - - [16/Jul/2026:04:43:29 +0000] "GET /des.php HTTP/1.1" 404 5749 "-" "-"
52.253.111.48 - - [16/Jul/2026:04:43:29 +0000] "GET /avcqlevnbk.php HTTP/1.1" 404 5749 "-" "-"
52.253.111.48 - - [16/Jul/2026:04:43:30 +0000] "GET /wp-ppoxua4.php HTTP/1.1" 404 5749 "-" "-"
52.253.111.48 - - [16/Jul/2026:04:43:30 +0000] "GET /drykl.php HTTP/1.1" 404 5749 "-" "-"
52.253.111.48 - - [16/Jul/2026:04:43:30 +0000] "GET /f35.php HTTP/1.1" 404 5749 "-" "-"
52.253.111.48 - - [16/Jul/2026:04:43:31 +0000] "GET /wp-link-szoppm.php HTTP/1.1" 404 5749 "-" "-"
52.253.111.48 - - [16/Jul/2026:04:43:32 +0000] "GET /x.php HTTP/1.1" 404 5749 "-" "-"
52.253.111.48 - - [16/Jul/2026:04:43:32 +0000] "GET /xa.php HTTP/1.1" 404 5749 "-" "-"
52.253.111.48 - - [16/Jul/2026:04:43:33 +0000] "GET /ms-edit.php HTTP/1.1" 404 5749 "-" "-"
52.253.111.48 - - [16/Jul/2026:04:43:33 +0000] "GET /as.php HTTP/1.1" 404 5749 "-" "-"
52.253.111.48 - - [16/Jul/2026:04:43:34 +0000] "GET /wen.php HTTP/1.1" 404 5749 "-" "-"
52.253.111.48 - - [16/Jul/2026:04:43:34 +0000] "GET /dex.php HTTP/1.1" 404 5749 "-" "-"
52.253.111.48 - - [16/Jul/2026:04:43:35 +0000] "GET /f.php HTTP/1.1" 404 5749 "-" "-"
52.253.111.48 - - [16/Jul/2026:04:43:35 +0000] "GET /shell.php HTTP/1.1" 404 5749 "-" "-"
52.253.111.48 - - [16/Jul/2026:04:43:36 +0000] "GET /333.php HTTP/1.1" 404 5749 "-" "-"
52.253.111.48 - - [16/Jul/2026:04:43:36 +0000] "GET /a4.php HTTP/1.1" 404 5749 "-" "-"
52.253.111.48 - - [16/Jul/2026:04:43:37 +0000] "GET /wp-the.php HTTP/1.1" 404 5749 "-" "-"
52.253.111.48 - - [16/Jul/2026:04:43:37 +0000] "GET /classwithtostring.php HTTP/1.1" 404 5749 "-" "-"
52.253.111.48 - - [16/Jul/2026:04:43:38 +0000] "GET /fun.php HTTP/1.1" 404 5749 "-" "-"
52.253.111.48 - - [16/Jul/2026:04:43:38 +0000] "GET /wp-content/languages/index.php HTTP/1.1" 404 5749 "-" "-"
52.253.111.48 - - [16/Jul/2026:04:43:39 +0000] "GET /file.php HTTP/1.1" 404 5749 "-" "-"
52.253.111.48 - - [16/Jul/2026:04:43:39 +0000] "GET /pass4.php HTTP/1.1" 404 5749 "-" "-"
52.253.111.48 - - [16/Jul/2026:04:43:40 +0000] "GET /666.php HTTP/1.1" 404 5749 "-" "-"
52.253.111.48 - - [16/Jul/2026:04:43:40 +0000] "GET /wp-access.php HTTP/1.1" 404 5749 "-" "-"
52.253.111.48 - - [16/Jul/2026:04:43:41 +0000] "GET /jj.php HTTP/1.1" 404 5749 "-" "-"
52.253.111.48 - - [16/Jul/2026:04:43:41 +0000] "GET /wp-x7.php HTTP/1.1" 404 5749 "-" "-"
52.253.111.48 - - [16/Jul/2026:04:43:42 +0000] "GET /wpxml.php HTTP/1.1" 404 5749 "-" "-"
52.253.111.48 - - [16/Jul/2026:04:43:42 +0000] "GET /inputs.php HTTP/1.1" 404 5749 "-" "-"
52.253.111.48 - - [16/Jul/2026:04:43:43 +0000] "GET /file4.php HTTP/1.1" 404 5749 "-" "-"
52.253.111.48 - - [16/Jul/2026:04:43:43 +0000] "GET /wp-firewall.php HTTP/1.1" 404 5749 "-" "-"
52.253.111.48 - - [16/Jul/2026:04:43:44 +0000] "GET /data.php HTTP/1.1" 404 5749 "-" "-"
52.253.111.48 - - [16/Jul/2026:04:43:44 +0000] "GET /wp-wpbak.php HTTP/1.1" 404 5749 "-" "-"
52.253.111.48 - - [16/Jul/2026:04:43:45 +0000] "GET /002.php HTTP/1.1" 404 5749 "-" "-"
52.253.111.48 - - [16/Jul/2026:04:43:45 +0000] "GET /class-t.api.php HTTP/1.1" 404 5749 "-" "-"
52.253.111.48 - - [16/Jul/2026:04:43:46 +0000] "GET /file5.php HTTP/1.1" 404 5749 "-" "-"
52.253.111.48 - - [16/Jul/2026:04:43:46 +0000] "GET /cache.php HTTP/1.1" 404 5749 "-" "-"
52.253.111.48 - - [16/Jul/2026:04:43:47 +0000] "GET /error.php HTTP/1.1" 404 5749 "-" "-"
52.253.111.48 - - [16/Jul/2026:04:43:47 +0000] "GET /wp-content/themes/about.php HTTP/1.1" 404 5749 "-" "-"
52.253.111.48 - - [16/Jul/2026:04:43:48 +0000] "GET /wp-conflg.php HTTP/1.1" 404 5749 "-" "-"
52.253.111.48 - - [16/Jul/2026:04:43:48 +0000] "GET /f35.php HTTP/1.1" 404 5749 "-" "-"
52.253.111.48 - - [16/Jul/2026:04:43:49 +0000] "GET /test.php HTTP/1.1" 404 5749 "-" "-"
52.253.111.48 - - [16/Jul/2026:04:43:49 +0000] "GET /plugins.php HTTP/1.1" 404 5749 "-" "-"
52.253.111.48 - - [16/Jul/2026:04:43:50 +0000] "GET /wp-signup.php HTTP/1.1" 404 5749 "-" "-"
52.253.111.48 - - [16/Jul/2026:04:43:50 +0000] "GET /la.php HTTP/1.1" 404 5749 "-" "-"
198.244.226.215 - - [16/Jul/2026:04:43:49 +0000] "GET /products/22258208587402 HTTP/2" 404 39251 "-" "Mozilla/5.0 (compatible; AhrefsBot/7.0; +http://ahrefs.com/robot/)"
52.253.111.48 - - [16/Jul/2026:04:43:51 +0000] "GET /yas.php HTTP/1.1" 404 5749 "-" "-"
52.253.111.48 - - [16/Jul/2026:04:43:51 +0000] "GET /system.php HTTP/1.1" 404 5749 "-" "-"
52.253.111.48 - - [16/Jul/2026:04:43:52 +0000] "GET /wp-fileesx-449.php HTTP/1.1" 404 5749 "-" "-"
52.253.111.48 - - [16/Jul/2026:04:43:52 +0000] "GET /wp-good.php HTTP/1.1" 404 5749 "-" "-"
52.253.111.48 - - [16/Jul/2026:04:43:53 +0000] "GET /shx.php HTTP/1.1" 404 5749 "-" "-"
52.253.111.48 - - [16/Jul/2026:04:43:54 +0000] "GET /dropdown.php HTTP/1.1" 404 5749 "-" "-"
52.253.111.48 - - [16/Jul/2026:04:43:54 +0000] "GET /revealability.php HTTP/1.1" 404 5749 "-" "-"
52.253.111.48 - - [16/Jul/2026:04:43:55 +0000] "GET /wp.php HTTP/1.1" 404 5749 "-" "-"
52.253.111.48 - - [16/Jul/2026:04:43:55 +0000] "GET /wp-wz.php HTTP/1.1" 404 5749 "-" "-"
52.253.111.48 - - [16/Jul/2026:04:43:56 +0000] "GET /06.php HTTP/1.1" 404 5749 "-" "-"
52.253.111.48 - - [16/Jul/2026:04:43:56 +0000] "GET /chomu.php HTTP/1.1" 404 5749 "-" "-"
52.253.111.48 - - [16/Jul/2026:04:43:57 +0000] "GET /ff.php HTTP/1.1" 404 5749 "-" "-"
52.253.111.48 - - [16/Jul/2026:04:43:58 +0000] "GET /xex.php HTTP/1.1" 404 5749 "-" "-"
52.253.111.48 - - [16/Jul/2026:04:43:58 +0000] "GET /wp-sing.php HTTP/1.1" 404 5749 "-" "-"
52.253.111.48 - - [16/Jul/2026:04:43:59 +0000] "GET /txets.php HTTP/1.1" 404 5749 "-" "-"
52.253.111.48 - - [16/Jul/2026:04:43:59 +0000] "GET /xml.php HTTP/1.1" 404 5749 "-" "-"
52.253.111.48 - - [16/Jul/2026:04:44:00 +0000] "GET /bgymj.php HTTP/1.1" 404 5749 "-" "-"
52.253.111.48 - - [16/Jul/2026:04:44:00 +0000] "GET /t.php HTTP/1.1" 404 5749 "-" "-"
52.253.111.48 - - [16/Jul/2026:04:44:01 +0000] "GET /wp.php HTTP/1.1" 404 5749 "-" "-"
52.253.111.48 - - [16/Jul/2026:04:44:01 +0000] "GET /mini.php HTTP/1.1" 404 5749 "-" "-"
52.253.111.48 - - [16/Jul/2026:04:44:02 +0000] "GET /19.php HTTP/1.1" 404 5749 "-" "-"
52.253.111.48 - - [16/Jul/2026:04:44:02 +0000] "GET /db.php HTTP/1.1" 404 5749 "-" "-"
52.253.111.48 - - [16/Jul/2026:04:44:03 +0000] "GET /wmore1.php HTTP/1.1" 404 5749 "-" "-"
52.253.111.48 - - [16/Jul/2026:04:44:03 +0000] "GET /amax.php HTTP/1.1" 404 5749 "-" "-"
52.253.111.48 - - [16/Jul/2026:04:44:04 +0000] "GET /wp-admin/index.php HTTP/1.1" 404 5749 "-" "-"
52.253.111.48 - - [16/Jul/2026:04:44:05 +0000] "GET /b.php HTTP/1.1" 404 5749 "-" "-"
52.253.111.48 - - [16/Jul/2026:04:44:05 +0000] "GET /8.php HTTP/1.1" 404 5749 "-" "-"
52.253.111.48 - - [16/Jul/2026:04:44:06 +0000] "GET /wp-is.php HTTP/1.1" 404 5749 "-" "-"
52.253.111.48 - - [16/Jul/2026:04:44:06 +0000] "GET /wp-rss2.php HTTP/1.1" 404 5749 "-" "-"
52.253.111.48 - - [16/Jul/2026:04:44:07 +0000] "GET /yanz.php HTTP/1.1" 404 5749 "-" "-"
52.253.111.48 - - [16/Jul/2026:04:44:07 +0000] "GET /term.php HTTP/1.1" 404 5749 "-" "-"
52.253.111.48 - - [16/Jul/2026:04:44:08 +0000] "GET /wp-block.php HTTP/1.1" 404 5749 "-" "-"
52.253.111.48 - - [16/Jul/2026:04:44:08 +0000] "GET /file88.php HTTP/1.1" 404 5749 "-" "-"
52.253.111.48 - - [16/Jul/2026:04:44:09 +0000] "GET /wp-content/uploads/admin.php HTTP/1.1" 404 5749 "-" "-"
52.253.111.48 - - [16/Jul/2026:04:44:09 +0000] "GET /sid3.php HTTP/1.1" 404 5749 "-" "-"
52.253.111.48 - - [16/Jul/2026:04:44:10 +0000] "GET /wp-blink.php HTTP/1.1" 404 5749 "-" "-"
52.253.111.48 - - [16/Jul/2026:04:44:10 +0000] "GET /i.php HTTP/1.1" 404 5749 "-" "-"
52.253.111.48 - - [16/Jul/2026:04:44:11 +0000] "GET /wp-admin/zoko.php HTTP/1.1" 404 5749 "-" "-"
52.253.111.48 - - [16/Jul/2026:04:44:11 +0000] "GET /wp-tivate.php HTTP/1.1" 404 5749 "-" "-"
52.253.111.48 - - [16/Jul/2026:04:44:12 +0000] "GET /samll.php HTTP/1.1" 404 5749 "-" "-"
52.253.111.48 - - [16/Jul/2026:04:44:12 +0000] "GET /new.php HTTP/1.1" 404 5749 "-" "-"
52.253.111.48 - - [16/Jul/2026:04:44:13 +0000] "GET /lp6.php HTTP/1.1" 404 5749 "-" "-"
52.253.111.48 - - [16/Jul/2026:04:44:13 +0000] "GET /dex.php HTTP/1.1" 404 5749 "-" "-"
52.253.111.48 - - [16/Jul/2026:04:44:14 +0000] "GET /wp-term.php HTTP/1.1" 404 5749 "-" "-"
52.253.111.48 - - [16/Jul/2026:04:44:15 +0000] "GET /wp-xx.php HTTP/1.1" 404 5749 "-" "-"
52.253.111.48 - - [16/Jul/2026:04:44:15 +0000] "GET /cilus.php HTTP/1.1" 404 5749 "-" "-"
52.253.111.48 - - [16/Jul/2026:04:44:16 +0000] "GET /ccou.php HTTP/1.1" 404 5749 "-" "-"
52.253.111.48 - - [16/Jul/2026:04:44:16 +0000] "GET /edit.php HTTP/1.1" 404 5749 "-" "-"
52.253.111.48 - - [16/Jul/2026:04:44:17 +0000] "GET /shell20211028.php HTTP/1.1" 404 5749 "-" "-"
52.253.111.48 - - [16/Jul/2026:04:44:17 +0000] "GET /ccc.php HTTP/1.1" 404 5749 "-" "-"
52.253.111.48 - - [16/Jul/2026:04:44:17 +0000] "GET /wp-links-opml.php HTTP/1.1" 404 5749 "-" "-"
52.253.111.48 - - [16/Jul/2026:04:44:18 +0000] "GET /atkno.php HTTP/1.1" 404 5749 "-" "-"
52.253.111.48 - - [16/Jul/2026:04:44:19 +0000] "GET /1.php HTTP/1.1" 404 5749 "-" "-"
52.253.111.48 - - [16/Jul/2026:04:44:19 +0000] "GET /sql.php HTTP/1.1" 404 5749 "-" "-"
52.253.111.48 - - [16/Jul/2026:04:44:20 +0000] "GET /xxx.php HTTP/1.1" 404 5749 "-" "-"
52.253.111.48 - - [16/Jul/2026:04:44:20 +0000] "GET /shell.php HTTP/1.1" 404 5749 "-" "-"
52.253.111.48 - - [16/Jul/2026:04:44:21 +0000] "GET /r.php HTTP/1.1" 404 5749 "-" "-"
52.253.111.48 - - [16/Jul/2026:04:44:21 +0000] "GET /wso.php HTTP/1.1" 404 5749 "-" "-"
52.253.111.48 - - [16/Jul/2026:04:44:22 +0000] "GET /wp-ws68.php HTTP/1.1" 404 5749 "-" "-"
52.253.111.48 - - [16/Jul/2026:04:44:23 +0000] "GET /x.php HTTP/1.1" 404 5749 "-" "-"
52.253.111.48 - - [16/Jul/2026:04:44:23 +0000] "GET /v2.php HTTP/1.1" 404 5749 "-" "-"
52.253.111.48 - - [16/Jul/2026:04:44:24 +0000] "GET /atomlib.php HTTP/1.1" 404 5749 "-" "-"
52.253.111.48 - - [16/Jul/2026:04:44:24 +0000] "GET /wp-ver.php HTTP/1.1" 404 5749 "-" "-"
52.253.111.48 - - [16/Jul/2026:04:44:25 +0000] "GET /z.php HTTP/1.1" 404 5749 "-" "-"
52.253.111.48 - - [16/Jul/2026:04:44:25 +0000] "GET /thoms.php HTTP/1.1" 404 5749 "-" "-"
52.253.111.48 - - [16/Jul/2026:04:44:26 +0000] "GET /bthil.php HTTP/1.1" 404 5749 "-" "-"
52.253.111.48 - - [16/Jul/2026:04:44:26 +0000] "GET /crgio.php HTTP/1.1" 404 5749 "-" "-"
52.253.111.48 - - [16/Jul/2026:04:44:26 +0000] "GET /file11.php HTTP/1.1" 404 5749 "-" "-"
209.42.17.20 - - [16/Jul/2026:04:44:56 +0000] "POST /wp-cron.php?doing_wp_cron=1784177096.1331250667572021484375 HTTP/1.1" 200 0 "-" "WordPress/7.0.1; https://ebifo.org"
51.195.183.243 - - [16/Jul/2026:04:44:54 +0000] "GET /products/22032282021477 HTTP/2" 404 39252 "-" "Mozilla/5.0 (compatible; AhrefsBot/7.0; +http://ahrefs.com/robot/)"
198.244.168.190 - - [16/Jul/2026:04:45:59 +0000] "GET /products/20804225093021 HTTP/2" 404 39265 "-" "Mozilla/5.0 (compatible; AhrefsBot/7.0; +http://ahrefs.com/robot/)"
198.244.183.207 - - [16/Jul/2026:04:47:05 +0000] "GET /products/8709938683922 HTTP/2" 404 39231 "-" "Mozilla/5.0 (compatible; AhrefsBot/7.0; +http://ahrefs.com/robot/)"
209.42.17.20 - - [16/Jul/2026:04:48:12 +0000] "POST /wp-cron.php?doing_wp_cron=1784177292.7505218982696533203125 HTTP/1.1" 200 0 "-" "WordPress/7.0.1; https://ebifo.org"
51.195.183.235 - - [16/Jul/2026:04:48:10 +0000] "GET /products/8632051640922 HTTP/2" 404 39231 "-" "Mozilla/5.0 (compatible; AhrefsBot/7.0; +http://ahrefs.com/robot/)"
198.244.240.136 - - [16/Jul/2026:04:49:15 +0000] "GET /products/16751265376654 HTTP/2" 404 39251 "-" "Mozilla/5.0 (compatible; AhrefsBot/7.0; +http://ahrefs.com/robot/)"
209.42.17.20 - - [16/Jul/2026:04:49:17 +0000] "POST /wp-cron.php?doing_wp_cron=1784177357.8473949432373046875000 HTTP/1.1" 200 0 "-" "WordPress/7.0.1; https://ebifo.org"
198.244.240.82 - - [16/Jul/2026:04:50:20 +0000] "GET /products/14850841979433 HTTP/2" 404 39253 "-" "Mozilla/5.0 (compatible; AhrefsBot/7.0; +http://ahrefs.com/robot/)"
209.42.17.20 - - [16/Jul/2026:04:50:30 +0000] "POST /wp-cron.php?doing_wp_cron=1784177430.0187129974365234375000 HTTP/1.1" 200 0 "-" "WordPress/7.0.1; https://ebifo.org"
140.248.75.116 - - [16/Jul/2026:04:50:36 +0000] "GET /.git/config HTTP/1.1" 401 36 "-" "Mozilla/5.0 (Windows NT 10.0; Win64; x64; rv:126.0) Gecko/20100101 Firefox/126.0"
140.248.75.116 - - [16/Jul/2026:04:50:36 +0000] "GET /.git/HEAD HTTP/1.1" 401 36 "-" "Mozilla/5.0 (Windows NT 10.0; Win64; x64; rv:126.0) Gecko/20100101 Firefox/126.0"
198.244.226.84 - - [16/Jul/2026:04:51:26 +0000] "GET /products/7914650574880 HTTP/2" 404 39233 "-" "Mozilla/5.0 (compatible; AhrefsBot/7.0; +http://ahrefs.com/robot/)"
209.42.17.20 - - [16/Jul/2026:04:51:34 +0000] "POST /wp-cron.php?doing_wp_cron=1784177494.3208930492401123046875 HTTP/1.1" 200 0 "-" "WordPress/7.0.1; https://ebifo.org"
51.195.183.202 - - [16/Jul/2026:04:52:31 +0000] "GET /products/13439305046170 HTTP/2" 404 39251 "-" "Mozilla/5.0 (compatible; AhrefsBot/7.0; +http://ahrefs.com/robot/)"
209.42.17.20 - - [16/Jul/2026:04:52:41 +0000] "POST /wp-cron.php?doing_wp_cron=1784177561.7327950000762939453125 HTTP/1.1" 200 0 "-" "WordPress/7.0.1; https://ebifo.org"
140.248.75.32 - - [16/Jul/2026:04:54:33 +0000] "GET /.git/config HTTP/1.1" 401 36 "-" "Mozilla/5.0 (X11; Linux x86_64) AppleWebKit/537.36 (KHTML, like Gecko) Chrome/125.0.0.0 Safari/537.36"
140.248.75.32 - - [16/Jul/2026:04:54:33 +0000] "GET /.git/HEAD HTTP/1.1" 401 36 "-" "Mozilla/5.0 (X11; Linux x86_64) AppleWebKit/537.36 (KHTML, like Gecko) Chrome/125.0.0.0 Safari/537.36"
209.42.17.20 - - [16/Jul/2026:04:54:34 +0000] "POST /wp-cron.php?doing_wp_cron=1784177674.5362300872802734375000 HTTP/1.1" 200 0 "-" "WordPress/7.0.1; https://ebifo.org"
52.167.144.179 - - [16/Jul/2026:04:54:27 +0000] "GET /items/C121844242/ HTTP/2" 301 0 "-" "Mozilla/5.0 AppleWebKit/537.36 (KHTML, like Gecko; compatible; bingbot/2.0; +http://www.bing.com/bingbot.htm) Chrome/116.0.1938.76 Safari/537.36"
43.173.175.152 - - [16/Jul/2026:04:57:51 +0000] "GET /give_posts/support-to-less-privilege-scholarship/ HTTP/1.1" 200 50678 "-" "Mozilla/5.0 (Windows NT 10.0; Win64; x64) AppleWebKit/537.36 (KHTML, like Gecko) Chrome/105.0.0.0 Safari/537.3"
209.42.17.20 - - [16/Jul/2026:04:58:01 +0000] "POST /wp-cron.php?doing_wp_cron=1784177881.3134529590606689453125 HTTP/1.1" 200 0 "-" "WordPress/7.0.1; https://ebifo.org"
43.173.175.92 - - [16/Jul/2026:04:58:01 +0000] "GET /give_posts/support-to-less-privilege-scholarship/ HTTP/1.1" 200 50749 "-" "Mozilla/5.0 (Windows NT 10.0; Win64; x64) AppleWebKit/537.36 (KHTML, like Gecko) Chrome/105.0.0.0 Safari/537.3"
51.89.129.105 - - [16/Jul/2026:05:01:26 +0000] "GET /items/J974634236/ HTTP/2" 404 39197 "-" "Mozilla/5.0 (compatible; AhrefsBot/7.0; +http://ahrefs.com/robot/)"
209.42.17.20 - - [16/Jul/2026:05:01:36 +0000] "POST /wp-cron.php?doing_wp_cron=1784178096.8284089565277099609375 HTTP/1.1" 200 0 "-" "WordPress/7.0.1; https://ebifo.org"
51.195.215.178 - - [16/Jul/2026:05:02:43 +0000] "GET /items/J972745134/ HTTP/2" 404 39190 "-" "Mozilla/5.0 (compatible; AhrefsBot/7.0; +http://ahrefs.com/robot/)"
52.167.144.140 - - [16/Jul/2026:05:03:29 +0000] "GET /items/K001673222/ HTTP/2" 301 0 "-" "Mozilla/5.0 AppleWebKit/537.36 (KHTML, like Gecko; compatible; bingbot/2.0; +http://www.bing.com/bingbot.htm) Chrome/116.0.1938.76 Safari/537.36"
51.195.183.18 - - [16/Jul/2026:05:04:10 +0000] "GET /products/6707853008336 HTTP/2" 404 19992 "-" "Mozilla/5.0 (compatible; AhrefsBot/7.0; +http://ahrefs.com/robot/)"
209.42.17.20 - - [16/Jul/2026:05:04:19 +0000] "POST /wp-cron.php?doing_wp_cron=1784178259.6352629661560058593750 HTTP/1.1" 200 0 "-" "WordPress/7.0.1; https://ebifo.org"
198.244.183.68 - - [16/Jul/2026:05:05:49 +0000] "GET /items/J972173297/ HTTP/2" 404 39196 "-" "Mozilla/5.0 (compatible; AhrefsBot/7.0; +http://ahrefs.com/robot/)"
209.42.17.20 - - [16/Jul/2026:05:05:59 +0000] "POST /wp-cron.php?doing_wp_cron=1784178359.6217160224914550781250 HTTP/1.1" 200 0 "-" "WordPress/7.0.1; https://ebifo.org"
51.195.183.165 - - [16/Jul/2026:05:07:01 +0000] "GET /products/4688231477940 HTTP/2" 404 39232 "-" "Mozilla/5.0 (compatible; AhrefsBot/7.0; +http://ahrefs.com/robot/)"
209.42.17.20 - - [16/Jul/2026:05:07:11 +0000] "POST /wp-cron.php?doing_wp_cron=1784178431.3213961124420166015625 HTTP/1.1" 200 0 "-" "WordPress/7.0.1; https://ebifo.org"
198.244.242.228 - - [16/Jul/2026:05:08:16 +0000] "GET /products/39382709799930 HTTP/2" 404 39253 "-" "Mozilla/5.0 (compatible; AhrefsBot/7.0; +http://ahrefs.com/robot/)"
209.42.17.20 - - [16/Jul/2026:05:08:18 +0000] "POST /wp-cron.php?doing_wp_cron=1784178498.8695380687713623046875 HTTP/1.1" 200 0 "-" "WordPress/7.0.1; https://ebifo.org"
209.42.17.20 - - [16/Jul/2026:05:09:25 +0000] "POST /wp-cron.php?doing_wp_cron=1784178565.9033689498901367187500 HTTP/1.1" 200 0 "-" "WordPress/7.0.1; https://ebifo.org"
198.244.226.214 - - [16/Jul/2026:05:09:23 +0000] "GET /items/J971936191/ HTTP/2" 404 39192 "-" "Mozilla/5.0 (compatible; AhrefsBot/7.0; +http://ahrefs.com/robot/)"
5.9.50.77 - - [16/Jul/2026:05:09:31 +0000] "GET / HTTP/1.1" 200 68257 "-" "Mozilla/5.0 (Macintosh; Intel Mac OS X 10_15_7) AppleWebKit/537.36 (KHTML, like Gecko) Chrome/120.0.0.0 Safari/537.36"
209.42.17.20 - - [16/Jul/2026:05:10:33 +0000] "POST /wp-cron.php?doing_wp_cron=1784178633.8410079479217529296875 HTTP/1.1" 200 0 "-" "WordPress/7.0.1; https://ebifo.org"
51.195.244.235 - - [16/Jul/2026:05:10:31 +0000] "GET /items/J974654847/ HTTP/2" 404 39192 "-" "Mozilla/5.0 (compatible; AhrefsBot/7.0; +http://ahrefs.com/robot/)"
51.195.215.173 - - [16/Jul/2026:05:11:35 +0000] "GET /items/J971829046/ HTTP/2" 404 39197 "-" "Mozilla/5.0 (compatible; AhrefsBot/7.0; +http://ahrefs.com/robot/)"
209.42.17.20 - - [16/Jul/2026:05:11:36 +0000] "POST /wp-cron.php?doing_wp_cron=1784178696.8992989063262939453125 HTTP/1.1" 200 0 "-" "WordPress/7.0.1; https://ebifo.org"
209.42.17.20 - - [16/Jul/2026:05:12:44 +0000] "POST /wp-cron.php?doing_wp_cron=1784178764.2126779556274414062500 HTTP/1.1" 200 0 "-" "WordPress/7.0.1; https://ebifo.org"
198.244.183.103 - - [16/Jul/2026:05:12:42 +0000] "GET /items/J974472185/ HTTP/2" 404 39193 "-" "Mozilla/5.0 (compatible; AhrefsBot/7.0; +http://ahrefs.com/robot/)"
198.244.168.252 - - [16/Jul/2026:05:13:51 +0000] "GET /items/J971672882/ HTTP/2" 404 39192 "-" "Mozilla/5.0 (compatible; AhrefsBot/7.0; +http://ahrefs.com/robot/)"
209.42.17.20 - - [16/Jul/2026:05:13:53 +0000] "POST /wp-cron.php?doing_wp_cron=1784178833.0229940414428710937500 HTTP/1.1" 200 0 "-" "WordPress/7.0.1; https://ebifo.org"
51.195.215.228 - - [16/Jul/2026:05:14:56 +0000] "GET /items/J972900279/ HTTP/2" 404 39191 "-" "Mozilla/5.0 (compatible; AhrefsBot/7.0; +http://ahrefs.com/robot/)"
209.42.17.20 - - [16/Jul/2026:05:14:58 +0000] "POST /wp-cron.php?doing_wp_cron=1784178898.2624208927154541015625 HTTP/1.1" 200 0 "-" "WordPress/7.0.1; https://ebifo.org"
51.89.129.253 - - [16/Jul/2026:05:15:57 +0000] "GET /items/J971528124/ HTTP/2" 404 39196 "-" "Mozilla/5.0 (compatible; AhrefsBot/7.0; +http://ahrefs.com/robot/)"
51.195.183.65 - - [16/Jul/2026:05:17:02 +0000] "GET /items/J972299383/ HTTP/2" 404 39192 "-" "Mozilla/5.0 (compatible; AhrefsBot/7.0; +http://ahrefs.com/robot/)"
198.244.226.79 - - [16/Jul/2026:05:18:08 +0000] "GET /items/J972171914/ HTTP/2" 404 39190 "-" "Mozilla/5.0 (compatible; AhrefsBot/7.0; +http://ahrefs.com/robot/)"
198.244.240.128 - - [16/Jul/2026:05:19:25 +0000] "GET /products/32836637167583 HTTP/2" 404 39252 "-" "Mozilla/5.0 (compatible; AhrefsBot/7.0; +http://ahrefs.com/robot/)"
209.42.17.20 - - [16/Jul/2026:05:20:35 +0000] "POST /wp-cron.php?doing_wp_cron=1784179235.4914569854736328125000 HTTP/1.1" 200 0 "-" "WordPress/7.0.1; https://ebifo.org"
198.244.242.182 - - [16/Jul/2026:05:20:32 +0000] "GET /items/J971895600/ HTTP/2" 404 39192 "-" "Mozilla/5.0 (compatible; AhrefsBot/7.0; +http://ahrefs.com/robot/)"
40.77.167.67 - - [16/Jul/2026:05:20:56 +0000] "GET /items/C743638969/ HTTP/2" 301 0 "-" "Mozilla/5.0 AppleWebKit/537.36 (KHTML, like Gecko; compatible; bingbot/2.0; +http://www.bing.com/bingbot.htm) Chrome/116.0.1938.76 Safari/537.36"
54.38.147.97 - - [16/Jul/2026:05:21:45 +0000] "GET /products/32544010919359 HTTP/2" 404 39251 "-" "Mozilla/5.0 (compatible; AhrefsBot/7.0; +http://ahrefs.com/robot/)"
209.42.17.20 - - [16/Jul/2026:05:22:59 +0000] "POST /wp-cron.php?doing_wp_cron=1784179379.0860729217529296875000 HTTP/1.1" 200 0 "-" "WordPress/7.0.1; https://ebifo.org"
198.244.168.82 - - [16/Jul/2026:05:22:57 +0000] "GET /items/J971279182/ HTTP/2" 404 39196 "-" "Mozilla/5.0 (compatible; AhrefsBot/7.0; +http://ahrefs.com/robot/)"
142.111.152.112 - - [16/Jul/2026:05:23:52 +0000] "POST /wp-login.php HTTP/1.1" 200 2574 "-" "Mozilla/5.0 (Windows NT 10.0; Win64; rv:143.0) Gecko/20100101 Firefox/143.0"
51.195.244.46 - - [16/Jul/2026:05:24:10 +0000] "GET /products/29957374882479 HTTP/2" 404 39252 "-" "Mozilla/5.0 (compatible; AhrefsBot/7.0; +http://ahrefs.com/robot/)"
209.42.17.20 - - [16/Jul/2026:05:24:12 +0000] "POST /wp-cron.php?doing_wp_cron=1784179452.3866300582885742187500 HTTP/1.1" 200 0 "-" "WordPress/7.0.1; https://ebifo.org"
140.248.75.70 - - [16/Jul/2026:05:24:28 +0000] "GET /.git/config HTTP/1.1" 401 36 "-" "Mozilla/5.0 (Windows NT 10.0; Win64; x64) AppleWebKit/537.36 (KHTML, like Gecko) Chrome/125.0.0.0 Safari/537.36"
140.248.75.70 - - [16/Jul/2026:05:24:28 +0000] "GET /.git/HEAD HTTP/1.1" 401 36 "-" "Mozilla/5.0 (Windows NT 10.0; Win64; x64) AppleWebKit/537.36 (KHTML, like Gecko) Chrome/125.0.0.0 Safari/537.36"
