17.246.23.89 - - [15/Jul/2026:16:59:31 +0000] "GET /wp-includes/js/dist/theme.min.js?ver=e22ce547a4420507b323 HTTP/2" 200 21174 "https://ebifo.org/cause/free-agri-business-seminar/" "Mozilla/5.0 (Macintosh; Intel Mac OS X 10_15_7) AppleWebKit/605.1.15 (KHTML, like Gecko) Version/17.4 Safari/605.1.15 (Applebot/0.1; +http://www.apple.com/go/applebot)"
17.246.23.89 - - [15/Jul/2026:16:59:32 +0000] "GET /wp-includes/js/dist/core-data.min.js?ver=89931f90e4df5eb5f8a3 HTTP/2" 200 65316 "https://ebifo.org/cause/free-agri-business-seminar/" "Mozilla/5.0 (Macintosh; Intel Mac OS X 10_15_7) AppleWebKit/605.1.15 (KHTML, like Gecko) Version/17.4 Safari/605.1.15 (Applebot/0.1; +http://www.apple.com/go/applebot)"
17.246.23.89 - - [15/Jul/2026:16:59:34 +0000] "GET /wp-content/plugins/give/build/entitiesPublic.js?ver=b759f2adda1f29c50713 HTTP/2" 200 321 "https://ebifo.org/cause/free-agri-business-seminar/" "Mozilla/5.0 (Macintosh; Intel Mac OS X 10_15_7) AppleWebKit/605.1.15 (KHTML, like Gecko) Version/17.4 Safari/605.1.15 (Applebot/0.1; +http://www.apple.com/go/applebot)"
17.246.23.89 - - [15/Jul/2026:16:59:35 +0000] "GET /wp-content/themes/alone/js/priority-menu.js?ver=7.8.8 HTTP/2" 200 433 "https://ebifo.org/cause/free-agri-business-seminar/" "Mozilla/5.0 (Macintosh; Intel Mac OS X 10_15_7) AppleWebKit/605.1.15 (KHTML, like Gecko) Version/17.4 Safari/605.1.15 (Applebot/0.1; +http://www.apple.com/go/applebot)"
17.246.23.89 - - [15/Jul/2026:16:59:36 +0000] "GET /wp-content/themes/alone/js/main.js?ver=7.8.8 HTTP/2" 200 1071 "https://ebifo.org/cause/free-agri-business-seminar/" "Mozilla/5.0 (Macintosh; Intel Mac OS X 10_15_7) AppleWebKit/605.1.15 (KHTML, like Gecko) Version/17.4 Safari/605.1.15 (Applebot/0.1; +http://www.apple.com/go/applebot)"
17.246.23.89 - - [15/Jul/2026:16:59:38 +0000] "GET /wp-content/themes/alone/js/woocommerce.js?ver=20200828 HTTP/2" 200 851 "https://ebifo.org/cause/free-agri-business-seminar/" "Mozilla/5.0 (Macintosh; Intel Mac OS X 10_15_7) AppleWebKit/605.1.15 (KHTML, like Gecko) Version/17.4 Safari/605.1.15 (Applebot/0.1; +http://www.apple.com/go/applebot)"
17.246.23.89 - - [15/Jul/2026:16:59:39 +0000] "GET /wp-content/themes/alone/js/waypoints.min.js?ver=7.0.1 HTTP/2" 200 2867 "https://ebifo.org/cause/free-agri-business-seminar/" "Mozilla/5.0 (Macintosh; Intel Mac OS X 10_15_7) AppleWebKit/605.1.15 (KHTML, like Gecko) Version/17.4 Safari/605.1.15 (Applebot/0.1; +http://www.apple.com/go/applebot)"
17.246.23.89 - - [15/Jul/2026:16:59:40 +0000] "GET /wp-content/themes/alone/js/progressbar.min.js?ver=7.0.1 HTTP/2" 200 8389 "https://ebifo.org/cause/free-agri-business-seminar/" "Mozilla/5.0 (Macintosh; Intel Mac OS X 10_15_7) AppleWebKit/605.1.15 (KHTML, like Gecko) Version/17.4 Safari/605.1.15 (Applebot/0.1; +http://www.apple.com/go/applebot)"
17.246.23.89 - - [15/Jul/2026:16:59:42 +0000] "GET /wp-content/themes/alone/js/give.js?ver=20200828 HTTP/2" 200 711 "https://ebifo.org/cause/free-agri-business-seminar/" "Mozilla/5.0 (Macintosh; Intel Mac OS X 10_15_7) AppleWebKit/605.1.15 (KHTML, like Gecko) Version/17.4 Safari/605.1.15 (Applebot/0.1; +http://www.apple.com/go/applebot)"
17.246.23.89 - - [15/Jul/2026:16:59:43 +0000] "GET /wp-content/plugins/elementor/assets/js/webpack.runtime.min.js?ver=4.1.4 HTTP/2" 200 2338 "https://ebifo.org/cause/free-agri-business-seminar/" "Mozilla/5.0 (Macintosh; Intel Mac OS X 10_15_7) AppleWebKit/605.1.15 (KHTML, like Gecko) Version/17.4 Safari/605.1.15 (Applebot/0.1; +http://www.apple.com/go/applebot)"
17.246.23.89 - - [15/Jul/2026:16:59:45 +0000] "GET /wp-content/plugins/elementor/assets/js/frontend-modules.min.js?ver=4.1.4 HTTP/2" 200 15445 "https://ebifo.org/cause/free-agri-business-seminar/" "Mozilla/5.0 (Macintosh; Intel Mac OS X 10_15_7) AppleWebKit/605.1.15 (KHTML, like Gecko) Version/17.4 Safari/605.1.15 (Applebot/0.1; +http://www.apple.com/go/applebot)"
17.246.23.89 - - [15/Jul/2026:16:59:46 +0000] "GET /wp-includes/js/jquery/ui/core.min.js?ver=1.13.3 HTTP/2" 200 6812 "https://ebifo.org/cause/free-agri-business-seminar/" "Mozilla/5.0 (Macintosh; Intel Mac OS X 10_15_7) AppleWebKit/605.1.15 (KHTML, like Gecko) Version/17.4 Safari/605.1.15 (Applebot/0.1; +http://www.apple.com/go/applebot)"
17.246.23.89 - - [15/Jul/2026:16:59:47 +0000] "GET /wp-content/plugins/elementor/assets/js/frontend.min.js?ver=4.1.4 HTTP/2" 200 10124 "https://ebifo.org/cause/free-agri-business-seminar/" "Mozilla/5.0 (Macintosh; Intel Mac OS X 10_15_7) AppleWebKit/605.1.15 (KHTML, like Gecko) Version/17.4 Safari/605.1.15 (Applebot/0.1; +http://www.apple.com/go/applebot)"
17.246.23.89 - - [15/Jul/2026:16:59:49 +0000] "GET /wp-content/plugins/bearsthemes-addons/assets/js/jquery.magnific-popup.min.js?ver=7.0.1 HTTP/2" 200 7043 "https://ebifo.org/cause/free-agri-business-seminar/" "Mozilla/5.0 (Macintosh; Intel Mac OS X 10_15_7) AppleWebKit/605.1.15 (KHTML, like Gecko) Version/17.4 Safari/605.1.15 (Applebot/0.1; +http://www.apple.com/go/applebot)"
17.246.23.89 - - [15/Jul/2026:16:59:50 +0000] "GET /wp-content/plugins/bearsthemes-addons/assets/js/frontend.js?ver=7.0.1 HTTP/2" 200 3481 "https://ebifo.org/cause/free-agri-business-seminar/" "Mozilla/5.0 (Macintosh; Intel Mac OS X 10_15_7) AppleWebKit/605.1.15 (KHTML, like Gecko) Version/17.4 Safari/605.1.15 (Applebot/0.1; +http://www.apple.com/go/applebot)"
17.246.23.89 - - [15/Jul/2026:16:59:51 +0000] "GET /wp-content/plugins/elementor-pro/assets/lib/smartmenus/jquery.smartmenus.min.js?ver=1.2.1 HTTP/2" 200 6867 "https://ebifo.org/cause/free-agri-business-seminar/" "Mozilla/5.0 (Macintosh; Intel Mac OS X 10_15_7) AppleWebKit/605.1.15 (KHTML, like Gecko) Version/17.4 Safari/605.1.15 (Applebot/0.1; +http://www.apple.com/go/applebot)"
17.246.23.89 - - [15/Jul/2026:16:59:53 +0000] "GET /wp-content/plugins/elementor-pro/assets/lib/sticky/jquery.sticky.min.js?ver=4.1.1 HTTP/2" 200 1442 "https://ebifo.org/cause/free-agri-business-seminar/" "Mozilla/5.0 (Macintosh; Intel Mac OS X 10_15_7) AppleWebKit/605.1.15 (KHTML, like Gecko) Version/17.4 Safari/605.1.15 (Applebot/0.1; +http://www.apple.com/go/applebot)"
17.246.23.89 - - [15/Jul/2026:16:59:54 +0000] "GET /wp-content/plugins/woocommerce/assets/js/sourcebuster/sourcebuster.min.js?ver=10.9.1 HTTP/2" 200 4609 "https://ebifo.org/cause/free-agri-business-seminar/" "Mozilla/5.0 (Macintosh; Intel Mac OS X 10_15_7) AppleWebKit/605.1.15 (KHTML, like Gecko) Version/17.4 Safari/605.1.15 (Applebot/0.1; +http://www.apple.com/go/applebot)"
17.246.23.89 - - [15/Jul/2026:16:59:55 +0000] "GET /wp-content/plugins/woocommerce/assets/js/frontend/order-attribution.min.js?ver=10.9.1 HTTP/2" 200 1020 "https://ebifo.org/cause/free-agri-business-seminar/" "Mozilla/5.0 (Macintosh; Intel Mac OS X 10_15_7) AppleWebKit/605.1.15 (KHTML, like Gecko) Version/17.4 Safari/605.1.15 (Applebot/0.1; +http://www.apple.com/go/applebot)"
17.246.23.89 - - [15/Jul/2026:16:59:57 +0000] "GET /wp-content/plugins/ubermenu/assets/js/ubermenu.min.js?ver=3.8.5 HTTP/2" 200 9738 "https://ebifo.org/cause/free-agri-business-seminar/" "Mozilla/5.0 (Macintosh; Intel Mac OS X 10_15_7) AppleWebKit/605.1.15 (KHTML, like Gecko) Version/17.4 Safari/605.1.15 (Applebot/0.1; +http://www.apple.com/go/applebot)"
17.246.23.89 - - [15/Jul/2026:16:59:58 +0000] "GET /wp-content/plugins/essential-addons-for-elementor-lite/assets/front-end/js/view/general.min.js?ver=6.6.9 HTTP/2" 200 3898 "https://ebifo.org/cause/free-agri-business-seminar/" "Mozilla/5.0 (Macintosh; Intel Mac OS X 10_15_7) AppleWebKit/605.1.15 (KHTML, like Gecko) Version/17.4 Safari/605.1.15 (Applebot/0.1; +http://www.apple.com/go/applebot)"
17.246.23.89 - - [15/Jul/2026:16:59:59 +0000] "GET /wp-content/plugins/bearsthemes-addons/assets/js/swiper.min.js?ver=7.0.1 HTTP/2" 200 34004 "https://ebifo.org/cause/free-agri-business-seminar/" "Mozilla/5.0 (Macintosh; Intel Mac OS X 10_15_7) AppleWebKit/605.1.15 (KHTML, like Gecko) Version/17.4 Safari/605.1.15 (Applebot/0.1; +http://www.apple.com/go/applebot)"
17.246.23.89 - - [15/Jul/2026:17:00:01 +0000] "GET /wp-content/plugins/elementor-pro/assets/js/webpack-pro.runtime.min.js?ver=4.1.1 HTTP/2" 200 2606 "https://ebifo.org/cause/free-agri-business-seminar/" "Mozilla/5.0 (Macintosh; Intel Mac OS X 10_15_7) AppleWebKit/605.1.15 (KHTML, like Gecko) Version/17.4 Safari/605.1.15 (Applebot/0.1; +http://www.apple.com/go/applebot)"
17.246.23.89 - - [15/Jul/2026:17:00:02 +0000] "GET /wp-content/plugins/elementor-pro/assets/js/frontend.min.js?ver=4.1.1 HTTP/2" 200 6191 "https://ebifo.org/cause/free-agri-business-seminar/" "Mozilla/5.0 (Macintosh; Intel Mac OS X 10_15_7) AppleWebKit/605.1.15 (KHTML, like Gecko) Version/17.4 Safari/605.1.15 (Applebot/0.1; +http://www.apple.com/go/applebot)"
17.246.23.89 - - [15/Jul/2026:17:00:04 +0000] "GET /wp-content/plugins/elementor-pro/assets/js/elements-handlers.min.js?ver=4.1.1 HTTP/2" 200 10079 "https://ebifo.org/cause/free-agri-business-seminar/" "Mozilla/5.0 (Macintosh; Intel Mac OS X 10_15_7) AppleWebKit/605.1.15 (KHTML, like Gecko) Version/17.4 Safari/605.1.15 (Applebot/0.1; +http://www.apple.com/go/applebot)"
17.246.23.89 - - [15/Jul/2026:17:00:05 +0000] "GET /wp-content/plugins/woocommerce/assets/js/zoom/jquery.zoom.min.js?ver=1.7.21-wc.10.9.1 HTTP/2" 200 1052 "https://ebifo.org/cause/free-agri-business-seminar/" "Mozilla/5.0 (Macintosh; Intel Mac OS X 10_15_7) AppleWebKit/605.1.15 (KHTML, like Gecko) Version/17.4 Safari/605.1.15 (Applebot/0.1; +http://www.apple.com/go/applebot)"
17.246.23.89 - - [15/Jul/2026:17:00:06 +0000] "GET /wp-content/plugins/woocommerce/assets/js/flexslider/jquery.flexslider.min.js?ver=2.7.2-wc.10.9.1 HTTP/2" 200 6017 "https://ebifo.org/cause/free-agri-business-seminar/" "Mozilla/5.0 (Macintosh; Intel Mac OS X 10_15_7) AppleWebKit/605.1.15 (KHTML, like Gecko) Version/17.4 Safari/605.1.15 (Applebot/0.1; +http://www.apple.com/go/applebot)"
17.246.23.89 - - [15/Jul/2026:17:00:08 +0000] "GET /wp-content/plugins/woocommerce/assets/js/photoswipe/photoswipe.min.js?ver=4.1.1-wc.10.9.1 HTTP/2" 200 11652 "https://ebifo.org/cause/free-agri-business-seminar/" "Mozilla/5.0 (Macintosh; Intel Mac OS X 10_15_7) AppleWebKit/605.1.15 (KHTML, like Gecko) Version/17.4 Safari/605.1.15 (Applebot/0.1; +http://www.apple.com/go/applebot)"
17.246.23.89 - - [15/Jul/2026:17:00:09 +0000] "GET /wp-content/plugins/woocommerce/assets/js/photoswipe/photoswipe-ui-default.min.js?ver=4.1.1-wc.10.9.1 HTTP/2" 200 3478 "https://ebifo.org/cause/free-agri-business-seminar/" "Mozilla/5.0 (Macintosh; Intel Mac OS X 10_15_7) AppleWebKit/605.1.15 (KHTML, like Gecko) Version/17.4 Safari/605.1.15 (Applebot/0.1; +http://www.apple.com/go/applebot)"
17.246.23.89 - - [15/Jul/2026:17:00:10 +0000] "GET /wp-content/plugins/the-events-calendar/common/build/js/underscore-before.js HTTP/2" 200 192 "https://ebifo.org/cause/free-agri-business-seminar/" "Mozilla/5.0 (Macintosh; Intel Mac OS X 10_15_7) AppleWebKit/605.1.15 (KHTML, like Gecko) Version/17.4 Safari/605.1.15 (Applebot/0.1; +http://www.apple.com/go/applebot)"
17.246.23.89 - - [15/Jul/2026:17:00:12 +0000] "GET /wp-includes/js/underscore.min.js?ver=1.13.8 HTTP/2" 200 7228 "https://ebifo.org/cause/free-agri-business-seminar/" "Mozilla/5.0 (Macintosh; Intel Mac OS X 10_15_7) AppleWebKit/605.1.15 (KHTML, like Gecko) Version/17.4 Safari/605.1.15 (Applebot/0.1; +http://www.apple.com/go/applebot)"
17.246.23.89 - - [15/Jul/2026:17:00:13 +0000] "GET /wp-content/plugins/the-events-calendar/common/build/js/underscore-after.js HTTP/2" 200 112 "https://ebifo.org/cause/free-agri-business-seminar/" "Mozilla/5.0 (Macintosh; Intel Mac OS X 10_15_7) AppleWebKit/605.1.15 (KHTML, like Gecko) Version/17.4 Safari/605.1.15 (Applebot/0.1; +http://www.apple.com/go/applebot)"
17.246.23.89 - - [15/Jul/2026:17:00:14 +0000] "GET /wp-includes/js/wp-util.min.js?ver=7.0.1 HTTP/2" 200 693 "https://ebifo.org/cause/free-agri-business-seminar/" "Mozilla/5.0 (Macintosh; Intel Mac OS X 10_15_7) AppleWebKit/605.1.15 (KHTML, like Gecko) Version/17.4 Safari/605.1.15 (Applebot/0.1; +http://www.apple.com/go/applebot)"
17.246.23.89 - - [15/Jul/2026:17:00:16 +0000] "GET /wp-content/plugins/woocommerce/assets/js/frontend/add-to-cart-variation.min.js?ver=10.9.1 HTTP/2" 200 4131 "https://ebifo.org/cause/free-agri-business-seminar/" "Mozilla/5.0 (Macintosh; Intel Mac OS X 10_15_7) AppleWebKit/605.1.15 (KHTML, like Gecko) Version/17.4 Safari/605.1.15 (Applebot/0.1; +http://www.apple.com/go/applebot)"
17.246.23.89 - - [15/Jul/2026:17:00:17 +0000] "GET /wp-content/plugins/woocommerce/assets/js/frontend/single-product.min.js?ver=10.9.1 HTTP/2" 200 2700 "https://ebifo.org/cause/free-agri-business-seminar/" "Mozilla/5.0 (Macintosh; Intel Mac OS X 10_15_7) AppleWebKit/605.1.15 (KHTML, like Gecko) Version/17.4 Safari/605.1.15 (Applebot/0.1; +http://www.apple.com/go/applebot)"
17.246.23.89 - - [15/Jul/2026:17:00:18 +0000] "GET /wp-content/themes/alone/fonts/font.css HTTP/2" 200 216 "https://ebifo.org/cause/free-agri-business-seminar/" "Mozilla/5.0 (Macintosh; Intel Mac OS X 10_15_7) AppleWebKit/605.1.15 (KHTML, like Gecko) Version/17.4 Safari/605.1.15 (Applebot/0.1; +http://www.apple.com/go/applebot)"
17.246.23.89 - - [15/Jul/2026:17:00:20 +0000] "GET /wp-content/themes/alone/css/normalize.css HTTP/2" 200 1777 "https://ebifo.org/cause/free-agri-business-seminar/" "Mozilla/5.0 (Macintosh; Intel Mac OS X 10_15_7) AppleWebKit/605.1.15 (KHTML, like Gecko) Version/17.4 Safari/605.1.15 (Applebot/0.1; +http://www.apple.com/go/applebot)"
17.246.23.89 - - [15/Jul/2026:17:00:21 +0000] "GET /wp-content/themes/alone/css/alone-main.css HTTP/2" 200 12559 "https://ebifo.org/cause/free-agri-business-seminar/" "Mozilla/5.0 (Macintosh; Intel Mac OS X 10_15_7) AppleWebKit/605.1.15 (KHTML, like Gecko) Version/17.4 Safari/605.1.15 (Applebot/0.1; +http://www.apple.com/go/applebot)"
17.246.23.89 - - [15/Jul/2026:17:00:22 +0000] "GET /wp-content/plugins/woocommerce/assets/css/woocommerce-smallscreen.css?ver=10.9.1 HTTP/2" 200 1297 "https://ebifo.org/cause/free-agri-business-seminar/" "Mozilla/5.0 (Macintosh; Intel Mac OS X 10_15_7) AppleWebKit/605.1.15 (KHTML, like Gecko) Version/17.4 Safari/605.1.15 (Applebot/0.1; +http://www.apple.com/go/applebot)"
17.246.23.89 - - [15/Jul/2026:17:00:24 +0000] "GET /wp-content/themes/alone/print.css?ver=7.8.8 HTTP/2" 200 1453 "https://ebifo.org/cause/free-agri-business-seminar/" "Mozilla/5.0 (Macintosh; Intel Mac OS X 10_15_7) AppleWebKit/605.1.15 (KHTML, like Gecko) Version/17.4 Safari/605.1.15 (Applebot/0.1; +http://www.apple.com/go/applebot)"
17.246.23.89 - - [15/Jul/2026:17:00:25 +0000] "GET /wp-includes/js/wp-emoji-release.min.js?ver=7.0.1 HTTP/2" 200 4974 "https://ebifo.org/cause/free-agri-business-seminar/" "Mozilla/5.0 (Macintosh; Intel Mac OS X 10_15_7) AppleWebKit/605.1.15 (KHTML, like Gecko) Version/17.4 Safari/605.1.15 (Applebot/0.1; +http://www.apple.com/go/applebot)"
17.246.23.89 - - [15/Jul/2026:17:00:26 +0000] "GET /wp-content/plugins/elementor/assets/js/section-frontend-handlers.d85ab872da118940910d.bundle.min.js HTTP/2" 200 229 "https://ebifo.org/cause/free-agri-business-seminar/" "Mozilla/5.0 (Macintosh; Intel Mac OS X 10_15_7) AppleWebKit/605.1.15 (KHTML, like Gecko) Version/17.4 Safari/605.1.15 (Applebot/0.1; +http://www.apple.com/go/applebot)"
17.246.23.89 - - [15/Jul/2026:17:00:28 +0000] "GET /wp-content/plugins/elementor/assets/js/shared-frontend-handlers.03caa53373b56d3bab67.bundle.min.js HTTP/2" 200 2511 "https://ebifo.org/cause/free-agri-business-seminar/" "Mozilla/5.0 (Macintosh; Intel Mac OS X 10_15_7) AppleWebKit/605.1.15 (KHTML, like Gecko) Version/17.4 Safari/605.1.15 (Applebot/0.1; +http://www.apple.com/go/applebot)"
17.246.23.89 - - [15/Jul/2026:17:00:29 +0000] "GET /wp-content/plugins/elementor-pro/assets/js/nav-menu.3afa8f5eb1fef7c22561.bundle.min.js HTTP/2" 200 1720 "https://ebifo.org/cause/free-agri-business-seminar/" "Mozilla/5.0 (Macintosh; Intel Mac OS X 10_15_7) AppleWebKit/605.1.15 (KHTML, like Gecko) Version/17.4 Safari/605.1.15 (Applebot/0.1; +http://www.apple.com/go/applebot)"
209.42.17.20 - - [15/Jul/2026:17:01:39 +0000] "POST /wp-cron.php?doing_wp_cron=1784134899.9195590019226074218750 HTTP/1.1" 200 0 "-" "WordPress/7.0.1; https://ebifo.org"
51.75.236.133 - - [15/Jul/2026:17:01:37 +0000] "GET /products/8593155303392 HTTP/2" 404 39240 "-" "Mozilla/5.0 (compatible; AhrefsBot/7.0; +http://ahrefs.com/robot/)"
209.42.17.20 - - [15/Jul/2026:17:02:01 +0000] "POST /wp-cron.php?doing_wp_cron=1784134921.0020980834960937500000 HTTP/1.1" 200 0 "-" "WordPress/7.0.1; https://ebifo.org"
52.167.144.210 - - [15/Jul/2026:17:01:59 +0000] "GET /items/N361754961/ HTTP/2" 301 0 "-" "Mozilla/5.0 AppleWebKit/537.36 (KHTML, like Gecko; compatible; bingbot/2.0; +http://www.bing.com/bingbot.htm) Chrome/116.0.1938.76 Safari/537.36"
209.42.17.20 - - [15/Jul/2026:17:02:45 +0000] "POST /wp-cron.php?doing_wp_cron=1784134965.5079710483551025390625 HTTP/1.1" 200 0 "-" "WordPress/7.0.1; https://ebifo.org"
176.31.139.16 - - [15/Jul/2026:17:02:43 +0000] "GET /products/5261753564049 HTTP/2" 404 39247 "-" "Mozilla/5.0 (compatible; AhrefsBot/7.0; +http://ahrefs.com/robot/)"
209.42.17.20 - - [15/Jul/2026:17:03:12 +0000] "POST /wp-cron.php?doing_wp_cron=1784134992.6057150363922119140625 HTTP/1.1" 200 0 "-" "WordPress/7.0.1; https://ebifo.org"
40.77.167.132 - - [15/Jul/2026:17:03:11 +0000] "GET /items/O571486239/ HTTP/2" 301 0 "-" "Mozilla/5.0 AppleWebKit/537.36 (KHTML, like Gecko; compatible; bingbot/2.0; +http://www.bing.com/bingbot.htm) Chrome/116.0.1938.76 Safari/537.36"
51.68.247.216 - - [15/Jul/2026:17:03:48 +0000] "GET /products/4706077404461 HTTP/2" 404 39236 "-" "Mozilla/5.0 (compatible; AhrefsBot/7.0; +http://ahrefs.com/robot/)"
209.42.17.20 - - [15/Jul/2026:17:04:56 +0000] "POST /wp-cron.php?doing_wp_cron=1784135096.7503509521484375000000 HTTP/1.1" 200 0 "-" "WordPress/7.0.1; https://ebifo.org"
92.222.108.96 - - [15/Jul/2026:17:04:55 +0000] "GET /products/4042207536901 HTTP/2" 404 39238 "-" "Mozilla/5.0 (compatible; AhrefsBot/7.0; +http://ahrefs.com/robot/)"
176.31.139.29 - - [15/Jul/2026:17:05:59 +0000] "GET /products/1193175510034 HTTP/2" 404 39458 "-" "Mozilla/5.0 (compatible; AhrefsBot/7.0; +http://ahrefs.com/robot/)"
209.42.17.20 - - [15/Jul/2026:17:06:01 +0000] "POST /wp-cron.php?doing_wp_cron=1784135161.9387750625610351562500 HTTP/1.1" 200 0 "-" "WordPress/7.0.1; https://ebifo.org"
209.42.17.20 - - [15/Jul/2026:17:07:13 +0000] "POST /wp-cron.php?doing_wp_cron=1784135233.1241369247436523437500 HTTP/1.1" 200 0 "-" "WordPress/7.0.1; https://ebifo.org"
92.222.104.219 - - [15/Jul/2026:17:07:11 +0000] "GET /products/38528694338894 HTTP/2" 404 39256 "-" "Mozilla/5.0 (compatible; AhrefsBot/7.0; +http://ahrefs.com/robot/)"
209.42.17.20 - - [15/Jul/2026:17:08:20 +0000] "POST /wp-cron.php?doing_wp_cron=1784135300.4663441181182861328125 HTTP/1.1" 200 0 "-" "WordPress/7.0.1; https://ebifo.org"
51.68.247.199 - - [15/Jul/2026:17:08:18 +0000] "GET /products/10926811662335 HTTP/2" 404 39252 "-" "Mozilla/5.0 (compatible; AhrefsBot/7.0; +http://ahrefs.com/robot/)"
52.167.144.210 - - [15/Jul/2026:17:08:40 +0000] "GET /items/N251000719/ HTTP/2" 301 0 "-" "Mozilla/5.0 AppleWebKit/537.36 (KHTML, like Gecko; compatible; bingbot/2.0; +http://www.bing.com/bingbot.htm) Chrome/116.0.1938.76 Safari/537.36"
209.42.17.20 - - [15/Jul/2026:17:09:22 +0000] "POST /wp-cron.php?doing_wp_cron=1784135362.3184890747070312500000 HTTP/1.1" 200 0 "-" "WordPress/7.0.1; https://ebifo.org"
92.222.108.99 - - [15/Jul/2026:17:09:20 +0000] "GET /products/37809507345004 HTTP/2" 404 39255 "-" "Mozilla/5.0 (compatible; AhrefsBot/7.0; +http://ahrefs.com/robot/)"
209.42.17.20 - - [15/Jul/2026:17:10:25 +0000] "POST /wp-cron.php?doing_wp_cron=1784135425.3191440105438232421875 HTTP/1.1" 200 0 "-" "WordPress/7.0.1; https://ebifo.org"
92.222.108.111 - - [15/Jul/2026:17:10:23 +0000] "GET /products/3332710595503 HTTP/2" 404 39243 "-" "Mozilla/5.0 (compatible; AhrefsBot/7.0; +http://ahrefs.com/robot/)"
176.31.139.11 - - [15/Jul/2026:17:11:27 +0000] "GET /items/J974011521/ HTTP/2" 404 39190 "-" "Mozilla/5.0 (compatible; AhrefsBot/7.0; +http://ahrefs.com/robot/)"
209.42.17.20 - - [15/Jul/2026:17:11:30 +0000] "POST /wp-cron.php?doing_wp_cron=1784135490.0716850757598876953125 HTTP/1.1" 200 0 "-" "WordPress/7.0.1; https://ebifo.org"
209.42.17.20 - - [15/Jul/2026:17:12:33 +0000] "POST /wp-cron.php?doing_wp_cron=1784135553.4133229255676269531250 HTTP/1.1" 200 0 "-" "WordPress/7.0.1; https://ebifo.org"
37.59.204.147 - - [15/Jul/2026:17:12:31 +0000] "GET /products/32850470549428 HTTP/2" 404 39256 "-" "Mozilla/5.0 (compatible; AhrefsBot/7.0; +http://ahrefs.com/robot/)"
209.42.17.20 - - [15/Jul/2026:17:13:11 +0000] "POST /wp-cron.php?doing_wp_cron=1784135591.7348110675811767578125 HTTP/1.1" 200 0 "-" "WordPress/7.0.1; https://ebifo.org"
40.77.167.230 - - [15/Jul/2026:17:13:10 +0000] "GET /items/S333705858/ HTTP/2" 301 0 "-" "Mozilla/5.0 AppleWebKit/537.36 (KHTML, like Gecko; compatible; bingbot/2.0; +http://www.bing.com/bingbot.htm) Chrome/116.0.1938.76 Safari/537.36"
40.77.167.230 - - [15/Jul/2026:17:13:11 +0000] "GET /items/S332996200/ HTTP/2" 301 0 "-" "Mozilla/5.0 AppleWebKit/537.36 (KHTML, like Gecko; compatible; bingbot/2.0; +http://www.bing.com/bingbot.htm) Chrome/116.0.1938.76 Safari/537.36"
51.75.236.156 - - [15/Jul/2026:17:13:34 +0000] "GET /products/29838252346857 HTTP/2" 404 39256 "-" "Mozilla/5.0 (compatible; AhrefsBot/7.0; +http://ahrefs.com/robot/)"
209.42.17.20 - - [15/Jul/2026:17:14:32 +0000] "POST /wp-cron.php?doing_wp_cron=1784135672.5339379310607910156250 HTTP/1.1" 200 0 "-" "WordPress/7.0.1; https://ebifo.org"
40.77.167.230 - - [15/Jul/2026:17:14:30 +0000] "GET /items/W532695922/ HTTP/2" 301 0 "-" "Mozilla/5.0 AppleWebKit/537.36 (KHTML, like Gecko; compatible; bingbot/2.0; +http://www.bing.com/bingbot.htm) Chrome/116.0.1938.76 Safari/537.36"
92.222.104.209 - - [15/Jul/2026:17:14:41 +0000] "GET /items/J973536498/ HTTP/2" 404 39193 "-" "Mozilla/5.0 (compatible; AhrefsBot/7.0; +http://ahrefs.com/robot/)"
209.42.17.20 - - [15/Jul/2026:17:15:00 +0000] "POST /wp-cron.php?doing_wp_cron=1784135700.8355829715728759765625 HTTP/1.1" 200 0 "-" "WordPress/7.0.1; https://ebifo.org"
43.160.225.169 - - [15/Jul/2026:17:14:57 +0000] "GET / HTTP/1.1" 200 83588 "http://www.ebifo.org" "Mozilla/5.0 (iPhone; CPU iPhone OS 13_2_3 like Mac OS X) AppleWebKit/605.1.15 (KHTML, like Gecko) Version/13.0.3 Mobile/15E148 Safari/604.1"
54.37.118.77 - - [15/Jul/2026:17:15:43 +0000] "GET /products/25597162705083 HTTP/2" 404 39256 "-" "Mozilla/5.0 (compatible; AhrefsBot/7.0; +http://ahrefs.com/robot/)"
209.42.17.20 - - [15/Jul/2026:17:16:50 +0000] "POST /wp-cron.php?doing_wp_cron=1784135810.2535710334777832031250 HTTP/1.1" 200 0 "-" "WordPress/7.0.1; https://ebifo.org"
51.68.247.204 - - [15/Jul/2026:17:16:47 +0000] "GET /products/18353240600847 HTTP/2" 404 39255 "-" "Mozilla/5.0 (compatible; AhrefsBot/7.0; +http://ahrefs.com/robot/)"
209.42.17.20 - - [15/Jul/2026:17:17:54 +0000] "POST /wp-cron.php?doing_wp_cron=1784135874.1362369060516357421875 HTTP/1.1" 200 0 "-" "WordPress/7.0.1; https://ebifo.org"
92.222.104.205 - - [15/Jul/2026:17:17:51 +0000] "GET /items/J973275489/ HTTP/2" 404 39192 "-" "Mozilla/5.0 (compatible; AhrefsBot/7.0; +http://ahrefs.com/robot/)"
54.37.118.84 - - [15/Jul/2026:17:18:56 +0000] "GET /products/18269984182596 HTTP/2" 404 39254 "-" "Mozilla/5.0 (compatible; AhrefsBot/7.0; +http://ahrefs.com/robot/)"
209.42.17.20 - - [15/Jul/2026:17:18:58 +0000] "POST /wp-cron.php?doing_wp_cron=1784135938.1705179214477539062500 HTTP/1.1" 200 0 "-" "WordPress/7.0.1; https://ebifo.org"
54.37.118.70 - - [15/Jul/2026:17:20:00 +0000] "GET /products/15427044730295 HTTP/2" 404 39331 "-" "Mozilla/5.0 (compatible; AhrefsBot/7.0; +http://ahrefs.com/robot/)"
37.59.204.128 - - [15/Jul/2026:17:21:04 +0000] "GET /items/J971166733/ HTTP/2" 404 39192 "-" "Mozilla/5.0 (compatible; AhrefsBot/7.0; +http://ahrefs.com/robot/)"
209.42.17.20 - - [15/Jul/2026:17:21:05 +0000] "POST /wp-cron.php?doing_wp_cron=1784136065.7303450107574462890625 HTTP/1.1" 200 0 "-" "WordPress/7.0.1; https://ebifo.org"
94.23.188.212 - - [15/Jul/2026:17:22:07 +0000] "GET /items/J973820807/ HTTP/2" 404 39191 "-" "Mozilla/5.0 (compatible; AhrefsBot/7.0; +http://ahrefs.com/robot/)"
94.23.188.220 - - [15/Jul/2026:17:23:11 +0000] "GET /items/J971017481/ HTTP/2" 404 39191 "-" "Mozilla/5.0 (compatible; AhrefsBot/7.0; +http://ahrefs.com/robot/)"
176.31.139.25 - - [15/Jul/2026:17:24:15 +0000] "GET /items/J973550824/ HTTP/2" 404 39192 "-" "Mozilla/5.0 (compatible; AhrefsBot/7.0; +http://ahrefs.com/robot/)"
209.42.17.20 - - [15/Jul/2026:17:24:18 +0000] "POST /wp-cron.php?doing_wp_cron=1784136258.2178950309753417968750 HTTP/1.1" 200 0 "-" "WordPress/7.0.1; https://ebifo.org"
92.222.108.113 - - [15/Jul/2026:17:25:19 +0000] "GET /products/35917878676325 HTTP/2" 404 39260 "-" "Mozilla/5.0 (compatible; AhrefsBot/7.0; +http://ahrefs.com/robot/)"
209.42.17.20 - - [15/Jul/2026:17:25:21 +0000] "POST /wp-cron.php?doing_wp_cron=1784136321.7799820899963378906250 HTTP/1.1" 200 0 "-" "WordPress/7.0.1; https://ebifo.org"
209.42.17.20 - - [15/Jul/2026:17:26:26 +0000] "POST /wp-cron.php?doing_wp_cron=1784136386.6284461021423339843750 HTTP/1.1" 200 0 "-" "WordPress/7.0.1; https://ebifo.org"
37.59.204.142 - - [15/Jul/2026:17:26:24 +0000] "GET /items/J972107661/ HTTP/2" 404 39196 "-" "Mozilla/5.0 (compatible; AhrefsBot/7.0; +http://ahrefs.com/robot/)"
209.42.17.20 - - [15/Jul/2026:17:31:55 +0000] "POST /wp-cron.php?doing_wp_cron=1784136715.6564359664916992187500 HTTP/1.1" 200 0 "-" "WordPress/7.0.1; https://ebifo.org"
51.68.247.207 - - [15/Jul/2026:17:31:53 +0000] "GET /products/34908428035384 HTTP/2" 404 39255 "-" "Mozilla/5.0 (compatible; AhrefsBot/7.0; +http://ahrefs.com/robot/)"
209.42.17.20 - - [15/Jul/2026:17:33:07 +0000] "POST /wp-cron.php?doing_wp_cron=1784136787.1283481121063232421875 HTTP/1.1" 200 0 "-" "WordPress/7.0.1; https://ebifo.org"
51.75.236.137 - - [15/Jul/2026:17:33:04 +0000] "GET /products/34643410761186 HTTP/2" 404 39252 "-" "Mozilla/5.0 (compatible; AhrefsBot/7.0; +http://ahrefs.com/robot/)"
209.42.17.20 - - [15/Jul/2026:17:34:13 +0000] "POST /wp-cron.php?doing_wp_cron=1784136853.9035971164703369140625 HTTP/1.1" 200 0 "-" "WordPress/7.0.1; https://ebifo.org"
5.39.1.247 - - [15/Jul/2026:17:34:12 +0000] "GET /products/26770762320842 HTTP/2" 404 39256 "-" "Mozilla/5.0 (compatible; AhrefsBot/7.0; +http://ahrefs.com/robot/)"
209.42.17.20 - - [15/Jul/2026:17:35:23 +0000] "POST /wp-cron.php?doing_wp_cron=1784136923.5170500278472900390625 HTTP/1.1" 200 0 "-" "WordPress/7.0.1; https://ebifo.org"
51.68.247.204 - - [15/Jul/2026:17:35:21 +0000] "GET /products/24446821756355 HTTP/2" 404 39256 "-" "Mozilla/5.0 (compatible; AhrefsBot/7.0; +http://ahrefs.com/robot/)"
63.135.161.160 - - [15/Jul/2026:17:35:33 +0000] "POST /wp-login.php HTTP/1.1" 200 2574 "-" "Mozilla/5.0 (Macintosh; Intel Mac OS X 10_15_7) AppleWebKit/605.1.15 Version/17.0 Safari/605.1.15"
209.42.17.20 - - [15/Jul/2026:17:36:29 +0000] "POST /wp-cron.php?doing_wp_cron=1784136989.3482139110565185546875 HTTP/1.1" 200 0 "-" "WordPress/7.0.1; https://ebifo.org"
37.59.204.139 - - [15/Jul/2026:17:36:26 +0000] "GET /products/22171398847214 HTTP/2" 404 39256 "-" "Mozilla/5.0 (compatible; AhrefsBot/7.0; +http://ahrefs.com/robot/)"
92.222.108.109 - - [15/Jul/2026:17:37:42 +0000] "GET /products/3715109188431 HTTP/2" 404 39247 "-" "Mozilla/5.0 (compatible; AhrefsBot/7.0; +http://ahrefs.com/robot/)"
209.42.17.20 - - [15/Jul/2026:17:37:46 +0000] "POST /wp-cron.php?doing_wp_cron=1784137066.0076270103454589843750 HTTP/1.1" 200 0 "-" "WordPress/7.0.1; https://ebifo.org"
37.59.204.154 - - [15/Jul/2026:17:38:55 +0000] "GET /products/37128311972003 HTTP/2" 404 39254 "-" "Mozilla/5.0 (compatible; AhrefsBot/7.0; +http://ahrefs.com/robot/)"
209.42.17.20 - - [15/Jul/2026:17:40:09 +0000] "POST /wp-cron.php?doing_wp_cron=1784137209.3888990879058837890625 HTTP/1.1" 200 0 "-" "WordPress/7.0.1; https://ebifo.org"
173.239.211.93 - - [15/Jul/2026:17:40:06 +0000] "POST /wp-login.php HTTP/1.1" 200 2574 "-" "Mozilla/5.0 (Macintosh; Intel Mac OS X 10_15_7) AppleWebKit/605.1.15 Version/17.0 Safari/605.1.15"
209.42.17.20 - - [15/Jul/2026:17:40:11 +0000] "POST /wp-cron.php?doing_wp_cron=1784137211.0948550701141357421875 HTTP/1.1" 200 0 "-" "WordPress/7.0.1; https://ebifo.org"
5.39.1.246 - - [15/Jul/2026:17:40:05 +0000] "GET /products/21503229592607 HTTP/2" 404 39256 "-" "Mozilla/5.0 (compatible; AhrefsBot/7.0; +http://ahrefs.com/robot/)"
52.167.144.25 - - [15/Jul/2026:17:40:55 +0000] "GET /items/T804694450/ HTTP/2" 301 0 "-" "Mozilla/5.0 AppleWebKit/537.36 (KHTML, like Gecko; compatible; bingbot/2.0; +http://www.bing.com/bingbot.htm) Chrome/116.0.1938.76 Safari/537.36"
209.42.17.20 - - [15/Jul/2026:17:41:02 +0000] "POST /wp-cron.php?doing_wp_cron=1784137262.9777820110321044921875 HTTP/1.1" 200 0 "-" "WordPress/7.0.1; https://ebifo.org"
52.167.144.143 - - [15/Jul/2026:17:41:00 +0000] "GET /items/P542956516/ HTTP/2" 301 0 "-" "Mozilla/5.0 AppleWebKit/537.36 (KHTML, like Gecko; compatible; bingbot/2.0; +http://www.bing.com/bingbot.htm) Chrome/116.0.1938.76 Safari/537.36"
92.222.104.211 - - [15/Jul/2026:17:41:13 +0000] "GET /products/34603582213606 HTTP/2" 404 39253 "-" "Mozilla/5.0 (compatible; AhrefsBot/7.0; +http://ahrefs.com/robot/)"
176.31.139.0 - - [15/Jul/2026:17:42:14 +0000] "GET /products/34264498358516 HTTP/2" 404 39496 "-" "Mozilla/5.0 (compatible; AhrefsBot/7.0; +http://ahrefs.com/robot/)"
209.42.17.20 - - [15/Jul/2026:17:42:20 +0000] "POST /wp-cron.php?doing_wp_cron=1784137340.0910410881042480468750 HTTP/1.1" 200 0 "-" "WordPress/7.0.1; https://ebifo.org"
209.42.17.20 - - [15/Jul/2026:17:43:23 +0000] "POST /wp-cron.php?doing_wp_cron=1784137403.7006709575653076171875 HTTP/1.1" 200 0 "-" "WordPress/7.0.1; https://ebifo.org"
37.59.204.146 - - [15/Jul/2026:17:43:20 +0000] "GET /products/21210874323897 HTTP/2" 404 39255 "-" "Mozilla/5.0 (compatible; AhrefsBot/7.0; +http://ahrefs.com/robot/)"
209.42.17.20 - - [15/Jul/2026:17:44:28 +0000] "POST /wp-cron.php?doing_wp_cron=1784137468.7076909542083740234375 HTTP/1.1" 200 0 "-" "WordPress/7.0.1; https://ebifo.org"
51.68.247.196 - - [15/Jul/2026:17:44:25 +0000] "GET /products/20528599152019 HTTP/2" 404 39256 "-" "Mozilla/5.0 (compatible; AhrefsBot/7.0; +http://ahrefs.com/robot/)"
63.135.161.177 - - [15/Jul/2026:17:44:49 +0000] "POST /wp-login.php HTTP/1.1" 200 2574 "-" "Mozilla/5.0 (Macintosh; Intel Mac OS X 10_15_7) AppleWebKit/605.1.15 Version/17.0 Safari/605.1.15"
51.75.236.129 - - [15/Jul/2026:17:45:30 +0000] "GET /products/16603272964666 HTTP/2" 404 39254 "-" "Mozilla/5.0 (compatible; AhrefsBot/7.0; +http://ahrefs.com/robot/)"
209.42.17.20 - - [15/Jul/2026:17:46:38 +0000] "POST /wp-cron.php?doing_wp_cron=1784137598.8760850429534912109375 HTTP/1.1" 200 0 "-" "WordPress/7.0.1; https://ebifo.org"
51.75.236.157 - - [15/Jul/2026:17:46:35 +0000] "GET /products/16471287563810 HTTP/2" 404 39255 "-" "Mozilla/5.0 (compatible; AhrefsBot/7.0; +http://ahrefs.com/robot/)"
92.222.104.193 - - [15/Jul/2026:17:47:40 +0000] "GET /products/16205562830140 HTTP/2" 404 39254 "-" "Mozilla/5.0 (compatible; AhrefsBot/7.0; +http://ahrefs.com/robot/)"
209.42.17.20 - - [15/Jul/2026:17:47:45 +0000] "POST /wp-cron.php?doing_wp_cron=1784137665.3788390159606933593750 HTTP/1.1" 200 0 "-" "WordPress/7.0.1; https://ebifo.org"
209.42.17.20 - - [15/Jul/2026:17:48:48 +0000] "POST /wp-cron.php?doing_wp_cron=1784137728.2889769077301025390625 HTTP/1.1" 200 0 "-" "WordPress/7.0.1; https://ebifo.org"
37.59.204.154 - - [15/Jul/2026:17:48:46 +0000] "GET /portfolio/nine/ HTTP/2" 404 39174 "-" "Mozilla/5.0 (compatible; AhrefsBot/7.0; +http://ahrefs.com/robot/)"
209.42.17.20 - - [15/Jul/2026:17:49:22 +0000] "POST /wp-cron.php?doing_wp_cron=1784137762.7285029888153076171875 HTTP/1.1" 200 0 "-" "WordPress/7.0.1; https://ebifo.org"
63.135.161.185 - - [15/Jul/2026:17:49:20 +0000] "POST /wp-login.php HTTP/1.1" 200 2574 "-" "Mozilla/5.0 (Macintosh; Intel Mac OS X 10_15_7) AppleWebKit/605.1.15 Version/17.0 Safari/605.1.15"
176.31.139.20 - - [15/Jul/2026:17:49:51 +0000] "GET /products/37493626596394 HTTP/2" 404 39256 "-" "Mozilla/5.0 (compatible; AhrefsBot/7.0; +http://ahrefs.com/robot/)"
52.167.144.173 - - [15/Jul/2026:17:49:56 +0000] "GET /items/V193953027/ HTTP/2" 301 0 "-" "Mozilla/5.0 AppleWebKit/537.36 (KHTML, like Gecko; compatible; bingbot/2.0; +http://www.bing.com/bingbot.htm) Chrome/116.0.1938.76 Safari/537.36"
209.42.17.20 - - [15/Jul/2026:17:50:58 +0000] "POST /wp-cron.php?doing_wp_cron=1784137858.6390829086303710937500 HTTP/1.1" 200 0 "-" "WordPress/7.0.1; https://ebifo.org"
94.23.188.222 - - [15/Jul/2026:17:50:56 +0000] "GET /products/7723667007994 HTTP/2" 404 39237 "-" "Mozilla/5.0 (compatible; AhrefsBot/7.0; +http://ahrefs.com/robot/)"
51.68.247.204 - - [15/Jul/2026:17:52:01 +0000] "GET /products/6144689044661 HTTP/2" 404 39237 "-" "Mozilla/5.0 (compatible; AhrefsBot/7.0; +http://ahrefs.com/robot/)"
209.42.17.20 - - [15/Jul/2026:17:52:04 +0000] "POST /wp-cron.php?doing_wp_cron=1784137924.2368309497833251953125 HTTP/1.1" 200 0 "-" "WordPress/7.0.1; https://ebifo.org"
209.42.17.20 - - [15/Jul/2026:17:53:09 +0000] "POST /wp-cron.php?doing_wp_cron=1784137989.1412270069122314453125 HTTP/1.1" 200 0 "-" "WordPress/7.0.1; https://ebifo.org"
51.75.236.137 - - [15/Jul/2026:17:53:06 +0000] "GET /products/6051029696848 HTTP/2" 404 39239 "-" "Mozilla/5.0 (compatible; AhrefsBot/7.0; +http://ahrefs.com/robot/)"
216.73.216.194 - - [15/Jul/2026:17:53:59 +0000] "GET /robots.txt HTTP/2" 200 102 "-" "Mozilla/5.0 AppleWebKit/537.36 (KHTML, like Gecko; compatible; ClaudeBot/1.0; +claudebot@anthropic.com)"
209.42.17.20 - - [15/Jul/2026:17:54:02 +0000] "POST /wp-cron.php?doing_wp_cron=1784138042.2917959690093994140625 HTTP/1.1" 200 0 "-" "WordPress/7.0.1; https://ebifo.org"
216.73.216.194 - - [15/Jul/2026:17:53:59 +0000] "GET /sitemap-12.xml HTTP/2" 404 39227 "-" "Mozilla/5.0 AppleWebKit/537.36 (KHTML, like Gecko; compatible; ClaudeBot/1.0; +claudebot@anthropic.com)"
216.73.216.194 - - [15/Jul/2026:17:53:59 +0000] "GET /sitemap-20.xml HTTP/2" 404 39227 "-" "Mozilla/5.0 AppleWebKit/537.36 (KHTML, like Gecko; compatible; ClaudeBot/1.0; +claudebot@anthropic.com)"
173.239.211.96 - - [15/Jul/2026:17:54:03 +0000] "POST /wp-login.php HTTP/1.1" 200 2574 "-" "Mozilla/5.0 (Windows NT 10.0; Win64; x64) AppleWebKit/537.36 Chrome/129.0.0.0 Safari/537.36"
34.74.70.27 - - [15/Jul/2026:17:54:07 +0000] "GET / HTTP/1.1" 401 36 "-" "Mozilla/5.0 (Windows NT 10.0; Win64; x64) AppleWebKit/537.36 (KHTML, like Gecko) Chrome/89.0.4389.114 Safari/537.36"
34.74.70.27 - - [15/Jul/2026:17:54:07 +0000] "GET //wp-includes/wlwmanifest.xml HTTP/1.1" 401 36 "-" "Mozilla/5.0 (Windows NT 10.0; Win64; x64) AppleWebKit/537.36 (KHTML, like Gecko) Chrome/89.0.4389.114 Safari/537.36"
34.74.70.27 - - [15/Jul/2026:17:54:08 +0000] "GET //xmlrpc.php?rsd HTTP/1.1" 401 36 "-" "Mozilla/5.0 (Windows NT 10.0; Win64; x64) AppleWebKit/537.36 (KHTML, like Gecko) Chrome/89.0.4389.114 Safari/537.36"
34.74.70.27 - - [15/Jul/2026:17:54:08 +0000] "GET / HTTP/1.1" 401 36 "-" "Mozilla/5.0 (Windows NT 10.0; Win64; x64) AppleWebKit/537.36 (KHTML, like Gecko) Chrome/89.0.4389.114 Safari/537.36"
34.74.70.27 - - [15/Jul/2026:17:54:08 +0000] "GET //blog/wp-includes/wlwmanifest.xml HTTP/1.1" 401 36 "-" "Mozilla/5.0 (Windows NT 10.0; Win64; x64) AppleWebKit/537.36 (KHTML, like Gecko) Chrome/89.0.4389.114 Safari/537.36"
34.74.70.27 - - [15/Jul/2026:17:54:08 +0000] "GET //web/wp-includes/wlwmanifest.xml HTTP/1.1" 401 36 "-" "Mozilla/5.0 (Windows NT 10.0; Win64; x64) AppleWebKit/537.36 (KHTML, like Gecko) Chrome/89.0.4389.114 Safari/537.36"
34.74.70.27 - - [15/Jul/2026:17:54:08 +0000] "GET //wordpress/wp-includes/wlwmanifest.xml HTTP/1.1" 401 36 "-" "Mozilla/5.0 (Windows NT 10.0; Win64; x64) AppleWebKit/537.36 (KHTML, like Gecko) Chrome/89.0.4389.114 Safari/537.36"
34.74.70.27 - - [15/Jul/2026:17:54:08 +0000] "GET //website/wp-includes/wlwmanifest.xml HTTP/1.1" 401 36 "-" "Mozilla/5.0 (Windows NT 10.0; Win64; x64) AppleWebKit/537.36 (KHTML, like Gecko) Chrome/89.0.4389.114 Safari/537.36"
34.74.70.27 - - [15/Jul/2026:17:54:08 +0000] "GET //wp/wp-includes/wlwmanifest.xml HTTP/1.1" 401 36 "-" "Mozilla/5.0 (Windows NT 10.0; Win64; x64) AppleWebKit/537.36 (KHTML, like Gecko) Chrome/89.0.4389.114 Safari/537.36"
34.74.70.27 - - [15/Jul/2026:17:54:08 +0000] "GET //news/wp-includes/wlwmanifest.xml HTTP/1.1" 401 36 "-" "Mozilla/5.0 (Windows NT 10.0; Win64; x64) AppleWebKit/537.36 (KHTML, like Gecko) Chrome/89.0.4389.114 Safari/537.36"
34.74.70.27 - - [15/Jul/2026:17:54:09 +0000] "GET //2020/wp-includes/wlwmanifest.xml HTTP/1.1" 401 36 "-" "Mozilla/5.0 (Windows NT 10.0; Win64; x64) AppleWebKit/537.36 (KHTML, like Gecko) Chrome/89.0.4389.114 Safari/537.36"
34.74.70.27 - - [15/Jul/2026:17:54:09 +0000] "GET //2019/wp-includes/wlwmanifest.xml HTTP/1.1" 401 36 "-" "Mozilla/5.0 (Windows NT 10.0; Win64; x64) AppleWebKit/537.36 (KHTML, like Gecko) Chrome/89.0.4389.114 Safari/537.36"
34.74.70.27 - - [15/Jul/2026:17:54:09 +0000] "GET //shop/wp-includes/wlwmanifest.xml HTTP/1.1" 401 36 "-" "Mozilla/5.0 (Windows NT 10.0; Win64; x64) AppleWebKit/537.36 (KHTML, like Gecko) Chrome/89.0.4389.114 Safari/537.36"
34.74.70.27 - - [15/Jul/2026:17:54:09 +0000] "GET //wp1/wp-includes/wlwmanifest.xml HTTP/1.1" 401 36 "-" "Mozilla/5.0 (Windows NT 10.0; Win64; x64) AppleWebKit/537.36 (KHTML, like Gecko) Chrome/89.0.4389.114 Safari/537.36"
34.74.70.27 - - [15/Jul/2026:17:54:09 +0000] "GET //test/wp-includes/wlwmanifest.xml HTTP/1.1" 401 36 "-" "Mozilla/5.0 (Windows NT 10.0; Win64; x64) AppleWebKit/537.36 (KHTML, like Gecko) Chrome/89.0.4389.114 Safari/537.36"
34.74.70.27 - - [15/Jul/2026:17:54:09 +0000] "GET //wp2/wp-includes/wlwmanifest.xml HTTP/1.1" 401 36 "-" "Mozilla/5.0 (Windows NT 10.0; Win64; x64) AppleWebKit/537.36 (KHTML, like Gecko) Chrome/89.0.4389.114 Safari/537.36"
34.74.70.27 - - [15/Jul/2026:17:54:09 +0000] "GET //site/wp-includes/wlwmanifest.xml HTTP/1.1" 401 36 "-" "Mozilla/5.0 (Windows NT 10.0; Win64; x64) AppleWebKit/537.36 (KHTML, like Gecko) Chrome/89.0.4389.114 Safari/537.36"
34.74.70.27 - - [15/Jul/2026:17:54:09 +0000] "GET //cms/wp-includes/wlwmanifest.xml HTTP/1.1" 401 36 "-" "Mozilla/5.0 (Windows NT 10.0; Win64; x64) AppleWebKit/537.36 (KHTML, like Gecko) Chrome/89.0.4389.114 Safari/537.36"
34.74.70.27 - - [15/Jul/2026:17:54:09 +0000] "GET //sito/wp-includes/wlwmanifest.xml HTTP/1.1" 401 36 "-" "Mozilla/5.0 (Windows NT 10.0; Win64; x64) AppleWebKit/537.36 (KHTML, like Gecko) Chrome/89.0.4389.114 Safari/537.36"
34.26.89.226 - - [15/Jul/2026:17:54:13 +0000] "GET / HTTP/1.1" 401 36 "-" "Mozilla/5.0 (Windows NT 10.0; Win64; x64) AppleWebKit/537.36 (KHTML, like Gecko) Chrome/89.0.4389.114 Safari/537.36"
34.26.89.226 - - [15/Jul/2026:17:54:13 +0000] "GET //wp-includes/wlwmanifest.xml HTTP/1.1" 401 36 "-" "Mozilla/5.0 (Windows NT 10.0; Win64; x64) AppleWebKit/537.36 (KHTML, like Gecko) Chrome/89.0.4389.114 Safari/537.36"
34.26.89.226 - - [15/Jul/2026:17:54:13 +0000] "GET //xmlrpc.php?rsd HTTP/1.1" 401 36 "-" "Mozilla/5.0 (Windows NT 10.0; Win64; x64) AppleWebKit/537.36 (KHTML, like Gecko) Chrome/89.0.4389.114 Safari/537.36"
34.26.89.226 - - [15/Jul/2026:17:54:13 +0000] "GET / HTTP/1.1" 401 36 "-" "Mozilla/5.0 (Windows NT 10.0; Win64; x64) AppleWebKit/537.36 (KHTML, like Gecko) Chrome/89.0.4389.114 Safari/537.36"
34.26.89.226 - - [15/Jul/2026:17:54:13 +0000] "GET //blog/wp-includes/wlwmanifest.xml HTTP/1.1" 401 36 "-" "Mozilla/5.0 (Windows NT 10.0; Win64; x64) AppleWebKit/537.36 (KHTML, like Gecko) Chrome/89.0.4389.114 Safari/537.36"
34.26.89.226 - - [15/Jul/2026:17:54:13 +0000] "GET //web/wp-includes/wlwmanifest.xml HTTP/1.1" 401 36 "-" "Mozilla/5.0 (Windows NT 10.0; Win64; x64) AppleWebKit/537.36 (KHTML, like Gecko) Chrome/89.0.4389.114 Safari/537.36"
34.26.89.226 - - [15/Jul/2026:17:54:13 +0000] "GET //wordpress/wp-includes/wlwmanifest.xml HTTP/1.1" 401 36 "-" "Mozilla/5.0 (Windows NT 10.0; Win64; x64) AppleWebKit/537.36 (KHTML, like Gecko) Chrome/89.0.4389.114 Safari/537.36"
34.26.89.226 - - [15/Jul/2026:17:54:13 +0000] "GET //website/wp-includes/wlwmanifest.xml HTTP/1.1" 401 36 "-" "Mozilla/5.0 (Windows NT 10.0; Win64; x64) AppleWebKit/537.36 (KHTML, like Gecko) Chrome/89.0.4389.114 Safari/537.36"
34.26.89.226 - - [15/Jul/2026:17:54:13 +0000] "GET //wp/wp-includes/wlwmanifest.xml HTTP/1.1" 401 36 "-" "Mozilla/5.0 (Windows NT 10.0; Win64; x64) AppleWebKit/537.36 (KHTML, like Gecko) Chrome/89.0.4389.114 Safari/537.36"
54.37.118.83 - - [15/Jul/2026:17:54:12 +0000] "GET /products/37898760134248 HTTP/2" 404 39256 "-" "Mozilla/5.0 (compatible; AhrefsBot/7.0; +http://ahrefs.com/robot/)"
34.26.89.226 - - [15/Jul/2026:17:54:14 +0000] "GET //news/wp-includes/wlwmanifest.xml HTTP/1.1" 401 36 "-" "Mozilla/5.0 (Windows NT 10.0; Win64; x64) AppleWebKit/537.36 (KHTML, like Gecko) Chrome/89.0.4389.114 Safari/537.36"
34.26.89.226 - - [15/Jul/2026:17:54:14 +0000] "GET //2020/wp-includes/wlwmanifest.xml HTTP/1.1" 401 36 "-" "Mozilla/5.0 (Windows NT 10.0; Win64; x64) AppleWebKit/537.36 (KHTML, like Gecko) Chrome/89.0.4389.114 Safari/537.36"
34.26.89.226 - - [15/Jul/2026:17:54:14 +0000] "GET //2019/wp-includes/wlwmanifest.xml HTTP/1.1" 401 36 "-" "Mozilla/5.0 (Windows NT 10.0; Win64; x64) AppleWebKit/537.36 (KHTML, like Gecko) Chrome/89.0.4389.114 Safari/537.36"
34.26.89.226 - - [15/Jul/2026:17:54:14 +0000] "GET //shop/wp-includes/wlwmanifest.xml HTTP/1.1" 401 36 "-" "Mozilla/5.0 (Windows NT 10.0; Win64; x64) AppleWebKit/537.36 (KHTML, like Gecko) Chrome/89.0.4389.114 Safari/537.36"
34.26.89.226 - - [15/Jul/2026:17:54:14 +0000] "GET //wp1/wp-includes/wlwmanifest.xml HTTP/1.1" 401 36 "-" "Mozilla/5.0 (Windows NT 10.0; Win64; x64) AppleWebKit/537.36 (KHTML, like Gecko) Chrome/89.0.4389.114 Safari/537.36"
34.26.89.226 - - [15/Jul/2026:17:54:14 +0000] "GET //test/wp-includes/wlwmanifest.xml HTTP/1.1" 401 36 "-" "Mozilla/5.0 (Windows NT 10.0; Win64; x64) AppleWebKit/537.36 (KHTML, like Gecko) Chrome/89.0.4389.114 Safari/537.36"
34.26.89.226 - - [15/Jul/2026:17:54:14 +0000] "GET //wp2/wp-includes/wlwmanifest.xml HTTP/1.1" 401 36 "-" "Mozilla/5.0 (Windows NT 10.0; Win64; x64) AppleWebKit/537.36 (KHTML, like Gecko) Chrome/89.0.4389.114 Safari/537.36"
34.26.89.226 - - [15/Jul/2026:17:54:14 +0000] "GET //site/wp-includes/wlwmanifest.xml HTTP/1.1" 401 36 "-" "Mozilla/5.0 (Windows NT 10.0; Win64; x64) AppleWebKit/537.36 (KHTML, like Gecko) Chrome/89.0.4389.114 Safari/537.36"
34.26.89.226 - - [15/Jul/2026:17:54:14 +0000] "GET //cms/wp-includes/wlwmanifest.xml HTTP/1.1" 401 36 "-" "Mozilla/5.0 (Windows NT 10.0; Win64; x64) AppleWebKit/537.36 (KHTML, like Gecko) Chrome/89.0.4389.114 Safari/537.36"
34.26.89.226 - - [15/Jul/2026:17:54:15 +0000] "GET //sito/wp-includes/wlwmanifest.xml HTTP/1.1" 401 36 "-" "Mozilla/5.0 (Windows NT 10.0; Win64; x64) AppleWebKit/537.36 (KHTML, like Gecko) Chrome/89.0.4389.114 Safari/537.36"
216.73.216.194 - - [15/Jul/2026:17:54:34 +0000] "GET /sitemap-13.xml HTTP/2" 404 39226 "-" "Mozilla/5.0 AppleWebKit/537.36 (KHTML, like Gecko; compatible; ClaudeBot/1.0; +claudebot@anthropic.com)"
209.42.17.20 - - [15/Jul/2026:17:55:20 +0000] "POST /wp-cron.php?doing_wp_cron=1784138120.4109699726104736328125 HTTP/1.1" 200 0 "-" "WordPress/7.0.1; https://ebifo.org"
176.31.139.23 - - [15/Jul/2026:17:55:17 +0000] "GET /items/J973090932/ HTTP/2" 404 39191 "-" "Mozilla/5.0 (compatible; AhrefsBot/7.0; +http://ahrefs.com/robot/)"
216.73.216.194 - - [15/Jul/2026:17:55:52 +0000] "GET /sitemap-3.xml HTTP/2" 404 39188 "-" "Mozilla/5.0 AppleWebKit/537.36 (KHTML, like Gecko; compatible; ClaudeBot/1.0; +claudebot@anthropic.com)"
209.42.17.20 - - [15/Jul/2026:17:56:26 +0000] "POST /wp-cron.php?doing_wp_cron=1784138186.6405270099639892578125 HTTP/1.1" 200 0 "-" "WordPress/7.0.1; https://ebifo.org"
5.39.1.242 - - [15/Jul/2026:17:56:24 +0000] "GET /items/J971971366/ HTTP/2" 404 39195 "-" "Mozilla/5.0 (compatible; AhrefsBot/7.0; +http://ahrefs.com/robot/)"
216.73.216.194 - - [15/Jul/2026:17:56:29 +0000] "GET /sitemap-16.xml HTTP/2" 404 39229 "-" "Mozilla/5.0 AppleWebKit/537.36 (KHTML, like Gecko; compatible; ClaudeBot/1.0; +claudebot@anthropic.com)"
216.73.216.194 - - [15/Jul/2026:17:56:35 +0000] "GET /sitemap-4.xml HTTP/2" 404 39187 "-" "Mozilla/5.0 AppleWebKit/537.36 (KHTML, like Gecko; compatible; ClaudeBot/1.0; +claudebot@anthropic.com)"
216.73.216.194 - - [15/Jul/2026:17:56:46 +0000] "GET /sitemap-2.xml HTTP/2" 404 39187 "-" "Mozilla/5.0 AppleWebKit/537.36 (KHTML, like Gecko; compatible; ClaudeBot/1.0; +claudebot@anthropic.com)"
209.42.17.20 - - [15/Jul/2026:17:57:14 +0000] "POST /wp-cron.php?doing_wp_cron=1784138234.8618340492248535156250 HTTP/1.1" 200 0 "-" "WordPress/7.0.1; https://ebifo.org"
216.73.216.194 - - [15/Jul/2026:17:57:13 +0000] "GET /sitemap-5.xml HTTP/2" 404 39182 "-" "Mozilla/5.0 AppleWebKit/537.36 (KHTML, like Gecko; compatible; ClaudeBot/1.0; +claudebot@anthropic.com)"
216.73.216.194 - - [15/Jul/2026:17:57:17 +0000] "GET /sitemap.xml HTTP/2" 301 0 "-" "Mozilla/5.0 AppleWebKit/537.36 (KHTML, like Gecko; compatible; ClaudeBot/1.0; +claudebot@anthropic.com)"
216.73.216.194 - - [15/Jul/2026:17:57:18 +0000] "GET /wp-sitemap.xml HTTP/2" 200 316 "https://ebifo.org/sitemap.xml" "Mozilla/5.0 AppleWebKit/537.36 (KHTML, like Gecko; compatible; ClaudeBot/1.0; +claudebot@anthropic.com)"
54.37.118.90 - - [15/Jul/2026:17:57:29 +0000] "GET /items/J971965511/ HTTP/2" 404 39192 "-" "Mozilla/5.0 (compatible; AhrefsBot/7.0; +http://ahrefs.com/robot/)"
216.73.216.194 - - [15/Jul/2026:17:57:44 +0000] "GET /sitemap-9.xml HTTP/2" 404 39188 "-" "Mozilla/5.0 AppleWebKit/537.36 (KHTML, like Gecko; compatible; ClaudeBot/1.0; +claudebot@anthropic.com)"
209.42.17.20 - - [15/Jul/2026:17:58:37 +0000] "POST /wp-cron.php?doing_wp_cron=1784138317.1444609165191650390625 HTTP/1.1" 200 0 "-" "WordPress/7.0.1; https://ebifo.org"
5.39.1.225 - - [15/Jul/2026:17:58:34 +0000] "GET /items/J971027809/ HTTP/2" 404 39191 "-" "Mozilla/5.0 (compatible; AhrefsBot/7.0; +http://ahrefs.com/robot/)"
173.239.211.95 - - [15/Jul/2026:17:58:40 +0000] "POST /wp-login.php HTTP/1.1" 200 2574 "-" "Mozilla/5.0 (Windows NT 10.0; Win64; x64) AppleWebKit/537.36 Chrome/129.0.0.0 Safari/537.36"
216.73.216.194 - - [15/Jul/2026:17:58:43 +0000] "GET /sitemap-18.xml HTTP/2" 404 39229 "-" "Mozilla/5.0 AppleWebKit/537.36 (KHTML, like Gecko; compatible; ClaudeBot/1.0; +claudebot@anthropic.com)"
216.73.216.194 - - [15/Jul/2026:17:58:43 +0000] "GET /sitemap-7.xml HTTP/2" 404 39188 "-" "Mozilla/5.0 AppleWebKit/537.36 (KHTML, like Gecko; compatible; ClaudeBot/1.0; +claudebot@anthropic.com)"
209.42.17.20 - - [15/Jul/2026:17:59:02 +0000] "POST /wp-cron.php?doing_wp_cron=1784138342.7083649635314941406250 HTTP/1.1" 200 0 "-" "WordPress/7.0.1; https://ebifo.org"
216.73.216.194 - - [15/Jul/2026:17:59:00 +0000] "GET /sitemap-11.xml HTTP/2" 404 39228 "-" "Mozilla/5.0 AppleWebKit/537.36 (KHTML, like Gecko; compatible; ClaudeBot/1.0; +claudebot@anthropic.com)"
216.73.216.194 - - [15/Jul/2026:17:59:00 +0000] "GET /sitemap-14.xml HTTP/2" 404 39228 "-" "Mozilla/5.0 AppleWebKit/537.36 (KHTML, like Gecko; compatible; ClaudeBot/1.0; +claudebot@anthropic.com)"
216.73.216.194 - - [15/Jul/2026:17:59:03 +0000] "GET /sitemap-1.xml HTTP/2" 404 39187 "-" "Mozilla/5.0 AppleWebKit/537.36 (KHTML, like Gecko; compatible; ClaudeBot/1.0; +claudebot@anthropic.com)"
216.73.216.194 - - [15/Jul/2026:17:59:03 +0000] "GET /sitemap-19.xml HTTP/2" 404 39226 "-" "Mozilla/5.0 AppleWebKit/537.36 (KHTML, like Gecko; compatible; ClaudeBot/1.0; +claudebot@anthropic.com)"
216.73.216.194 - - [15/Jul/2026:17:59:20 +0000] "GET /sitemap-15.xml HTTP/2" 404 39228 "-" "Mozilla/5.0 AppleWebKit/537.36 (KHTML, like Gecko; compatible; ClaudeBot/1.0; +claudebot@anthropic.com)"
216.73.216.194 - - [15/Jul/2026:17:59:20 +0000] "GET /sitemap-8.xml HTTP/2" 404 39188 "-" "Mozilla/5.0 AppleWebKit/537.36 (KHTML, like Gecko; compatible; ClaudeBot/1.0; +claudebot@anthropic.com)"
37.59.204.151 - - [15/Jul/2026:17:59:39 +0000] "GET /products/24738100079246 HTTP/2" 404 39253 "-" "Mozilla/5.0 (compatible; AhrefsBot/7.0; +http://ahrefs.com/robot/)"
209.42.17.20 - - [15/Jul/2026:18:00:27 +0000] "POST /wp-cron.php?doing_wp_cron=1784138427.2713489532470703125000 HTTP/1.1" 200 0 "-" "WordPress/7.0.1; https://ebifo.org"
216.73.216.194 - - [15/Jul/2026:18:00:25 +0000] "GET /sitemap-17.xml HTTP/2" 404 39224 "-" "Mozilla/5.0 AppleWebKit/537.36 (KHTML, like Gecko; compatible; ClaudeBot/1.0; +claudebot@anthropic.com)"
216.73.216.194 - - [15/Jul/2026:18:00:43 +0000] "GET /sitemap-10.xml HTTP/2" 404 39227 "-" "Mozilla/5.0 AppleWebKit/537.36 (KHTML, like Gecko; compatible; ClaudeBot/1.0; +claudebot@anthropic.com)"
51.75.236.146 - - [15/Jul/2026:18:00:45 +0000] "GET /products/23687551886809 HTTP/2" 404 39259 "-" "Mozilla/5.0 (compatible; AhrefsBot/7.0; +http://ahrefs.com/robot/)"
209.42.17.20 - - [15/Jul/2026:18:01:36 +0000] "POST /wp-cron.php?doing_wp_cron=1784138496.9113609790802001953125 HTTP/1.1" 200 0 "-" "WordPress/7.0.1; https://ebifo.org"
216.73.216.194 - - [15/Jul/2026:18:01:35 +0000] "GET /sitemap-6.xml HTTP/2" 404 39188 "-" "Mozilla/5.0 AppleWebKit/537.36 (KHTML, like Gecko; compatible; ClaudeBot/1.0; +claudebot@anthropic.com)"
209.42.17.20 - - [15/Jul/2026:18:02:03 +0000] "POST /wp-cron.php?doing_wp_cron=1784138523.4775660037994384765625 HTTP/1.1" 200 0 "-" "WordPress/7.0.1; https://ebifo.org"
54.37.118.84 - - [15/Jul/2026:18:02:01 +0000] "GET /products/8922241492222 HTTP/2" 404 39242 "-" "Mozilla/5.0 (compatible; AhrefsBot/7.0; +http://ahrefs.com/robot/)"
209.42.17.20 - - [15/Jul/2026:18:03:20 +0000] "POST /wp-cron.php?doing_wp_cron=1784138600.0725619792938232421875 HTTP/1.1" 200 0 "-" "WordPress/7.0.1; https://ebifo.org"
173.239.211.89 - - [15/Jul/2026:18:03:18 +0000] "POST /wp-login.php HTTP/1.1" 200 2574 "-" "Mozilla/5.0 (Windows NT 10.0; Win64; rv:143.0) Gecko/20100101 Firefox/143.0"
