140.248.75.157 - - [16/Jul/2026:07:09:46 +0000] "GET /.git/HEAD HTTP/1.1" 403 1242 "-" "Mozilla/5.0 (X11; Linux x86_64) AppleWebKit/537.36 (KHTML, like Gecko) Chrome/125.0.0.0 Safari/537.36"
140.248.75.157 - - [16/Jul/2026:07:09:46 +0000] "GET /.git/config HTTP/1.1" 403 1242 "-" "Mozilla/5.0 (X11; Linux x86_64) AppleWebKit/537.36 (KHTML, like Gecko) Chrome/125.0.0.0 Safari/537.36"
198.244.242.253 - - [16/Jul/2026:07:10:21 +0000] "GET /products/6309755360665 HTTP/2" 404 39234 "-" "Mozilla/5.0 (compatible; AhrefsBot/7.0; +http://ahrefs.com/robot/)"
142.111.152.109 - - [16/Jul/2026:07:10:49 +0000] "POST /wp-login.php HTTP/1.1" 200 2574 "-" "Mozilla/5.0 (Macintosh; Intel Mac OS X 10_15_7) AppleWebKit/605.1.15 Version/17.0 Safari/605.1.15"
209.42.17.20 - - [16/Jul/2026:07:11:29 +0000] "POST /wp-cron.php?doing_wp_cron=1784185889.5520880222320556640625 HTTP/1.1" 200 0 "-" "WordPress/7.0.1; https://ebifo.org"
51.195.183.219 - - [16/Jul/2026:07:11:27 +0000] "GET /products/5128092510105 HTTP/2" 404 39234 "-" "Mozilla/5.0 (compatible; AhrefsBot/7.0; +http://ahrefs.com/robot/)"
51.195.215.111 - - [16/Jul/2026:07:12:39 +0000] "GET /items/J971471878/ HTTP/2" 404 39192 "-" "Mozilla/5.0 (compatible; AhrefsBot/7.0; +http://ahrefs.com/robot/)"
209.42.17.20 - - [16/Jul/2026:07:12:42 +0000] "POST /wp-cron.php?doing_wp_cron=1784185962.0143649578094482421875 HTTP/1.1" 200 0 "-" "WordPress/7.0.1; https://ebifo.org"
209.42.17.20 - - [16/Jul/2026:07:13:46 +0000] "POST /wp-cron.php?doing_wp_cron=1784186026.6046750545501708984375 HTTP/1.1" 200 0 "-" "WordPress/7.0.1; https://ebifo.org"
51.195.183.207 - - [16/Jul/2026:07:13:44 +0000] "GET /products/38677600727793 HTTP/2" 404 39252 "-" "Mozilla/5.0 (compatible; AhrefsBot/7.0; +http://ahrefs.com/robot/)"
52.167.144.225 - - [16/Jul/2026:07:14:51 +0000] "GET /items/R983858568/ HTTP/2" 301 0 "-" "Mozilla/5.0 AppleWebKit/537.36 (KHTML, like Gecko; compatible; bingbot/2.0; +http://www.bing.com/bingbot.htm) Chrome/116.0.1938.76 Safari/537.36"
216.73.216.157 - - [16/Jul/2026:07:16:28 +0000] "GET /robots.txt HTTP/2" 200 102 "-" "Mozilla/5.0 AppleWebKit/537.36 (KHTML, like Gecko; compatible; ClaudeBot/1.0; +claudebot@anthropic.com)"
209.42.17.20 - - [16/Jul/2026:07:16:30 +0000] "POST /wp-cron.php?doing_wp_cron=1784186190.9858069419860839843750 HTTP/1.1" 200 0 "-" "WordPress/7.0.1; https://ebifo.org"
216.73.216.157 - - [16/Jul/2026:07:16:28 +0000] "GET /sitemap-9.xml HTTP/2" 404 39185 "-" "Mozilla/5.0 AppleWebKit/537.36 (KHTML, like Gecko; compatible; ClaudeBot/1.0; +claudebot@anthropic.com)"
43.153.107.22 - - [16/Jul/2026:07:16:42 +0000] "GET /wp-json/oembed/1.0/embed?url=https%3A%2F%2Febifo.org%2F&format=xml HTTP/1.1" 200 1106 "-" "Mozilla/5.0 (iPhone; CPU iPhone OS 13_2_3 like Mac OS X) AppleWebKit/605.1.15 (KHTML, like Gecko) Version/13.0.3 Mobile/15E148 Safari/604.1"
209.42.17.20 - - [16/Jul/2026:07:17:06 +0000] "POST /wp-cron.php?doing_wp_cron=1784186226.3899068832397460937500 HTTP/1.1" 200 0 "-" "WordPress/7.0.1; https://ebifo.org"
216.73.216.157 - - [16/Jul/2026:07:17:03 +0000] "GET /sitemap-18.xml HTTP/2" 404 39226 "-" "Mozilla/5.0 AppleWebKit/537.36 (KHTML, like Gecko; compatible; ClaudeBot/1.0; +claudebot@anthropic.com)"
216.73.216.157 - - [16/Jul/2026:07:17:22 +0000] "GET /sitemap-12.xml HTTP/2" 404 39225 "-" "Mozilla/5.0 AppleWebKit/537.36 (KHTML, like Gecko; compatible; ClaudeBot/1.0; +claudebot@anthropic.com)"
66.249.79.32 - - [16/Jul/2026:07:17:23 +0000] "GET /items/C983008999/ HTTP/1.1" 301 0 "-" "Mozilla/5.0 (Linux; Android 6.0.1; Nexus 5X Build/MMB29P) AppleWebKit/537.36 (KHTML, like Gecko) Chrome/150.0.7871.114 Mobile Safari/537.36 (compatible; Googlebot/2.1; +http://www.google.com/bot.html)"
66.249.79.138 - - [16/Jul/2026:07:17:25 +0000] "GET /items/C983008999/ HTTP/1.1" 404 39198 "-" "Mozilla/5.0 (Linux; Android 6.0.1; Nexus 5X Build/MMB29P) AppleWebKit/537.36 (KHTML, like Gecko) Chrome/150.0.7871.114 Mobile Safari/537.36 (compatible; Googlebot/2.1; +http://www.google.com/bot.html)"
216.73.216.157 - - [16/Jul/2026:07:17:47 +0000] "GET /sitemap-16.xml HTTP/2" 404 39226 "-" "Mozilla/5.0 AppleWebKit/537.36 (KHTML, like Gecko; compatible; ClaudeBot/1.0; +claudebot@anthropic.com)"
209.42.17.20 - - [16/Jul/2026:07:18:06 +0000] "POST /wp-cron.php?doing_wp_cron=1784186286.5006539821624755859375 HTTP/1.1" 200 0 "-" "WordPress/7.0.1; https://ebifo.org"
216.73.216.157 - - [16/Jul/2026:07:18:04 +0000] "GET /sitemap-7.xml HTTP/2" 404 39179 "-" "Mozilla/5.0 AppleWebKit/537.36 (KHTML, like Gecko; compatible; ClaudeBot/1.0; +claudebot@anthropic.com)"
216.73.216.157 - - [16/Jul/2026:07:18:10 +0000] "GET /sitemap-10.xml HTTP/2" 404 39225 "-" "Mozilla/5.0 AppleWebKit/537.36 (KHTML, like Gecko; compatible; ClaudeBot/1.0; +claudebot@anthropic.com)"
40.77.167.121 - - [16/Jul/2026:07:18:27 +0000] "GET /items/C534205914/ HTTP/2" 301 0 "-" "Mozilla/5.0 AppleWebKit/537.36 (KHTML, like Gecko; compatible; bingbot/2.0; +http://www.bing.com/bingbot.htm) Chrome/116.0.1938.76 Safari/537.36"
216.73.216.157 - - [16/Jul/2026:07:18:42 +0000] "GET /sitemap-4.xml HTTP/2" 404 39185 "-" "Mozilla/5.0 AppleWebKit/537.36 (KHTML, like Gecko; compatible; ClaudeBot/1.0; +claudebot@anthropic.com)"
142.111.152.16 - - [16/Jul/2026:07:18:47 +0000] "POST /wp-login.php HTTP/1.1" 200 2574 "-" "Mozilla/5.0 (Macintosh; Intel Mac OS X 10_15_7) AppleWebKit/605.1.15 Version/17.0 Safari/605.1.15"
216.73.216.157 - - [16/Jul/2026:07:18:47 +0000] "GET /sitemap-11.xml HTTP/2" 404 39225 "-" "Mozilla/5.0 AppleWebKit/537.36 (KHTML, like Gecko; compatible; ClaudeBot/1.0; +claudebot@anthropic.com)"
216.73.216.157 - - [16/Jul/2026:07:18:50 +0000] "GET /sitemap-14.xml HTTP/2" 200 0 "-" "Mozilla/5.0 AppleWebKit/537.36 (KHTML, like Gecko; compatible; ClaudeBot/1.0; +claudebot@anthropic.com)"
209.42.17.20 - - [16/Jul/2026:07:19:47 +0000] "POST /wp-cron.php?doing_wp_cron=1784186387.4944279193878173828125 HTTP/1.1" 200 0 "-" "WordPress/7.0.1; https://ebifo.org"
216.73.216.157 - - [16/Jul/2026:07:19:44 +0000] "GET /sitemap-17.xml HTTP/2" 404 39224 "-" "Mozilla/5.0 AppleWebKit/537.36 (KHTML, like Gecko; compatible; ClaudeBot/1.0; +claudebot@anthropic.com)"
209.42.17.20 - - [16/Jul/2026:07:20:02 +0000] "POST /wp-cron.php?doing_wp_cron=1784186402.4053719043731689453125 HTTP/1.1" 200 0 "-" "WordPress/7.0.1; https://ebifo.org"
216.73.216.157 - - [16/Jul/2026:07:19:59 +0000] "GET /sitemap-3.xml HTTP/2" 404 39268 "-" "Mozilla/5.0 AppleWebKit/537.36 (KHTML, like Gecko; compatible; ClaudeBot/1.0; +claudebot@anthropic.com)"
209.42.17.20 - - [16/Jul/2026:07:20:04 +0000] "POST /wp-admin/admin-ajax.php?action=wp_1_wc_privacy_cleanup&nonce=9a54fb8de5 HTTP/1.1" 200 0 "-" "WordPress/7.0.1; https://ebifo.org"
209.42.17.20 - - [16/Jul/2026:07:20:10 +0000] "POST /wp-cron.php?doing_wp_cron=1784186410.0681591033935546875000 HTTP/1.1" 200 0 "-" "WordPress/7.0.1; https://ebifo.org"
216.73.216.157 - - [16/Jul/2026:07:20:07 +0000] "GET /sitemap-20.xml HTTP/2" 404 39225 "-" "Mozilla/5.0 AppleWebKit/537.36 (KHTML, like Gecko; compatible; ClaudeBot/1.0; +claudebot@anthropic.com)"
216.73.216.157 - - [16/Jul/2026:07:20:13 +0000] "GET /sitemap-1.xml HTTP/2" 404 39408 "-" "Mozilla/5.0 AppleWebKit/537.36 (KHTML, like Gecko; compatible; ClaudeBot/1.0; +claudebot@anthropic.com)"
216.73.216.157 - - [16/Jul/2026:07:20:30 +0000] "GET /sitemap-15.xml HTTP/2" 404 39225 "-" "Mozilla/5.0 AppleWebKit/537.36 (KHTML, like Gecko; compatible; ClaudeBot/1.0; +claudebot@anthropic.com)"
216.73.216.157 - - [16/Jul/2026:07:20:42 +0000] "GET /sitemap.xml HTTP/2" 301 0 "-" "Mozilla/5.0 AppleWebKit/537.36 (KHTML, like Gecko; compatible; ClaudeBot/1.0; +claudebot@anthropic.com)"
216.73.216.157 - - [16/Jul/2026:07:20:44 +0000] "GET /wp-sitemap.xml HTTP/2" 200 316 "https://ebifo.org/sitemap.xml" "Mozilla/5.0 AppleWebKit/537.36 (KHTML, like Gecko; compatible; ClaudeBot/1.0; +claudebot@anthropic.com)"
209.42.17.20 - - [16/Jul/2026:07:21:18 +0000] "POST /wp-cron.php?doing_wp_cron=1784186478.6428489685058593750000 HTTP/1.1" 200 0 "-" "WordPress/7.0.1; https://ebifo.org"
216.73.216.157 - - [16/Jul/2026:07:21:16 +0000] "GET /sitemap-6.xml HTTP/2" 404 39184 "-" "Mozilla/5.0 AppleWebKit/537.36 (KHTML, like Gecko; compatible; ClaudeBot/1.0; +claudebot@anthropic.com)"
216.73.216.157 - - [16/Jul/2026:07:21:35 +0000] "GET /sitemap-8.xml HTTP/2" 404 39186 "-" "Mozilla/5.0 AppleWebKit/537.36 (KHTML, like Gecko; compatible; ClaudeBot/1.0; +claudebot@anthropic.com)"
216.73.216.157 - - [16/Jul/2026:07:21:45 +0000] "GET /sitemap-5.xml HTTP/2" 404 39186 "-" "Mozilla/5.0 AppleWebKit/537.36 (KHTML, like Gecko; compatible; ClaudeBot/1.0; +claudebot@anthropic.com)"
209.42.17.20 - - [16/Jul/2026:07:22:03 +0000] "POST /wp-cron.php?doing_wp_cron=1784186523.6153070926666259765625 HTTP/1.1" 200 0 "-" "WordPress/7.0.1; https://ebifo.org"
216.73.216.157 - - [16/Jul/2026:07:22:00 +0000] "GET /sitemap-19.xml HTTP/2" 404 39227 "-" "Mozilla/5.0 AppleWebKit/537.36 (KHTML, like Gecko; compatible; ClaudeBot/1.0; +claudebot@anthropic.com)"
209.42.17.20 - - [16/Jul/2026:07:26:46 +0000] "POST /wp-cron.php?doing_wp_cron=1784186806.8050549030303955078125 HTTP/1.1" 200 0 "-" "WordPress/7.0.1; https://ebifo.org"
142.111.152.210 - - [16/Jul/2026:07:26:44 +0000] "POST /wp-login.php HTTP/1.1" 200 2574 "-" "Mozilla/5.0 (Windows NT 10.0; Win64; rv:143.0) Gecko/20100101 Firefox/143.0"
209.42.17.20 - - [16/Jul/2026:07:32:02 +0000] "POST /wp-cron.php?doing_wp_cron=1784187122.8207149505615234375000 HTTP/1.1" 200 0 "-" "WordPress/7.0.1; https://ebifo.org"
51.89.129.247 - - [16/Jul/2026:07:32:00 +0000] "GET /items/J973905688/ HTTP/2" 404 39191 "-" "Mozilla/5.0 (compatible; AhrefsBot/7.0; +http://ahrefs.com/robot/)"
51.195.183.130 - - [16/Jul/2026:07:33:08 +0000] "GET /items/J973681603/ HTTP/2" 404 39192 "-" "Mozilla/5.0 (compatible; AhrefsBot/7.0; +http://ahrefs.com/robot/)"
51.195.244.170 - - [16/Jul/2026:07:34:16 +0000] "GET /items/J972686966/ HTTP/2" 404 39193 "-" "Mozilla/5.0 (compatible; AhrefsBot/7.0; +http://ahrefs.com/robot/)"
209.42.17.20 - - [16/Jul/2026:07:34:18 +0000] "POST /wp-cron.php?doing_wp_cron=1784187258.8281109333038330078125 HTTP/1.1" 200 0 "-" "WordPress/7.0.1; https://ebifo.org"
155.2.215.35 - - [16/Jul/2026:07:34:19 +0000] "POST /wp-login.php HTTP/1.1" 200 2574 "-" "Mozilla/5.0 (Windows NT 10.0; Win64; rv:143.0) Gecko/20100101 Firefox/143.0"
51.195.244.107 - - [16/Jul/2026:07:35:24 +0000] "GET /items/J972525331/ HTTP/2" 404 39196 "-" "Mozilla/5.0 (compatible; AhrefsBot/7.0; +http://ahrefs.com/robot/)"
198.244.242.78 - - [16/Jul/2026:07:36:32 +0000] "GET /items/J971482110/ HTTP/2" 404 39190 "-" "Mozilla/5.0 (compatible; AhrefsBot/7.0; +http://ahrefs.com/robot/)"
209.42.17.20 - - [16/Jul/2026:07:36:34 +0000] "POST /wp-cron.php?doing_wp_cron=1784187394.4752609729766845703125 HTTP/1.1" 200 0 "-" "WordPress/7.0.1; https://ebifo.org"
51.195.244.113 - - [16/Jul/2026:07:37:41 +0000] "GET /items/J971068462/ HTTP/2" 404 39191 "-" "Mozilla/5.0 (compatible; AhrefsBot/7.0; +http://ahrefs.com/robot/)"
54.38.147.8 - - [16/Jul/2026:07:38:47 +0000] "GET /products/31218816346820 HTTP/2" 404 39253 "-" "Mozilla/5.0 (compatible; AhrefsBot/7.0; +http://ahrefs.com/robot/)"
209.42.17.20 - - [16/Jul/2026:07:38:49 +0000] "POST /wp-cron.php?doing_wp_cron=1784187529.4700500965118408203125 HTTP/1.1" 200 0 "-" "WordPress/7.0.1; https://ebifo.org"
192.241.142.118 - - [16/Jul/2026:07:39:51 +0000] "GET /wp-content/uploads/2020/09/give-14.jpg HTTP/1.1" 200 34516 "https://ebifo.org/" "Mozilla/5.0 (Windows NT 10.0; Win64; x64) AppleWebKit/537.36 (KHTML, like Gecko) Chrome/133.0.0.0 Safari/537.36"
54.38.147.184 - - [16/Jul/2026:07:39:54 +0000] "GET /products/24824639661859 HTTP/2" 404 39254 "-" "Mozilla/5.0 (compatible; AhrefsBot/7.0; +http://ahrefs.com/robot/)"
45.148.10.21 - - [16/Jul/2026:07:40:59 +0000] "GET /wp-content/plugins/smtp-mailer/readme.txt HTTP/1.1" 404 131072 "https://ebifo.org/wp-login.php" "Mozilla/5.0 (Macintosh; Intel Mac OS X 10_15_7) AppleWebKit/605.1.15 (KHTML, like Gecko) Version/17.5 Safari/605.1.15"
209.42.17.20 - - [16/Jul/2026:07:41:04 +0000] "POST /wp-cron.php?doing_wp_cron=1784187664.2659349441528320312500 HTTP/1.1" 200 0 "-" "WordPress/7.0.1; https://ebifo.org"
198.244.183.254 - - [16/Jul/2026:07:41:01 +0000] "GET /products/31173358563422 HTTP/2" 404 39253 "-" "Mozilla/5.0 (compatible; AhrefsBot/7.0; +http://ahrefs.com/robot/)"
198.244.226.29 - - [16/Jul/2026:07:42:09 +0000] "GET /products/23597339192543 HTTP/2" 404 39252 "-" "Mozilla/5.0 (compatible; AhrefsBot/7.0; +http://ahrefs.com/robot/)"
142.111.152.17 - - [16/Jul/2026:07:42:16 +0000] "POST /wp-login.php HTTP/1.1" 200 2574 "-" "Mozilla/5.0 (Macintosh; Intel Mac OS X 10_15_7) AppleWebKit/605.1.15 Version/17.0 Safari/605.1.15"
51.89.129.201 - - [16/Jul/2026:07:43:17 +0000] "GET /products/26980922013495 HTTP/2" 404 39252 "-" "Mozilla/5.0 (compatible; AhrefsBot/7.0; +http://ahrefs.com/robot/)"
209.42.17.20 - - [16/Jul/2026:07:43:19 +0000] "POST /wp-cron.php?doing_wp_cron=1784187799.4006059169769287109375 HTTP/1.1" 200 0 "-" "WordPress/7.0.1; https://ebifo.org"
198.244.183.204 - - [16/Jul/2026:07:44:23 +0000] "GET /products/26739498603113 HTTP/2" 404 39252 "-" "Mozilla/5.0 (compatible; AhrefsBot/7.0; +http://ahrefs.com/robot/)"
209.42.17.20 - - [16/Jul/2026:07:48:58 +0000] "POST /wp-cron.php?doing_wp_cron=1784188138.6241619586944580078125 HTTP/1.1" 200 0 "-" "WordPress/7.0.1; https://ebifo.org"
43.153.10.13 - - [16/Jul/2026:07:48:56 +0000] "GET /wp-json/oembed/1.0/embed?url=https%3A%2F%2Febifo.org%2F HTTP/1.1" 200 1078 "-" "Mozilla/5.0 (iPhone; CPU iPhone OS 13_2_3 like Mac OS X) AppleWebKit/605.1.15 (KHTML, like Gecko) Version/13.0.3 Mobile/15E148 Safari/604.1"
209.42.17.20 - - [16/Jul/2026:07:50:00 +0000] "POST /wp-cron.php?doing_wp_cron=1784188200.3201210498809814453125 HTTP/1.1" 200 0 "-" "WordPress/7.0.1; https://ebifo.org"
155.2.215.35 - - [16/Jul/2026:07:49:58 +0000] "POST /wp-login.php HTTP/1.1" 200 2574 "-" "Mozilla/5.0 (Windows NT 10.0; Win64; x64) AppleWebKit/537.36 Chrome/129.0.0.0 Safari/537.36"
209.42.17.20 - - [16/Jul/2026:07:57:16 +0000] "POST /wp-cron.php?doing_wp_cron=1784188636.6460158824920654296875 HTTP/1.1" 200 0 "-" "WordPress/7.0.1; https://ebifo.org"
40.77.167.123 - - [16/Jul/2026:07:57:14 +0000] "GET /items/Y861142151/ HTTP/2" 301 0 "-" "Mozilla/5.0 AppleWebKit/537.36 (KHTML, like Gecko; compatible; bingbot/2.0; +http://www.bing.com/bingbot.htm) Chrome/116.0.1938.76 Safari/537.36"
155.2.215.26 - - [16/Jul/2026:07:57:50 +0000] "POST /wp-login.php HTTP/1.1" 200 2574 "-" "Mozilla/5.0 (Windows NT 10.0; Win64; x64) AppleWebKit/537.36 Chrome/129.0.0.0 Safari/537.36"
198.244.226.250 - - [16/Jul/2026:08:02:32 +0000] "GET /products/20299496605492 HTTP/2" 404 39252 "-" "Mozilla/5.0 (compatible; AhrefsBot/7.0; +http://ahrefs.com/robot/)"
209.42.17.20 - - [16/Jul/2026:08:02:34 +0000] "POST /wp-cron.php?doing_wp_cron=1784188954.3594310283660888671875 HTTP/1.1" 200 0 "-" "WordPress/7.0.1; https://ebifo.org"
51.195.183.244 - - [16/Jul/2026:08:03:41 +0000] "GET /products/2629507195583 HTTP/2" 404 39232 "-" "Mozilla/5.0 (compatible; AhrefsBot/7.0; +http://ahrefs.com/robot/)"
209.42.17.20 - - [16/Jul/2026:08:03:43 +0000] "POST /wp-cron.php?doing_wp_cron=1784189023.4133989810943603515625 HTTP/1.1" 200 0 "-" "WordPress/7.0.1; https://ebifo.org"
198.244.183.224 - - [16/Jul/2026:08:04:45 +0000] "GET /products/21105924293923 HTTP/2" 404 39252 "-" "Mozilla/5.0 (compatible; AhrefsBot/7.0; +http://ahrefs.com/robot/)"
209.42.17.20 - - [16/Jul/2026:08:04:47 +0000] "POST /wp-cron.php?doing_wp_cron=1784189087.0181789398193359375000 HTTP/1.1" 200 0 "-" "WordPress/7.0.1; https://ebifo.org"
209.42.17.20 - - [16/Jul/2026:08:05:46 +0000] "POST /wp-cron.php?doing_wp_cron=1784189146.1212399005889892578125 HTTP/1.1" 200 0 "-" "WordPress/7.0.1; https://ebifo.org"
142.111.152.19 - - [16/Jul/2026:08:05:44 +0000] "POST /wp-login.php HTTP/1.1" 200 2574 "-" "Mozilla/5.0 (Macintosh; Intel Mac OS X 10_15_7) AppleWebKit/605.1.15 Version/17.0 Safari/605.1.15"
198.244.226.165 - - [16/Jul/2026:08:05:49 +0000] "GET /products/18426566079540 HTTP/2" 404 39250 "-" "Mozilla/5.0 (compatible; AhrefsBot/7.0; +http://ahrefs.com/robot/)"
51.195.183.2 - - [16/Jul/2026:08:06:53 +0000] "GET /products/19909551971482 HTTP/2" 404 39251 "-" "Mozilla/5.0 (compatible; AhrefsBot/7.0; +http://ahrefs.com/robot/)"
198.244.226.224 - - [16/Jul/2026:08:08:02 +0000] "GET /products/14560228954135 HTTP/2" 404 39254 "-" "Mozilla/5.0 (compatible; AhrefsBot/7.0; +http://ahrefs.com/robot/)"
209.42.17.20 - - [16/Jul/2026:08:08:04 +0000] "POST /wp-cron.php?doing_wp_cron=1784189284.7005050182342529296875 HTTP/1.1" 200 0 "-" "WordPress/7.0.1; https://ebifo.org"
198.244.240.138 - - [16/Jul/2026:08:09:05 +0000] "GET /products/13957178489429 HTTP/2" 404 39259 "-" "Mozilla/5.0 (compatible; AhrefsBot/7.0; +http://ahrefs.com/robot/)"
198.244.183.157 - - [16/Jul/2026:08:10:09 +0000] "GET /products/14145899146009 HTTP/2" 404 39252 "-" "Mozilla/5.0 (compatible; AhrefsBot/7.0; +http://ahrefs.com/robot/)"
209.42.17.20 - - [16/Jul/2026:08:10:11 +0000] "POST /wp-cron.php?doing_wp_cron=1784189411.4023439884185791015625 HTTP/1.1" 200 0 "-" "WordPress/7.0.1; https://ebifo.org"
198.244.168.10 - - [16/Jul/2026:08:11:12 +0000] "GET /products/10049029735303 HTTP/2" 404 39252 "-" "Mozilla/5.0 (compatible; AhrefsBot/7.0; +http://ahrefs.com/robot/)"
51.195.183.199 - - [16/Jul/2026:08:12:16 +0000] "GET /products/12640854364113 HTTP/2" 404 39252 "-" "Mozilla/5.0 (compatible; AhrefsBot/7.0; +http://ahrefs.com/robot/)"
51.89.129.243 - - [16/Jul/2026:08:13:20 +0000] "GET /items/J974939196/ HTTP/2" 404 39191 "-" "Mozilla/5.0 (compatible; AhrefsBot/7.0; +http://ahrefs.com/robot/)"
209.42.17.20 - - [16/Jul/2026:08:13:22 +0000] "POST /wp-cron.php?doing_wp_cron=1784189602.5786490440368652343750 HTTP/1.1" 200 0 "-" "WordPress/7.0.1; https://ebifo.org"
155.2.215.27 - - [16/Jul/2026:08:13:46 +0000] "POST /wp-login.php HTTP/1.1" 200 2574 "-" "Mozilla/5.0 (Macintosh; Intel Mac OS X 10_15_7) AppleWebKit/605.1.15 Version/17.0 Safari/605.1.15"
198.244.242.244 - - [16/Jul/2026:08:14:23 +0000] "GET /products/11521789404884 HTTP/2" 404 39252 "-" "Mozilla/5.0 (compatible; AhrefsBot/7.0; +http://ahrefs.com/robot/)"
198.244.242.124 - - [16/Jul/2026:08:15:27 +0000] "GET /items/J974869402/ HTTP/2" 404 39197 "-" "Mozilla/5.0 (compatible; AhrefsBot/7.0; +http://ahrefs.com/robot/)"
209.42.17.20 - - [16/Jul/2026:08:15:29 +0000] "POST /wp-cron.php?doing_wp_cron=1784189729.8919389247894287109375 HTTP/1.1" 200 0 "-" "WordPress/7.0.1; https://ebifo.org"
209.42.17.20 - - [16/Jul/2026:08:17:04 +0000] "POST /wp-cron.php?doing_wp_cron=1784189824.4042301177978515625000 HTTP/1.1" 200 0 "-" "WordPress/7.0.1; https://ebifo.org"
198.11.177.243 - - [16/Jul/2026:08:17:02 +0000] "GET /comments/feed/ HTTP/1.1" 200 1044 "-" "Mozilla/5.0 (iPhone; CPU iPhone OS 13_2_3 like Mac OS X) AppleWebKit/605.1.15 (KHTML, like Gecko) Version/13.0.3 Mobile/15E148 Safari/604.1"
209.42.17.20 - - [16/Jul/2026:08:21:34 +0000] "POST /wp-cron.php?doing_wp_cron=1784190094.5749039649963378906250 HTTP/1.1" 200 0 "-" "WordPress/7.0.1; https://ebifo.org"
142.111.152.115 - - [16/Jul/2026:08:21:32 +0000] "POST /wp-login.php HTTP/1.1" 200 2574 "-" "Mozilla/5.0 (Windows NT 10.0; Win64; rv:143.0) Gecko/20100101 Firefox/143.0"
209.42.17.20 - - [16/Jul/2026:08:24:19 +0000] "POST /wp-cron.php?doing_wp_cron=1784190259.7305479049682617187500 HTTP/1.1" 200 0 "-" "WordPress/7.0.1; https://ebifo.org"
40.77.167.121 - - [16/Jul/2026:08:24:17 +0000] "GET /items/O023835141/ HTTP/2" 301 0 "-" "Mozilla/5.0 AppleWebKit/537.36 (KHTML, like Gecko; compatible; bingbot/2.0; +http://www.bing.com/bingbot.htm) Chrome/116.0.1938.76 Safari/537.36"
119.45.7.86 - - [16/Jul/2026:08:28:08 +0000] "GET / HTTP/1.1" 200 83592 "http://www.ebifo.org" "Mozilla/5.0 (iPhone; CPU iPhone OS 13_2_3 like Mac OS X) AppleWebKit/605.1.15 (KHTML, like Gecko) Version/13.0.3 Mobile/15E148 Safari/604.1"
209.42.17.20 - - [16/Jul/2026:08:29:00 +0000] "POST /wp-cron.php?doing_wp_cron=1784190540.4708030223846435546875 HTTP/1.1" 200 0 "-" "WordPress/7.0.1; https://ebifo.org"
52.167.144.143 - - [16/Jul/2026:08:28:58 +0000] "GET /items/V193319480/ HTTP/2" 301 0 "-" "Mozilla/5.0 AppleWebKit/537.36 (KHTML, like Gecko; compatible; bingbot/2.0; +http://www.bing.com/bingbot.htm) Chrome/116.0.1938.76 Safari/537.36"
142.111.152.110 - - [16/Jul/2026:08:29:13 +0000] "POST /wp-login.php HTTP/1.1" 200 2574 "-" "Mozilla/5.0 (Windows NT 10.0; Win64; rv:143.0) Gecko/20100101 Firefox/143.0"
2.57.122.13 - - [16/Jul/2026:08:31:30 +0000] "GET /modules/.git/config HTTP/1.1" 403 1242 "-" "Mozilla/5.0 (Windows NT 10.0; Win64; x64) AppleWebKit/537.36 (KHTML, like Gecko) Chrome/123.0.0.0 Safari/537.36"
2.57.122.13 - - [16/Jul/2026:08:31:30 +0000] "GET /api/.git/config HTTP/1.1" 403 1242 "-" "Mozilla/5.0 (Windows NT 10.0; Win64; x64) AppleWebKit/537.36 (KHTML, like Gecko) Chrome/123.0.0.0 Safari/537.36"
2.57.122.13 - - [16/Jul/2026:08:31:30 +0000] "GET /app/.git/config HTTP/1.1" 403 1242 "-" "Mozilla/5.0 (Windows NT 10.0; Win64; x64) AppleWebKit/537.36 (KHTML, like Gecko) Chrome/123.0.0.0 Safari/537.36"
2.57.122.13 - - [16/Jul/2026:08:31:30 +0000] "GET /backend/.git/config HTTP/1.1" 403 1242 "-" "Mozilla/5.0 (Windows NT 10.0; Win64; x64) AppleWebKit/537.36 (KHTML, like Gecko) Chrome/123.0.0.0 Safari/537.36"
2.57.122.13 - - [16/Jul/2026:08:31:30 +0000] "GET /public/.git/config HTTP/1.1" 403 1242 "-" "Mozilla/5.0 (Windows NT 10.0; Win64; x64) AppleWebKit/537.36 (KHTML, like Gecko) Chrome/123.0.0.0 Safari/537.36"
2.57.122.13 - - [16/Jul/2026:08:31:30 +0000] "GET /frontend/.git/config HTTP/1.1" 403 1242 "-" "Mozilla/5.0 (Windows NT 10.0; Win64; x64) AppleWebKit/537.36 (KHTML, like Gecko) Chrome/123.0.0.0 Safari/537.36"
2.57.122.13 - - [16/Jul/2026:08:31:30 +0000] "GET /src/.git/config HTTP/1.1" 403 1242 "-" "Mozilla/5.0 (Windows NT 10.0; Win64; x64) AppleWebKit/537.36 (KHTML, like Gecko) Chrome/123.0.0.0 Safari/537.36"
2.57.122.13 - - [16/Jul/2026:08:31:30 +0000] "GET /administrator/.git/config HTTP/1.1" 403 1242 "-" "Mozilla/5.0 (Windows NT 10.0; Win64; x64) AppleWebKit/537.36 (KHTML, like Gecko) Chrome/123.0.0.0 Safari/537.36"
2.57.122.13 - - [16/Jul/2026:08:31:30 +0000] "GET /wp-content/.git/config HTTP/1.1" 403 1242 "-" "Mozilla/5.0 (Windows NT 10.0; Win64; x64) AppleWebKit/537.36 (KHTML, like Gecko) Chrome/123.0.0.0 Safari/537.36"
2.57.122.13 - - [16/Jul/2026:08:31:30 +0000] "GET /www/.git/config HTTP/1.1" 403 1242 "-" "Mozilla/5.0 (Windows NT 10.0; Win64; x64) AppleWebKit/537.36 (KHTML, like Gecko) Chrome/123.0.0.0 Safari/537.36"
2.57.122.13 - - [16/Jul/2026:08:31:30 +0000] "GET /wp-admin/.git/config HTTP/1.1" 403 1242 "-" "Mozilla/5.0 (Windows NT 10.0; Win64; x64) AppleWebKit/537.36 (KHTML, like Gecko) Chrome/123.0.0.0 Safari/537.36"
2.57.122.13 - - [16/Jul/2026:08:31:30 +0000] "GET /libs/.git/config HTTP/1.1" 403 1242 "-" "Mozilla/5.0 (Windows NT 10.0; Win64; x64) AppleWebKit/537.36 (KHTML, like Gecko) Chrome/123.0.0.0 Safari/537.36"
2.57.122.13 - - [16/Jul/2026:08:31:30 +0000] "GET /packages/.git/config HTTP/1.1" 403 1242 "-" "Mozilla/5.0 (Windows NT 10.0; Win64; x64) AppleWebKit/537.36 (KHTML, like Gecko) Chrome/123.0.0.0 Safari/537.36"
2.57.122.13 - - [16/Jul/2026:08:31:30 +0000] "GET /blog/.git/config HTTP/1.1" 403 1242 "-" "Mozilla/5.0 (Windows NT 10.0; Win64; x64) AppleWebKit/537.36 (KHTML, like Gecko) Chrome/123.0.0.0 Safari/537.36"
2.57.122.13 - - [16/Jul/2026:08:31:30 +0000] "GET /.git/config HTTP/1.1" 403 1242 "-" "Mozilla/5.0 (Windows NT 10.0; Win64; x64) AppleWebKit/537.36 (KHTML, like Gecko) Chrome/123.0.0.0 Safari/537.36"
2.57.122.13 - - [16/Jul/2026:08:31:30 +0000] "GET /build/.git/config HTTP/1.1" 403 1242 "-" "Mozilla/5.0 (Windows NT 10.0; Win64; x64) AppleWebKit/537.36 (KHTML, like Gecko) Chrome/123.0.0.0 Safari/537.36"
2.57.122.13 - - [16/Jul/2026:08:31:30 +0000] "GET /wordpress/.git/config HTTP/1.1" 403 1242 "-" "Mozilla/5.0 (Windows NT 10.0; Win64; x64) AppleWebKit/537.36 (KHTML, like Gecko) Chrome/123.0.0.0 Safari/537.36"
2.57.122.13 - - [16/Jul/2026:08:31:30 +0000] "GET /dist/.git/config HTTP/1.1" 403 1242 "-" "Mozilla/5.0 (Windows NT 10.0; Win64; x64) AppleWebKit/537.36 (KHTML, like Gecko) Chrome/123.0.0.0 Safari/537.36"
2.57.122.13 - - [16/Jul/2026:08:31:30 +0000] "GET /admin/.git/config HTTP/1.1" 403 1242 "-" "Mozilla/5.0 (Windows NT 10.0; Win64; x64) AppleWebKit/537.36 (KHTML, like Gecko) Chrome/123.0.0.0 Safari/537.36"
2.57.122.13 - - [16/Jul/2026:08:31:30 +0000] "GET /microservices/.git/config HTTP/1.1" 403 1242 "-" "Mozilla/5.0 (Windows NT 10.0; Win64; x64) AppleWebKit/537.36 (KHTML, like Gecko) Chrome/123.0.0.0 Safari/537.36"
2.57.122.13 - - [16/Jul/2026:08:31:30 +0000] "GET /blog/.git/config HTTP/1.1" 403 1242 "-" "Mozilla/5.0 (Windows NT 10.0; Win64; x64) AppleWebKit/537.36 (KHTML, like Gecko) Chrome/123.0.0.0 Safari/537.36"
2.57.122.13 - - [16/Jul/2026:08:31:30 +0000] "GET /administrator/.git/config HTTP/1.1" 403 1242 "-" "Mozilla/5.0 (Windows NT 10.0; Win64; x64) AppleWebKit/537.36 (KHTML, like Gecko) Chrome/123.0.0.0 Safari/537.36"
2.57.122.13 - - [16/Jul/2026:08:31:30 +0000] "GET /libs/.git/config HTTP/1.1" 403 1242 "-" "Mozilla/5.0 (Windows NT 10.0; Win64; x64) AppleWebKit/537.36 (KHTML, like Gecko) Chrome/123.0.0.0 Safari/537.36"
2.57.122.13 - - [16/Jul/2026:08:31:30 +0000] "GET /microservices/.git/config HTTP/1.1" 403 1242 "-" "Mozilla/5.0 (Windows NT 10.0; Win64; x64) AppleWebKit/537.36 (KHTML, like Gecko) Chrome/123.0.0.0 Safari/537.36"
2.57.122.13 - - [16/Jul/2026:08:31:30 +0000] "GET /www/.git/config HTTP/1.1" 403 1242 "-" "Mozilla/5.0 (Windows NT 10.0; Win64; x64) AppleWebKit/537.36 (KHTML, like Gecko) Chrome/123.0.0.0 Safari/537.36"
2.57.122.13 - - [16/Jul/2026:08:31:30 +0000] "GET /public/.git/config HTTP/1.1" 403 1242 "-" "Mozilla/5.0 (Windows NT 10.0; Win64; x64) AppleWebKit/537.36 (KHTML, like Gecko) Chrome/123.0.0.0 Safari/537.36"
2.57.122.13 - - [16/Jul/2026:08:31:30 +0000] "GET /wordpress/.git/config HTTP/1.1" 403 1242 "-" "Mozilla/5.0 (Windows NT 10.0; Win64; x64) AppleWebKit/537.36 (KHTML, like Gecko) Chrome/123.0.0.0 Safari/537.36"
2.57.122.13 - - [16/Jul/2026:08:31:30 +0000] "GET /dist/.git/config HTTP/1.1" 403 1242 "-" "Mozilla/5.0 (Windows NT 10.0; Win64; x64) AppleWebKit/537.36 (KHTML, like Gecko) Chrome/123.0.0.0 Safari/537.36"
2.57.122.13 - - [16/Jul/2026:08:31:30 +0000] "GET /build/.git/config HTTP/1.1" 403 1242 "-" "Mozilla/5.0 (Windows NT 10.0; Win64; x64) AppleWebKit/537.36 (KHTML, like Gecko) Chrome/123.0.0.0 Safari/537.36"
2.57.122.13 - - [16/Jul/2026:08:31:30 +0000] "GET /src/.git/config HTTP/1.1" 403 1242 "-" "Mozilla/5.0 (Windows NT 10.0; Win64; x64) AppleWebKit/537.36 (KHTML, like Gecko) Chrome/123.0.0.0 Safari/537.36"
2.57.122.13 - - [16/Jul/2026:08:31:30 +0000] "GET /wp-content/.git/config HTTP/1.1" 403 1242 "-" "Mozilla/5.0 (Windows NT 10.0; Win64; x64) AppleWebKit/537.36 (KHTML, like Gecko) Chrome/123.0.0.0 Safari/537.36"
2.57.122.13 - - [16/Jul/2026:08:31:30 +0000] "GET /backend/.git/config HTTP/1.1" 403 1242 "-" "Mozilla/5.0 (Windows NT 10.0; Win64; x64) AppleWebKit/537.36 (KHTML, like Gecko) Chrome/123.0.0.0 Safari/537.36"
2.57.122.13 - - [16/Jul/2026:08:31:30 +0000] "GET /wp-admin/.git/config HTTP/1.1" 403 1242 "-" "Mozilla/5.0 (Windows NT 10.0; Win64; x64) AppleWebKit/537.36 (KHTML, like Gecko) Chrome/123.0.0.0 Safari/537.36"
2.57.122.13 - - [16/Jul/2026:08:31:30 +0000] "GET /admin/.git/config HTTP/1.1" 403 1242 "-" "Mozilla/5.0 (Windows NT 10.0; Win64; x64) AppleWebKit/537.36 (KHTML, like Gecko) Chrome/123.0.0.0 Safari/537.36"
2.57.122.13 - - [16/Jul/2026:08:31:30 +0000] "GET /api/.git/config HTTP/1.1" 403 1242 "-" "Mozilla/5.0 (Windows NT 10.0; Win64; x64) AppleWebKit/537.36 (KHTML, like Gecko) Chrome/123.0.0.0 Safari/537.36"
2.57.122.13 - - [16/Jul/2026:08:31:30 +0000] "GET /app/.git/config HTTP/1.1" 403 1242 "-" "Mozilla/5.0 (Windows NT 10.0; Win64; x64) AppleWebKit/537.36 (KHTML, like Gecko) Chrome/123.0.0.0 Safari/537.36"
2.57.122.13 - - [16/Jul/2026:08:31:30 +0000] "GET /packages/.git/config HTTP/1.1" 403 1242 "-" "Mozilla/5.0 (Windows NT 10.0; Win64; x64) AppleWebKit/537.36 (KHTML, like Gecko) Chrome/123.0.0.0 Safari/537.36"
2.57.122.13 - - [16/Jul/2026:08:31:30 +0000] "GET /.git/config HTTP/1.1" 403 1242 "-" "Mozilla/5.0 (Windows NT 10.0; Win64; x64) AppleWebKit/537.36 (KHTML, like Gecko) Chrome/123.0.0.0 Safari/537.36"
2.57.122.13 - - [16/Jul/2026:08:31:30 +0000] "GET /frontend/.git/config HTTP/1.1" 403 1242 "-" "Mozilla/5.0 (Windows NT 10.0; Win64; x64) AppleWebKit/537.36 (KHTML, like Gecko) Chrome/123.0.0.0 Safari/537.36"
2.57.122.13 - - [16/Jul/2026:08:31:30 +0000] "GET /modules/.git/config HTTP/1.1" 403 1242 "-" "Mozilla/5.0 (Windows NT 10.0; Win64; x64) AppleWebKit/537.36 (KHTML, like Gecko) Chrome/123.0.0.0 Safari/537.36"
51.195.183.214 - - [16/Jul/2026:08:32:08 +0000] "GET /items/J973641143/ HTTP/2" 404 39190 "-" "Mozilla/5.0 (compatible; AhrefsBot/7.0; +http://ahrefs.com/robot/)"
209.42.17.20 - - [16/Jul/2026:08:32:12 +0000] "POST /wp-cron.php?doing_wp_cron=1784190732.1641879081726074218750 HTTP/1.1" 200 0 "-" "WordPress/7.0.1; https://ebifo.org"
198.244.240.247 - - [16/Jul/2026:08:33:13 +0000] "GET /products/10014584700574 HTTP/2" 404 39251 "-" "Mozilla/5.0 (compatible; AhrefsBot/7.0; +http://ahrefs.com/robot/)"
52.167.144.143 - - [16/Jul/2026:08:33:19 +0000] "GET /items/R703732862/ HTTP/2" 301 0 "-" "Mozilla/5.0 AppleWebKit/537.36 (KHTML, like Gecko; compatible; bingbot/2.0; +http://www.bing.com/bingbot.htm) Chrome/116.0.1938.76 Safari/537.36"
198.244.183.48 - - [16/Jul/2026:08:34:19 +0000] "GET /items/J972052601/ HTTP/2" 404 39190 "-" "Mozilla/5.0 (compatible; AhrefsBot/7.0; +http://ahrefs.com/robot/)"
209.42.17.20 - - [16/Jul/2026:08:34:22 +0000] "POST /wp-cron.php?doing_wp_cron=1784190862.1468489170074462890625 HTTP/1.1" 200 0 "-" "WordPress/7.0.1; https://ebifo.org"
209.42.17.20 - - [16/Jul/2026:08:35:10 +0000] "POST /wp-cron.php?doing_wp_cron=1784190910.7324080467224121093750 HTTP/1.1" 200 0 "-" "WordPress/7.0.1; https://ebifo.org"
52.167.144.147 - - [16/Jul/2026:08:35:08 +0000] "GET /items/Z062959880/ HTTP/2" 301 0 "-" "Mozilla/5.0 AppleWebKit/537.36 (KHTML, like Gecko; compatible; bingbot/2.0; +http://www.bing.com/bingbot.htm) Chrome/116.0.1938.76 Safari/537.36"
52.167.144.147 - - [16/Jul/2026:08:35:10 +0000] "GET /items/N251125203/ HTTP/2" 301 0 "-" "Mozilla/5.0 AppleWebKit/537.36 (KHTML, like Gecko; compatible; bingbot/2.0; +http://www.bing.com/bingbot.htm) Chrome/116.0.1938.76 Safari/537.36"
54.38.147.40 - - [16/Jul/2026:08:35:24 +0000] "GET /products/780862620886 HTTP/2" 404 39206 "-" "Mozilla/5.0 (compatible; AhrefsBot/7.0; +http://ahrefs.com/robot/)"
198.244.240.143 - - [16/Jul/2026:08:36:29 +0000] "GET /products/7781529263617 HTTP/2" 404 39242 "-" "Mozilla/5.0 (compatible; AhrefsBot/7.0; +http://ahrefs.com/robot/)"
209.42.17.20 - - [16/Jul/2026:08:36:32 +0000] "POST /wp-cron.php?doing_wp_cron=1784190992.5518701076507568359375 HTTP/1.1" 200 0 "-" "WordPress/7.0.1; https://ebifo.org"
209.42.17.20 - - [16/Jul/2026:08:37:17 +0000] "POST /wp-cron.php?doing_wp_cron=1784191037.2852599620819091796875 HTTP/1.1" 200 0 "-" "WordPress/7.0.1; https://ebifo.org"
142.111.152.20 - - [16/Jul/2026:08:37:15 +0000] "POST /wp-login.php HTTP/1.1" 200 2574 "-" "Mozilla/5.0 (Windows NT 10.0; Win64; rv:143.0) Gecko/20100101 Firefox/143.0"
51.89.129.106 - - [16/Jul/2026:08:37:35 +0000] "GET /products/4593522051094 HTTP/2" 404 39238 "-" "Mozilla/5.0 (compatible; AhrefsBot/7.0; +http://ahrefs.com/robot/)"
198.244.240.164 - - [16/Jul/2026:08:38:40 +0000] "GET /products/37067958190984 HTTP/2" 404 39253 "-" "Mozilla/5.0 (compatible; AhrefsBot/7.0; +http://ahrefs.com/robot/)"
209.42.17.20 - - [16/Jul/2026:08:38:43 +0000] "POST /wp-cron.php?doing_wp_cron=1784191123.0656569004058837890625 HTTP/1.1" 200 0 "-" "WordPress/7.0.1; https://ebifo.org"
209.42.17.20 - - [16/Jul/2026:08:45:19 +0000] "POST /wp-cron.php?doing_wp_cron=1784191519.8737759590148925781250 HTTP/1.1" 200 0 "-" "WordPress/7.0.1; https://ebifo.org"
142.111.152.121 - - [16/Jul/2026:08:45:17 +0000] "POST /wp-login.php HTTP/1.1" 200 2574 "-" "Mozilla/5.0 (Windows NT 10.0; Win64; x64) AppleWebKit/537.36 Chrome/129.0.0.0 Safari/537.36"
209.42.17.20 - - [16/Jul/2026:08:46:26 +0000] "POST /wp-cron.php?doing_wp_cron=1784191586.9373180866241455078125 HTTP/1.1" 200 0 "-" "WordPress/7.0.1; https://ebifo.org"
43.153.102.138 - - [16/Jul/2026:08:46:25 +0000] "GET /feed/ HTTP/1.1" 200 8954 "-" "Mozilla/5.0 (iPhone; CPU iPhone OS 13_2_3 like Mac OS X) AppleWebKit/605.1.15 (KHTML, like Gecko) Version/13.0.3 Mobile/15E148 Safari/604.1"
209.42.17.20 - - [16/Jul/2026:08:53:07 +0000] "POST /wp-cron.php?doing_wp_cron=1784191987.1438100337982177734375 HTTP/1.1" 200 0 "-" "WordPress/7.0.1; https://ebifo.org"
142.111.152.17 - - [16/Jul/2026:08:53:04 +0000] "POST /wp-login.php HTTP/1.1" 200 2574 "-" "Mozilla/5.0 (Windows NT 10.0; Win64; rv:143.0) Gecko/20100101 Firefox/143.0"
209.42.17.20 - - [16/Jul/2026:08:58:34 +0000] "POST /wp-cron.php?doing_wp_cron=1784192314.3261480331420898437500 HTTP/1.1" 200 0 "-" "WordPress/7.0.1; https://ebifo.org"
66.249.79.36 - - [16/Jul/2026:08:58:33 +0000] "GET /products/672466323588 HTTP/1.1" 301 0 "-" "Mozilla/5.0 (Linux; Android 6.0.1; Nexus 5X Build/MMB29P) AppleWebKit/537.36 (KHTML, like Gecko) Chrome/150.0.7871.114 Mobile Safari/537.36 (compatible; Googlebot/2.1; +http://www.google.com/bot.html)"
66.249.79.138 - - [16/Jul/2026:08:58:35 +0000] "GET /products/672466323588 HTTP/1.1" 404 39207 "-" "Mozilla/5.0 (Linux; Android 6.0.1; Nexus 5X Build/MMB29P) AppleWebKit/537.36 (KHTML, like Gecko) Chrome/150.0.7871.114 Mobile Safari/537.36 (compatible; Googlebot/2.1; +http://www.google.com/bot.html)"
209.42.17.20 - - [16/Jul/2026:09:00:49 +0000] "POST /wp-cron.php?doing_wp_cron=1784192449.6064910888671875000000 HTTP/1.1" 200 0 "-" "WordPress/7.0.1; https://ebifo.org"
142.111.152.28 - - [16/Jul/2026:09:00:47 +0000] "POST /wp-login.php HTTP/1.1" 200 2574 "-" "Mozilla/5.0 (Windows NT 10.0; Win64; x64) AppleWebKit/537.36 Chrome/129.0.0.0 Safari/537.36"
43.167.232.38 - - [16/Jul/2026:09:02:18 +0000] "GET / HTTP/1.1" 200 83591 "http://www.ebifo.org" "Mozilla/5.0 (iPhone; CPU iPhone OS 13_2_3 like Mac OS X) AppleWebKit/605.1.15 (KHTML, like Gecko) Version/13.0.3 Mobile/15E148 Safari/604.1"
198.244.242.117 - - [16/Jul/2026:09:02:26 +0000] "GET /products/34427195545644 HTTP/2" 404 39252 "-" "Mozilla/5.0 (compatible; AhrefsBot/7.0; +http://ahrefs.com/robot/)"
209.42.17.20 - - [16/Jul/2026:09:03:34 +0000] "POST /wp-cron.php?doing_wp_cron=1784192614.1830480098724365234375 HTTP/1.1" 200 0 "-" "WordPress/7.0.1; https://ebifo.org"
66.102.8.39 - - [16/Jul/2026:09:03:31 +0000] "GET / HTTP/1.1" 200 68254 "-" "Mozilla/5.0 (Linux; Android 6.0.1; Nexus 5X Build/MMB29P) AppleWebKit/537.36 (KHTML, like Gecko) Chrome/150.0.7871.114 Mobile Safari/537.36 (compatible; Google-Adwords-Instant-Mobile; +http://www.google.com/mobile/adsbot.html)"
72.14.199.75 - - [16/Jul/2026:09:03:34 +0000] "GET /wp-content/plugins/give/build/assets/dist/js/give.js?ver=8540f4f50a2032d9c5b5 HTTP/1.1" 200 46238 "https://ebifo.org/" "AdsBot-Google (+http://www.google.com/adsbot.html)"
72.14.199.75 - - [16/Jul/2026:09:03:35 +0000] "GET /wp-content/plugins/elementor/assets/lib/animations/styles/e-animation-bob.min.css?ver=4.1.4 HTTP/1.1" 200 216 "https://ebifo.org/" "AdsBot-Google (+http://www.google.com/adsbot.html)"
72.14.199.75 - - [16/Jul/2026:09:03:35 +0000] "GET /wp-content/plugins/woocommerce/assets/css/woocommerce-layout.css?ver=10.9.1 HTTP/1.1" 200 3178 "https://ebifo.org/" "AdsBot-Google (+http://www.google.com/adsbot.html)"
72.14.199.74 - - [16/Jul/2026:09:03:35 +0000] "GET /wp-content/plugins/elementor/assets/css/widget-heading.min.css?ver=4.1.4 HTTP/1.1" 200 126 "https://ebifo.org/" "AdsBot-Google (+http://www.google.com/adsbot.html)"
72.14.199.73 - - [16/Jul/2026:09:03:35 +0000] "GET /wp-content/themes/alone/css/give.css?ver=7.8.8 HTTP/1.1" 200 9668 "https://ebifo.org/" "AdsBot-Google (+http://www.google.com/adsbot.html)"
72.14.199.74 - - [16/Jul/2026:09:03:36 +0000] "GET /wp-includes/js/jquery/jquery-migrate.min.js?ver=3.4.1 HTTP/1.1" 200 4678 "https://ebifo.org/" "AdsBot-Google (+http://www.google.com/adsbot.html)"
72.14.199.73 - - [16/Jul/2026:09:03:36 +0000] "GET /wp-content/plugins/the-events-calendar/build/css/integrations/plugins/elementor/widgets/widget-base.css?ver=6.16.5 HTTP/1.1" 200 300 "https://ebifo.org/" "AdsBot-Google (+http://www.google.com/adsbot.html)"
72.14.199.73 - - [16/Jul/2026:09:03:36 +0000] "GET /wp-content/plugins/elementor/assets/css/conditionals/apple-webkit.min.css?ver=4.1.4 HTTP/1.1" 200 464 "https://ebifo.org/" "AdsBot-Google (+http://www.google.com/adsbot.html)"
72.14.199.74 - - [16/Jul/2026:09:03:36 +0000] "GET /wp-content/plugins/elementor/assets/css/frontend.min.css?ver=4.1.4 HTTP/1.1" 200 6613 "https://ebifo.org/" "AdsBot-Google (+http://www.google.com/adsbot.html)"
72.14.199.73 - - [16/Jul/2026:09:03:37 +0000] "GET /wp-content/plugins/elementor/assets/css/widget-video.min.css?ver=4.1.4 HTTP/1.1" 200 328 "https://ebifo.org/" "AdsBot-Google (+http://www.google.com/adsbot.html)"
72.14.199.74 - - [16/Jul/2026:09:03:37 +0000] "GET /wp-content/plugins/bearsthemes-addons/assets/css/give.css?ver=7.0.1 HTTP/1.1" 200 17597 "https://ebifo.org/" "AdsBot-Google (+http://www.google.com/adsbot.html)"
72.14.199.73 - - [16/Jul/2026:09:03:37 +0000] "GET /wp-content/plugins/ubermenu/pro/assets/css/ubermenu.min.css?ver=3.8.5 HTTP/1.1" 200 8670 "https://ebifo.org/" "AdsBot-Google (+http://www.google.com/adsbot.html)"
72.14.199.75 - - [16/Jul/2026:09:03:38 +0000] "GET /wp-content/uploads/elementor/google-fonts/css/robotoslab.css?ver=1753686469 HTTP/1.1" 200 714 "https://ebifo.org/" "AdsBot-Google (+http://www.google.com/adsbot.html)"
72.14.199.75 - - [16/Jul/2026:09:03:38 +0000] "GET /wp-content/plugins/sermone//dist/sermone.css?ver=1.0.0 HTTP/1.1" 200 34 "https://ebifo.org/" "AdsBot-Google (+http://www.google.com/adsbot.html)"
72.14.199.74 - - [16/Jul/2026:09:03:38 +0000] "GET /wp-content/plugins/elementor/assets/css/widget-spacer.min.css?ver=4.1.4 HTTP/1.1" 200 287 "https://ebifo.org/" "AdsBot-Google (+http://www.google.com/adsbot.html)"
72.14.199.74 - - [16/Jul/2026:09:03:39 +0000] "GET /wp-content/themes/alone/js/give-loadmore.js?ver=7.0.1 HTTP/1.1" 200 1695 "https://ebifo.org/" "AdsBot-Google (+http://www.google.com/adsbot.html)"
72.14.199.74 - - [16/Jul/2026:09:03:39 +0000] "GET /wp-content/themes/alone/css/sermone.css?ver=7.8.8 HTTP/1.1" 200 133 "https://ebifo.org/" "AdsBot-Google (+http://www.google.com/adsbot.html)"
72.14.199.73 - - [16/Jul/2026:09:03:39 +0000] "GET /wp-includes/js/jquery/jquery.min.js?ver=3.7.1 HTTP/1.1" 200 29744 "https://ebifo.org/" "AdsBot-Google (+http://www.google.com/adsbot.html)"
72.14.199.74 - - [16/Jul/2026:09:03:40 +0000] "GET /wp-content/plugins/the-events-calendar/build/css/tribe-events-single-full.css?ver=6.16.5 HTTP/1.1" 200 3187 "https://ebifo.org/" "AdsBot-Google (+http://www.google.com/adsbot.html)"
72.14.199.74 - - [16/Jul/2026:09:03:40 +0000] "GET /wp-content/themes/alone/js/posts-loadmore.js?ver=7.0.1 HTTP/1.1" 200 917 "https://ebifo.org/" "AdsBot-Google (+http://www.google.com/adsbot.html)"
72.14.199.74 - - [16/Jul/2026:09:03:40 +0000] "GET /wp-content/themes/alone/css/events.css?ver=7.8.8 HTTP/1.1" 200 3260 "https://ebifo.org/" "AdsBot-Google (+http://www.google.com/adsbot.html)"
72.14.199.74 - - [16/Jul/2026:09:03:41 +0000] "GET /wp-content/plugins/elementor/assets/lib/animations/styles/fadeInUp.min.css?ver=4.1.4 HTTP/1.1" 200 130 "https://ebifo.org/" "AdsBot-Google (+http://www.google.com/adsbot.html)"
72.14.199.73 - - [16/Jul/2026:09:03:41 +0000] "GET /wp-content/plugins/bearsthemes-addons/assets/css/swiper.min.css?ver=7.0.1 HTTP/1.1" 200 2180 "https://ebifo.org/" "AdsBot-Google (+http://www.google.com/adsbot.html)"
72.14.199.74 - - [16/Jul/2026:09:03:41 +0000] "GET /wp-content/plugins/give/build/assets/dist/css/design-system/foundation.css?ver=1.2.0 HTTP/1.1" 200 1221 "https://ebifo.org/" "AdsBot-Google (+http://www.google.com/adsbot.html)"
72.14.199.74 - - [16/Jul/2026:09:03:42 +0000] "GET /wp-content/plugins/sermone//dist/sermone.frontend.bundle.js?ver=1.0.0 HTTP/1.1" 200 60807 "https://ebifo.org/" "AdsBot-Google (+http://www.google.com/adsbot.html)"
72.14.199.74 - - [16/Jul/2026:09:03:42 +0000] "GET /wp-content/plugins/bearsthemes-addons/assets/css/magnific-popup.css?ver=7.0.1 HTTP/1.1" 200 1660 "https://ebifo.org/" "AdsBot-Google (+http://www.google.com/adsbot.html)"
72.14.199.73 - - [16/Jul/2026:09:03:42 +0000] "GET /wp-content/plugins/bearsthemes-addons/assets/css/sermone.css?ver=7.0.1 HTTP/1.1" 200 2697 "https://ebifo.org/" "AdsBot-Google (+http://www.google.com/adsbot.html)"
72.14.199.73 - - [16/Jul/2026:09:03:43 +0000] "GET /wp-content/plugins/elementor-pro/assets/css/widget-nav-menu.min.css?ver=4.1.1 HTTP/1.1" 200 3241 "https://ebifo.org/" "AdsBot-Google (+http://www.google.com/adsbot.html)"
72.14.199.73 - - [16/Jul/2026:09:03:43 +0000] "GET /wp-content/plugins/elementor/assets/lib/animations/styles/fadeInRight.min.css?ver=4.1.4 HTTP/1.1" 200 139 "https://ebifo.org/" "AdsBot-Google (+http://www.google.com/adsbot.html)"
72.14.199.73 - - [16/Jul/2026:09:03:43 +0000] "GET /wp-content/plugins/elementor-pro/assets/css/modules/motion-fx.min.css?ver=4.1.1 HTTP/1.1" 200 240 "https://ebifo.org/" "AdsBot-Google (+http://www.google.com/adsbot.html)"
72.14.199.73 - - [16/Jul/2026:09:03:43 +0000] "GET /wp-content/plugins/bearsthemes-addons/assets/css/woocommerce.css?ver=7.0.1 HTTP/1.1" 200 1608 "https://ebifo.org/" "AdsBot-Google (+http://www.google.com/adsbot.html)"
72.14.199.73 - - [16/Jul/2026:09:03:44 +0000] "GET /wp-includes/js/dist/hooks.min.js?ver=7496969728ca0f95732d HTTP/1.1" 200 1734 "https://ebifo.org/" "AdsBot-Google (+http://www.google.com/adsbot.html)"
72.14.199.73 - - [16/Jul/2026:09:03:44 +0000] "GET /wp-content/themes/alone/style.css?ver=7.8.8 HTTP/1.1" 200 870 "https://ebifo.org/" "AdsBot-Google (+http://www.google.com/adsbot.html)"
72.14.199.73 - - [16/Jul/2026:09:03:44 +0000] "GET /wp-content/plugins/elementor/assets/lib/animations/styles/fadeIn.min.css?ver=4.1.4 HTTP/1.1" 200 77 "https://ebifo.org/" "AdsBot-Google (+http://www.google.com/adsbot.html)"
72.14.199.73 - - [16/Jul/2026:09:03:45 +0000] "GET /wp-content/plugins/bearsthemes-addons/assets/css/tooltipster.css?ver=7.0.1 HTTP/1.1" 200 1528 "https://ebifo.org/" "AdsBot-Google (+http://www.google.com/adsbot.html)"
72.14.199.73 - - [16/Jul/2026:09:03:45 +0000] "GET /wp-content/plugins/elementor/assets/lib/animations/styles/fadeInLeft.min.css?ver=4.1.4 HTTP/1.1" 200 137 "https://ebifo.org/" "AdsBot-Google (+http://www.google.com/adsbot.html)"
72.14.199.73 - - [16/Jul/2026:09:03:45 +0000] "GET /wp-content/plugins/ubermenu/assets/fontawesome/css/all.min.css?ver=7.0.1 HTTP/1.1" 200 12370 "https://ebifo.org/" "AdsBot-Google (+http://www.google.com/adsbot.html)"
72.14.199.73 - - [16/Jul/2026:09:03:45 +0000] "GET /wp-content/plugins/elementor/assets/css/widget-social-icons.min.css?ver=4.1.4 HTTP/1.1" 200 1039 "https://ebifo.org/" "AdsBot-Google (+http://www.google.com/adsbot.html)"
72.14.199.73 - - [16/Jul/2026:09:03:46 +0000] "GET /wp-content/plugins/the-events-calendar/build/css/tribe-events-single-skeleton.css?ver=6.16.5 HTTP/1.1" 200 3356 "https://ebifo.org/" "AdsBot-Google (+http://www.google.com/adsbot.html)"
72.14.199.73 - - [16/Jul/2026:09:03:46 +0000] "GET /wp-content/plugins/elementor-pro/assets/css/modules/sticky.min.css?ver=4.1.1 HTTP/1.1" 200 162 "https://ebifo.org/" "AdsBot-Google (+http://www.google.com/adsbot.html)"
72.14.199.73 - - [16/Jul/2026:09:03:46 +0000] "GET /wp-content/plugins/bearsthemes-addons/assets/css/elements.css?ver=7.0.1 HTTP/1.1" 200 27816 "https://ebifo.org/" "AdsBot-Google (+http://www.google.com/adsbot.html)"
72.14.199.73 - - [16/Jul/2026:09:03:47 +0000] "GET /wp-content/themes/alone/css/woocommerce.css?ver=7.8.8 HTTP/1.1" 200 11340 "https://ebifo.org/" "AdsBot-Google (+http://www.google.com/adsbot.html)"
72.14.199.73 - - [16/Jul/2026:09:03:47 +0000] "GET /wp-includes/js/dist/i18n.min.js?ver=781d11515ad3d91786ec HTTP/1.1" 200 2354 "https://ebifo.org/" "AdsBot-Google (+http://www.google.com/adsbot.html)"
72.14.199.73 - - [16/Jul/2026:09:03:47 +0000] "GET /wp-content/uploads/elementor/google-fonts/css/roboto.css?ver=1753686476 HTTP/1.1" 200 1877 "https://ebifo.org/" "AdsBot-Google (+http://www.google.com/adsbot.html)"
72.14.199.73 - - [16/Jul/2026:09:03:47 +0000] "GET /wp-content/plugins/bearsthemes-addons/assets/css/events.css?ver=7.0.1 HTTP/1.1" 200 9313 "https://ebifo.org/" "AdsBot-Google (+http://www.google.com/adsbot.html)"
72.14.199.73 - - [16/Jul/2026:09:03:48 +0000] "GET /wp-content/plugins/elementor/assets/css/widget-image.min.css?ver=4.1.4 HTTP/1.1" 200 96 "https://ebifo.org/" "AdsBot-Google (+http://www.google.com/adsbot.html)"
72.14.199.73 - - [16/Jul/2026:09:03:48 +0000] "GET /wp-content/plugins/elementor/assets/css/widget-icon-list.min.css?ver=4.1.4 HTTP/1.1" 200 928 "https://ebifo.org/" "AdsBot-Google (+http://www.google.com/adsbot.html)"
72.14.199.73 - - [16/Jul/2026:09:03:48 +0000] "GET /wp-content/plugins/elementor/assets/css/widget-accordion.min.css?ver=4.1.4 HTTP/1.1" 200 353 "https://ebifo.org/" "AdsBot-Google (+http://www.google.com/adsbot.html)"
72.14.199.73 - - [16/Jul/2026:09:03:48 +0000] "GET /wp-content/uploads/elementor/google-fonts/css/poppins.css?ver=1753686470 HTTP/1.1" 200 784 "https://ebifo.org/" "AdsBot-Google (+http://www.google.com/adsbot.html)"
72.14.199.73 - - [16/Jul/2026:09:03:49 +0000] "GET /wp-content/plugins/essential-addons-for-elementor-lite/assets/front-end/css/view/general.min.css?ver=6.6.9 HTTP/1.1" 200 1420 "https://ebifo.org/" "AdsBot-Google (+http://www.google.com/adsbot.html)"
72.14.199.73 - - [16/Jul/2026:09:03:49 +0000] "GET /wp-content/plugins/give/build/assets/dist/css/give.css?ver=4.16.0 HTTP/1.1" 200 43170 "https://ebifo.org/" "AdsBot-Google (+http://www.google.com/adsbot.html)"
72.14.199.73 - - [16/Jul/2026:09:03:50 +0000] "GET /wp-content/plugins/ubermenu/assets/css/skins/minimal.css?ver=7.0.1 HTTP/1.1" 200 623 "https://ebifo.org/" "AdsBot-Google (+http://www.google.com/adsbot.html)"
72.14.199.73 - - [16/Jul/2026:09:03:50 +0000] "GET /wp-content/plugins/woocommerce/assets/css/woocommerce.css?ver=10.9.1 HTTP/1.1" 200 10470 "https://ebifo.org/" "AdsBot-Google (+http://www.google.com/adsbot.html)"
72.14.199.73 - - [16/Jul/2026:09:03:50 +0000] "GET /wp-content/plugins/woocommerce/assets/client/blocks/wc-blocks.css?ver=wc-10.9.1 HTTP/1.1" 200 2391 "https://ebifo.org/" "AdsBot-Google (+http://www.google.com/adsbot.html)"
72.14.199.73 - - [16/Jul/2026:09:03:50 +0000] "GET /wp-content/plugins/woocommerce/assets/css/photoswipe/photoswipe.min.css?ver=10.9.1 HTTP/1.1" 200 846 "https://ebifo.org/" "AdsBot-Google (+http://www.google.com/adsbot.html)"
72.14.199.74 - - [16/Jul/2026:09:03:51 +0000] "GET /wp-content/themes/alone/css/normalize.css HTTP/1.1" 200 1777 "https://ebifo.org/wp-content/themes/alone/style.css?ver=7.8.8" "AdsBot-Google (+http://www.google.com/adsbot.html)"
72.14.199.73 - - [16/Jul/2026:09:03:51 +0000] "GET /wp-content/themes/alone/css/alone-main.css HTTP/1.1" 200 12559 "https://ebifo.org/wp-content/themes/alone/style.css?ver=7.8.8" "AdsBot-Google (+http://www.google.com/adsbot.html)"
72.14.199.73 - - [16/Jul/2026:09:03:51 +0000] "GET /wp-content/themes/alone/fonts/font.css HTTP/1.1" 200 216 "https://ebifo.org/wp-content/themes/alone/style.css?ver=7.8.8" "AdsBot-Google (+http://www.google.com/adsbot.html)"
72.14.199.73 - - [16/Jul/2026:09:03:51 +0000] "GET /wp-content/plugins/woocommerce/assets/css/photoswipe/default-skin/default-skin.min.css?ver=10.9.1 HTTP/1.1" 200 1759 "https://ebifo.org/" "AdsBot-Google (+http://www.google.com/adsbot.html)"
72.14.199.74 - - [16/Jul/2026:09:03:52 +0000] "GET /wp-content/plugins/the-events-calendar/common/build/js/user-agent.js?ver=da75d0bdea6dde3898df HTTP/1.1" 200 171 "https://ebifo.org/" "AdsBot-Google (+http://www.google.com/adsbot.html)"
72.14.199.74 - - [16/Jul/2026:09:03:52 +0000] "GET /wp-includes/js/dist/url.min.js?ver=bb0f766c3d2efe497871 HTTP/1.1" 200 3629 "https://ebifo.org/" "AdsBot-Google (+http://www.google.com/adsbot.html)"
72.14.199.73 - - [16/Jul/2026:09:03:52 +0000] "GET /wp-includes/js/dist/dom-ready.min.js?ver=a06281ae5cf5500e9317 HTTP/1.1" 200 420 "https://ebifo.org/" "AdsBot-Google (+http://www.google.com/adsbot.html)"
72.14.199.74 - - [16/Jul/2026:09:03:52 +0000] "GET /wp-includes/js/dist/a11y.min.js?ver=af934e5259bc51b8718e HTTP/1.1" 200 935 "https://ebifo.org/" "AdsBot-Google (+http://www.google.com/adsbot.html)"
72.14.199.73 - - [16/Jul/2026:09:03:53 +0000] "GET /wp-includes/js/dist/autop.min.js?ver=9d0d0901b46f0a9027c9 HTTP/1.1" 200 2067 "https://ebifo.org/" "AdsBot-Google (+http://www.google.com/adsbot.html)"
72.14.199.74 - - [16/Jul/2026:09:03:53 +0000] "GET /wp-includes/js/dist/escape-html.min.js?ver=3f093e5cca67aa0f8b56 HTTP/1.1" 200 537 "https://ebifo.org/" "AdsBot-Google (+http://www.google.com/adsbot.html)"
72.14.199.74 - - [16/Jul/2026:09:03:53 +0000] "GET /wp-includes/js/dist/keycodes.min.js?ver=aa1a141e3468afe7f852 HTTP/1.1" 200 1492 "https://ebifo.org/" "AdsBot-Google (+http://www.google.com/adsbot.html)"
72.14.199.73 - - [16/Jul/2026:09:03:54 +0000] "GET /wp-includes/js/dist/is-shallow-equal.min.js?ver=5d84b9f3cb50d2ce7d04 HTTP/1.1" 200 523 "https://ebifo.org/" "AdsBot-Google (+http://www.google.com/adsbot.html)"
72.14.199.73 - - [16/Jul/2026:09:03:54 +0000] "GET /wp-includes/js/dist/vendor/react.min.js?ver=18.3.1.1 HTTP/1.1" 200 4117 "https://ebifo.org/" "AdsBot-Google (+http://www.google.com/adsbot.html)"
72.14.199.74 - - [16/Jul/2026:09:03:54 +0000] "GET /wp-includes/js/dist/vendor/react-jsx-runtime.min.js?ver=18.3.1 HTTP/1.1" 200 613 "https://ebifo.org/" "AdsBot-Google (+http://www.google.com/adsbot.html)"
