52.37.222.249 - - [15/Jul/2026:14:41:19 +0000] "GET /wp-content/plugins/elementor/assets/js/video.86d44e46e43d0807e708.bundle.min.js HTTP/3" 200 1186 "https://ebifo.org/" "Mozilla/5.0 (Windows NT 10.0; Win64; x64) AppleWebKit/537.36 (KHTML, like Gecko) Chrome/150.0.7871.114 Safari/537.36"
52.37.222.249 - - [15/Jul/2026:14:41:19 +0000] "GET /wp-content/plugins/elementor/assets/js/accordion.8b0db5058afeb74622f5.bundle.min.js HTTP/3" 200 1282 "https://ebifo.org/" "Mozilla/5.0 (Windows NT 10.0; Win64; x64) AppleWebKit/537.36 (KHTML, like Gecko) Chrome/150.0.7871.114 Safari/537.36"
52.37.222.249 - - [15/Jul/2026:14:41:19 +0000] "GET /wp-content/uploads/2021/06/ebifo-web-logo.png HTTP/3" 200 10972 "https://ebifo.org/" "Mozilla/5.0 (Windows NT 10.0; Win64; x64) AppleWebKit/537.36 (KHTML, like Gecko) Chrome/150.0.7871.114 Safari/537.36"
52.37.222.249 - - [15/Jul/2026:14:41:19 +0000] "GET /wp-includes/js/wp-emoji-release.min.js?ver=7.0.1 HTTP/3" 200 4974 "https://ebifo.org/" "Mozilla/5.0 (Windows NT 10.0; Win64; x64) AppleWebKit/537.36 (KHTML, like Gecko) Chrome/150.0.7871.114 Safari/537.36"
209.42.17.20 - - [15/Jul/2026:14:42:02 +0000] "POST /wp-cron.php?doing_wp_cron=1784126522.5581920146942138671875 HTTP/1.1" 200 0 "-" "WordPress/7.0.1; https://ebifo.org"
66.249.79.37 - - [15/Jul/2026:14:42:00 +0000] "GET /items/Z814683075/ HTTP/1.1" 301 0 "-" "Mozilla/5.0 (Linux; Android 6.0.1; Nexus 5X Build/MMB29P) AppleWebKit/537.36 (KHTML, like Gecko) Chrome/150.0.7871.114 Mobile Safari/537.36 (compatible; Googlebot/2.1; +http://www.google.com/bot.html)"
66.249.79.138 - - [15/Jul/2026:14:42:03 +0000] "GET /items/Z814683075/ HTTP/1.1" 404 39195 "-" "Mozilla/5.0 (Linux; Android 6.0.1; Nexus 5X Build/MMB29P) AppleWebKit/537.36 (KHTML, like Gecko) Chrome/150.0.7871.114 Mobile Safari/537.36 (compatible; Googlebot/2.1; +http://www.google.com/bot.html)"
209.42.17.20 - - [15/Jul/2026:14:48:10 +0000] "POST /wp-cron.php?doing_wp_cron=1784126890.4417719841003417968750 HTTP/1.1" 200 0 "-" "WordPress/7.0.1; https://ebifo.org"
52.167.144.213 - - [15/Jul/2026:14:48:09 +0000] "GET /items/R703696258/ HTTP/2" 301 0 "-" "Mozilla/5.0 AppleWebKit/537.36 (KHTML, like Gecko; compatible; bingbot/2.0; +http://www.bing.com/bingbot.htm) Chrome/116.0.1938.76 Safari/537.36"
52.167.144.213 - - [15/Jul/2026:14:48:10 +0000] "GET /items/D571708554/ HTTP/2" 301 0 "-" "Mozilla/5.0 AppleWebKit/537.36 (KHTML, like Gecko; compatible; bingbot/2.0; +http://www.bing.com/bingbot.htm) Chrome/116.0.1938.76 Safari/537.36"
209.42.17.20 - - [15/Jul/2026:14:50:31 +0000] "POST /wp-cron.php?doing_wp_cron=1784127031.0200541019439697265625 HTTP/1.1" 200 0 "-" "WordPress/7.0.1; https://ebifo.org"
66.249.79.36 - - [15/Jul/2026:14:50:29 +0000] "GET /items/S981276441/ HTTP/1.1" 301 0 "-" "Mozilla/5.0 (Linux; Android 6.0.1; Nexus 5X Build/MMB29P) AppleWebKit/537.36 (KHTML, like Gecko) Chrome/150.0.7871.114 Mobile Safari/537.36 (compatible; Googlebot/2.1; +http://www.google.com/bot.html)"
66.249.79.139 - - [15/Jul/2026:14:50:31 +0000] "GET /items/S981276441/ HTTP/1.1" 404 39191 "-" "Mozilla/5.0 (Linux; Android 6.0.1; Nexus 5X Build/MMB29P) AppleWebKit/537.36 (KHTML, like Gecko) Chrome/150.0.7871.114 Mobile Safari/537.36 (compatible; Googlebot/2.1; +http://www.google.com/bot.html)"
40.77.167.48 - - [15/Jul/2026:14:50:37 +0000] "GET /items/P332667179/ HTTP/2" 301 0 "-" "Mozilla/5.0 AppleWebKit/537.36 (KHTML, like Gecko; compatible; bingbot/2.0; +http://www.bing.com/bingbot.htm) Chrome/116.0.1938.76 Safari/537.36"
136.67.56.92 - - [15/Jul/2026:14:51:02 +0000] "GET /autodiscover/autodiscover.xml HTTP/1.1" 400 52 "-" "Mozilla/5.0 (Windows NT 10.0; Win64; x64) AppleWebKit/537.36 (KHTML, like Gecko) Chrome/89.0.4389.114 Safari/537.36"
136.67.56.92 - - [15/Jul/2026:14:51:02 +0000] "GET /autodiscover/autodiscover.xml/wp-includes/wlwmanifest.xml HTTP/1.1" 400 52 "-" "Mozilla/5.0 (Windows NT 10.0; Win64; x64) AppleWebKit/537.36 (KHTML, like Gecko) Chrome/89.0.4389.114 Safari/537.36"
136.67.56.92 - - [15/Jul/2026:14:51:02 +0000] "GET /autodiscover/autodiscover.xml/xmlrpc.php?rsd HTTP/1.1" 400 52 "-" "Mozilla/5.0 (Windows NT 10.0; Win64; x64) AppleWebKit/537.36 (KHTML, like Gecko) Chrome/89.0.4389.114 Safari/537.36"
136.67.56.92 - - [15/Jul/2026:14:51:02 +0000] "GET /autodiscover/autodiscover.xml HTTP/1.1" 400 52 "-" "Mozilla/5.0 (Windows NT 10.0; Win64; x64) AppleWebKit/537.36 (KHTML, like Gecko) Chrome/89.0.4389.114 Safari/537.36"
136.67.56.92 - - [15/Jul/2026:14:51:02 +0000] "GET /autodiscover/autodiscover.xml/blog/wp-includes/wlwmanifest.xml HTTP/1.1" 400 52 "-" "Mozilla/5.0 (Windows NT 10.0; Win64; x64) AppleWebKit/537.36 (KHTML, like Gecko) Chrome/89.0.4389.114 Safari/537.36"
136.67.56.92 - - [15/Jul/2026:14:51:03 +0000] "GET /autodiscover/autodiscover.xml/web/wp-includes/wlwmanifest.xml HTTP/1.1" 400 52 "-" "Mozilla/5.0 (Windows NT 10.0; Win64; x64) AppleWebKit/537.36 (KHTML, like Gecko) Chrome/89.0.4389.114 Safari/537.36"
136.67.56.92 - - [15/Jul/2026:14:51:03 +0000] "GET /autodiscover/autodiscover.xml/wordpress/wp-includes/wlwmanifest.xml HTTP/1.1" 400 52 "-" "Mozilla/5.0 (Windows NT 10.0; Win64; x64) AppleWebKit/537.36 (KHTML, like Gecko) Chrome/89.0.4389.114 Safari/537.36"
136.67.56.92 - - [15/Jul/2026:14:51:03 +0000] "GET /autodiscover/autodiscover.xml/website/wp-includes/wlwmanifest.xml HTTP/1.1" 400 52 "-" "Mozilla/5.0 (Windows NT 10.0; Win64; x64) AppleWebKit/537.36 (KHTML, like Gecko) Chrome/89.0.4389.114 Safari/537.36"
136.67.56.92 - - [15/Jul/2026:14:51:03 +0000] "GET /autodiscover/autodiscover.xml/wp/wp-includes/wlwmanifest.xml HTTP/1.1" 400 52 "-" "Mozilla/5.0 (Windows NT 10.0; Win64; x64) AppleWebKit/537.36 (KHTML, like Gecko) Chrome/89.0.4389.114 Safari/537.36"
136.67.56.92 - - [15/Jul/2026:14:51:03 +0000] "GET /autodiscover/autodiscover.xml/news/wp-includes/wlwmanifest.xml HTTP/1.1" 400 52 "-" "Mozilla/5.0 (Windows NT 10.0; Win64; x64) AppleWebKit/537.36 (KHTML, like Gecko) Chrome/89.0.4389.114 Safari/537.36"
136.67.56.92 - - [15/Jul/2026:14:51:03 +0000] "GET /autodiscover/autodiscover.xml/2020/wp-includes/wlwmanifest.xml HTTP/1.1" 400 52 "-" "Mozilla/5.0 (Windows NT 10.0; Win64; x64) AppleWebKit/537.36 (KHTML, like Gecko) Chrome/89.0.4389.114 Safari/537.36"
136.67.56.92 - - [15/Jul/2026:14:51:04 +0000] "GET /autodiscover/autodiscover.xml/2019/wp-includes/wlwmanifest.xml HTTP/1.1" 400 52 "-" "Mozilla/5.0 (Windows NT 10.0; Win64; x64) AppleWebKit/537.36 (KHTML, like Gecko) Chrome/89.0.4389.114 Safari/537.36"
136.67.56.92 - - [15/Jul/2026:14:51:04 +0000] "GET /autodiscover/autodiscover.xml/shop/wp-includes/wlwmanifest.xml HTTP/1.1" 400 52 "-" "Mozilla/5.0 (Windows NT 10.0; Win64; x64) AppleWebKit/537.36 (KHTML, like Gecko) Chrome/89.0.4389.114 Safari/537.36"
136.67.56.92 - - [15/Jul/2026:14:51:04 +0000] "GET /autodiscover/autodiscover.xml/wp1/wp-includes/wlwmanifest.xml HTTP/1.1" 400 52 "-" "Mozilla/5.0 (Windows NT 10.0; Win64; x64) AppleWebKit/537.36 (KHTML, like Gecko) Chrome/89.0.4389.114 Safari/537.36"
136.67.56.92 - - [15/Jul/2026:14:51:04 +0000] "GET /autodiscover/autodiscover.xml/test/wp-includes/wlwmanifest.xml HTTP/1.1" 400 52 "-" "Mozilla/5.0 (Windows NT 10.0; Win64; x64) AppleWebKit/537.36 (KHTML, like Gecko) Chrome/89.0.4389.114 Safari/537.36"
136.67.56.92 - - [15/Jul/2026:14:51:05 +0000] "GET /autodiscover/autodiscover.xml/wp2/wp-includes/wlwmanifest.xml HTTP/1.1" 400 52 "-" "Mozilla/5.0 (Windows NT 10.0; Win64; x64) AppleWebKit/537.36 (KHTML, like Gecko) Chrome/89.0.4389.114 Safari/537.36"
136.67.56.92 - - [15/Jul/2026:14:51:06 +0000] "GET /autodiscover/autodiscover.xml/site/wp-includes/wlwmanifest.xml HTTP/1.1" 400 52 "-" "Mozilla/5.0 (Windows NT 10.0; Win64; x64) AppleWebKit/537.36 (KHTML, like Gecko) Chrome/89.0.4389.114 Safari/537.36"
136.67.56.92 - - [15/Jul/2026:14:51:06 +0000] "GET /autodiscover/autodiscover.xml/cms/wp-includes/wlwmanifest.xml HTTP/1.1" 400 52 "-" "Mozilla/5.0 (Windows NT 10.0; Win64; x64) AppleWebKit/537.36 (KHTML, like Gecko) Chrome/89.0.4389.114 Safari/537.36"
136.67.56.92 - - [15/Jul/2026:14:51:07 +0000] "GET /autodiscover/autodiscover.xml/sito/wp-includes/wlwmanifest.xml HTTP/1.1" 400 52 "-" "Mozilla/5.0 (Windows NT 10.0; Win64; x64) AppleWebKit/537.36 (KHTML, like Gecko) Chrome/89.0.4389.114 Safari/537.36"
209.42.17.20 - - [15/Jul/2026:14:52:51 +0000] "POST /wp-cron.php?doing_wp_cron=1784127171.4066660404205322265625 HTTP/1.1" 200 0 "-" "WordPress/7.0.1; https://ebifo.org"
40.77.167.78 - - [15/Jul/2026:14:52:49 +0000] "GET /items/P332594524/ HTTP/2" 301 0 "-" "Mozilla/5.0 AppleWebKit/537.36 (KHTML, like Gecko; compatible; bingbot/2.0; +http://www.bing.com/bingbot.htm) Chrome/116.0.1938.76 Safari/537.36"
209.42.17.20 - - [15/Jul/2026:14:53:02 +0000] "POST /wp-cron.php?doing_wp_cron=1784127182.6838219165802001953125 HTTP/1.1" 200 0 "-" "WordPress/7.0.1; https://ebifo.org"
52.167.144.213 - - [15/Jul/2026:14:53:00 +0000] "GET /items/S911826400/ HTTP/2" 301 0 "-" "Mozilla/5.0 AppleWebKit/537.36 (KHTML, like Gecko; compatible; bingbot/2.0; +http://www.bing.com/bingbot.htm) Chrome/116.0.1938.76 Safari/537.36"
209.42.17.20 - - [15/Jul/2026:14:54:36 +0000] "POST /wp-cron.php?doing_wp_cron=1784127276.1038069725036621093750 HTTP/1.1" 200 0 "-" "WordPress/7.0.1; https://ebifo.org"
62.60.130.230 - - [15/Jul/2026:14:54:34 +0000] "GET / HTTP/1.1" 301 0 "www.google.com" "Mozilla/5.0 (Linux; Android 7.0; SM-G892A Build/NRD90M; wv) AppleWebKit/537.36 (KHTML, like Gecko) Version/4.0 Chrome/60.0.3112.107 Mobile Safari/537.36"
62.60.130.230 - - [15/Jul/2026:14:54:36 +0000] "GET / HTTP/1.1" 200 83596 "www.google.com" "Mozilla/5.0 (Linux; Android 7.0; SM-G892A Build/NRD90M; wv) AppleWebKit/537.36 (KHTML, like Gecko) Version/4.0 Chrome/60.0.3112.107 Mobile Safari/537.36"
62.60.130.230 - - [15/Jul/2026:14:54:39 +0000] "GET /index.php?option=com_jce&view=popup HTTP/1.1" 301 0 "www.google.com" "Mozilla/5.0 (Linux; Android 7.0; SM-G892A Build/NRD90M; wv) AppleWebKit/537.36 (KHTML, like Gecko) Version/4.0 Chrome/60.0.3112.107 Mobile Safari/537.36"
62.60.130.230 - - [15/Jul/2026:14:54:41 +0000] "GET /?option=com_jce&view=popup HTTP/1.1" 200 83579 "www.google.com" "Mozilla/5.0 (Linux; Android 7.0; SM-G892A Build/NRD90M; wv) AppleWebKit/537.36 (KHTML, like Gecko) Version/4.0 Chrome/60.0.3112.107 Mobile Safari/537.36"
62.60.130.230 - - [15/Jul/2026:14:54:44 +0000] "GET /components/com_jce/ HTTP/1.1" 301 0 "www.google.com" "Mozilla/5.0 (Linux; Android 7.0; SM-G892A Build/NRD90M; wv) AppleWebKit/537.36 (KHTML, like Gecko) Version/4.0 Chrome/60.0.3112.107 Mobile Safari/537.36"
62.60.130.230 - - [15/Jul/2026:14:54:45 +0000] "GET /components/com_jce/ HTTP/1.1" 404 45515 "www.google.com" "Mozilla/5.0 (Linux; Android 7.0; SM-G892A Build/NRD90M; wv) AppleWebKit/537.36 (KHTML, like Gecko) Version/4.0 Chrome/60.0.3112.107 Mobile Safari/537.36"
62.60.130.230 - - [15/Jul/2026:14:54:47 +0000] "GET /administrator/components/com_jce/ HTTP/1.1" 301 0 "www.google.com" "Mozilla/5.0 (Linux; Android 7.0; SM-G892A Build/NRD90M; wv) AppleWebKit/537.36 (KHTML, like Gecko) Version/4.0 Chrome/60.0.3112.107 Mobile Safari/537.36"
62.60.130.230 - - [15/Jul/2026:14:54:48 +0000] "GET /administrator/components/com_jce/ HTTP/1.1" 404 45584 "www.google.com" "Mozilla/5.0 (Linux; Android 7.0; SM-G892A Build/NRD90M; wv) AppleWebKit/537.36 (KHTML, like Gecko) Version/4.0 Chrome/60.0.3112.107 Mobile Safari/537.36"
62.60.130.230 - - [15/Jul/2026:14:54:51 +0000] "GET /index.php?option=com_jce&task=profiles.import HTTP/1.1" 301 0 "www.google.com" "Mozilla/5.0 (Linux; Android 7.0; SM-G892A Build/NRD90M; wv) AppleWebKit/537.36 (KHTML, like Gecko) Version/4.0 Chrome/60.0.3112.107 Mobile Safari/537.36"
62.60.130.230 - - [15/Jul/2026:14:54:53 +0000] "GET /?option=com_jce&task=profiles.import HTTP/1.1" 200 83577 "www.google.com" "Mozilla/5.0 (Linux; Android 7.0; SM-G892A Build/NRD90M; wv) AppleWebKit/537.36 (KHTML, like Gecko) Version/4.0 Chrome/60.0.3112.107 Mobile Safari/537.36"
209.42.17.20 - - [15/Jul/2026:14:54:59 +0000] "POST /wp-cron.php?doing_wp_cron=1784127299.1873679161071777343750 HTTP/1.1" 200 0 "-" "WordPress/7.0.1; https://ebifo.org"
40.77.167.19 - - [15/Jul/2026:14:54:57 +0000] "GET /items/X813016382/ HTTP/2" 301 0 "-" "Mozilla/5.0 AppleWebKit/537.36 (KHTML, like Gecko; compatible; bingbot/2.0; +http://www.bing.com/bingbot.htm) Chrome/116.0.1938.76 Safari/537.36"
62.60.130.230 - - [15/Jul/2026:14:55:07 +0000] "GET /index.php?option=com_jce&task=profiles.import HTTP/1.1" 301 0 "www.google.com" "Mozilla/5.0 (Linux; Android 7.0; SM-G892A Build/NRD90M; wv) AppleWebKit/537.36 (KHTML, like Gecko) Version/4.0 Chrome/60.0.3112.107 Mobile Safari/537.36"
62.60.130.230 - - [15/Jul/2026:14:55:09 +0000] "GET /?option=com_jce&task=profiles.import HTTP/1.1" 200 83586 "www.google.com" "Mozilla/5.0 (Linux; Android 7.0; SM-G892A Build/NRD90M; wv) AppleWebKit/537.36 (KHTML, like Gecko) Version/4.0 Chrome/60.0.3112.107 Mobile Safari/537.36"
62.60.130.230 - - [15/Jul/2026:14:55:12 +0000] "GET /index.php?option=com_jce&view=popup HTTP/1.1" 301 0 "www.google.com" "Mozilla/5.0 (Linux; Android 7.0; SM-G892A Build/NRD90M; wv) AppleWebKit/537.36 (KHTML, like Gecko) Version/4.0 Chrome/60.0.3112.107 Mobile Safari/537.36"
62.60.130.230 - - [15/Jul/2026:14:55:14 +0000] "GET /?option=com_jce&view=popup HTTP/1.1" 200 83578 "www.google.com" "Mozilla/5.0 (Linux; Android 7.0; SM-G892A Build/NRD90M; wv) AppleWebKit/537.36 (KHTML, like Gecko) Version/4.0 Chrome/60.0.3112.107 Mobile Safari/537.36"
62.60.130.230 - - [15/Jul/2026:14:55:16 +0000] "GET /index.php?option=com_jce HTTP/1.1" 301 0 "www.google.com" "Mozilla/5.0 (Linux; Android 7.0; SM-G892A Build/NRD90M; wv) AppleWebKit/537.36 (KHTML, like Gecko) Version/4.0 Chrome/60.0.3112.107 Mobile Safari/537.36"
62.60.130.230 - - [15/Jul/2026:14:55:17 +0000] "GET /?option=com_jce HTTP/1.1" 200 83588 "www.google.com" "Mozilla/5.0 (Linux; Android 7.0; SM-G892A Build/NRD90M; wv) AppleWebKit/537.36 (KHTML, like Gecko) Version/4.0 Chrome/60.0.3112.107 Mobile Safari/537.36"
62.60.130.230 - - [15/Jul/2026:14:55:20 +0000] "GET /administrator/index.php?option=com_jce HTTP/1.1" 301 0 "www.google.com" "Mozilla/5.0 (Linux; Android 7.0; SM-G892A Build/NRD90M; wv) AppleWebKit/537.36 (KHTML, like Gecko) Version/4.0 Chrome/60.0.3112.107 Mobile Safari/537.36"
62.60.130.230 - - [15/Jul/2026:14:55:21 +0000] "GET /administrator/?option=com_jce HTTP/1.1" 404 45489 "www.google.com" "Mozilla/5.0 (Linux; Android 7.0; SM-G892A Build/NRD90M; wv) AppleWebKit/537.36 (KHTML, like Gecko) Version/4.0 Chrome/60.0.3112.107 Mobile Safari/537.36"
62.60.130.230 - - [15/Jul/2026:14:55:24 +0000] "GET /administrator/index.php HTTP/1.1" 301 0 "www.google.com" "Mozilla/5.0 (Linux; Android 7.0; SM-G892A Build/NRD90M; wv) AppleWebKit/537.36 (KHTML, like Gecko) Version/4.0 Chrome/60.0.3112.107 Mobile Safari/537.36"
62.60.130.230 - - [15/Jul/2026:14:55:25 +0000] "GET /administrator/ HTTP/1.1" 404 45485 "www.google.com" "Mozilla/5.0 (Linux; Android 7.0; SM-G892A Build/NRD90M; wv) AppleWebKit/537.36 (KHTML, like Gecko) Version/4.0 Chrome/60.0.3112.107 Mobile Safari/537.36"
62.60.130.230 - - [15/Jul/2026:14:55:27 +0000] "GET /index.php HTTP/1.1" 301 0 "www.google.com" "Mozilla/5.0 (Linux; Android 7.0; SM-G892A Build/NRD90M; wv) AppleWebKit/537.36 (KHTML, like Gecko) Version/4.0 Chrome/60.0.3112.107 Mobile Safari/537.36"
62.60.130.230 - - [15/Jul/2026:14:55:29 +0000] "GET / HTTP/1.1" 200 83595 "www.google.com" "Mozilla/5.0 (Linux; Android 7.0; SM-G892A Build/NRD90M; wv) AppleWebKit/537.36 (KHTML, like Gecko) Version/4.0 Chrome/60.0.3112.107 Mobile Safari/537.36"
62.60.130.230 - - [15/Jul/2026:14:55:32 +0000] "GET / HTTP/1.1" 301 0 "www.google.com" "Mozilla/5.0 (Linux; Android 7.0; SM-G892A Build/NRD90M; wv) AppleWebKit/537.36 (KHTML, like Gecko) Version/4.0 Chrome/60.0.3112.107 Mobile Safari/537.36"
62.60.130.230 - - [15/Jul/2026:14:55:33 +0000] "GET / HTTP/1.1" 200 83593 "www.google.com" "Mozilla/5.0 (Linux; Android 7.0; SM-G892A Build/NRD90M; wv) AppleWebKit/537.36 (KHTML, like Gecko) Version/4.0 Chrome/60.0.3112.107 Mobile Safari/537.36"
62.60.130.230 - - [15/Jul/2026:14:55:36 +0000] "GET / HTTP/1.1" 301 0 "www.google.com" "Mozilla/5.0 (Linux; Android 7.0; SM-G892A Build/NRD90M; wv) AppleWebKit/537.36 (KHTML, like Gecko) Version/4.0 Chrome/60.0.3112.107 Mobile Safari/537.36"
62.60.130.230 - - [15/Jul/2026:14:55:38 +0000] "GET / HTTP/1.1" 200 83600 "www.google.com" "Mozilla/5.0 (Linux; Android 7.0; SM-G892A Build/NRD90M; wv) AppleWebKit/537.36 (KHTML, like Gecko) Version/4.0 Chrome/60.0.3112.107 Mobile Safari/537.36"
62.60.130.230 - - [15/Jul/2026:14:55:40 +0000] "GET /index.php?option=com_jce&view=popup HTTP/1.1" 200 83575 "www.google.com" "Mozilla/5.0 (Linux; Android 7.0; SM-G892A Build/NRD90M; wv) AppleWebKit/537.36 (KHTML, like Gecko) Version/4.0 Chrome/60.0.3112.107 Mobile Safari/537.36"
62.60.130.230 - - [15/Jul/2026:14:55:43 +0000] "GET /components/com_jce/ HTTP/1.1" 404 45518 "www.google.com" "Mozilla/5.0 (Linux; Android 7.0; SM-G892A Build/NRD90M; wv) AppleWebKit/537.36 (KHTML, like Gecko) Version/4.0 Chrome/60.0.3112.107 Mobile Safari/537.36"
62.60.130.230 - - [15/Jul/2026:14:55:44 +0000] "GET /administrator/components/com_jce/ HTTP/1.1" 404 45598 "www.google.com" "Mozilla/5.0 (Linux; Android 7.0; SM-G892A Build/NRD90M; wv) AppleWebKit/537.36 (KHTML, like Gecko) Version/4.0 Chrome/60.0.3112.107 Mobile Safari/537.36"
209.42.17.20 - - [15/Jul/2026:14:56:01 +0000] "POST /wp-cron.php?doing_wp_cron=1784127361.7320270538330078125000 HTTP/1.1" 200 0 "-" "WordPress/7.0.1; https://ebifo.org"
62.60.130.230 - - [15/Jul/2026:14:55:59 +0000] "GET /index.php?option=com_jce&task=profiles.import HTTP/1.1" 200 83768 "www.google.com" "Mozilla/5.0 (Linux; Android 7.0; SM-G892A Build/NRD90M; wv) AppleWebKit/537.36 (KHTML, like Gecko) Version/4.0 Chrome/60.0.3112.107 Mobile Safari/537.36"
62.60.130.230 - - [15/Jul/2026:14:56:02 +0000] "GET /index.php?option=com_jce&view=popup HTTP/1.1" 200 83572 "www.google.com" "Mozilla/5.0 (Linux; Android 7.0; SM-G892A Build/NRD90M; wv) AppleWebKit/537.36 (KHTML, like Gecko) Version/4.0 Chrome/60.0.3112.107 Mobile Safari/537.36"
62.60.130.230 - - [15/Jul/2026:14:56:05 +0000] "GET /index.php?option=com_jce HTTP/1.1" 200 83572 "www.google.com" "Mozilla/5.0 (Linux; Android 7.0; SM-G892A Build/NRD90M; wv) AppleWebKit/537.36 (KHTML, like Gecko) Version/4.0 Chrome/60.0.3112.107 Mobile Safari/537.36"
62.60.130.230 - - [15/Jul/2026:14:56:08 +0000] "GET /administrator/index.php?option=com_jce HTTP/1.1" 301 0 "www.google.com" "Mozilla/5.0 (Linux; Android 7.0; SM-G892A Build/NRD90M; wv) AppleWebKit/537.36 (KHTML, like Gecko) Version/4.0 Chrome/60.0.3112.107 Mobile Safari/537.36"
62.60.130.230 - - [15/Jul/2026:14:56:10 +0000] "GET /administrator/?option=com_jce HTTP/1.1" 404 45497 "www.google.com" "Mozilla/5.0 (Linux; Android 7.0; SM-G892A Build/NRD90M; wv) AppleWebKit/537.36 (KHTML, like Gecko) Version/4.0 Chrome/60.0.3112.107 Mobile Safari/537.36"
62.60.130.230 - - [15/Jul/2026:14:56:12 +0000] "GET /administrator/index.php HTTP/1.1" 301 0 "www.google.com" "Mozilla/5.0 (Linux; Android 7.0; SM-G892A Build/NRD90M; wv) AppleWebKit/537.36 (KHTML, like Gecko) Version/4.0 Chrome/60.0.3112.107 Mobile Safari/537.36"
62.60.130.230 - - [15/Jul/2026:14:56:13 +0000] "GET /administrator/ HTTP/1.1" 404 45498 "www.google.com" "Mozilla/5.0 (Linux; Android 7.0; SM-G892A Build/NRD90M; wv) AppleWebKit/537.36 (KHTML, like Gecko) Version/4.0 Chrome/60.0.3112.107 Mobile Safari/537.36"
62.60.130.230 - - [15/Jul/2026:14:56:16 +0000] "GET /index.php HTTP/1.1" 200 83573 "www.google.com" "Mozilla/5.0 (Linux; Android 7.0; SM-G892A Build/NRD90M; wv) AppleWebKit/537.36 (KHTML, like Gecko) Version/4.0 Chrome/60.0.3112.107 Mobile Safari/537.36"
62.60.130.230 - - [15/Jul/2026:14:56:19 +0000] "GET / HTTP/1.1" 301 0 "www.google.com" "Mozilla/5.0 (Linux; Android 7.0; SM-G892A Build/NRD90M; wv) AppleWebKit/537.36 (KHTML, like Gecko) Version/4.0 Chrome/60.0.3112.107 Mobile Safari/537.36"
62.60.130.230 - - [15/Jul/2026:14:56:22 +0000] "GET / HTTP/1.1" 200 83597 "www.google.com" "Mozilla/5.0 (Linux; Android 7.0; SM-G892A Build/NRD90M; wv) AppleWebKit/537.36 (KHTML, like Gecko) Version/4.0 Chrome/60.0.3112.107 Mobile Safari/537.36"
209.42.17.20 - - [15/Jul/2026:15:00:52 +0000] "POST /wp-cron.php?doing_wp_cron=1784127652.6413500308990478515625 HTTP/1.1" 200 0 "-" "WordPress/7.0.1; https://ebifo.org"
52.167.144.234 - - [15/Jul/2026:15:00:50 +0000] "GET /items/T801408100/ HTTP/2" 301 0 "-" "Mozilla/5.0 AppleWebKit/537.36 (KHTML, like Gecko; compatible; bingbot/2.0; +http://www.bing.com/bingbot.htm) Chrome/116.0.1938.76 Safari/537.36"
209.42.17.20 - - [15/Jul/2026:15:01:24 +0000] "POST /wp-cron.php?doing_wp_cron=1784127684.8413040637969970703125 HTTP/1.1" 200 0 "-" "WordPress/7.0.1; https://ebifo.org"
51.75.236.128 - - [15/Jul/2026:15:01:23 +0000] "GET /products/2608861865991 HTTP/2" 404 39238 "-" "Mozilla/5.0 (compatible; AhrefsBot/7.0; +http://ahrefs.com/robot/)"
51.68.247.204 - - [15/Jul/2026:15:02:37 +0000] "GET /products/21818694318676 HTTP/2" 404 39254 "-" "Mozilla/5.0 (compatible; AhrefsBot/7.0; +http://ahrefs.com/robot/)"
209.42.17.20 - - [15/Jul/2026:15:02:39 +0000] "POST /wp-cron.php?doing_wp_cron=1784127759.4444000720977783203125 HTTP/1.1" 200 0 "-" "WordPress/7.0.1; https://ebifo.org"
209.42.17.20 - - [15/Jul/2026:15:03:46 +0000] "POST /wp-cron.php?doing_wp_cron=1784127826.4395980834960937500000 HTTP/1.1" 200 0 "-" "WordPress/7.0.1; https://ebifo.org"
5.39.1.237 - - [15/Jul/2026:15:03:44 +0000] "GET /products/24696285318136 HTTP/2" 404 39254 "-" "Mozilla/5.0 (compatible; AhrefsBot/7.0; +http://ahrefs.com/robot/)"
209.42.17.20 - - [15/Jul/2026:15:04:58 +0000] "POST /wp-cron.php?doing_wp_cron=1784127898.0510358810424804687500 HTTP/1.1" 200 0 "-" "WordPress/7.0.1; https://ebifo.org"
94.23.188.204 - - [15/Jul/2026:15:04:55 +0000] "GET /products/19592706136188 HTTP/2" 404 39256 "-" "Mozilla/5.0 (compatible; AhrefsBot/7.0; +http://ahrefs.com/robot/)"
51.75.236.134 - - [15/Jul/2026:15:06:13 +0000] "GET /products/18444994345065 HTTP/2" 404 39257 "-" "Mozilla/5.0 (compatible; AhrefsBot/7.0; +http://ahrefs.com/robot/)"
209.42.17.20 - - [15/Jul/2026:15:06:15 +0000] "POST /wp-cron.php?doing_wp_cron=1784127975.3985040187835693359375 HTTP/1.1" 200 0 "-" "WordPress/7.0.1; https://ebifo.org"
209.42.17.20 - - [15/Jul/2026:15:07:38 +0000] "POST /wp-cron.php?doing_wp_cron=1784128058.2552690505981445312500 HTTP/1.1" 200 0 "-" "WordPress/7.0.1; https://ebifo.org"
92.222.104.211 - - [15/Jul/2026:15:07:36 +0000] "GET /products/20033309027956 HTTP/2" 404 39253 "-" "Mozilla/5.0 (compatible; AhrefsBot/7.0; +http://ahrefs.com/robot/)"
209.42.17.20 - - [15/Jul/2026:15:08:36 +0000] "POST /wp-cron.php?doing_wp_cron=1784128116.3101079463958740234375 HTTP/1.1" 200 0 "-" "WordPress/7.0.1; https://ebifo.org"
54.37.118.79 - - [15/Jul/2026:15:08:34 +0000] "GET /tp-event-tag/medical/ HTTP/2" 404 39212 "-" "Mozilla/5.0 (compatible; AhrefsBot/7.0; +http://ahrefs.com/robot/)"
54.37.118.87 - - [15/Jul/2026:15:09:35 +0000] "GET /products/16797780367278 HTTP/2" 404 39255 "-" "Mozilla/5.0 (compatible; AhrefsBot/7.0; +http://ahrefs.com/robot/)"
209.42.17.20 - - [15/Jul/2026:15:09:37 +0000] "POST /wp-cron.php?doing_wp_cron=1784128177.4406270980834960937500 HTTP/1.1" 200 0 "-" "WordPress/7.0.1; https://ebifo.org"
92.222.108.111 - - [15/Jul/2026:15:10:37 +0000] "GET /products/18434675174636 HTTP/2" 404 39254 "-" "Mozilla/5.0 (compatible; AhrefsBot/7.0; +http://ahrefs.com/robot/)"
209.42.17.20 - - [15/Jul/2026:15:10:38 +0000] "POST /wp-cron.php?doing_wp_cron=1784128238.9230771064758300781250 HTTP/1.1" 200 0 "-" "WordPress/7.0.1; https://ebifo.org"
209.42.17.20 - - [15/Jul/2026:15:11:45 +0000] "POST /wp-cron.php?doing_wp_cron=1784128305.7806479930877685546875 HTTP/1.1" 200 0 "-" "WordPress/7.0.1; https://ebifo.org"
92.222.104.218 - - [15/Jul/2026:15:11:44 +0000] "GET /products/18181815913070 HTTP/2" 404 39252 "-" "Mozilla/5.0 (compatible; AhrefsBot/7.0; +http://ahrefs.com/robot/)"
209.42.17.20 - - [15/Jul/2026:15:12:45 +0000] "POST /wp-cron.php?doing_wp_cron=1784128365.8309640884399414062500 HTTP/1.1" 200 0 "-" "WordPress/7.0.1; https://ebifo.org"
92.222.104.206 - - [15/Jul/2026:15:12:43 +0000] "GET /products/17013618600094 HTTP/2" 404 39255 "-" "Mozilla/5.0 (compatible; AhrefsBot/7.0; +http://ahrefs.com/robot/)"
92.222.104.220 - - [15/Jul/2026:15:13:44 +0000] "GET /products/1574265880451 HTTP/2" 404 39239 "-" "Mozilla/5.0 (compatible; AhrefsBot/7.0; +http://ahrefs.com/robot/)"
209.42.17.20 - - [15/Jul/2026:15:21:01 +0000] "POST /wp-cron.php?doing_wp_cron=1784128861.8178799152374267578125 HTTP/1.1" 200 0 "-" "WordPress/7.0.1; https://ebifo.org"
40.77.167.57 - - [15/Jul/2026:15:20:59 +0000] "GET /items/E952051167/ HTTP/2" 301 0 "-" "Mozilla/5.0 AppleWebKit/537.36 (KHTML, like Gecko; compatible; bingbot/2.0; +http://www.bing.com/bingbot.htm) Chrome/116.0.1938.76 Safari/537.36"
209.42.17.20 - - [15/Jul/2026:15:26:43 +0000] "POST /wp-cron.php?doing_wp_cron=1784129203.1155939102172851562500 HTTP/1.1" 200 0 "-" "WordPress/7.0.1; https://ebifo.org"
40.77.167.79 - - [15/Jul/2026:15:26:41 +0000] "GET /items/Z061627641/ HTTP/2" 301 0 "-" "Mozilla/5.0 AppleWebKit/537.36 (KHTML, like Gecko; compatible; bingbot/2.0; +http://www.bing.com/bingbot.htm) Chrome/116.0.1938.76 Safari/537.36"
52.167.144.171 - - [15/Jul/2026:15:26:52 +0000] "GET /items/T062638525/ HTTP/2" 301 0 "-" "Mozilla/5.0 AppleWebKit/537.36 (KHTML, like Gecko; compatible; bingbot/2.0; +http://www.bing.com/bingbot.htm) Chrome/116.0.1938.76 Safari/537.36"
209.42.17.20 - - [15/Jul/2026:15:28:35 +0000] "POST /wp-cron.php?doing_wp_cron=1784129315.0123250484466552734375 HTTP/1.1" 200 0 "-" "WordPress/7.0.1; https://ebifo.org"
66.132.224.93 - - [15/Jul/2026:15:28:32 +0000] "GET / HTTP/1.1" 200 83597 "-" "Mozilla/5.0 (compatible; CensysInspect/1.1; +https://about.censys.io/)"
66.132.224.93 - - [15/Jul/2026:15:29:18 +0000] "GET /wp-json/?_fields=name,description,home,gmt_offset,timezone_string,namespaces HTTP/1.1" 200 405 "-" "Mozilla/5.0 (compatible; CensysInspect/1.1; +https://about.censys.io/)"
176.31.139.8 - - [15/Jul/2026:15:31:52 +0000] "GET /products/15515929301049 HTTP/2" 404 39255 "-" "Mozilla/5.0 (compatible; AhrefsBot/7.0; +http://ahrefs.com/robot/)"
209.42.17.20 - - [15/Jul/2026:15:31:54 +0000] "POST /wp-cron.php?doing_wp_cron=1784129514.8091769218444824218750 HTTP/1.1" 200 0 "-" "WordPress/7.0.1; https://ebifo.org"
92.222.108.118 - - [15/Jul/2026:15:33:04 +0000] "GET /items/J974313587/ HTTP/2" 404 39196 "-" "Mozilla/5.0 (compatible; AhrefsBot/7.0; +http://ahrefs.com/robot/)"
209.42.17.20 - - [15/Jul/2026:15:33:06 +0000] "POST /wp-cron.php?doing_wp_cron=1784129586.2824189662933349609375 HTTP/1.1" 200 0 "-" "WordPress/7.0.1; https://ebifo.org"
209.42.17.20 - - [15/Jul/2026:15:34:20 +0000] "POST /wp-cron.php?doing_wp_cron=1784129660.6586089134216308593750 HTTP/1.1" 200 0 "-" "WordPress/7.0.1; https://ebifo.org"
176.31.139.26 - - [15/Jul/2026:15:34:18 +0000] "GET /items/J973409748/ HTTP/2" 404 39192 "-" "Mozilla/5.0 (compatible; AhrefsBot/7.0; +http://ahrefs.com/robot/)"
92.222.108.97 - - [15/Jul/2026:15:35:26 +0000] "GET /items/J972082068/ HTTP/2" 404 39192 "-" "Mozilla/5.0 (compatible; AhrefsBot/7.0; +http://ahrefs.com/robot/)"
209.42.17.20 - - [15/Jul/2026:15:35:28 +0000] "POST /wp-cron.php?doing_wp_cron=1784129728.4979929924011230468750 HTTP/1.1" 200 0 "-" "WordPress/7.0.1; https://ebifo.org"
5.39.1.230 - - [15/Jul/2026:15:36:43 +0000] "GET /items/J971410859/ HTTP/2" 404 39192 "-" "Mozilla/5.0 (compatible; AhrefsBot/7.0; +http://ahrefs.com/robot/)"
209.42.17.20 - - [15/Jul/2026:15:36:46 +0000] "POST /wp-cron.php?doing_wp_cron=1784129806.0190989971160888671875 HTTP/1.1" 200 0 "-" "WordPress/7.0.1; https://ebifo.org"
216.73.216.194 - - [15/Jul/2026:15:37:23 +0000] "GET /robots.txt HTTP/2" 200 102 "-" "Mozilla/5.0 AppleWebKit/537.36 (KHTML, like Gecko; compatible; ClaudeBot/1.0; +claudebot@anthropic.com)"
209.42.17.20 - - [15/Jul/2026:15:37:25 +0000] "POST /wp-cron.php?doing_wp_cron=1784129845.7655649185180664062500 HTTP/1.1" 200 0 "-" "WordPress/7.0.1; https://ebifo.org"
216.73.216.194 - - [15/Jul/2026:15:37:23 +0000] "GET /sitemap-18.xml HTTP/2" 404 39228 "-" "Mozilla/5.0 AppleWebKit/537.36 (KHTML, like Gecko; compatible; ClaudeBot/1.0; +claudebot@anthropic.com)"
216.73.216.194 - - [15/Jul/2026:15:37:45 +0000] "GET /sitemap.xml HTTP/2" 301 0 "-" "Mozilla/5.0 AppleWebKit/537.36 (KHTML, like Gecko; compatible; ClaudeBot/1.0; +claudebot@anthropic.com)"
216.73.216.194 - - [15/Jul/2026:15:37:47 +0000] "GET /wp-sitemap.xml HTTP/2" 200 316 "https://ebifo.org/sitemap.xml" "Mozilla/5.0 AppleWebKit/537.36 (KHTML, like Gecko; compatible; ClaudeBot/1.0; +claudebot@anthropic.com)"
209.42.17.20 - - [15/Jul/2026:15:38:00 +0000] "POST /wp-cron.php?doing_wp_cron=1784129880.8457798957824707031250 HTTP/1.1" 200 0 "-" "WordPress/7.0.1; https://ebifo.org"
216.73.216.194 - - [15/Jul/2026:15:37:58 +0000] "GET /sitemap-4.xml HTTP/2" 404 39187 "-" "Mozilla/5.0 AppleWebKit/537.36 (KHTML, like Gecko; compatible; ClaudeBot/1.0; +claudebot@anthropic.com)"
92.222.104.193 - - [15/Jul/2026:15:38:02 +0000] "GET /products/4870639385842 HTTP/2" 404 39240 "-" "Mozilla/5.0 (compatible; AhrefsBot/7.0; +http://ahrefs.com/robot/)"
216.73.216.194 - - [15/Jul/2026:15:38:51 +0000] "GET /sitemap-2.xml HTTP/2" 404 39187 "-" "Mozilla/5.0 AppleWebKit/537.36 (KHTML, like Gecko; compatible; ClaudeBot/1.0; +claudebot@anthropic.com)"
176.31.139.1 - - [15/Jul/2026:15:39:09 +0000] "GET /products/7656195553248 HTTP/2" 404 39245 "-" "Mozilla/5.0 (compatible; AhrefsBot/7.0; +http://ahrefs.com/robot/)"
209.42.17.20 - - [15/Jul/2026:15:39:11 +0000] "POST /wp-cron.php?doing_wp_cron=1784129951.3403921127319335937500 HTTP/1.1" 200 0 "-" "WordPress/7.0.1; https://ebifo.org"
94.23.188.214 - - [15/Jul/2026:15:40:19 +0000] "GET /products/4380055436016 HTTP/2" 404 39241 "-" "Mozilla/5.0 (compatible; AhrefsBot/7.0; +http://ahrefs.com/robot/)"
209.42.17.20 - - [15/Jul/2026:15:40:21 +0000] "POST /wp-cron.php?doing_wp_cron=1784130021.1452660560607910156250 HTTP/1.1" 200 0 "-" "WordPress/7.0.1; https://ebifo.org"
216.73.216.194 - - [15/Jul/2026:15:40:19 +0000] "GET /sitemap-8.xml HTTP/2" 404 39189 "-" "Mozilla/5.0 AppleWebKit/537.36 (KHTML, like Gecko; compatible; ClaudeBot/1.0; +claudebot@anthropic.com)"
209.42.17.20 - - [15/Jul/2026:15:41:02 +0000] "POST /wp-cron.php?doing_wp_cron=1784130062.8660559654235839843750 HTTP/1.1" 200 0 "-" "WordPress/7.0.1; https://ebifo.org"
216.73.216.194 - - [15/Jul/2026:15:41:00 +0000] "GET /sitemap-17.xml HTTP/2" 404 39226 "-" "Mozilla/5.0 AppleWebKit/537.36 (KHTML, like Gecko; compatible; ClaudeBot/1.0; +claudebot@anthropic.com)"
51.75.236.139 - - [15/Jul/2026:15:41:27 +0000] "GET /items/J971772375/ HTTP/2" 404 39196 "-" "Mozilla/5.0 (compatible; AhrefsBot/7.0; +http://ahrefs.com/robot/)"
216.73.216.194 - - [15/Jul/2026:15:41:35 +0000] "GET /sitemap-20.xml HTTP/2" 404 39225 "-" "Mozilla/5.0 AppleWebKit/537.36 (KHTML, like Gecko; compatible; ClaudeBot/1.0; +claudebot@anthropic.com)"
209.42.17.20 - - [15/Jul/2026:15:42:40 +0000] "POST /wp-cron.php?doing_wp_cron=1784130160.0686340332031250000000 HTTP/1.1" 200 0 "-" "WordPress/7.0.1; https://ebifo.org"
94.23.188.206 - - [15/Jul/2026:15:42:37 +0000] "GET /products/38477624887633 HTTP/2" 404 39255 "-" "Mozilla/5.0 (compatible; AhrefsBot/7.0; +http://ahrefs.com/robot/)"
216.73.216.194 - - [15/Jul/2026:15:42:41 +0000] "GET /sitemap-1.xml HTTP/2" 404 39199 "-" "Mozilla/5.0 AppleWebKit/537.36 (KHTML, like Gecko; compatible; ClaudeBot/1.0; +claudebot@anthropic.com)"
209.42.17.20 - - [15/Jul/2026:15:43:18 +0000] "POST /wp-cron.php?doing_wp_cron=1784130198.6798410415649414062500 HTTP/1.1" 200 0 "-" "WordPress/7.0.1; https://ebifo.org"
216.73.216.194 - - [15/Jul/2026:15:43:16 +0000] "GET /sitemap-12.xml HTTP/2" 404 39226 "-" "Mozilla/5.0 AppleWebKit/537.36 (KHTML, like Gecko; compatible; ClaudeBot/1.0; +claudebot@anthropic.com)"
92.222.104.214 - - [15/Jul/2026:15:43:48 +0000] "GET /products/28986602576610 HTTP/2" 404 39256 "-" "Mozilla/5.0 (compatible; AhrefsBot/7.0; +http://ahrefs.com/robot/)"
209.42.17.20 - - [15/Jul/2026:15:44:20 +0000] "POST /wp-cron.php?doing_wp_cron=1784130260.9771840572357177734375 HTTP/1.1" 200 0 "-" "WordPress/7.0.1; https://ebifo.org"
216.73.216.194 - - [15/Jul/2026:15:44:18 +0000] "GET /sitemap-3.xml HTTP/2" 404 39269 "-" "Mozilla/5.0 AppleWebKit/537.36 (KHTML, like Gecko; compatible; ClaudeBot/1.0; +claudebot@anthropic.com)"
209.42.17.20 - - [15/Jul/2026:15:44:59 +0000] "POST /wp-cron.php?doing_wp_cron=1784130299.0516619682312011718750 HTTP/1.1" 200 0 "-" "WordPress/7.0.1; https://ebifo.org"
216.73.216.194 - - [15/Jul/2026:15:44:57 +0000] "GET /sitemap-19.xml HTTP/2" 404 39226 "-" "Mozilla/5.0 AppleWebKit/537.36 (KHTML, like Gecko; compatible; ClaudeBot/1.0; +claudebot@anthropic.com)"
37.59.204.157 - - [15/Jul/2026:15:44:59 +0000] "GET /products/3708733862504 HTTP/2" 404 39245 "-" "Mozilla/5.0 (compatible; AhrefsBot/7.0; +http://ahrefs.com/robot/)"
216.73.216.194 - - [15/Jul/2026:15:45:16 +0000] "GET /sitemap-5.xml HTTP/2" 404 39187 "-" "Mozilla/5.0 AppleWebKit/537.36 (KHTML, like Gecko; compatible; ClaudeBot/1.0; +claudebot@anthropic.com)"
5.39.1.235 - - [15/Jul/2026:15:46:12 +0000] "GET /products/28491503115153 HTTP/2" 404 39252 "-" "Mozilla/5.0 (compatible; AhrefsBot/7.0; +http://ahrefs.com/robot/)"
209.42.17.20 - - [15/Jul/2026:15:46:14 +0000] "POST /wp-cron.php?doing_wp_cron=1784130374.4469571113586425781250 HTTP/1.1" 200 0 "-" "WordPress/7.0.1; https://ebifo.org"
216.73.216.194 - - [15/Jul/2026:15:46:25 +0000] "GET /sitemap-13.xml HTTP/2" 404 39226 "-" "Mozilla/5.0 AppleWebKit/537.36 (KHTML, like Gecko; compatible; ClaudeBot/1.0; +claudebot@anthropic.com)"
209.42.17.20 - - [15/Jul/2026:15:47:22 +0000] "POST /wp-cron.php?doing_wp_cron=1784130442.7797770500183105468750 HTTP/1.1" 200 0 "-" "WordPress/7.0.1; https://ebifo.org"
216.73.216.194 - - [15/Jul/2026:15:47:21 +0000] "GET /sitemap-16.xml HTTP/2" 404 39227 "-" "Mozilla/5.0 AppleWebKit/537.36 (KHTML, like Gecko; compatible; ClaudeBot/1.0; +claudebot@anthropic.com)"
37.59.204.137 - - [15/Jul/2026:15:47:24 +0000] "GET /products/27031612536868 HTTP/2" 404 39254 "-" "Mozilla/5.0 (compatible; AhrefsBot/7.0; +http://ahrefs.com/robot/)"
216.73.216.194 - - [15/Jul/2026:15:47:46 +0000] "GET /sitemap-9.xml HTTP/2" 404 39188 "-" "Mozilla/5.0 AppleWebKit/537.36 (KHTML, like Gecko; compatible; ClaudeBot/1.0; +claudebot@anthropic.com)"
216.73.216.194 - - [15/Jul/2026:15:47:46 +0000] "GET /sitemap-7.xml HTTP/2" 404 39187 "-" "Mozilla/5.0 AppleWebKit/537.36 (KHTML, like Gecko; compatible; ClaudeBot/1.0; +claudebot@anthropic.com)"
209.42.17.20 - - [15/Jul/2026:15:48:08 +0000] "POST /wp-cron.php?doing_wp_cron=1784130488.9310820102691650390625 HTTP/1.1" 200 0 "-" "WordPress/7.0.1; https://ebifo.org"
216.73.216.194 - - [15/Jul/2026:15:48:07 +0000] "GET /sitemap-15.xml HTTP/2" 404 39226 "-" "Mozilla/5.0 AppleWebKit/537.36 (KHTML, like Gecko; compatible; ClaudeBot/1.0; +claudebot@anthropic.com)"
51.75.236.155 - - [15/Jul/2026:15:48:35 +0000] "GET /products/32617914425629 HTTP/2" 404 39255 "-" "Mozilla/5.0 (compatible; AhrefsBot/7.0; +http://ahrefs.com/robot/)"
209.42.17.20 - - [15/Jul/2026:15:49:04 +0000] "POST /wp-cron.php?doing_wp_cron=1784130544.5664160251617431640625 HTTP/1.1" 200 0 "-" "WordPress/7.0.1; https://ebifo.org"
216.73.216.194 - - [15/Jul/2026:15:49:02 +0000] "GET /sitemap-6.xml HTTP/2" 404 39188 "-" "Mozilla/5.0 AppleWebKit/537.36 (KHTML, like Gecko; compatible; ClaudeBot/1.0; +claudebot@anthropic.com)"
216.73.216.194 - - [15/Jul/2026:15:49:35 +0000] "GET /sitemap-11.xml HTTP/2" 404 39226 "-" "Mozilla/5.0 AppleWebKit/537.36 (KHTML, like Gecko; compatible; ClaudeBot/1.0; +claudebot@anthropic.com)"
5.39.1.232 - - [15/Jul/2026:15:49:44 +0000] "GET /products/23979328123197 HTTP/2" 404 39255 "-" "Mozilla/5.0 (compatible; AhrefsBot/7.0; +http://ahrefs.com/robot/)"
209.42.17.20 - - [15/Jul/2026:15:50:11 +0000] "POST /wp-cron.php?doing_wp_cron=1784130611.7545158863067626953125 HTTP/1.1" 200 0 "-" "WordPress/7.0.1; https://ebifo.org"
216.73.216.194 - - [15/Jul/2026:15:50:09 +0000] "GET /sitemap-14.xml HTTP/2" 404 39227 "-" "Mozilla/5.0 AppleWebKit/537.36 (KHTML, like Gecko; compatible; ClaudeBot/1.0; +claudebot@anthropic.com)"
216.73.216.194 - - [15/Jul/2026:15:50:23 +0000] "GET /sitemap-10.xml HTTP/2" 404 39229 "-" "Mozilla/5.0 AppleWebKit/537.36 (KHTML, like Gecko; compatible; ClaudeBot/1.0; +claudebot@anthropic.com)"
5.39.1.235 - - [15/Jul/2026:15:50:55 +0000] "GET /products/20676254576727 HTTP/2" 404 39256 "-" "Mozilla/5.0 (compatible; AhrefsBot/7.0; +http://ahrefs.com/robot/)"
209.42.17.20 - - [15/Jul/2026:15:51:15 +0000] "POST /wp-cron.php?doing_wp_cron=1784130675.1047790050506591796875 HTTP/1.1" 200 0 "-" "WordPress/7.0.1; https://ebifo.org"
40.77.167.155 - - [15/Jul/2026:15:51:13 +0000] "GET /items/P873008355/ HTTP/2" 301 0 "-" "Mozilla/5.0 AppleWebKit/537.36 (KHTML, like Gecko; compatible; bingbot/2.0; +http://www.bing.com/bingbot.htm) Chrome/116.0.1938.76 Safari/537.36"
40.77.167.3 - - [15/Jul/2026:15:51:21 +0000] "GET /items/K232119653/ HTTP/2" 301 0 "-" "Mozilla/5.0 AppleWebKit/537.36 (KHTML, like Gecko; compatible; bingbot/2.0; +http://www.bing.com/bingbot.htm) Chrome/116.0.1938.76 Safari/537.36"
176.31.139.31 - - [15/Jul/2026:15:52:02 +0000] "GET /products/31785778560726 HTTP/2" 404 39256 "-" "Mozilla/5.0 (compatible; AhrefsBot/7.0; +http://ahrefs.com/robot/)"
209.42.17.20 - - [15/Jul/2026:15:52:05 +0000] "POST /wp-cron.php?doing_wp_cron=1784130725.3526999950408935546875 HTTP/1.1" 200 0 "-" "WordPress/7.0.1; https://ebifo.org"
209.42.17.20 - - [15/Jul/2026:15:57:45 +0000] "POST /wp-cron.php?doing_wp_cron=1784131065.8345179557800292968750 HTTP/1.1" 200 0 "-" "WordPress/7.0.1; https://ebifo.org"
40.77.167.3 - - [15/Jul/2026:15:57:43 +0000] "GET /items/A401563841/ HTTP/2" 301 0 "-" "Mozilla/5.0 AppleWebKit/537.36 (KHTML, like Gecko; compatible; bingbot/2.0; +http://www.bing.com/bingbot.htm) Chrome/116.0.1938.76 Safari/537.36"
209.42.17.20 - - [15/Jul/2026:16:00:37 +0000] "POST /wp-cron.php?doing_wp_cron=1784131237.8298690319061279296875 HTTP/1.1" 200 0 "-" "WordPress/7.0.1; https://ebifo.org"
52.167.144.138 - - [15/Jul/2026:16:00:36 +0000] "GET /items/D571944440/ HTTP/2" 301 0 "-" "Mozilla/5.0 AppleWebKit/537.36 (KHTML, like Gecko; compatible; bingbot/2.0; +http://www.bing.com/bingbot.htm) Chrome/116.0.1938.76 Safari/537.36"
209.42.17.20 - - [15/Jul/2026:16:01:27 +0000] "POST /wp-cron.php?doing_wp_cron=1784131287.2739191055297851562500 HTTP/1.1" 200 0 "-" "WordPress/7.0.1; https://ebifo.org"
51.75.236.151 - - [15/Jul/2026:16:01:24 +0000] "GET /products/12883540188561 HTTP/2" 404 39255 "-" "Mozilla/5.0 (compatible; AhrefsBot/7.0; +http://ahrefs.com/robot/)"
209.42.17.20 - - [15/Jul/2026:16:02:15 +0000] "POST /wp-cron.php?doing_wp_cron=1784131335.2286779880523681640625 HTTP/1.1" 200 0 "-" "WordPress/7.0.1; https://ebifo.org"
52.167.144.192 - - [15/Jul/2026:16:02:13 +0000] "GET /items/F302778286/ HTTP/2" 301 0 "-" "Mozilla/5.0 AppleWebKit/537.36 (KHTML, like Gecko; compatible; bingbot/2.0; +http://www.bing.com/bingbot.htm) Chrome/116.0.1938.76 Safari/537.36"
52.167.144.192 - - [15/Jul/2026:16:02:15 +0000] "GET /items/N541023452/ HTTP/2" 301 0 "-" "Mozilla/5.0 AppleWebKit/537.36 (KHTML, like Gecko; compatible; bingbot/2.0; +http://www.bing.com/bingbot.htm) Chrome/116.0.1938.76 Safari/537.36"
52.167.144.176 - - [15/Jul/2026:16:02:18 +0000] "GET /items/M591267536/ HTTP/2" 301 0 "-" "Mozilla/5.0 AppleWebKit/537.36 (KHTML, like Gecko; compatible; bingbot/2.0; +http://www.bing.com/bingbot.htm) Chrome/116.0.1938.76 Safari/537.36"
209.42.17.20 - - [15/Jul/2026:16:02:56 +0000] "POST /wp-cron.php?doing_wp_cron=1784131376.8618609905242919921875 HTTP/1.1" 200 0 "-" "WordPress/7.0.1; https://ebifo.org"
37.59.204.151 - - [15/Jul/2026:16:02:54 +0000] "GET /products/12882197791544 HTTP/2" 404 39257 "-" "Mozilla/5.0 (compatible; AhrefsBot/7.0; +http://ahrefs.com/robot/)"
105.234.178.13 - - [15/Jul/2026:16:03:39 +0000] "POST /xmlrpc.php HTTP/1.1" 403 1242 "-" "Mozilla/5.0 (X11; Ubuntu; Linux x86_64; x86) AppleWebKit/537.36 (KHTML, like Gecko) Opera/77.0.0.0 Safari/537.36"
51.75.236.137 - - [15/Jul/2026:16:04:01 +0000] "GET /products/3170299368491 HTTP/2" 404 39238 "-" "Mozilla/5.0 (compatible; AhrefsBot/7.0; +http://ahrefs.com/robot/)"
209.42.17.20 - - [15/Jul/2026:16:04:04 +0000] "POST /wp-cron.php?doing_wp_cron=1784131444.6696031093597412109375 HTTP/1.1" 200 0 "-" "WordPress/7.0.1; https://ebifo.org"
52.167.144.192 - - [15/Jul/2026:16:04:15 +0000] "GET /items/Z392803790/ HTTP/2" 301 0 "-" "Mozilla/5.0 AppleWebKit/537.36 (KHTML, like Gecko; compatible; bingbot/2.0; +http://www.bing.com/bingbot.htm) Chrome/116.0.1938.76 Safari/537.36"
52.167.144.192 - - [15/Jul/2026:16:04:17 +0000] "GET /items/H573400226/ HTTP/2" 301 0 "-" "Mozilla/5.0 AppleWebKit/537.36 (KHTML, like Gecko; compatible; bingbot/2.0; +http://www.bing.com/bingbot.htm) Chrome/116.0.1938.76 Safari/537.36"
209.42.17.20 - - [15/Jul/2026:16:05:09 +0000] "POST /wp-cron.php?doing_wp_cron=1784131509.0626039505004882812500 HTTP/1.1" 200 0 "-" "WordPress/7.0.1; https://ebifo.org"
40.77.167.26 - - [15/Jul/2026:16:05:07 +0000] "GET /items/T802412554/ HTTP/2" 301 0 "-" "Mozilla/5.0 AppleWebKit/537.36 (KHTML, like Gecko; compatible; bingbot/2.0; +http://www.bing.com/bingbot.htm) Chrome/116.0.1938.76 Safari/537.36"
52.167.144.176 - - [15/Jul/2026:16:05:16 +0000] "GET /items/S621635568/ HTTP/2" 301 0 "-" "Mozilla/5.0 AppleWebKit/537.36 (KHTML, like Gecko; compatible; bingbot/2.0; +http://www.bing.com/bingbot.htm) Chrome/116.0.1938.76 Safari/537.36"
92.222.104.209 - - [15/Jul/2026:16:05:16 +0000] "GET /products/12706500228679 HTTP/2" 404 39256 "-" "Mozilla/5.0 (compatible; AhrefsBot/7.0; +http://ahrefs.com/robot/)"
92.222.108.117 - - [15/Jul/2026:16:06:27 +0000] "GET /items/J974209514/ HTTP/2" 404 39197 "-" "Mozilla/5.0 (compatible; AhrefsBot/7.0; +http://ahrefs.com/robot/)"
209.42.17.20 - - [15/Jul/2026:16:06:29 +0000] "POST /wp-cron.php?doing_wp_cron=1784131589.4429180622100830078125 HTTP/1.1" 200 0 "-" "WordPress/7.0.1; https://ebifo.org"
63.135.161.183 - - [15/Jul/2026:16:06:41 +0000] "GET /wp-login.php HTTP/1.1" 200 2438 "-" "Mozilla/5.0 (Windows NT 10.0; Win64; rv:143.0) Gecko/20100101 Firefox/143.0"
209.42.17.20 - - [15/Jul/2026:16:07:00 +0000] "POST /wp-cron.php?doing_wp_cron=1784131620.1230809688568115234375 HTTP/1.1" 200 0 "-" "WordPress/7.0.1; https://ebifo.org"
63.135.161.183 - - [15/Jul/2026:16:06:58 +0000] "GET /?author=1 HTTP/1.1" 301 0 "-" "Mozilla/5.0 (Macintosh; Intel Mac OS X 10_15_7) AppleWebKit/605.1.15 Version/17.0 Safari/605.1.15"
63.135.161.183 - - [15/Jul/2026:16:07:00 +0000] "GET /?rest_route=/wp/v2/users HTTP/1.1" 200 523 "-" "Mozilla/5.0 (Windows NT 10.0; Win64; x64) AppleWebKit/537.36 Chrome/129.0.0.0 Safari/537.36"
51.75.236.131 - - [15/Jul/2026:16:07:37 +0000] "GET /products/30436723008165 HTTP/2" 404 39254 "-" "Mozilla/5.0 (compatible; AhrefsBot/7.0; +http://ahrefs.com/robot/)"
52.167.144.56 - - [15/Jul/2026:16:08:38 +0000] "GET /robots.txt HTTP/2" 200 102 "-" "Mozilla/5.0 AppleWebKit/537.36 (KHTML, like Gecko; compatible; bingbot/2.0; +http://www.bing.com/bingbot.htm) Chrome/116.0.1938.76 Safari/537.36"
209.42.17.20 - - [15/Jul/2026:16:08:47 +0000] "POST /wp-cron.php?doing_wp_cron=1784131727.2346138954162597656250 HTTP/1.1" 200 0 "-" "WordPress/7.0.1; https://ebifo.org"
40.77.167.126 - - [15/Jul/2026:16:08:44 +0000] "GET /items/E292475787/ HTTP/2" 404 39190 "-" "Mozilla/5.0 AppleWebKit/537.36 (KHTML, like Gecko; compatible; bingbot/2.0; +http://www.bing.com/bingbot.htm) Chrome/116.0.1938.76 Safari/537.36"
23.137.105.27 - - [15/Jul/2026:16:08:51 +0000] "GET / HTTP/1.1" 400 52 "-" "Mozilla/5.0 (X11; Linux x86_64; rv:150.0) Gecko/20100101 Firefox/150.0"
23.137.105.27 - - [15/Jul/2026:16:08:52 +0000] "GET / HTTP/1.1" 400 52 "-" "Mozilla/5.0 (iPhone; CPU iPhone OS 18_4 like Mac OS X) AppleWebKit/605.1.15 (KHTML, like Gecko) Version/18.4 Mobile/15E148 Safari/604.1"
23.137.105.27 - - [15/Jul/2026:16:08:52 +0000] "GET / HTTP/1.1" 400 52 "-" "Mozilla/5.0 (Macintosh; Intel Mac OS X 10_15_7) AppleWebKit/537.36 (KHTML, like Gecko) Chrome/146.0.0.0 Safari/537.36"
209.42.17.20 - - [15/Jul/2026:16:09:09 +0000] "POST /wp-cron.php?doing_wp_cron=1784131749.4732639789581298828125 HTTP/1.1" 200 0 "-" "WordPress/7.0.1; https://ebifo.org"
92.222.104.198 - - [15/Jul/2026:16:09:06 +0000] "GET /items/J973232220/ HTTP/2" 404 39197 "-" "Mozilla/5.0 (compatible; AhrefsBot/7.0; +http://ahrefs.com/robot/)"
52.167.144.184 - - [15/Jul/2026:16:09:16 +0000] "GET /items/C311184961/ HTTP/2" 301 0 "-" "Mozilla/5.0 AppleWebKit/537.36 (KHTML, like Gecko; compatible; bingbot/2.0; +http://www.bing.com/bingbot.htm) Chrome/116.0.1938.76 Safari/537.36"
40.77.167.26 - - [15/Jul/2026:16:09:20 +0000] "GET /items/T061242023/ HTTP/2" 301 0 "-" "Mozilla/5.0 AppleWebKit/537.36 (KHTML, like Gecko; compatible; bingbot/2.0; +http://www.bing.com/bingbot.htm) Chrome/116.0.1938.76 Safari/537.36"
40.77.167.26 - - [15/Jul/2026:16:09:22 +0000] "GET /items/B981966683/ HTTP/2" 301 0 "-" "Mozilla/5.0 AppleWebKit/537.36 (KHTML, like Gecko; compatible; bingbot/2.0; +http://www.bing.com/bingbot.htm) Chrome/116.0.1938.76 Safari/537.36"
51.158.144.117 - - [15/Jul/2026:16:09:30 +0000] "GET /index.php?rest_route=/wp/v2/users HTTP/2" 200 523 "-" "Mozilla/5.0 (Windows NT 10.0; Win64; x64) AppleWebKit/537.36 (KHTML, like Gecko) Chrome/148.0.0.0 Safari/537.36"
209.42.17.20 - - [15/Jul/2026:16:10:24 +0000] "POST /wp-cron.php?doing_wp_cron=1784131824.2110319137573242187500 HTTP/1.1" 200 0 "-" "WordPress/7.0.1; https://ebifo.org"
51.75.236.145 - - [15/Jul/2026:16:10:21 +0000] "GET /products/30034651081172 HTTP/2" 404 39254 "-" "Mozilla/5.0 (compatible; AhrefsBot/7.0; +http://ahrefs.com/robot/)"
209.42.17.20 - - [15/Jul/2026:16:11:29 +0000] "POST /wp-cron.php?doing_wp_cron=1784131889.7306509017944335937500 HTTP/1.1" 200 0 "-" "WordPress/7.0.1; https://ebifo.org"
37.59.204.152 - - [15/Jul/2026:16:11:27 +0000] "GET /items/J972777837/ HTTP/2" 404 39197 "-" "Mozilla/5.0 (compatible; AhrefsBot/7.0; +http://ahrefs.com/robot/)"
209.42.17.20 - - [15/Jul/2026:16:12:35 +0000] "POST /wp-cron.php?doing_wp_cron=1784131955.4046959877014160156250 HTTP/1.1" 200 0 "-" "WordPress/7.0.1; https://ebifo.org"
37.59.204.131 - - [15/Jul/2026:16:12:33 +0000] "GET /products/27846082282589 HTTP/2" 404 39255 "-" "Mozilla/5.0 (compatible; AhrefsBot/7.0; +http://ahrefs.com/robot/)"
209.42.17.20 - - [15/Jul/2026:16:13:41 +0000] "POST /wp-cron.php?doing_wp_cron=1784132021.7716100215911865234375 HTTP/1.1" 200 0 "-" "WordPress/7.0.1; https://ebifo.org"
176.31.139.18 - - [15/Jul/2026:16:13:39 +0000] "GET /items/J972711755/ HTTP/2" 404 39194 "-" "Mozilla/5.0 (compatible; AhrefsBot/7.0; +http://ahrefs.com/robot/)"
209.42.17.20 - - [15/Jul/2026:16:14:47 +0000] "POST /wp-cron.php?doing_wp_cron=1784132087.9735848903656005859375 HTTP/1.1" 200 0 "-" "WordPress/7.0.1; https://ebifo.org"
94.23.188.193 - - [15/Jul/2026:16:14:45 +0000] "GET /products/27678967278771 HTTP/2" 404 39255 "-" "Mozilla/5.0 (compatible; AhrefsBot/7.0; +http://ahrefs.com/robot/)"
5.39.1.236 - - [15/Jul/2026:16:15:50 +0000] "GET /products/35204189221282 HTTP/2" 404 39255 "-" "Mozilla/5.0 (compatible; AhrefsBot/7.0; +http://ahrefs.com/robot/)"
209.42.17.20 - - [15/Jul/2026:16:15:52 +0000] "POST /wp-cron.php?doing_wp_cron=1784132152.9384210109710693359375 HTTP/1.1" 200 0 "-" "WordPress/7.0.1; https://ebifo.org"
209.42.17.20 - - [15/Jul/2026:16:16:58 +0000] "POST /wp-cron.php?doing_wp_cron=1784132218.9523129463195800781250 HTTP/1.1" 200 0 "-" "WordPress/7.0.1; https://ebifo.org"
54.37.118.76 - - [15/Jul/2026:16:16:56 +0000] "GET /products/34967890415267 HTTP/2" 404 39255 "-" "Mozilla/5.0 (compatible; AhrefsBot/7.0; +http://ahrefs.com/robot/)"
209.42.17.20 - - [15/Jul/2026:16:18:05 +0000] "POST /wp-cron.php?doing_wp_cron=1784132285.2763810157775878906250 HTTP/1.1" 200 0 "-" "WordPress/7.0.1; https://ebifo.org"
92.222.104.204 - - [15/Jul/2026:16:18:03 +0000] "GET /products/29061533425076 HTTP/2" 404 39254 "-" "Mozilla/5.0 (compatible; AhrefsBot/7.0; +http://ahrefs.com/robot/)"
37.59.204.131 - - [15/Jul/2026:16:19:08 +0000] "GET /products/9004917850761 HTTP/2" 404 39246 "-" "Mozilla/5.0 (compatible; AhrefsBot/7.0; +http://ahrefs.com/robot/)"
209.42.17.20 - - [15/Jul/2026:16:19:11 +0000] "POST /wp-cron.php?doing_wp_cron=1784132351.2003250122070312500000 HTTP/1.1" 200 0 "-" "WordPress/7.0.1; https://ebifo.org"
37.59.204.150 - - [15/Jul/2026:16:20:14 +0000] "GET /products/6662324784872 HTTP/2" 404 39237 "-" "Mozilla/5.0 (compatible; AhrefsBot/7.0; +http://ahrefs.com/robot/)"
209.42.17.20 - - [15/Jul/2026:16:20:16 +0000] "POST /wp-cron.php?doing_wp_cron=1784132416.7031450271606445312500 HTTP/1.1" 200 0 "-" "WordPress/7.0.1; https://ebifo.org"
51.68.247.210 - - [15/Jul/2026:16:21:21 +0000] "GET /products/26812479997144 HTTP/2" 404 39258 "-" "Mozilla/5.0 (compatible; AhrefsBot/7.0; +http://ahrefs.com/robot/)"
209.42.17.20 - - [15/Jul/2026:16:22:32 +0000] "POST /wp-cron.php?doing_wp_cron=1784132552.2382578849792480468750 HTTP/1.1" 200 0 "-" "WordPress/7.0.1; https://ebifo.org"
51.68.247.207 - - [15/Jul/2026:16:22:30 +0000] "GET /products/5585259536027 HTTP/2" 404 39246 "-" "Mozilla/5.0 (compatible; AhrefsBot/7.0; +http://ahrefs.com/robot/)"
209.42.17.20 - - [15/Jul/2026:16:23:33 +0000] "POST /wp-cron.php?doing_wp_cron=1784132613.8148651123046875000000 HTTP/1.1" 200 0 "-" "WordPress/7.0.1; https://ebifo.org"
51.68.247.209 - - [15/Jul/2026:16:23:32 +0000] "GET /products/245607616452 HTTP/2" 404 39209 "-" "Mozilla/5.0 (compatible; AhrefsBot/7.0; +http://ahrefs.com/robot/)"
34.105.30.251 - - [15/Jul/2026:16:23:51 +0000] "GET / HTTP/1.1" 200 40068 "-" "Mozilla/5.0 (Windows NT 10.0; Win64; x64) AppleWebKit/537.36 (KHTML, like Gecko) Chrome/89.0.4389.114 Safari/537.36"
