72.14.199.73 - - [16/Jul/2026:09:03:54 +0000] "GET /wp-includes/js/dist/api-fetch.min.js?ver=d7efe4dc1468d36c39b8 HTTP/1.1" 200 2692 "https://ebifo.org/" "AdsBot-Google (+http://www.google.com/adsbot.html)"
72.14.199.73 - - [16/Jul/2026:09:03:55 +0000] "GET /wp-includes/js/dist/private-apis.min.js?ver=835912f0086b9e59aed4 HTTP/1.1" 200 997 "https://ebifo.org/" "AdsBot-Google (+http://www.google.com/adsbot.html)"
72.14.199.73 - - [16/Jul/2026:09:03:55 +0000] "GET /wp-includes/js/dist/block-serialization-default-parser.min.js?ver=bff55bd3f1ce9df0c99c HTTP/1.1" 200 1092 "https://ebifo.org/" "AdsBot-Google (+http://www.google.com/adsbot.html)"
72.14.199.73 - - [16/Jul/2026:09:03:55 +0000] "GET /wp-includes/js/dist/blob.min.js?ver=198af75fe06d924090d8 HTTP/1.1" 200 564 "https://ebifo.org/" "AdsBot-Google (+http://www.google.com/adsbot.html)"
72.14.199.73 - - [16/Jul/2026:09:03:56 +0000] "GET /wp-content/plugins/bearsthemes-addons/assets/js/jquery.magnific-popup.min.js?ver=7.0.1 HTTP/1.1" 200 7043 "https://ebifo.org/" "AdsBot-Google (+http://www.google.com/adsbot.html)"
66.249.79.137 - - [16/Jul/2026:09:03:59 +0000] "GET /favicon.ico HTTP/1.1" 404 1251 "-" "Googlebot-Image/1.0"
51.195.183.168 - - [16/Jul/2026:09:05:07 +0000] "GET /products/35993428773771 HTTP/2" 404 39252 "-" "Mozilla/5.0 (compatible; AhrefsBot/7.0; +http://ahrefs.com/robot/)"
52.167.144.195 - - [16/Jul/2026:09:05:32 +0000] "GET /items/O572754100/ HTTP/2" 301 0 "-" "Mozilla/5.0 AppleWebKit/537.36 (KHTML, like Gecko; compatible; bingbot/2.0; +http://www.bing.com/bingbot.htm) Chrome/116.0.1938.76 Safari/537.36"
198.244.240.118 - - [16/Jul/2026:09:07:46 +0000] "GET /products/34102244471675 HTTP/2" 404 39252 "-" "Mozilla/5.0 (compatible; AhrefsBot/7.0; +http://ahrefs.com/robot/)"
209.42.17.20 - - [16/Jul/2026:09:07:49 +0000] "POST /wp-cron.php?doing_wp_cron=1784192869.0451149940490722656250 HTTP/1.1" 200 0 "-" "WordPress/7.0.1; https://ebifo.org"
209.42.17.20 - - [16/Jul/2026:09:08:41 +0000] "POST /wp-cron.php?doing_wp_cron=1784192921.3417489528656005859375 HTTP/1.1" 200 0 "-" "WordPress/7.0.1; https://ebifo.org"
155.2.215.24 - - [16/Jul/2026:09:08:39 +0000] "POST /wp-login.php HTTP/1.1" 200 2574 "-" "Mozilla/5.0 (Windows NT 10.0; Win64; rv:143.0) Gecko/20100101 Firefox/143.0"
209.42.17.20 - - [16/Jul/2026:09:09:03 +0000] "POST /wp-cron.php?doing_wp_cron=1784192943.5840370655059814453125 HTTP/1.1" 200 0 "-" "WordPress/7.0.1; https://ebifo.org"
52.167.144.138 - - [16/Jul/2026:09:09:02 +0000] "GET /items/E963273574/ HTTP/2" 301 0 "-" "Mozilla/5.0 AppleWebKit/537.36 (KHTML, like Gecko; compatible; bingbot/2.0; +http://www.bing.com/bingbot.htm) Chrome/116.0.1938.76 Safari/537.36"
209.42.17.20 - - [16/Jul/2026:09:10:14 +0000] "POST /wp-cron.php?doing_wp_cron=1784193014.8637011051177978515625 HTTP/1.1" 200 0 "-" "WordPress/7.0.1; https://ebifo.org"
52.167.144.216 - - [16/Jul/2026:09:10:12 +0000] "GET /items/C572542569/ HTTP/2" 301 0 "-" "Mozilla/5.0 AppleWebKit/537.36 (KHTML, like Gecko; compatible; bingbot/2.0; +http://www.bing.com/bingbot.htm) Chrome/116.0.1938.76 Safari/537.36"
209.42.17.20 - - [16/Jul/2026:09:16:24 +0000] "POST /wp-cron.php?doing_wp_cron=1784193384.8114368915557861328125 HTTP/1.1" 200 0 "-" "WordPress/7.0.1; https://ebifo.org"
43.167.241.46 - - [16/Jul/2026:09:16:23 +0000] "GET /embed/ HTTP/1.1" 301 0 "-" "Mozilla/5.0 (iPhone; CPU iPhone OS 13_2_3 like Mac OS X) AppleWebKit/605.1.15 (KHTML, like Gecko) Version/13.0.3 Mobile/15E148 Safari/604.1"
43.167.241.46 - - [16/Jul/2026:09:16:27 +0000] "GET / HTTP/1.1" 200 83601 "https://ebifo.org/embed/" "Mozilla/5.0 (iPhone; CPU iPhone OS 13_2_3 like Mac OS X) AppleWebKit/605.1.15 (KHTML, like Gecko) Version/13.0.3 Mobile/15E148 Safari/604.1"
155.2.215.33 - - [16/Jul/2026:09:16:32 +0000] "POST /wp-login.php HTTP/1.1" 200 2574 "-" "Mozilla/5.0 (Windows NT 10.0; Win64; x64) AppleWebKit/537.36 Chrome/129.0.0.0 Safari/537.36"
116.111.57.29 - - [16/Jul/2026:09:21:40 +0000] "POST /xmlrpc.php HTTP/1.1" 403 1242 "-" "Mozilla/5.0 (Windows NT 6.2; x64) AppleWebKit/537.36 (KHTML, like Gecko) Opera/68.0.0.0 Safari/537.36"
209.42.17.20 - - [16/Jul/2026:09:24:26 +0000] "POST /wp-cron.php?doing_wp_cron=1784193866.3589169979095458984375 HTTP/1.1" 200 0 "-" "WordPress/7.0.1; https://ebifo.org"
142.111.152.23 - - [16/Jul/2026:09:24:24 +0000] "POST /wp-login.php HTTP/1.1" 200 2574 "-" "Mozilla/5.0 (Macintosh; Intel Mac OS X 10_15_7) AppleWebKit/605.1.15 Version/17.0 Safari/605.1.15"
209.42.17.20 - - [16/Jul/2026:09:27:53 +0000] "POST /wp-cron.php?doing_wp_cron=1784194073.7966508865356445312500 HTTP/1.1" 200 0 "-" "WordPress/7.0.1; https://ebifo.org"
185.93.89.147 - - [16/Jul/2026:09:27:51 +0000] "GET / HTTP/1.1" 301 0 "-" "Mozilla/5.0 (compatible; jscrawler/0.1; +https://github.com/)"
209.42.17.20 - - [16/Jul/2026:09:32:18 +0000] "POST /wp-cron.php?doing_wp_cron=1784194338.3995048999786376953125 HTTP/1.1" 200 0 "-" "WordPress/7.0.1; https://ebifo.org"
142.111.152.129 - - [16/Jul/2026:09:32:16 +0000] "POST /wp-login.php HTTP/1.1" 200 2574 "-" "Mozilla/5.0 (Windows NT 10.0; Win64; x64) AppleWebKit/537.36 Chrome/129.0.0.0 Safari/537.36"
216.73.216.157 - - [16/Jul/2026:09:33:16 +0000] "GET /robots.txt HTTP/2" 200 102 "-" "Mozilla/5.0 AppleWebKit/537.36 (KHTML, like Gecko; compatible; ClaudeBot/1.0; +claudebot@anthropic.com)"
216.73.216.157 - - [16/Jul/2026:09:33:16 +0000] "GET /sitemap-9.xml HTTP/2" 404 39184 "-" "Mozilla/5.0 AppleWebKit/537.36 (KHTML, like Gecko; compatible; ClaudeBot/1.0; +claudebot@anthropic.com)"
216.73.216.157 - - [16/Jul/2026:09:33:17 +0000] "GET /sitemap-13.xml HTTP/2" 404 39225 "-" "Mozilla/5.0 AppleWebKit/537.36 (KHTML, like Gecko; compatible; ClaudeBot/1.0; +claudebot@anthropic.com)"
216.73.216.157 - - [16/Jul/2026:09:33:25 +0000] "GET /sitemap-2.xml HTTP/2" 404 39185 "-" "Mozilla/5.0 AppleWebKit/537.36 (KHTML, like Gecko; compatible; ClaudeBot/1.0; +claudebot@anthropic.com)"
216.73.216.157 - - [16/Jul/2026:09:33:25 +0000] "GET /sitemap-18.xml HTTP/2" 404 39225 "-" "Mozilla/5.0 AppleWebKit/537.36 (KHTML, like Gecko; compatible; ClaudeBot/1.0; +claudebot@anthropic.com)"
216.73.216.157 - - [16/Jul/2026:09:33:38 +0000] "GET /sitemap-16.xml HTTP/2" 404 39226 "-" "Mozilla/5.0 AppleWebKit/537.36 (KHTML, like Gecko; compatible; ClaudeBot/1.0; +claudebot@anthropic.com)"
216.73.216.157 - - [16/Jul/2026:09:33:38 +0000] "GET /sitemap-12.xml HTTP/2" 404 39226 "-" "Mozilla/5.0 AppleWebKit/537.36 (KHTML, like Gecko; compatible; ClaudeBot/1.0; +claudebot@anthropic.com)"
209.42.17.20 - - [16/Jul/2026:09:34:25 +0000] "POST /wp-cron.php?doing_wp_cron=1784194465.1091809272766113281250 HTTP/1.1" 200 0 "-" "WordPress/7.0.1; https://ebifo.org"
216.73.216.157 - - [16/Jul/2026:09:34:23 +0000] "GET /sitemap-4.xml HTTP/2" 404 39185 "-" "Mozilla/5.0 AppleWebKit/537.36 (KHTML, like Gecko; compatible; ClaudeBot/1.0; +claudebot@anthropic.com)"
216.73.216.157 - - [16/Jul/2026:09:34:55 +0000] "GET /sitemap-11.xml HTTP/2" 404 39226 "-" "Mozilla/5.0 AppleWebKit/537.36 (KHTML, like Gecko; compatible; ClaudeBot/1.0; +claudebot@anthropic.com)"
209.42.17.20 - - [16/Jul/2026:09:35:16 +0000] "POST /wp-cron.php?doing_wp_cron=1784194516.4942529201507568359375 HTTP/1.1" 200 0 "-" "WordPress/7.0.1; https://ebifo.org"
216.73.216.157 - - [16/Jul/2026:09:35:14 +0000] "GET /sitemap-17.xml HTTP/2" 404 39225 "-" "Mozilla/5.0 AppleWebKit/537.36 (KHTML, like Gecko; compatible; ClaudeBot/1.0; +claudebot@anthropic.com)"
216.73.216.157 - - [16/Jul/2026:09:35:29 +0000] "GET /sitemap-3.xml HTTP/2" 404 39185 "-" "Mozilla/5.0 AppleWebKit/537.36 (KHTML, like Gecko; compatible; ClaudeBot/1.0; +claudebot@anthropic.com)"
216.73.216.157 - - [16/Jul/2026:09:35:40 +0000] "GET /sitemap-20.xml HTTP/2" 404 39225 "-" "Mozilla/5.0 AppleWebKit/537.36 (KHTML, like Gecko; compatible; ClaudeBot/1.0; +claudebot@anthropic.com)"
51.89.129.41 - - [16/Jul/2026:09:35:41 +0000] "GET /products/317347659144 HTTP/2" 404 39207 "-" "Mozilla/5.0 (compatible; AhrefsBot/7.0; +http://ahrefs.com/robot/)"
216.73.216.157 - - [16/Jul/2026:09:35:49 +0000] "GET /sitemap-1.xml HTTP/2" 404 39184 "-" "Mozilla/5.0 AppleWebKit/537.36 (KHTML, like Gecko; compatible; ClaudeBot/1.0; +claudebot@anthropic.com)"
209.42.17.20 - - [16/Jul/2026:09:36:19 +0000] "POST /wp-cron.php?doing_wp_cron=1784194579.5925080776214599609375 HTTP/1.1" 200 0 "-" "WordPress/7.0.1; https://ebifo.org"
43.133.220.37 - - [16/Jul/2026:09:36:17 +0000] "GET /events/?ical=1 HTTP/1.1" 200 0 "-" "Mozilla/5.0 (iPhone; CPU iPhone OS 13_2_3 like Mac OS X) AppleWebKit/605.1.15 (KHTML, like Gecko) Version/13.0.3 Mobile/15E148 Safari/604.1"
216.73.216.157 - - [16/Jul/2026:09:36:35 +0000] "GET /sitemap.xml HTTP/2" 301 0 "-" "Mozilla/5.0 AppleWebKit/537.36 (KHTML, like Gecko; compatible; ClaudeBot/1.0; +claudebot@anthropic.com)"
216.73.216.157 - - [16/Jul/2026:09:36:37 +0000] "GET /wp-sitemap.xml HTTP/2" 200 0 "https://ebifo.org/sitemap.xml" "Mozilla/5.0 AppleWebKit/537.36 (KHTML, like Gecko; compatible; ClaudeBot/1.0; +claudebot@anthropic.com)"
216.73.216.157 - - [16/Jul/2026:09:36:41 +0000] "GET /sitemap-15.xml HTTP/2" 404 39295 "-" "Mozilla/5.0 AppleWebKit/537.36 (KHTML, like Gecko; compatible; ClaudeBot/1.0; +claudebot@anthropic.com)"
216.73.216.157 - - [16/Jul/2026:09:36:51 +0000] "GET /sitemap-6.xml HTTP/2" 200 0 "-" "Mozilla/5.0 AppleWebKit/537.36 (KHTML, like Gecko; compatible; ClaudeBot/1.0; +claudebot@anthropic.com)"
209.42.17.20 - - [16/Jul/2026:09:37:02 +0000] "POST /wp-cron.php?doing_wp_cron=1784194622.5946700572967529296875 HTTP/1.1" 200 0 "-" "WordPress/7.0.1; https://ebifo.org"
216.73.216.157 - - [16/Jul/2026:09:36:59 +0000] "GET /sitemap-19.xml HTTP/2" 404 39297 "-" "Mozilla/5.0 AppleWebKit/537.36 (KHTML, like Gecko; compatible; ClaudeBot/1.0; +claudebot@anthropic.com)"
216.73.216.157 - - [16/Jul/2026:09:37:28 +0000] "GET /sitemap-8.xml HTTP/2" 404 39185 "-" "Mozilla/5.0 AppleWebKit/537.36 (KHTML, like Gecko; compatible; ClaudeBot/1.0; +claudebot@anthropic.com)"
209.42.17.20 - - [16/Jul/2026:09:39:17 +0000] "POST /wp-cron.php?doing_wp_cron=1784194756.9797189235687255859375 HTTP/1.1" 200 0 "-" "WordPress/7.0.1; https://ebifo.org"
52.167.144.25 - - [16/Jul/2026:09:39:15 +0000] "GET /items/E474733056/ HTTP/2" 301 0 "-" "Mozilla/5.0 AppleWebKit/537.36 (KHTML, like Gecko; compatible; bingbot/2.0; +http://www.bing.com/bingbot.htm) Chrome/116.0.1938.76 Safari/537.36"
142.111.152.119 - - [16/Jul/2026:09:39:47 +0000] "POST /wp-login.php HTTP/1.1" 200 2574 "-" "Mozilla/5.0 (Windows NT 10.0; Win64; x64) AppleWebKit/537.36 Chrome/129.0.0.0 Safari/537.36"
209.42.17.20 - - [16/Jul/2026:09:43:33 +0000] "POST /wp-cron.php?doing_wp_cron=1784195013.9124500751495361328125 HTTP/1.1" 200 0 "-" "WordPress/7.0.1; https://ebifo.org"
40.77.167.48 - - [16/Jul/2026:09:43:31 +0000] "GET /items/O814909780/ HTTP/2" 301 0 "-" "Mozilla/5.0 AppleWebKit/537.36 (KHTML, like Gecko; compatible; bingbot/2.0; +http://www.bing.com/bingbot.htm) Chrome/116.0.1938.76 Safari/537.36"
52.167.144.142 - - [16/Jul/2026:09:43:36 +0000] "GET /items/N161838321/ HTTP/2" 301 0 "-" "Mozilla/5.0 AppleWebKit/537.36 (KHTML, like Gecko; compatible; bingbot/2.0; +http://www.bing.com/bingbot.htm) Chrome/116.0.1938.76 Safari/537.36"
209.42.17.20 - - [16/Jul/2026:09:51:18 +0000] "POST /wp-cron.php?doing_wp_cron=1784195478.6024219989776611328125 HTTP/1.1" 200 0 "-" "WordPress/7.0.1; https://ebifo.org"
52.167.144.142 - - [16/Jul/2026:09:51:16 +0000] "GET /items/I534671631/ HTTP/2" 301 0 "-" "Mozilla/5.0 AppleWebKit/537.36 (KHTML, like Gecko; compatible; bingbot/2.0; +http://www.bing.com/bingbot.htm) Chrome/116.0.1938.76 Safari/537.36"
209.42.17.20 - - [16/Jul/2026:09:59:05 +0000] "POST /wp-cron.php?doing_wp_cron=1784195945.8719921112060546875000 HTTP/1.1" 200 0 "-" "WordPress/7.0.1; https://ebifo.org"
185.93.89.147 - - [16/Jul/2026:09:59:02 +0000] "GET / HTTP/1.1" 200 68035 "-" "Mozilla/5.0 (compatible; jscrawler/0.1; +https://github.com/)"
185.93.89.147 - - [16/Jul/2026:09:59:06 +0000] "GET /about/ HTTP/1.1" 301 0 "-" "Mozilla/5.0 (compatible; jscrawler/0.1; +https://github.com/)"
185.93.89.147 - - [16/Jul/2026:09:59:06 +0000] "GET /events HTTP/1.1" 301 0 "-" "Mozilla/5.0 (compatible; jscrawler/0.1; +https://github.com/)"
185.93.89.147 - - [16/Jul/2026:09:59:06 +0000] "GET /donations HTTP/1.1" 301 0 "-" "Mozilla/5.0 (compatible; jscrawler/0.1; +https://github.com/)"
185.93.89.147 - - [16/Jul/2026:09:59:06 +0000] "GET /team/alisha-mahen/ HTTP/1.1" 200 42529 "-" "Mozilla/5.0 (compatible; jscrawler/0.1; +https://github.com/)"
185.93.89.147 - - [16/Jul/2026:09:59:06 +0000] "GET /give_posts/support-to-less-privilege-scholarship/ HTTP/1.1" 200 43375 "-" "Mozilla/5.0 (compatible; jscrawler/0.1; +https://github.com/)"
185.93.89.147 - - [16/Jul/2026:09:59:06 +0000] "GET /sees-boom-in-younger-volunteers-following-pandemic/ HTTP/1.1" 200 45577 "-" "Mozilla/5.0 (compatible; jscrawler/0.1; +https://github.com/)"
185.93.89.147 - - [16/Jul/2026:09:59:06 +0000] "GET /team/alexandra-trab/ HTTP/1.1" 200 42428 "-" "Mozilla/5.0 (compatible; jscrawler/0.1; +https://github.com/)"
185.93.89.147 - - [16/Jul/2026:09:59:06 +0000] "GET /team/peter-simon-tsenum/ HTTP/1.1" 200 42616 "-" "Mozilla/5.0 (compatible; jscrawler/0.1; +https://github.com/)"
185.93.89.147 - - [16/Jul/2026:09:59:06 +0000] "GET /team/abbas-dadla/ HTTP/1.1" 200 42102 "-" "Mozilla/5.0 (compatible; jscrawler/0.1; +https://github.com/)"
185.93.89.147 - - [16/Jul/2026:09:59:06 +0000] "GET /team/john-lincoln/ HTTP/1.1" 200 42492 "-" "Mozilla/5.0 (compatible; jscrawler/0.1; +https://github.com/)"
185.93.89.147 - - [16/Jul/2026:09:59:06 +0000] "GET /contact-us HTTP/1.1" 301 0 "-" "Mozilla/5.0 (compatible; jscrawler/0.1; +https://github.com/)"
185.93.89.147 - - [16/Jul/2026:09:59:06 +0000] "GET /author/stephen/ HTTP/1.1" 200 40702 "-" "Mozilla/5.0 (compatible; jscrawler/0.1; +https://github.com/)"
185.93.89.147 - - [16/Jul/2026:09:59:06 +0000] "GET /give_posts/skills-acquisition/ HTTP/1.1" 200 43635 "-" "Mozilla/5.0 (compatible; jscrawler/0.1; +https://github.com/)"
185.93.89.147 - - [16/Jul/2026:09:59:24 +0000] "GET /wp-includes/js/dist/blocks.min.js?ver=ef38e42500165bfda301 HTTP/1.1" 200 54171 "-" "Mozilla/5.0 (compatible; jscrawler/0.1; +https://github.com/)"
185.93.89.147 - - [16/Jul/2026:09:59:24 +0000] "GET /wp-includes/js/dist/blocks.min.js HTTP/1.1" 200 54171 "-" "Mozilla/5.0 (compatible; jscrawler/0.1; +https://github.com/)"
185.93.89.147 - - [16/Jul/2026:09:59:24 +0000] "GET /wp-includes/js/dist/blob.min.js?ver=198af75fe06d924090d8 HTTP/1.1" 200 564 "-" "Mozilla/5.0 (compatible; jscrawler/0.1; +https://github.com/)"
185.93.89.147 - - [16/Jul/2026:09:59:24 +0000] "GET /wp-includes/js/dist/is-shallow-equal.min.js?ver=5d84b9f3cb50d2ce7d04 HTTP/1.1" 200 523 "-" "Mozilla/5.0 (compatible; jscrawler/0.1; +https://github.com/)"
185.93.89.147 - - [16/Jul/2026:09:59:24 +0000] "GET /wp-includes/js/dist/redux-routine.min.js?ver=64f9f5001aabc046c605 HTTP/1.1" 200 3223 "-" "Mozilla/5.0 (compatible; jscrawler/0.1; +https://github.com/)"
185.93.89.147 - - [16/Jul/2026:09:59:24 +0000] "GET /wp-includes/js/dist/commands.min.js HTTP/1.1" 200 19300 "-" "Mozilla/5.0 (compatible; jscrawler/0.1; +https://github.com/)"
185.93.89.147 - - [16/Jul/2026:09:59:24 +0000] "GET /wp-includes/js/dist/autop.min.js?ver=9d0d0901b46f0a9027c9 HTTP/1.1" 200 2067 "-" "Mozilla/5.0 (compatible; jscrawler/0.1; +https://github.com/)"
185.93.89.147 - - [16/Jul/2026:09:59:24 +0000] "GET /wp-includes/js/dist/escape-html.min.js?ver=3f093e5cca67aa0f8b56 HTTP/1.1" 200 537 "-" "Mozilla/5.0 (compatible; jscrawler/0.1; +https://github.com/)"
185.93.89.147 - - [16/Jul/2026:09:59:24 +0000] "GET /wp-includes/js/wp-emoji-release.min.js HTTP/1.1" 200 4974 "-" "Mozilla/5.0 (compatible; jscrawler/0.1; +https://github.com/)"
185.93.89.147 - - [16/Jul/2026:09:59:24 +0000] "GET /wp-includes/js/dist/autop.min.js HTTP/1.1" 200 2067 "-" "Mozilla/5.0 (compatible; jscrawler/0.1; +https://github.com/)"
185.93.89.147 - - [16/Jul/2026:09:59:24 +0000] "GET /wp-includes/js/dist/block-serialization-default-parser.min.js?ver=bff55bd3f1ce9df0c99c HTTP/1.1" 200 1092 "-" "Mozilla/5.0 (compatible; jscrawler/0.1; +https://github.com/)"
185.93.89.147 - - [16/Jul/2026:09:59:24 +0000] "GET /wp-includes/js/dist/data.min.js HTTP/1.1" 200 9420 "-" "Mozilla/5.0 (compatible; jscrawler/0.1; +https://github.com/)"
185.93.89.147 - - [16/Jul/2026:09:59:24 +0000] "GET /wp-includes/js/dist/data.min.js?ver=1756b6a2676c1b3369ab HTTP/1.1" 200 9420 "-" "Mozilla/5.0 (compatible; jscrawler/0.1; +https://github.com/)"
185.93.89.147 - - [16/Jul/2026:09:59:24 +0000] "GET /wp-includes/js/dist/date.min.js HTTP/1.1" 200 22977 "-" "Mozilla/5.0 (compatible; jscrawler/0.1; +https://github.com/)"
185.93.89.147 - - [16/Jul/2026:09:59:24 +0000] "GET /wp-includes/js/dist/notices.min.js?ver=218d0173a31ae7269246 HTTP/1.1" 200 1760 "-" "Mozilla/5.0 (compatible; jscrawler/0.1; +https://github.com/)"
185.93.89.147 - - [16/Jul/2026:09:59:24 +0000] "GET /wp-includes/js/dist/token-list.min.js HTTP/1.1" 200 678 "-" "Mozilla/5.0 (compatible; jscrawler/0.1; +https://github.com/)"
185.93.89.147 - - [16/Jul/2026:09:59:24 +0000] "GET /wp-includes/js/dist/private-apis.min.js?ver=835912f0086b9e59aed4 HTTP/1.1" 200 997 "-" "Mozilla/5.0 (compatible; jscrawler/0.1; +https://github.com/)"
185.93.89.147 - - [16/Jul/2026:09:59:24 +0000] "GET /wp-includes/js/dist/dom-ready.min.js HTTP/1.1" 200 420 "-" "Mozilla/5.0 (compatible; jscrawler/0.1; +https://github.com/)"
185.93.89.147 - - [16/Jul/2026:09:59:24 +0000] "GET /wp-includes/js/dist/vendor/react-jsx-runtime.min.js?ver=18.3.1 HTTP/1.1" 200 613 "-" "Mozilla/5.0 (compatible; jscrawler/0.1; +https://github.com/)"
185.93.89.147 - - [16/Jul/2026:09:59:24 +0000] "GET /wp-includes/js/dist/commands.min.js?ver=e3d8bba53f4ffea4fcd2 HTTP/1.1" 200 19300 "-" "Mozilla/5.0 (compatible; jscrawler/0.1; +https://github.com/)"
185.93.89.147 - - [16/Jul/2026:09:59:24 +0000] "GET /wp-includes/js/wp-emoji-loader.min.js HTTP/1.1" 200 1116 "-" "Mozilla/5.0 (compatible; jscrawler/0.1; +https://github.com/)"
185.93.89.147 - - [16/Jul/2026:09:59:24 +0000] "GET /wp-includes/js/dist/api-fetch.min.js?ver=d7efe4dc1468d36c39b8 HTTP/1.1" 200 2692 "-" "Mozilla/5.0 (compatible; jscrawler/0.1; +https://github.com/)"
185.93.89.147 - - [16/Jul/2026:09:59:24 +0000] "GET /wp-includes/js/dist/date.min.js?ver=c9f8e7dd3232716f34e9 HTTP/1.1" 200 22977 "-" "Mozilla/5.0 (compatible; jscrawler/0.1; +https://github.com/)"
185.93.89.147 - - [16/Jul/2026:09:59:24 +0000] "GET /wp-includes/js/dist/notices.min.js HTTP/1.1" 200 1760 "-" "Mozilla/5.0 (compatible; jscrawler/0.1; +https://github.com/)"
185.93.89.147 - - [16/Jul/2026:09:59:24 +0000] "GET /wp-includes/js/dist/block-serialization-default-parser.min.js HTTP/1.1" 200 1092 "-" "Mozilla/5.0 (compatible; jscrawler/0.1; +https://github.com/)"
185.93.89.147 - - [16/Jul/2026:09:59:24 +0000] "GET /wp-includes/js/dist/undo-manager.min.js?ver=27bb0ae036a2c9d4a1b5 HTTP/1.1" 200 871 "-" "Mozilla/5.0 (compatible; jscrawler/0.1; +https://github.com/)"
185.93.89.147 - - [16/Jul/2026:09:59:24 +0000] "GET /wp-includes/js/dist/warning.min.js HTTP/1.1" 200 407 "-" "Mozilla/5.0 (compatible; jscrawler/0.1; +https://github.com/)"
185.93.89.147 - - [16/Jul/2026:09:59:24 +0000] "GET /wp-includes/js/dist/preferences-persistence.min.js?ver=e8033be98338d1861bca HTTP/1.1" 200 2054 "-" "Mozilla/5.0 (compatible; jscrawler/0.1; +https://github.com/)"
185.93.89.147 - - [16/Jul/2026:09:59:24 +0000] "GET /wp-includes/js/dist/core-data.min.js?ver=89931f90e4df5eb5f8a3 HTTP/1.1" 200 65316 "-" "Mozilla/5.0 (compatible; jscrawler/0.1; +https://github.com/)"
185.93.89.147 - - [16/Jul/2026:09:59:24 +0000] "GET /wp-includes/js/dist/keycodes.min.js?ver=aa1a141e3468afe7f852 HTTP/1.1" 200 1492 "-" "Mozilla/5.0 (compatible; jscrawler/0.1; +https://github.com/)"
185.93.89.147 - - [16/Jul/2026:09:59:24 +0000] "GET /wp-includes/js/dist/core-data.min.js HTTP/1.1" 200 65316 "-" "Mozilla/5.0 (compatible; jscrawler/0.1; +https://github.com/)"
185.93.89.147 - - [16/Jul/2026:09:59:24 +0000] "GET /wp-includes/js/dist/upload-media.min.js HTTP/1.1" 200 7528 "-" "Mozilla/5.0 (compatible; jscrawler/0.1; +https://github.com/)"
185.93.89.147 - - [16/Jul/2026:09:59:24 +0000] "GET /wp-includes/js/dist/keyboard-shortcuts.min.js?ver=2ed78d3b4c23f38804e0 HTTP/1.1" 200 1481 "-" "Mozilla/5.0 (compatible; jscrawler/0.1; +https://github.com/)"
185.93.89.147 - - [16/Jul/2026:09:59:24 +0000] "GET /wp-includes/js/dist/keycodes.min.js HTTP/1.1" 200 1492 "-" "Mozilla/5.0 (compatible; jscrawler/0.1; +https://github.com/)"
185.93.89.147 - - [16/Jul/2026:09:59:24 +0000] "GET /wp-includes/js/dist/priority-queue.min.js?ver=1f0e89e247bc0bd3f9b9 HTTP/1.1" 200 1514 "-" "Mozilla/5.0 (compatible; jscrawler/0.1; +https://github.com/)"
185.93.89.147 - - [16/Jul/2026:09:59:24 +0000] "GET /wp-includes/js/dist/priority-queue.min.js HTTP/1.1" 200 1514 "-" "Mozilla/5.0 (compatible; jscrawler/0.1; +https://github.com/)"
185.93.89.147 - - [16/Jul/2026:09:59:24 +0000] "GET /wp-includes/js/dist/keyboard-shortcuts.min.js HTTP/1.1" 200 1481 "-" "Mozilla/5.0 (compatible; jscrawler/0.1; +https://github.com/)"
185.93.89.147 - - [16/Jul/2026:09:59:24 +0000] "GET /wp-includes/js/dist/theme.min.js?ver=e22ce547a4420507b323 HTTP/1.1" 200 21174 "-" "Mozilla/5.0 (compatible; jscrawler/0.1; +https://github.com/)"
185.93.89.147 - - [16/Jul/2026:09:59:24 +0000] "GET /wp-includes/js/dist/undo-manager.min.js HTTP/1.1" 200 871 "-" "Mozilla/5.0 (compatible; jscrawler/0.1; +https://github.com/)"
185.93.89.147 - - [16/Jul/2026:09:59:24 +0000] "GET /wp-includes/js/dist/vendor/moment.min.js HTTP/1.1" 200 18383 "-" "Mozilla/5.0 (compatible; jscrawler/0.1; +https://github.com/)"
185.93.89.147 - - [16/Jul/2026:09:59:06 +0000] "GET /become-a-volunteer HTTP/1.1" 301 0 "-" "Mozilla/5.0 (compatible; jscrawler/0.1; +https://github.com/)"
185.93.89.147 - - [16/Jul/2026:09:59:06 +0000] "GET /our-team HTTP/1.1" 301 0 "-" "Mozilla/5.0 (compatible; jscrawler/0.1; +https://github.com/)"
185.93.89.147 - - [16/Jul/2026:09:59:25 +0000] "GET /wp-includes/js/dist/deprecated.min.js?ver=990e85f234fee8f7d446 HTTP/1.1" 200 698 "-" "Mozilla/5.0 (compatible; jscrawler/0.1; +https://github.com/)"
185.93.89.147 - - [16/Jul/2026:09:59:25 +0000] "GET /wp-includes/js/underscore.min.js HTTP/1.1" 200 7228 "-" "Mozilla/5.0 (compatible; jscrawler/0.1; +https://github.com/)"
185.93.89.147 - - [16/Jul/2026:09:59:25 +0000] "GET /wp-includes/js/dist/warning.min.js?ver=36fdbdc984d93aee8a97 HTTP/1.1" 200 407 "-" "Mozilla/5.0 (compatible; jscrawler/0.1; +https://github.com/)"
185.93.89.147 - - [16/Jul/2026:09:59:25 +0000] "GET /wp-includes/js/dist/html-entities.min.js HTTP/1.1" 200 441 "-" "Mozilla/5.0 (compatible; jscrawler/0.1; +https://github.com/)"
185.93.89.147 - - [16/Jul/2026:09:59:25 +0000] "GET /wp-includes/js/dist/vendor/react-dom.min.js HTTP/1.1" 200 41410 "-" "Mozilla/5.0 (compatible; jscrawler/0.1; +https://github.com/)"
185.93.89.147 - - [16/Jul/2026:09:59:25 +0000] "GET /wp-includes/js/dist/vendor/react.min.js?ver=18.3.1.1 HTTP/1.1" 200 4117 "-" "Mozilla/5.0 (compatible; jscrawler/0.1; +https://github.com/)"
185.93.89.147 - - [16/Jul/2026:09:59:25 +0000] "GET /wp-includes/js/dist/compose.min.js?ver=fbe37f6b46750554f947 HTTP/1.1" 200 10730 "-" "Mozilla/5.0 (compatible; jscrawler/0.1; +https://github.com/)"
185.93.89.147 - - [16/Jul/2026:09:59:25 +0000] "GET /wp-includes/js/dist/vendor/moment.min.js?ver=2.30.1 HTTP/1.1" 200 18383 "-" "Mozilla/5.0 (compatible; jscrawler/0.1; +https://github.com/)"
185.93.89.147 - - [16/Jul/2026:09:59:25 +0000] "GET /wp-includes/js/dist/token-list.min.js?ver=16f0aebdd39d87c2a84b HTTP/1.1" 200 678 "-" "Mozilla/5.0 (compatible; jscrawler/0.1; +https://github.com/)"
185.93.89.147 - - [16/Jul/2026:09:59:25 +0000] "GET /wp-includes/js/dist/rich-text.min.js?ver=16449e6108f48327f368 HTTP/1.1" 200 13480 "-" "Mozilla/5.0 (compatible; jscrawler/0.1; +https://github.com/)"
185.93.89.147 - - [16/Jul/2026:09:59:25 +0000] "GET /wp-includes/js/dist/a11y.min.js?ver=af934e5259bc51b8718e HTTP/1.1" 200 935 "-" "Mozilla/5.0 (compatible; jscrawler/0.1; +https://github.com/)"
185.93.89.147 - - [16/Jul/2026:09:59:25 +0000] "GET /wp-includes/js/dist/private-apis.min.js HTTP/1.1" 200 997 "-" "Mozilla/5.0 (compatible; jscrawler/0.1; +https://github.com/)"
185.93.89.147 - - [16/Jul/2026:09:59:25 +0000] "GET /wp-includes/js/dist/vendor/react-dom.min.js?ver=18.3.1.1 HTTP/1.1" 200 41410 "-" "Mozilla/5.0 (compatible; jscrawler/0.1; +https://github.com/)"
185.93.89.147 - - [16/Jul/2026:09:59:25 +0000] "GET /wp-includes/js/dist/upload-media.min.js?ver=d359c2cccf866d7082d2 HTTP/1.1" 200 7528 "-" "Mozilla/5.0 (compatible; jscrawler/0.1; +https://github.com/)"
185.93.89.147 - - [16/Jul/2026:09:59:25 +0000] "GET /wp-includes/js/underscore.min.js?ver=1.13.8 HTTP/1.1" 200 7228 "-" "Mozilla/5.0 (compatible; jscrawler/0.1; +https://github.com/)"
185.93.89.147 - - [16/Jul/2026:09:59:25 +0000] "GET /wp-includes/js/wp-util.min.js?ver=7.0.1 HTTP/1.1" 200 693 "-" "Mozilla/5.0 (compatible; jscrawler/0.1; +https://github.com/)"
185.93.89.147 - - [16/Jul/2026:09:59:25 +0000] "GET /wp-includes/js/dist/dom-ready.min.js?ver=a06281ae5cf5500e9317 HTTP/1.1" 200 420 "-" "Mozilla/5.0 (compatible; jscrawler/0.1; +https://github.com/)"
185.93.89.147 - - [16/Jul/2026:09:59:25 +0000] "GET /wp-includes/js/dist/blob.min.js HTTP/1.1" 200 564 "-" "Mozilla/5.0 (compatible; jscrawler/0.1; +https://github.com/)"
185.93.89.147 - - [16/Jul/2026:09:59:25 +0000] "GET /wp-includes/js/dist/vendor/react.min.js HTTP/1.1" 200 4117 "-" "Mozilla/5.0 (compatible; jscrawler/0.1; +https://github.com/)"
185.93.89.147 - - [16/Jul/2026:09:59:25 +0000] "GET /wp-includes/js/dist/theme.min.js HTTP/1.1" 200 21174 "-" "Mozilla/5.0 (compatible; jscrawler/0.1; +https://github.com/)"
185.93.89.147 - - [16/Jul/2026:09:59:25 +0000] "GET /wp-includes/js/dist/style-engine.min.js HTTP/1.1" 200 2243 "-" "Mozilla/5.0 (compatible; jscrawler/0.1; +https://github.com/)"
185.93.89.147 - - [16/Jul/2026:09:59:25 +0000] "GET /wp-includes/js/dist/vendor/react-jsx-runtime.min.js HTTP/1.1" 200 613 "-" "Mozilla/5.0 (compatible; jscrawler/0.1; +https://github.com/)"
185.93.89.147 - - [16/Jul/2026:09:59:25 +0000] "GET /wp-includes/js/dist/api-fetch.min.js HTTP/1.1" 200 2692 "-" "Mozilla/5.0 (compatible; jscrawler/0.1; +https://github.com/)"
185.93.89.147 - - [16/Jul/2026:09:59:25 +0000] "GET /wp-includes/js/wp-util.min.js HTTP/1.1" 200 693 "-" "Mozilla/5.0 (compatible; jscrawler/0.1; +https://github.com/)"
185.93.89.147 - - [16/Jul/2026:09:59:25 +0000] "GET /wp-includes/js/dist/shortcode.min.js HTTP/1.1" 200 1499 "-" "Mozilla/5.0 (compatible; jscrawler/0.1; +https://github.com/)"
185.93.89.147 - - [16/Jul/2026:09:59:25 +0000] "GET /wp-includes/js/dist/shortcode.min.js?ver=11742fe18cc215d3d5ab HTTP/1.1" 200 1499 "-" "Mozilla/5.0 (compatible; jscrawler/0.1; +https://github.com/)"
185.93.89.147 - - [16/Jul/2026:09:59:25 +0000] "GET /wp-includes/js/dist/a11y.min.js HTTP/1.1" 200 935 "-" "Mozilla/5.0 (compatible; jscrawler/0.1; +https://github.com/)"
185.93.89.147 - - [16/Jul/2026:09:59:25 +0000] "GET /wp-includes/js/dist/deprecated.min.js HTTP/1.1" 200 698 "-" "Mozilla/5.0 (compatible; jscrawler/0.1; +https://github.com/)"
185.93.89.147 - - [16/Jul/2026:09:59:25 +0000] "GET /wp-includes/js/dist/dom.min.js HTTP/1.1" 200 4822 "-" "Mozilla/5.0 (compatible; jscrawler/0.1; +https://github.com/)"
185.93.89.147 - - [16/Jul/2026:09:59:25 +0000] "GET /wp-includes/js/dist/hooks.min.js HTTP/1.1" 200 1734 "-" "Mozilla/5.0 (compatible; jscrawler/0.1; +https://github.com/)"
185.93.89.147 - - [16/Jul/2026:09:59:25 +0000] "GET /wp-includes/js/dist/is-shallow-equal.min.js HTTP/1.1" 200 523 "-" "Mozilla/5.0 (compatible; jscrawler/0.1; +https://github.com/)"
185.93.89.147 - - [16/Jul/2026:09:59:25 +0000] "GET /wp-includes/js/dist/element.min.js HTTP/1.1" 200 5024 "-" "Mozilla/5.0 (compatible; jscrawler/0.1; +https://github.com/)"
185.93.89.147 - - [16/Jul/2026:09:59:25 +0000] "GET /wp-includes/js/dist/html-entities.min.js?ver=8c6fa5b869dfeadc4af2 HTTP/1.1" 200 441 "-" "Mozilla/5.0 (compatible; jscrawler/0.1; +https://github.com/)"
185.93.89.147 - - [16/Jul/2026:09:59:25 +0000] "GET /wp-includes/js/dist/style-engine.min.js?ver=faa37ce61b7ec8394b2a HTTP/1.1" 200 2243 "-" "Mozilla/5.0 (compatible; jscrawler/0.1; +https://github.com/)"
185.93.89.147 - - [16/Jul/2026:09:59:25 +0000] "GET /wp-includes/js/dist/redux-routine.min.js HTTP/1.1" 200 3223 "-" "Mozilla/5.0 (compatible; jscrawler/0.1; +https://github.com/)"
185.93.89.147 - - [16/Jul/2026:09:59:25 +0000] "GET /wp-includes/js/dist/primitives.min.js HTTP/1.1" 200 948 "-" "Mozilla/5.0 (compatible; jscrawler/0.1; +https://github.com/)"
185.93.89.147 - - [16/Jul/2026:09:59:25 +0000] "GET /wp-includes/js/dist/components.min.js HTTP/1.1" 200 252681 "-" "Mozilla/5.0 (compatible; jscrawler/0.1; +https://github.com/)"
185.93.89.147 - - [16/Jul/2026:09:59:25 +0000] "GET /wp-includes/js/dist/block-editor.min.js?ver=f3d941bcb2e86c269881 HTTP/1.1" 200 332056 "-" "Mozilla/5.0 (compatible; jscrawler/0.1; +https://github.com/)"
185.93.89.147 - - [16/Jul/2026:09:59:25 +0000] "GET /wp-includes/js/dist/components.min.js?ver=5dedfe13f08880193a28 HTTP/1.1" 200 252681 "-" "Mozilla/5.0 (compatible; jscrawler/0.1; +https://github.com/)"
185.93.89.147 - - [16/Jul/2026:09:59:25 +0000] "GET /wp-includes/js/dist/block-editor.min.js HTTP/1.1" 200 332056 "-" "Mozilla/5.0 (compatible; jscrawler/0.1; +https://github.com/)"
185.93.89.147 - - [16/Jul/2026:09:59:25 +0000] "GET /wp-includes/js/dist/url.min.js?ver=bb0f766c3d2efe497871 HTTP/1.1" 200 3629 "-" "Mozilla/5.0 (compatible; jscrawler/0.1; +https://github.com/)"
185.93.89.147 - - [16/Jul/2026:09:59:25 +0000] "GET /wp-includes/js/dist/element.min.js?ver=15ba804677f72a8db97b HTTP/1.1" 200 5024 "-" "Mozilla/5.0 (compatible; jscrawler/0.1; +https://github.com/)"
185.93.89.147 - - [16/Jul/2026:09:59:25 +0000] "GET /wp-includes/js/dist/escape-html.min.js HTTP/1.1" 200 537 "-" "Mozilla/5.0 (compatible; jscrawler/0.1; +https://github.com/)"
185.93.89.147 - - [16/Jul/2026:09:59:25 +0000] "GET /wp-includes/js/dist/preferences-persistence.min.js HTTP/1.1" 200 2054 "-" "Mozilla/5.0 (compatible; jscrawler/0.1; +https://github.com/)"
185.93.89.147 - - [16/Jul/2026:09:59:25 +0000] "GET /wp-includes/js/dist/i18n.min.js HTTP/1.1" 200 2354 "-" "Mozilla/5.0 (compatible; jscrawler/0.1; +https://github.com/)"
185.93.89.147 - - [16/Jul/2026:09:59:25 +0000] "GET /wp-includes/js/dist/preferences.min.js HTTP/1.1" 200 3108 "-" "Mozilla/5.0 (compatible; jscrawler/0.1; +https://github.com/)"
185.93.89.147 - - [16/Jul/2026:09:59:25 +0000] "GET /wp-includes/js/dist/primitives.min.js?ver=a5c905ec27bcd76ef287 HTTP/1.1" 200 948 "-" "Mozilla/5.0 (compatible; jscrawler/0.1; +https://github.com/)"
185.93.89.147 - - [16/Jul/2026:09:59:25 +0000] "GET /wp-includes/js/dist/preferences.min.js?ver=035813168e404aa30193 HTTP/1.1" 200 3108 "-" "Mozilla/5.0 (compatible; jscrawler/0.1; +https://github.com/)"
185.93.89.147 - - [16/Jul/2026:09:59:25 +0000] "GET /wp-includes/js/dist/compose.min.js HTTP/1.1" 200 10730 "-" "Mozilla/5.0 (compatible; jscrawler/0.1; +https://github.com/)"
185.93.89.147 - - [16/Jul/2026:09:59:26 +0000] "GET /wp-includes/js/dist/hooks.min.js?ver=7496969728ca0f95732d HTTP/1.1" 200 1734 "-" "Mozilla/5.0 (compatible; jscrawler/0.1; +https://github.com/)"
185.93.89.147 - - [16/Jul/2026:09:59:26 +0000] "GET /wp-includes/js/dist/url.min.js HTTP/1.1" 200 3629 "-" "Mozilla/5.0 (compatible; jscrawler/0.1; +https://github.com/)"
185.93.89.147 - - [16/Jul/2026:09:59:26 +0000] "GET /wp-includes/js/dist/dom.min.js?ver=66a6cf58e0c4cd128af0 HTTP/1.1" 200 4822 "-" "Mozilla/5.0 (compatible; jscrawler/0.1; +https://github.com/)"
185.93.89.147 - - [16/Jul/2026:09:59:26 +0000] "GET /wp-includes/js/dist/i18n.min.js?ver=781d11515ad3d91786ec HTTP/1.1" 200 2354 "-" "Mozilla/5.0 (compatible; jscrawler/0.1; +https://github.com/)"
185.93.89.147 - - [16/Jul/2026:09:59:26 +0000] "GET /wp-includes/js/dist/rich-text.min.js HTTP/1.1" 200 13480 "-" "Mozilla/5.0 (compatible; jscrawler/0.1; +https://github.com/)"
185.93.89.147 - - [16/Jul/2026:09:59:06 +0000] "GET /give_posts/provision-of-portable-drinking-water/ HTTP/1.1" 200 43743 "-" "Mozilla/5.0 (compatible; jscrawler/0.1; +https://github.com/)"
185.93.89.147 - - [16/Jul/2026:09:59:06 +0000] "GET /give_posts/youth-empowerment/ HTTP/1.1" 200 43368 "-" "Mozilla/5.0 (compatible; jscrawler/0.1; +https://github.com/)"
185.93.89.147 - - [16/Jul/2026:09:59:06 +0000] "GET /breaking-barriers-empowering-women-in-sports/ HTTP/1.1" 200 45683 "-" "Mozilla/5.0 (compatible; jscrawler/0.1; +https://github.com/)"
185.93.89.147 - - [16/Jul/2026:09:59:06 +0000] "GET /team/carla-culos/ HTTP/1.1" 200 42373 "-" "Mozilla/5.0 (compatible; jscrawler/0.1; +https://github.com/)"
185.93.89.147 - - [16/Jul/2026:09:59:06 +0000] "GET /summit-to-focus-on-responsible-use-of-ai-in-fundraising/ HTTP/1.1" 200 45760 "-" "Mozilla/5.0 (compatible; jscrawler/0.1; +https://github.com/)"
209.42.17.20 - - [16/Jul/2026:10:00:27 +0000] "POST /wp-cron.php?doing_wp_cron=1784196027.6747589111328125000000 HTTP/1.1" 200 0 "-" "WordPress/7.0.1; https://ebifo.org"
66.249.79.32 - - [16/Jul/2026:10:00:26 +0000] "GET /items/Q063082910/ HTTP/1.1" 301 0 "-" "Mozilla/5.0 (Linux; Android 6.0.1; Nexus 5X Build/MMB29P) AppleWebKit/537.36 (KHTML, like Gecko) Chrome/150.0.7871.114 Mobile Safari/537.36 (compatible; Googlebot/2.1; +http://www.google.com/bot.html)"
66.249.79.138 - - [16/Jul/2026:10:00:28 +0000] "GET /items/Q063082910/ HTTP/1.1" 404 39190 "-" "Mozilla/5.0 (Linux; Android 6.0.1; Nexus 5X Build/MMB29P) AppleWebKit/537.36 (KHTML, like Gecko) Chrome/150.0.7871.114 Mobile Safari/537.36 (compatible; Googlebot/2.1; +http://www.google.com/bot.html)"
198.244.183.210 - - [16/Jul/2026:10:02:23 +0000] "GET /products/30558102624111 HTTP/2" 404 39251 "-" "Mozilla/5.0 (compatible; AhrefsBot/7.0; +http://ahrefs.com/robot/)"
51.89.129.195 - - [16/Jul/2026:10:04:44 +0000] "GET /products/25246567661249 HTTP/2" 404 39249 "-" "Mozilla/5.0 (compatible; AhrefsBot/7.0; +http://ahrefs.com/robot/)"
209.42.17.20 - - [16/Jul/2026:10:05:01 +0000] "POST /wp-cron.php?doing_wp_cron=1784196301.3270120620727539062500 HTTP/1.1" 200 0 "-" "WordPress/7.0.1; https://ebifo.org"
209.42.17.20 - - [16/Jul/2026:10:07:13 +0000] "POST /wp-cron.php?doing_wp_cron=1784196433.6847190856933593750000 HTTP/1.1" 200 0 "-" "WordPress/7.0.1; https://ebifo.org"
51.195.244.85 - - [16/Jul/2026:10:07:11 +0000] "GET /products/8233555513064 HTTP/2" 404 39234 "-" "Mozilla/5.0 (compatible; AhrefsBot/7.0; +http://ahrefs.com/robot/)"
159.65.18.197 - - [16/Jul/2026:10:07:32 +0000] "GET / HTTP/1.1" 301 0 "-" "Mozilla/5.0 (l9scan/2.0.0323e27313e22343e2930323; +https://leakix.net)"
159.65.18.197 - - [16/Jul/2026:10:07:35 +0000] "GET /console/ HTTP/1.1" 404 45498 "-" "Mozilla/5.0 (l9scan/2.0.0323e27313e22343e2930323; +https://leakix.net)"
159.65.18.197 - - [16/Jul/2026:10:07:37 +0000] "GET /server HTTP/1.1" 404 45501 "-" "Mozilla/5.0 (l9scan/2.0.0323e27313e22343e2930323; +https://leakix.net)"
159.65.18.197 - - [16/Jul/2026:10:07:40 +0000] "GET /server-status HTTP/1.1" 404 45501 "-" "Mozilla/5.0 (l9scan/2.0.0323e27313e22343e2930323; +https://leakix.net)"
209.38.248.17 - - [16/Jul/2026:10:07:41 +0000] "GET / HTTP/1.1" 301 0 "-" "Mozilla/5.0 (l9scan/2.0.0323e27313e22343e2930323; +https://leakix.net)"
159.65.18.197 - - [16/Jul/2026:10:07:43 +0000] "GET /about HTTP/1.1" 404 45494 "-" "Mozilla/5.0 (l9scan/2.0.0323e27313e22343e2930323; +https://leakix.net)"
209.38.248.17 - - [16/Jul/2026:10:07:44 +0000] "GET /console/ HTTP/1.1" 404 45497 "-" "Mozilla/5.0 (l9scan/2.0.0323e27313e22343e2930323; +https://leakix.net)"
159.65.18.197 - - [16/Jul/2026:10:07:45 +0000] "GET /login.action HTTP/1.1" 404 45494 "-" "Mozilla/5.0 (l9scan/2.0.0323e27313e22343e2930323; +https://leakix.net)"
209.38.248.17 - - [16/Jul/2026:10:07:46 +0000] "GET /server HTTP/1.1" 404 45503 "-" "Mozilla/5.0 (l9scan/2.0.0323e27313e22343e2930323; +https://leakix.net)"
159.65.18.197 - - [16/Jul/2026:10:07:48 +0000] "GET / HTTP/1.1" 301 0 "-" "Mozilla/5.0 (l9scan/2.0.0323e27313e22343e2930323; +https://leakix.net)"
159.65.18.197 - - [16/Jul/2026:10:07:49 +0000] "GET /___proxy_subdomain_whm/login HTTP/1.1" 404 45479 "-" "Mozilla/5.0 (l9scan/2.0.0323e27313e22343e2930323; +https://leakix.net)"
209.38.248.17 - - [16/Jul/2026:10:07:49 +0000] "GET /server-status HTTP/1.1" 200 0 "-" "Mozilla/5.0 (l9scan/2.0.0323e27313e22343e2930323; +https://leakix.net)"
159.65.18.197 - - [16/Jul/2026:10:07:52 +0000] "GET /___proxy_subdomain_cpanel HTTP/1.1" 404 45526 "-" "Mozilla/5.0 (l9scan/2.0.0323e27313e22343e2930323; +https://leakix.net)"
209.38.248.17 - - [16/Jul/2026:10:07:52 +0000] "GET /about HTTP/1.1" 404 45496 "-" "Mozilla/5.0 (l9scan/2.0.0323e27313e22343e2930323; +https://leakix.net)"
159.65.18.197 - - [16/Jul/2026:10:07:54 +0000] "GET /v2/_catalog HTTP/1.1" 404 45506 "-" "Mozilla/5.0 (l9scan/2.0.0323e27313e22343e2930323; +https://leakix.net)"
209.38.248.17 - - [16/Jul/2026:10:07:55 +0000] "GET /login.action HTTP/1.1" 404 45494 "-" "Mozilla/5.0 (l9scan/2.0.0323e27313e22343e2930323; +https://leakix.net)"
159.65.18.197 - - [16/Jul/2026:10:07:56 +0000] "GET /.DS_Store HTTP/1.1" 404 45504 "-" "Mozilla/5.0 (l9scan/2.0.0323e27313e22343e2930323; +https://leakix.net)"
209.42.17.20 - - [16/Jul/2026:10:08:00 +0000] "POST /wp-cron.php?doing_wp_cron=1784196480.3996579647064208984375 HTTP/1.1" 200 0 "-" "WordPress/7.0.1; https://ebifo.org"
159.65.18.197 - - [16/Jul/2026:10:07:58 +0000] "GET /.env HTTP/1.1" 404 45496 "-" "Mozilla/5.0 (l9scan/2.0.0323e27313e22343e2930323; +https://leakix.net)"
209.38.248.17 - - [16/Jul/2026:10:07:59 +0000] "GET / HTTP/1.1" 301 0 "-" "Mozilla/5.0 (l9scan/2.0.0323e27313e22343e2930323; +https://leakix.net)"
159.65.18.197 - - [16/Jul/2026:10:08:02 +0000] "GET /ecp/Current/exporttool/microsoft.exchange.ediscovery.exporttool.application HTTP/1.1" 404 45627 "-" "Mozilla/5.0 (l9scan/2.0.0323e27313e22343e2930323; +https://leakix.net)"
209.38.248.17 - - [16/Jul/2026:10:08:02 +0000] "GET /___proxy_subdomain_whm/login HTTP/1.1" 404 45479 "-" "Mozilla/5.0 (l9scan/2.0.0323e27313e22343e2930323; +https://leakix.net)"
159.65.18.197 - - [16/Jul/2026:10:08:06 +0000] "GET /.git/config HTTP/1.1" 403 1242 "-" "Mozilla/5.0 (l9scan/2.0.0323e27313e22343e2930323; +https://leakix.net)"
209.38.248.17 - - [16/Jul/2026:10:08:05 +0000] "GET /___proxy_subdomain_cpanel HTTP/1.1" 404 45528 "-" "Mozilla/5.0 (l9scan/2.0.0323e27313e22343e2930323; +https://leakix.net)"
159.65.18.197 - - [16/Jul/2026:10:08:07 +0000] "POST /graphql HTTP/1.1" 404 45500 "-" "Mozilla/5.0 (l9scan/2.0.0323e27313e22343e2930323; +https://leakix.net)"
209.38.248.17 - - [16/Jul/2026:10:08:08 +0000] "GET /v2/_catalog HTTP/1.1" 404 45507 "-" "Mozilla/5.0 (l9scan/2.0.0323e27313e22343e2930323; +https://leakix.net)"
159.65.18.197 - - [16/Jul/2026:10:08:09 +0000] "POST /api HTTP/1.1" 404 45499 "-" "Mozilla/5.0 (l9scan/2.0.0323e27313e22343e2930323; +https://leakix.net)"
209.38.248.17 - - [16/Jul/2026:10:08:11 +0000] "GET /.DS_Store HTTP/1.1" 200 0 "-" "Mozilla/5.0 (l9scan/2.0.0323e27313e22343e2930323; +https://leakix.net)"
159.65.18.197 - - [16/Jul/2026:10:08:12 +0000] "POST /api/graphql HTTP/1.1" 404 45507 "-" "Mozilla/5.0 (l9scan/2.0.0323e27313e22343e2930323; +https://leakix.net)"
209.38.248.17 - - [16/Jul/2026:10:08:14 +0000] "GET /.env HTTP/1.1" 404 45495 "-" "Mozilla/5.0 (l9scan/2.0.0323e27313e22343e2930323; +https://leakix.net)"
159.65.18.197 - - [16/Jul/2026:10:08:14 +0000] "POST /graphql/api HTTP/1.1" 200 0 "-" "Mozilla/5.0 (l9scan/2.0.0323e27313e22343e2930323; +https://leakix.net)"
159.65.18.197 - - [16/Jul/2026:10:08:18 +0000] "POST /api/gql HTTP/1.1" 404 45508 "-" "Mozilla/5.0 (l9scan/2.0.0323e27313e22343e2930323; +https://leakix.net)"
209.38.248.17 - - [16/Jul/2026:10:08:18 +0000] "GET /ecp/Current/exporttool/microsoft.exchange.ediscovery.exporttool.application HTTP/1.1" 404 45618 "-" "Mozilla/5.0 (l9scan/2.0.0323e27313e22343e2930323; +https://leakix.net)"
159.65.18.197 - - [16/Jul/2026:10:08:20 +0000] "GET /s/0323e27313e22343e2930323/_/;/META-INF/maven/com.atlassian.jira/jira-webapp-dist/pom.properties HTTP/1.1" 404 45653 "-" "Mozilla/5.0 (l9scan/2.0.0323e27313e22343e2930323; +https://leakix.net)"
209.38.248.17 - - [16/Jul/2026:10:08:23 +0000] "GET /.git/config HTTP/1.1" 403 1242 "-" "Mozilla/5.0 (l9scan/2.0.0323e27313e22343e2930323; +https://leakix.net)"
159.65.18.197 - - [16/Jul/2026:10:08:23 +0000] "GET /config.json HTTP/1.1" 404 45486 "-" "Mozilla/5.0 (l9scan/2.0.0323e27313e22343e2930323; +https://leakix.net)"
209.38.248.17 - - [16/Jul/2026:10:08:25 +0000] "POST /graphql HTTP/1.1" 404 45498 "-" "Mozilla/5.0 (l9scan/2.0.0323e27313e22343e2930323; +https://leakix.net)"
159.65.18.197 - - [16/Jul/2026:10:08:25 +0000] "GET /telescope/requests HTTP/1.1" 404 45513 "-" "Mozilla/5.0 (l9scan/2.0.0323e27313e22343e2930323; +https://leakix.net)"
159.65.18.197 - - [16/Jul/2026:10:08:28 +0000] "GET /info.php HTTP/1.1" 404 45498 "-" "Mozilla/5.0 (l9scan/2.0.0323e27313e22343e2930323; +https://leakix.net)"
209.38.248.17 - - [16/Jul/2026:10:08:28 +0000] "POST /api HTTP/1.1" 404 45494 "-" "Mozilla/5.0 (l9scan/2.0.0323e27313e22343e2930323; +https://leakix.net)"
159.65.18.197 - - [16/Jul/2026:10:08:31 +0000] "GET /actuator/env HTTP/1.1" 404 45512 "-" "Mozilla/5.0 (l9scan/2.0.0323e27313e22343e2930323; +https://leakix.net)"
209.38.248.17 - - [16/Jul/2026:10:08:31 +0000] "POST /api/graphql HTTP/1.1" 404 45507 "-" "Mozilla/5.0 (l9scan/2.0.0323e27313e22343e2930323; +https://leakix.net)"
159.65.18.197 - - [16/Jul/2026:10:08:33 +0000] "GET /trace.axd HTTP/1.1" 404 45505 "-" "Mozilla/5.0 (l9scan/2.0.0323e27313e22343e2930323; +https://leakix.net)"
209.38.248.17 - - [16/Jul/2026:10:08:34 +0000] "POST /graphql/api HTTP/1.1" 404 45511 "-" "Mozilla/5.0 (l9scan/2.0.0323e27313e22343e2930323; +https://leakix.net)"
159.65.18.197 - - [16/Jul/2026:10:08:36 +0000] "GET /@vite/env HTTP/1.1" 200 0 "-" "Mozilla/5.0 (l9scan/2.0.0323e27313e22343e2930323; +https://leakix.net)"
209.38.248.17 - - [16/Jul/2026:10:08:37 +0000] "POST /api/gql HTTP/1.1" 404 45507 "-" "Mozilla/5.0 (l9scan/2.0.0323e27313e22343e2930323; +https://leakix.net)"
159.65.18.197 - - [16/Jul/2026:10:08:39 +0000] "GET /.vscode/sftp.json HTTP/1.1" 404 45505 "-" "Mozilla/5.0 (l9scan/2.0.0323e27313e22343e2930323; +https://leakix.net)"
209.38.248.17 - - [16/Jul/2026:10:08:40 +0000] "GET /s/0323e27313e22343e2930323/_/;/META-INF/maven/com.atlassian.jira/jira-webapp-dist/pom.properties HTTP/1.1" 404 45653 "-" "Mozilla/5.0 (l9scan/2.0.0323e27313e22343e2930323; +https://leakix.net)"
159.65.18.197 - - [16/Jul/2026:10:08:40 +0000] "OPTIONS / HTTP/1.1" 200 83571 "-" "Mozilla/5.0 (l9scan/2.0.0323e27313e22343e2930323; +https://leakix.net)"
209.38.248.17 - - [16/Jul/2026:10:08:43 +0000] "GET /config.json HTTP/1.1" 404 45485 "-" "Mozilla/5.0 (l9scan/2.0.0323e27313e22343e2930323; +https://leakix.net)"
159.65.18.197 - - [16/Jul/2026:10:08:43 +0000] "GET /?rest_route=/wp/v2/users/ HTTP/1.1" 200 522 "-" "Mozilla/5.0 (l9scan/2.0.0323e27313e22343e2930323; +https://leakix.net)"
159.65.18.197 - - [16/Jul/2026:10:08:45 +0000] "GET /debug/default/view?panel=config HTTP/1.1" 404 45590 "-" "Mozilla/5.0 (l9scan/2.0.0323e27313e22343e2930323; +https://leakix.net)"
209.38.248.17 - - [16/Jul/2026:10:08:46 +0000] "GET /telescope/requests HTTP/1.1" 404 45513 "-" "Mozilla/5.0 (l9scan/2.0.0323e27313e22343e2930323; +https://leakix.net)"
209.38.248.17 - - [16/Jul/2026:10:08:48 +0000] "GET /info.php HTTP/1.1" 404 45498 "-" "Mozilla/5.0 (l9scan/2.0.0323e27313e22343e2930323; +https://leakix.net)"
209.38.248.17 - - [16/Jul/2026:10:08:51 +0000] "GET /actuator/env HTTP/1.1" 404 45512 "-" "Mozilla/5.0 (l9scan/2.0.0323e27313e22343e2930323; +https://leakix.net)"
209.38.248.17 - - [16/Jul/2026:10:08:54 +0000] "GET /trace.axd HTTP/1.1" 200 0 "-" "Mozilla/5.0 (l9scan/2.0.0323e27313e22343e2930323; +https://leakix.net)"
209.42.17.20 - - [16/Jul/2026:10:08:59 +0000] "POST /wp-cron.php?doing_wp_cron=1784196539.9096469879150390625000 HTTP/1.1" 200 0 "-" "WordPress/7.0.1; https://ebifo.org"
209.38.248.17 - - [16/Jul/2026:10:08:58 +0000] "GET /@vite/env HTTP/1.1" 404 45509 "-" "Mozilla/5.0 (l9scan/2.0.0323e27313e22343e2930323; +https://leakix.net)"
209.38.248.17 - - [16/Jul/2026:10:09:00 +0000] "GET /.vscode/sftp.json HTTP/1.1" 200 0 "-" "Mozilla/5.0 (l9scan/2.0.0323e27313e22343e2930323; +https://leakix.net)"
209.38.248.17 - - [16/Jul/2026:10:09:04 +0000] "OPTIONS / HTTP/1.1" 200 0 "-" "Mozilla/5.0 (l9scan/2.0.0323e27313e22343e2930323; +https://leakix.net)"
209.38.248.17 - - [16/Jul/2026:10:09:07 +0000] "GET /?rest_route=/wp/v2/users/ HTTP/1.1" 200 522 "-" "Mozilla/5.0 (l9scan/2.0.0323e27313e22343e2930323; +https://leakix.net)"
209.38.248.17 - - [16/Jul/2026:10:09:09 +0000] "GET /debug/default/view?panel=config HTTP/1.1" 404 45590 "-" "Mozilla/5.0 (l9scan/2.0.0323e27313e22343e2930323; +https://leakix.net)"
198.244.240.6 - - [16/Jul/2026:10:10:05 +0000] "GET /products/38912594003564 HTTP/2" 404 39252 "-" "Mozilla/5.0 (compatible; AhrefsBot/7.0; +http://ahrefs.com/robot/)"
143.244.47.86 - - [16/Jul/2026:10:12:18 +0000] "HEAD / HTTP/1.1" 401 0 "-" "Mozilla/5.0 (Windows NT 10.0; Win64; x64) AppleWebKit/537.36 (KHTML, like Gecko) Chrome/58.0.3029.110 Safari/537.3"
143.244.47.86 - - [16/Jul/2026:10:12:19 +0000] "HEAD / HTTP/1.1" 200 0 "-" "Mozilla/5.0 (Windows NT 10.0; Win64; x64) AppleWebKit/537.36 (KHTML, like Gecko) Chrome/58.0.3029.110 Safari/537.3"
143.244.47.86 - - [16/Jul/2026:10:12:20 +0000] "HEAD / HTTP/1.1" 400 0 "-" "Mozilla/5.0 (Windows NT 10.0; Win64; x64) AppleWebKit/537.36 (KHTML, like Gecko) Chrome/58.0.3029.110 Safari/537.3"
143.244.47.86 - - [16/Jul/2026:10:12:21 +0000] "HEAD / HTTP/1.1" 200 0 "-" "Mozilla/5.0 (Windows NT 10.0; Win64; x64) AppleWebKit/537.36 (KHTML, like Gecko) Chrome/58.0.3029.110 Safari/537.3"
143.244.47.86 - - [16/Jul/2026:10:12:22 +0000] "HEAD / HTTP/1.1" 401 0 "-" "Mozilla/5.0 (Windows NT 10.0; Win64; x64) AppleWebKit/537.36 (KHTML, like Gecko) Chrome/58.0.3029.110 Safari/537.3"
209.42.17.20 - - [16/Jul/2026:10:12:30 +0000] "POST /wp-cron.php?doing_wp_cron=1784196750.7945129871368408203125 HTTP/1.1" 200 0 "-" "WordPress/7.0.1; https://ebifo.org"
143.244.47.86 - - [16/Jul/2026:10:12:28 +0000] "HEAD / HTTP/1.1" 200 0 "-" "Mozilla/5.0 (Windows NT 10.0; Win64; x64) AppleWebKit/537.36 (KHTML, like Gecko) Chrome/58.0.3029.110 Safari/537.3"
143.244.47.86 - - [16/Jul/2026:10:12:31 +0000] "HEAD / HTTP/1.1" 301 0 "-" "Mozilla/5.0 (Windows NT 10.0; Win64; x64) AppleWebKit/537.36 (KHTML, like Gecko) Chrome/58.0.3029.110 Safari/537.3"
209.42.17.20 - - [16/Jul/2026:10:16:25 +0000] "POST /wp-cron.php?doing_wp_cron=1784196985.5619189739227294921875 HTTP/1.1" 200 0 "-" "WordPress/7.0.1; https://ebifo.org"
66.249.79.37 - - [16/Jul/2026:10:16:23 +0000] "GET /cate-36-192 HTTP/1.1" 301 0 "-" "Mozilla/5.0 (Linux; Android 6.0.1; Nexus 5X Build/MMB29P) AppleWebKit/537.36 (KHTML, like Gecko) Chrome/150.0.7871.114 Mobile Safari/537.36 (compatible; Googlebot/2.1; +http://www.google.com/bot.html)"
66.249.79.139 - - [16/Jul/2026:10:16:26 +0000] "GET /cate-36-192 HTTP/1.1" 404 39263 "-" "Mozilla/5.0 (Linux; Android 6.0.1; Nexus 5X Build/MMB29P) AppleWebKit/537.36 (KHTML, like Gecko) Chrome/150.0.7871.114 Mobile Safari/537.36 (compatible; Googlebot/2.1; +http://www.google.com/bot.html)"
144.172.98.123 - - [16/Jul/2026:10:19:42 +0000] "GET /.git/config HTTP/1.1" 403 1242 "-" "Mozilla/5.0 (X11; Linux x86_64)"
144.172.98.123 - - [16/Jul/2026:10:19:42 +0000] "GET /.git/config HTTP/1.1" 403 1242 "-" "Mozilla/5.0 (X11; Linux x86_64)"
209.42.17.20 - - [16/Jul/2026:10:21:37 +0000] "POST /wp-cron.php?doing_wp_cron=1784197297.9618070125579833984375 HTTP/1.1" 200 0 "-" "WordPress/7.0.1; https://ebifo.org"
52.167.144.216 - - [16/Jul/2026:10:21:35 +0000] "GET /items/Z061842176/ HTTP/2" 301 0 "-" "Mozilla/5.0 AppleWebKit/537.36 (KHTML, like Gecko; compatible; bingbot/2.0; +http://www.bing.com/bingbot.htm) Chrome/116.0.1938.76 Safari/537.36"
209.42.17.20 - - [16/Jul/2026:10:32:44 +0000] "POST /wp-cron.php?doing_wp_cron=1784197964.6222319602966308593750 HTTP/1.1" 200 0 "-" "WordPress/7.0.1; https://ebifo.org"
51.195.215.190 - - [16/Jul/2026:10:32:42 +0000] "GET / HTTP/2" 200 68037 "-" "Mozilla/5.0 (compatible; AhrefsBot/7.0; +http://ahrefs.com/robot/)"
168.100.149.201 - - [16/Jul/2026:10:32:45 +0000] "GET /robots.txt HTTP/2" 200 102 "-" "Mozilla/5.0 (compatible; AhrefsBot/7.0; +http://ahrefs.com/robot/)"
202.8.41.66 - - [16/Jul/2026:10:32:45 +0000] "GET /wp-content/plugins/elementor/assets/css/widget-accordion.min.css?ver=4.1.4 HTTP/2" 200 353 "https://ebifo.org/" "Mozilla/5.0 (compatible; AhrefsBot/7.0; +http://ahrefs.com/robot/)"
202.8.41.66 - - [16/Jul/2026:10:32:45 +0000] "GET /wp-content/plugins/ubermenu/assets/fontawesome/css/all.min.css?ver=7.0.1 HTTP/2" 200 12370 "https://ebifo.org/" "Mozilla/5.0 (compatible; AhrefsBot/7.0; +http://ahrefs.com/robot/)"
202.8.41.66 - - [16/Jul/2026:10:32:45 +0000] "GET /wp-content/plugins/elementor/assets/lib/animations/styles/fadeInLeft.min.css?ver=4.1.4 HTTP/2" 200 137 "https://ebifo.org/" "Mozilla/5.0 (compatible; AhrefsBot/7.0; +http://ahrefs.com/robot/)"
202.8.41.66 - - [16/Jul/2026:10:32:45 +0000] "GET /wp-content/themes/alone/css/events.css?ver=7.8.8 HTTP/2" 200 3260 "https://ebifo.org/" "Mozilla/5.0 (compatible; AhrefsBot/7.0; +http://ahrefs.com/robot/)"
202.8.41.66 - - [16/Jul/2026:10:32:45 +0000] "GET /wp-content/plugins/elementor/assets/lib/animations/styles/fadeIn.min.css?ver=4.1.4 HTTP/2" 200 77 "https://ebifo.org/" "Mozilla/5.0 (compatible; AhrefsBot/7.0; +http://ahrefs.com/robot/)"
202.8.41.66 - - [16/Jul/2026:10:32:45 +0000] "GET /wp-content/plugins/bearsthemes-addons/assets/css/woocommerce.css?ver=7.0.1 HTTP/2" 200 1608 "https://ebifo.org/" "Mozilla/5.0 (compatible; AhrefsBot/7.0; +http://ahrefs.com/robot/)"
