209.42.17.20 - - [16/Jul/2026:02:09:09 +0000] "POST /wp-cron.php?doing_wp_cron=1784167749.2102971076965332031250 HTTP/1.1" 200 0 "-" "WordPress/7.0.1; https://ebifo.org"
209.42.17.20 - - [16/Jul/2026:02:10:13 +0000] "POST /wp-cron.php?doing_wp_cron=1784167813.4125061035156250000000 HTTP/1.1" 200 0 "-" "WordPress/7.0.1; https://ebifo.org"
176.31.139.9 - - [16/Jul/2026:02:10:10 +0000] "GET /items/J974569559/ HTTP/2" 404 39191 "-" "Mozilla/5.0 (compatible; AhrefsBot/7.0; +http://ahrefs.com/robot/)"
140.248.75.61 - - [16/Jul/2026:02:10:47 +0000] "GET /.git/HEAD HTTP/1.1" 200 844 "-" "Mozilla/5.0 (Windows NT 10.0; Win64; x64; rv:126.0) Gecko/20100101 Firefox/126.0"
140.248.75.61 - - [16/Jul/2026:02:10:47 +0000] "GET /.git/config HTTP/1.1" 200 844 "-" "Mozilla/5.0 (Windows NT 10.0; Win64; x64; rv:126.0) Gecko/20100101 Firefox/126.0"
209.42.17.20 - - [16/Jul/2026:02:11:17 +0000] "POST /wp-cron.php?doing_wp_cron=1784167877.5940470695495605468750 HTTP/1.1" 200 0 "-" "WordPress/7.0.1; https://ebifo.org"
94.23.188.207 - - [16/Jul/2026:02:11:15 +0000] "GET /items/J974118389/ HTTP/2" 404 39192 "-" "Mozilla/5.0 (compatible; AhrefsBot/7.0; +http://ahrefs.com/robot/)"
209.42.17.20 - - [16/Jul/2026:02:12:23 +0000] "POST /wp-cron.php?doing_wp_cron=1784167943.3216640949249267578125 HTTP/1.1" 200 0 "-" "WordPress/7.0.1; https://ebifo.org"
92.222.104.198 - - [16/Jul/2026:02:12:21 +0000] "GET /items/J973232235/ HTTP/2" 404 39191 "-" "Mozilla/5.0 (compatible; AhrefsBot/7.0; +http://ahrefs.com/robot/)"
209.42.17.20 - - [16/Jul/2026:02:13:24 +0000] "POST /wp-cron.php?doing_wp_cron=1784168004.8023819923400878906250 HTTP/1.1" 200 0 "-" "WordPress/7.0.1; https://ebifo.org"
94.23.188.217 - - [16/Jul/2026:02:13:22 +0000] "GET /items/J971367815/ HTTP/2" 404 39192 "-" "Mozilla/5.0 (compatible; AhrefsBot/7.0; +http://ahrefs.com/robot/)"
5.39.1.242 - - [16/Jul/2026:02:14:26 +0000] "GET /products/14791670497196 HTTP/2" 404 39250 "-" "Mozilla/5.0 (compatible; AhrefsBot/7.0; +http://ahrefs.com/robot/)"
209.42.17.20 - - [16/Jul/2026:02:14:28 +0000] "POST /wp-cron.php?doing_wp_cron=1784168068.4340269565582275390625 HTTP/1.1" 200 0 "-" "WordPress/7.0.1; https://ebifo.org"
209.42.17.20 - - [16/Jul/2026:02:15:36 +0000] "POST /wp-cron.php?doing_wp_cron=1784168136.4974761009216308593750 HTTP/1.1" 200 0 "-" "WordPress/7.0.1; https://ebifo.org"
92.222.104.198 - - [16/Jul/2026:02:15:34 +0000] "GET /products/14402719702013 HTTP/2" 404 39253 "-" "Mozilla/5.0 (compatible; AhrefsBot/7.0; +http://ahrefs.com/robot/)"
140.248.75.100 - - [16/Jul/2026:02:16:30 +0000] "GET /.git/HEAD HTTP/1.1" 400 52 "-" "Mozilla/5.0 (Macintosh; Intel Mac OS X 10_15_7) AppleWebKit/537.36 (KHTML, like Gecko) Chrome/125.0.0.0 Safari/537.36"
140.248.75.100 - - [16/Jul/2026:02:16:30 +0000] "GET /.git/config HTTP/1.1" 400 52 "-" "Mozilla/5.0 (Macintosh; Intel Mac OS X 10_15_7) AppleWebKit/537.36 (KHTML, like Gecko) Chrome/125.0.0.0 Safari/537.36"
209.42.17.20 - - [16/Jul/2026:02:16:39 +0000] "POST /wp-cron.php?doing_wp_cron=1784168199.7697899341583251953125 HTTP/1.1" 200 0 "-" "WordPress/7.0.1; https://ebifo.org"
37.59.204.130 - - [16/Jul/2026:02:16:37 +0000] "GET /products/10420717968434 HTTP/2" 404 39251 "-" "Mozilla/5.0 (compatible; AhrefsBot/7.0; +http://ahrefs.com/robot/)"
209.42.17.20 - - [16/Jul/2026:02:17:51 +0000] "POST /wp-cron.php?doing_wp_cron=1784168271.6591188907623291015625 HTTP/1.1" 200 0 "-" "WordPress/7.0.1; https://ebifo.org"
92.222.108.106 - - [16/Jul/2026:02:17:49 +0000] "GET /products/31593146625713 HTTP/2" 404 39254 "-" "Mozilla/5.0 (compatible; AhrefsBot/7.0; +http://ahrefs.com/robot/)"
140.248.75.181 - - [16/Jul/2026:02:18:23 +0000] "GET /.git/config HTTP/1.1" 400 52 "-" "Mozilla/5.0 (Macintosh; Intel Mac OS X 10.15; rv:126.0) Gecko/20100101 Firefox/126.0"
140.248.75.181 - - [16/Jul/2026:02:18:23 +0000] "GET /.git/HEAD HTTP/1.1" 400 52 "-" "Mozilla/5.0 (Macintosh; Intel Mac OS X 10.15; rv:126.0) Gecko/20100101 Firefox/126.0"
20.63.63.128 - - [16/Jul/2026:02:18:33 +0000] "GET /autodiscover/autodiscover.xml HTTP/1.1" 400 52 "-" "-"
20.63.63.128 - - [16/Jul/2026:02:18:33 +0000] "GET /autodiscover/autodiscover.xml HTTP/1.1" 400 52 "-" "-"
209.42.17.20 - - [16/Jul/2026:02:18:33 +0000] "POST /wp-cron.php?doing_wp_cron=1784168313.5960290431976318359375 HTTP/1.1" 200 0 "-" "WordPress/7.0.1; https://ebifo.org"
40.77.167.63 - - [16/Jul/2026:02:18:32 +0000] "GET /items/Z112655272/ HTTP/2" 301 0 "-" "Mozilla/5.0 AppleWebKit/537.36 (KHTML, like Gecko; compatible; bingbot/2.0; +http://www.bing.com/bingbot.htm) Chrome/116.0.1938.76 Safari/537.36"
20.63.63.128 - - [16/Jul/2026:02:18:33 +0000] "GET /autodiscover/autodiscover.xml HTTP/1.1" 400 52 "-" "-"
20.63.63.128 - - [16/Jul/2026:02:18:33 +0000] "GET /autodiscover/autodiscover.xml HTTP/1.1" 400 52 "-" "-"
20.63.63.128 - - [16/Jul/2026:02:18:34 +0000] "GET /autodiscover/autodiscover.xml HTTP/1.1" 400 52 "-" "-"
20.63.63.128 - - [16/Jul/2026:02:18:34 +0000] "GET /autodiscover/autodiscover.xml HTTP/1.1" 400 52 "-" "-"
20.63.63.128 - - [16/Jul/2026:02:18:34 +0000] "GET /autodiscover/autodiscover.xml HTTP/1.1" 400 52 "-" "-"
20.63.63.128 - - [16/Jul/2026:02:18:35 +0000] "GET /autodiscover/autodiscover.xml HTTP/1.1" 400 52 "-" "-"
20.63.63.128 - - [16/Jul/2026:02:18:35 +0000] "GET /autodiscover/autodiscover.xml HTTP/1.1" 400 52 "-" "-"
20.63.63.128 - - [16/Jul/2026:02:18:35 +0000] "GET /autodiscover/autodiscover.xml HTTP/1.1" 400 52 "-" "-"
20.63.63.128 - - [16/Jul/2026:02:18:35 +0000] "GET /autodiscover/autodiscover.xml HTTP/1.1" 400 52 "-" "-"
20.63.63.128 - - [16/Jul/2026:02:18:36 +0000] "GET /autodiscover/autodiscover.xml HTTP/1.1" 400 52 "-" "-"
20.63.63.128 - - [16/Jul/2026:02:18:36 +0000] "GET /autodiscover/autodiscover.xml HTTP/1.1" 400 52 "-" "-"
20.63.63.128 - - [16/Jul/2026:02:18:36 +0000] "GET /autodiscover/autodiscover.xml HTTP/1.1" 400 52 "-" "-"
20.63.63.128 - - [16/Jul/2026:02:18:37 +0000] "GET /autodiscover/autodiscover.xml HTTP/1.1" 400 52 "-" "-"
20.63.63.128 - - [16/Jul/2026:02:18:37 +0000] "GET /autodiscover/autodiscover.xml HTTP/1.1" 400 52 "-" "-"
20.63.63.128 - - [16/Jul/2026:02:18:37 +0000] "GET /autodiscover/autodiscover.xml HTTP/1.1" 400 52 "-" "-"
20.63.63.128 - - [16/Jul/2026:02:18:38 +0000] "GET /autodiscover/autodiscover.xml HTTP/1.1" 400 52 "-" "-"
20.63.63.128 - - [16/Jul/2026:02:18:38 +0000] "GET /autodiscover/autodiscover.xml HTTP/1.1" 400 52 "-" "-"
20.63.63.128 - - [16/Jul/2026:02:18:38 +0000] "GET /autodiscover/autodiscover.xml HTTP/1.1" 400 52 "-" "-"
20.63.63.128 - - [16/Jul/2026:02:18:38 +0000] "GET /autodiscover/autodiscover.xml HTTP/1.1" 400 52 "-" "-"
20.63.63.128 - - [16/Jul/2026:02:18:39 +0000] "GET /autodiscover/autodiscover.xml HTTP/1.1" 400 52 "-" "-"
20.63.63.128 - - [16/Jul/2026:02:18:39 +0000] "GET /autodiscover/autodiscover.xml HTTP/1.1" 400 52 "-" "-"
20.63.63.128 - - [16/Jul/2026:02:18:39 +0000] "GET /autodiscover/autodiscover.xml HTTP/1.1" 400 52 "-" "-"
20.63.63.128 - - [16/Jul/2026:02:18:40 +0000] "GET /autodiscover/autodiscover.xml HTTP/1.1" 400 52 "-" "-"
20.63.63.128 - - [16/Jul/2026:02:18:40 +0000] "GET /autodiscover/autodiscover.xml HTTP/1.1" 400 52 "-" "-"
20.63.63.128 - - [16/Jul/2026:02:18:40 +0000] "GET /autodiscover/autodiscover.xml HTTP/1.1" 400 52 "-" "-"
20.63.63.128 - - [16/Jul/2026:02:18:40 +0000] "GET /autodiscover/autodiscover.xml HTTP/1.1" 400 52 "-" "-"
20.63.63.128 - - [16/Jul/2026:02:18:41 +0000] "GET /autodiscover/autodiscover.xml HTTP/1.1" 400 52 "-" "-"
20.63.63.128 - - [16/Jul/2026:02:18:41 +0000] "GET /autodiscover/autodiscover.xml HTTP/1.1" 400 52 "-" "-"
20.63.63.128 - - [16/Jul/2026:02:18:41 +0000] "GET /autodiscover/autodiscover.xml HTTP/1.1" 400 52 "-" "-"
20.63.63.128 - - [16/Jul/2026:02:18:41 +0000] "GET /autodiscover/autodiscover.xml HTTP/1.1" 400 52 "-" "-"
20.63.63.128 - - [16/Jul/2026:02:18:42 +0000] "GET /autodiscover/autodiscover.xml HTTP/1.1" 400 52 "-" "-"
20.63.63.128 - - [16/Jul/2026:02:18:42 +0000] "GET /autodiscover/autodiscover.xml HTTP/1.1" 400 52 "-" "-"
20.63.63.128 - - [16/Jul/2026:02:18:42 +0000] "GET /autodiscover/autodiscover.xml HTTP/1.1" 400 52 "-" "-"
20.63.63.128 - - [16/Jul/2026:02:18:43 +0000] "GET /autodiscover/autodiscover.xml HTTP/1.1" 400 52 "-" "-"
20.63.63.128 - - [16/Jul/2026:02:18:43 +0000] "GET /autodiscover/autodiscover.xml HTTP/1.1" 400 52 "-" "-"
20.63.63.128 - - [16/Jul/2026:02:18:43 +0000] "GET /autodiscover/autodiscover.xml HTTP/1.1" 400 52 "-" "-"
20.63.63.128 - - [16/Jul/2026:02:18:43 +0000] "GET /autodiscover/autodiscover.xml HTTP/1.1" 400 52 "-" "-"
20.63.63.128 - - [16/Jul/2026:02:18:44 +0000] "GET /autodiscover/autodiscover.xml HTTP/1.1" 400 52 "-" "-"
20.63.63.128 - - [16/Jul/2026:02:18:44 +0000] "GET /autodiscover/autodiscover.xml HTTP/1.1" 400 52 "-" "-"
20.63.63.128 - - [16/Jul/2026:02:18:44 +0000] "GET /autodiscover/autodiscover.xml HTTP/1.1" 400 52 "-" "-"
20.63.63.128 - - [16/Jul/2026:02:18:45 +0000] "GET /autodiscover/autodiscover.xml HTTP/1.1" 400 52 "-" "-"
20.63.63.128 - - [16/Jul/2026:02:18:45 +0000] "GET /autodiscover/autodiscover.xml HTTP/1.1" 400 52 "-" "-"
20.63.63.128 - - [16/Jul/2026:02:18:45 +0000] "GET /autodiscover/autodiscover.xml HTTP/1.1" 400 52 "-" "-"
20.63.63.128 - - [16/Jul/2026:02:18:45 +0000] "GET /autodiscover/autodiscover.xml HTTP/1.1" 400 52 "-" "-"
20.63.63.128 - - [16/Jul/2026:02:18:46 +0000] "GET /autodiscover/autodiscover.xml HTTP/1.1" 400 52 "-" "-"
20.63.63.128 - - [16/Jul/2026:02:18:46 +0000] "GET /autodiscover/autodiscover.xml HTTP/1.1" 400 52 "-" "-"
20.63.63.128 - - [16/Jul/2026:02:18:46 +0000] "GET /autodiscover/autodiscover.xml HTTP/1.1" 400 52 "-" "-"
20.63.63.128 - - [16/Jul/2026:02:18:47 +0000] "GET /autodiscover/autodiscover.xml HTTP/1.1" 400 52 "-" "-"
20.63.63.128 - - [16/Jul/2026:02:18:47 +0000] "GET /autodiscover/autodiscover.xml HTTP/1.1" 400 52 "-" "-"
20.63.63.128 - - [16/Jul/2026:02:18:47 +0000] "GET /autodiscover/autodiscover.xml HTTP/1.1" 400 52 "-" "-"
20.63.63.128 - - [16/Jul/2026:02:18:47 +0000] "GET /autodiscover/autodiscover.xml HTTP/1.1" 400 52 "-" "-"
20.63.63.128 - - [16/Jul/2026:02:18:48 +0000] "GET /autodiscover/autodiscover.xml HTTP/1.1" 400 52 "-" "-"
20.63.63.128 - - [16/Jul/2026:02:18:48 +0000] "GET /autodiscover/autodiscover.xml HTTP/1.1" 400 52 "-" "-"
20.63.63.128 - - [16/Jul/2026:02:18:48 +0000] "GET /autodiscover/autodiscover.xml HTTP/1.1" 400 52 "-" "-"
20.63.63.128 - - [16/Jul/2026:02:18:48 +0000] "GET /autodiscover/autodiscover.xml HTTP/1.1" 400 52 "-" "-"
20.63.63.128 - - [16/Jul/2026:02:18:49 +0000] "GET /autodiscover/autodiscover.xml HTTP/1.1" 400 52 "-" "-"
20.63.63.128 - - [16/Jul/2026:02:18:49 +0000] "GET /autodiscover/autodiscover.xml HTTP/1.1" 400 52 "-" "-"
20.63.63.128 - - [16/Jul/2026:02:18:49 +0000] "GET /autodiscover/autodiscover.xml HTTP/1.1" 400 52 "-" "-"
20.63.63.128 - - [16/Jul/2026:02:18:50 +0000] "GET /autodiscover/autodiscover.xml HTTP/1.1" 400 52 "-" "-"
20.63.63.128 - - [16/Jul/2026:02:18:50 +0000] "GET /autodiscover/autodiscover.xml HTTP/1.1" 400 52 "-" "-"
20.63.63.128 - - [16/Jul/2026:02:18:50 +0000] "GET /autodiscover/autodiscover.xml HTTP/1.1" 400 52 "-" "-"
20.63.63.128 - - [16/Jul/2026:02:18:50 +0000] "GET /autodiscover/autodiscover.xml HTTP/1.1" 400 52 "-" "-"
20.63.63.128 - - [16/Jul/2026:02:18:51 +0000] "GET /autodiscover/autodiscover.xml HTTP/1.1" 400 52 "-" "-"
20.63.63.128 - - [16/Jul/2026:02:18:51 +0000] "GET /autodiscover/autodiscover.xml HTTP/1.1" 400 52 "-" "-"
20.63.63.128 - - [16/Jul/2026:02:18:51 +0000] "GET /autodiscover/autodiscover.xml HTTP/1.1" 400 52 "-" "-"
20.63.63.128 - - [16/Jul/2026:02:18:51 +0000] "GET /autodiscover/autodiscover.xml HTTP/1.1" 400 52 "-" "-"
20.63.63.128 - - [16/Jul/2026:02:18:52 +0000] "GET /autodiscover/autodiscover.xml HTTP/1.1" 400 52 "-" "-"
20.63.63.128 - - [16/Jul/2026:02:18:52 +0000] "GET /autodiscover/autodiscover.xml HTTP/1.1" 400 52 "-" "-"
20.63.63.128 - - [16/Jul/2026:02:18:52 +0000] "GET /autodiscover/autodiscover.xml HTTP/1.1" 400 52 "-" "-"
20.63.63.128 - - [16/Jul/2026:02:18:53 +0000] "GET /autodiscover/autodiscover.xml HTTP/1.1" 400 52 "-" "-"
20.63.63.128 - - [16/Jul/2026:02:18:53 +0000] "GET /autodiscover/autodiscover.xml HTTP/1.1" 400 52 "-" "-"
20.63.63.128 - - [16/Jul/2026:02:18:53 +0000] "GET /autodiscover/autodiscover.xml HTTP/1.1" 400 52 "-" "-"
20.63.63.128 - - [16/Jul/2026:02:18:53 +0000] "GET /autodiscover/autodiscover.xml HTTP/1.1" 400 52 "-" "-"
20.63.63.128 - - [16/Jul/2026:02:18:54 +0000] "GET /autodiscover/autodiscover.xml HTTP/1.1" 400 52 "-" "-"
20.63.63.128 - - [16/Jul/2026:02:18:54 +0000] "GET /autodiscover/autodiscover.xml HTTP/1.1" 400 52 "-" "-"
20.63.63.128 - - [16/Jul/2026:02:18:54 +0000] "GET /autodiscover/autodiscover.xml HTTP/1.1" 400 52 "-" "-"
20.63.63.128 - - [16/Jul/2026:02:18:54 +0000] "GET /autodiscover/autodiscover.xml HTTP/1.1" 400 52 "-" "-"
20.63.63.128 - - [16/Jul/2026:02:18:55 +0000] "GET /autodiscover/autodiscover.xml HTTP/1.1" 400 52 "-" "-"
20.63.63.128 - - [16/Jul/2026:02:18:55 +0000] "GET /autodiscover/autodiscover.xml HTTP/1.1" 400 52 "-" "-"
20.63.63.128 - - [16/Jul/2026:02:18:55 +0000] "GET /autodiscover/autodiscover.xml HTTP/1.1" 400 52 "-" "-"
92.222.104.201 - - [16/Jul/2026:02:18:53 +0000] "GET /items/J974139469/ HTTP/2" 404 39191 "-" "Mozilla/5.0 (compatible; AhrefsBot/7.0; +http://ahrefs.com/robot/)"
20.63.63.128 - - [16/Jul/2026:02:18:56 +0000] "GET /autodiscover/autodiscover.xml HTTP/1.1" 400 52 "-" "-"
20.63.63.128 - - [16/Jul/2026:02:18:56 +0000] "GET /autodiscover/autodiscover.xml HTTP/1.1" 400 52 "-" "-"
20.63.63.128 - - [16/Jul/2026:02:18:56 +0000] "GET /autodiscover/autodiscover.xml HTTP/1.1" 400 52 "-" "-"
20.63.63.128 - - [16/Jul/2026:02:18:56 +0000] "GET /autodiscover/autodiscover.xml HTTP/1.1" 400 52 "-" "-"
20.63.63.128 - - [16/Jul/2026:02:18:57 +0000] "GET /autodiscover/autodiscover.xml HTTP/1.1" 400 52 "-" "-"
20.63.63.128 - - [16/Jul/2026:02:18:57 +0000] "GET /autodiscover/autodiscover.xml HTTP/1.1" 400 52 "-" "-"
20.63.63.128 - - [16/Jul/2026:02:18:57 +0000] "GET /autodiscover/autodiscover.xml HTTP/1.1" 400 52 "-" "-"
20.63.63.128 - - [16/Jul/2026:02:18:58 +0000] "GET /autodiscover/autodiscover.xml HTTP/1.1" 400 52 "-" "-"
20.63.63.128 - - [16/Jul/2026:02:18:58 +0000] "GET /autodiscover/autodiscover.xml HTTP/1.1" 400 52 "-" "-"
20.63.63.128 - - [16/Jul/2026:02:18:58 +0000] "GET /autodiscover/autodiscover.xml HTTP/1.1" 400 52 "-" "-"
20.63.63.128 - - [16/Jul/2026:02:18:58 +0000] "GET /autodiscover/autodiscover.xml HTTP/1.1" 400 52 "-" "-"
20.63.63.128 - - [16/Jul/2026:02:18:59 +0000] "GET /autodiscover/autodiscover.xml HTTP/1.1" 400 52 "-" "-"
20.63.63.128 - - [16/Jul/2026:02:18:59 +0000] "GET /autodiscover/autodiscover.xml HTTP/1.1" 400 52 "-" "-"
20.63.63.128 - - [16/Jul/2026:02:18:59 +0000] "GET /autodiscover/autodiscover.xml HTTP/1.1" 400 52 "-" "-"
20.63.63.128 - - [16/Jul/2026:02:18:59 +0000] "GET /autodiscover/autodiscover.xml HTTP/1.1" 400 52 "-" "-"
20.63.63.128 - - [16/Jul/2026:02:19:00 +0000] "GET /autodiscover/autodiscover.xml HTTP/1.1" 400 52 "-" "-"
20.63.63.128 - - [16/Jul/2026:02:19:00 +0000] "GET /autodiscover/autodiscover.xml HTTP/1.1" 400 52 "-" "-"
20.63.63.128 - - [16/Jul/2026:02:19:00 +0000] "GET /autodiscover/autodiscover.xml HTTP/1.1" 400 52 "-" "-"
20.63.63.128 - - [16/Jul/2026:02:19:01 +0000] "GET /autodiscover/autodiscover.xml HTTP/1.1" 400 52 "-" "-"
20.63.63.128 - - [16/Jul/2026:02:19:01 +0000] "GET /autodiscover/autodiscover.xml HTTP/1.1" 400 52 "-" "-"
20.63.63.128 - - [16/Jul/2026:02:19:01 +0000] "GET /autodiscover/autodiscover.xml HTTP/1.1" 400 52 "-" "-"
20.63.63.128 - - [16/Jul/2026:02:19:01 +0000] "GET /autodiscover/autodiscover.xml HTTP/1.1" 400 52 "-" "-"
20.63.63.128 - - [16/Jul/2026:02:19:02 +0000] "GET /autodiscover/autodiscover.xml HTTP/1.1" 400 52 "-" "-"
20.63.63.128 - - [16/Jul/2026:02:19:02 +0000] "GET /autodiscover/autodiscover.xml HTTP/1.1" 400 52 "-" "-"
20.63.63.128 - - [16/Jul/2026:02:19:02 +0000] "GET /autodiscover/autodiscover.xml HTTP/1.1" 400 52 "-" "-"
20.63.63.128 - - [16/Jul/2026:02:19:03 +0000] "GET /autodiscover/autodiscover.xml HTTP/1.1" 400 52 "-" "-"
20.63.63.128 - - [16/Jul/2026:02:19:03 +0000] "GET /autodiscover/autodiscover.xml HTTP/1.1" 400 52 "-" "-"
20.63.63.128 - - [16/Jul/2026:02:19:03 +0000] "GET /autodiscover/autodiscover.xml HTTP/1.1" 400 52 "-" "-"
20.63.63.128 - - [16/Jul/2026:02:19:03 +0000] "GET /autodiscover/autodiscover.xml HTTP/1.1" 400 52 "-" "-"
20.63.63.128 - - [16/Jul/2026:02:19:04 +0000] "GET /autodiscover/autodiscover.xml HTTP/1.1" 400 52 "-" "-"
20.63.63.128 - - [16/Jul/2026:02:19:04 +0000] "GET /autodiscover/autodiscover.xml HTTP/1.1" 400 52 "-" "-"
20.63.63.128 - - [16/Jul/2026:02:19:04 +0000] "GET /autodiscover/autodiscover.xml HTTP/1.1" 400 52 "-" "-"
209.42.17.20 - - [16/Jul/2026:02:19:33 +0000] "POST /wp-cron.php?doing_wp_cron=1784168373.9622089862823486328125 HTTP/1.1" 200 0 "-" "WordPress/7.0.1; https://ebifo.org"
40.77.167.63 - - [16/Jul/2026:02:19:32 +0000] "GET /items/P331009185/ HTTP/2" 301 0 "-" "Mozilla/5.0 AppleWebKit/537.36 (KHTML, like Gecko; compatible; bingbot/2.0; +http://www.bing.com/bingbot.htm) Chrome/116.0.1938.76 Safari/537.36"
143.244.183.20 - - [16/Jul/2026:02:19:49 +0000] "GET / HTTP/1.1" 200 83594 "-" "Mozilla/5.0 (X11; Linux x86_64; rv:142.0) Gecko/20100101 Firefox/142.0"
209.42.17.20 - - [16/Jul/2026:02:25:37 +0000] "POST /wp-cron.php?doing_wp_cron=1784168737.6240460872650146484375 HTTP/1.1" 200 0 "-" "WordPress/7.0.1; https://ebifo.org"
40.77.167.77 - - [16/Jul/2026:02:25:35 +0000] "GET /items/Q733977640/ HTTP/2" 301 0 "-" "Mozilla/5.0 AppleWebKit/537.36 (KHTML, like Gecko; compatible; bingbot/2.0; +http://www.bing.com/bingbot.htm) Chrome/116.0.1938.76 Safari/537.36"
20.63.63.128 - - [16/Jul/2026:02:26:56 +0000] "GET /wp-content/plugins/hellopress/wp_filemanager.php HTTP/1.1" 404 5750 "-" "-"
20.63.63.128 - - [16/Jul/2026:02:26:56 +0000] "GET /this_is_a_new_hello_world.php HTTP/1.1" 404 5750 "-" "-"
20.63.63.128 - - [16/Jul/2026:02:26:56 +0000] "GET /drykl.php HTTP/1.1" 404 5750 "-" "-"
20.63.63.128 - - [16/Jul/2026:02:26:57 +0000] "GET /f35.php HTTP/1.1" 404 5750 "-" "-"
20.63.63.128 - - [16/Jul/2026:02:26:57 +0000] "GET /wp-link-szoppm.php HTTP/1.1" 404 5750 "-" "-"
20.63.63.128 - - [16/Jul/2026:02:26:57 +0000] "GET /x.php HTTP/1.1" 404 5750 "-" "-"
20.63.63.128 - - [16/Jul/2026:02:26:57 +0000] "GET /min.php HTTP/1.1" 404 5750 "-" "-"
20.63.63.128 - - [16/Jul/2026:02:26:57 +0000] "GET /xa.php HTTP/1.1" 404 5750 "-" "-"
20.63.63.128 - - [16/Jul/2026:02:26:58 +0000] "GET /ms-edit.php HTTP/1.1" 404 5750 "-" "-"
20.63.63.128 - - [16/Jul/2026:02:26:58 +0000] "GET /as.php HTTP/1.1" 404 5750 "-" "-"
20.63.63.128 - - [16/Jul/2026:02:26:58 +0000] "GET /wen.php HTTP/1.1" 404 5750 "-" "-"
20.63.63.128 - - [16/Jul/2026:02:26:58 +0000] "GET /dex.php HTTP/1.1" 404 5750 "-" "-"
20.63.63.128 - - [16/Jul/2026:02:26:58 +0000] "GET /f.php HTTP/1.1" 404 5750 "-" "-"
20.63.63.128 - - [16/Jul/2026:02:26:59 +0000] "GET /shell.php HTTP/1.1" 404 5750 "-" "-"
20.63.63.128 - - [16/Jul/2026:02:26:59 +0000] "GET /333.php HTTP/1.1" 404 5750 "-" "-"
20.63.63.128 - - [16/Jul/2026:02:26:59 +0000] "GET /a4.php HTTP/1.1" 404 5750 "-" "-"
20.63.63.128 - - [16/Jul/2026:02:26:59 +0000] "GET /wp-the.php HTTP/1.1" 404 5750 "-" "-"
20.63.63.128 - - [16/Jul/2026:02:26:59 +0000] "GET /classwithtostring.php HTTP/1.1" 404 5750 "-" "-"
20.63.63.128 - - [16/Jul/2026:02:27:00 +0000] "GET /fun.php HTTP/1.1" 404 5750 "-" "-"
20.63.63.128 - - [16/Jul/2026:02:27:00 +0000] "GET /wp-content/languages/index.php HTTP/1.1" 404 5750 "-" "-"
20.63.63.128 - - [16/Jul/2026:02:27:00 +0000] "GET /file.php HTTP/1.1" 404 5750 "-" "-"
20.63.63.128 - - [16/Jul/2026:02:27:00 +0000] "GET /pass4.php HTTP/1.1" 404 5750 "-" "-"
20.63.63.128 - - [16/Jul/2026:02:27:00 +0000] "GET /666.php HTTP/1.1" 404 5750 "-" "-"
20.63.63.128 - - [16/Jul/2026:02:27:01 +0000] "GET /wp-access.php HTTP/1.1" 404 5750 "-" "-"
20.63.63.128 - - [16/Jul/2026:02:27:01 +0000] "GET /jj.php HTTP/1.1" 404 5750 "-" "-"
20.63.63.128 - - [16/Jul/2026:02:27:01 +0000] "GET /wp-x7.php HTTP/1.1" 404 5750 "-" "-"
20.63.63.128 - - [16/Jul/2026:02:27:01 +0000] "GET /wpxml.php HTTP/1.1" 404 5750 "-" "-"
20.63.63.128 - - [16/Jul/2026:02:27:01 +0000] "GET /inputs.php HTTP/1.1" 404 5750 "-" "-"
20.63.63.128 - - [16/Jul/2026:02:27:02 +0000] "GET /file4.php HTTP/1.1" 404 5750 "-" "-"
20.63.63.128 - - [16/Jul/2026:02:27:02 +0000] "GET /wp-firewall.php HTTP/1.1" 404 5750 "-" "-"
20.63.63.128 - - [16/Jul/2026:02:27:02 +0000] "GET /data.php HTTP/1.1" 404 5750 "-" "-"
20.63.63.128 - - [16/Jul/2026:02:27:02 +0000] "GET /wp-wpbak.php HTTP/1.1" 404 5750 "-" "-"
20.63.63.128 - - [16/Jul/2026:02:27:02 +0000] "GET /002.php HTTP/1.1" 404 5750 "-" "-"
20.63.63.128 - - [16/Jul/2026:02:27:03 +0000] "GET /class-t.api.php HTTP/1.1" 404 5750 "-" "-"
20.63.63.128 - - [16/Jul/2026:02:27:03 +0000] "GET /file5.php HTTP/1.1" 404 5750 "-" "-"
20.63.63.128 - - [16/Jul/2026:02:27:03 +0000] "GET /cache.php HTTP/1.1" 404 5750 "-" "-"
20.63.63.128 - - [16/Jul/2026:02:27:03 +0000] "GET /error.php HTTP/1.1" 404 5750 "-" "-"
20.63.63.128 - - [16/Jul/2026:02:27:03 +0000] "GET /wp-content/themes/about.php HTTP/1.1" 404 5750 "-" "-"
20.63.63.128 - - [16/Jul/2026:02:27:04 +0000] "GET /wp-conflg.php HTTP/1.1" 404 5750 "-" "-"
20.63.63.128 - - [16/Jul/2026:02:27:04 +0000] "GET /f35.php HTTP/1.1" 404 5750 "-" "-"
20.63.63.128 - - [16/Jul/2026:02:27:04 +0000] "GET /test.php HTTP/1.1" 404 5750 "-" "-"
20.63.63.128 - - [16/Jul/2026:02:27:04 +0000] "GET /plugins.php HTTP/1.1" 404 5750 "-" "-"
20.63.63.128 - - [16/Jul/2026:02:27:04 +0000] "GET /wp-signup.php HTTP/1.1" 404 5750 "-" "-"
20.63.63.128 - - [16/Jul/2026:02:27:05 +0000] "GET /la.php HTTP/1.1" 404 5750 "-" "-"
20.63.63.128 - - [16/Jul/2026:02:27:05 +0000] "GET /yas.php HTTP/1.1" 404 5750 "-" "-"
20.63.63.128 - - [16/Jul/2026:02:27:05 +0000] "GET /system.php HTTP/1.1" 404 5750 "-" "-"
20.63.63.128 - - [16/Jul/2026:02:27:05 +0000] "GET /wp-fileesx-449.php HTTP/1.1" 404 5750 "-" "-"
20.63.63.128 - - [16/Jul/2026:02:27:05 +0000] "GET /wp-good.php HTTP/1.1" 404 5750 "-" "-"
20.63.63.128 - - [16/Jul/2026:02:27:05 +0000] "GET /shx.php HTTP/1.1" 404 5750 "-" "-"
20.63.63.128 - - [16/Jul/2026:02:27:06 +0000] "GET /dropdown.php HTTP/1.1" 404 5750 "-" "-"
20.63.63.128 - - [16/Jul/2026:02:27:06 +0000] "GET /revealability.php HTTP/1.1" 404 5750 "-" "-"
20.63.63.128 - - [16/Jul/2026:02:27:06 +0000] "GET /wp.php HTTP/1.1" 404 5750 "-" "-"
20.63.63.128 - - [16/Jul/2026:02:27:06 +0000] "GET /bless24.php HTTP/1.1" 404 5750 "-" "-"
20.63.63.128 - - [16/Jul/2026:02:27:06 +0000] "GET /wp-wz.php HTTP/1.1" 404 5750 "-" "-"
20.63.63.128 - - [16/Jul/2026:02:27:07 +0000] "GET /06.php HTTP/1.1" 404 5750 "-" "-"
20.63.63.128 - - [16/Jul/2026:02:27:07 +0000] "GET /chomu.php HTTP/1.1" 404 5750 "-" "-"
20.63.63.128 - - [16/Jul/2026:02:27:07 +0000] "GET /ff.php HTTP/1.1" 404 5750 "-" "-"
20.63.63.128 - - [16/Jul/2026:02:27:07 +0000] "GET /xex.php HTTP/1.1" 404 5750 "-" "-"
20.63.63.128 - - [16/Jul/2026:02:27:07 +0000] "GET /wp-sing.php HTTP/1.1" 404 5750 "-" "-"
20.63.63.128 - - [16/Jul/2026:02:27:08 +0000] "GET /txets.php HTTP/1.1" 404 5750 "-" "-"
20.63.63.128 - - [16/Jul/2026:02:27:08 +0000] "GET /xml.php HTTP/1.1" 404 5750 "-" "-"
20.63.63.128 - - [16/Jul/2026:02:27:08 +0000] "GET /bgymj.php HTTP/1.1" 404 5750 "-" "-"
20.63.63.128 - - [16/Jul/2026:02:27:08 +0000] "GET /t.php HTTP/1.1" 404 5750 "-" "-"
20.63.63.128 - - [16/Jul/2026:02:27:08 +0000] "GET /wp.php HTTP/1.1" 404 5750 "-" "-"
20.63.63.128 - - [16/Jul/2026:02:27:09 +0000] "GET /mini.php HTTP/1.1" 404 5750 "-" "-"
20.63.63.128 - - [16/Jul/2026:02:27:09 +0000] "GET /19.php HTTP/1.1" 404 5750 "-" "-"
20.63.63.128 - - [16/Jul/2026:02:27:09 +0000] "GET /db.php HTTP/1.1" 404 5750 "-" "-"
20.63.63.128 - - [16/Jul/2026:02:27:09 +0000] "GET /wmore1.php HTTP/1.1" 404 5750 "-" "-"
20.63.63.128 - - [16/Jul/2026:02:27:09 +0000] "GET /amax.php HTTP/1.1" 404 5750 "-" "-"
20.63.63.128 - - [16/Jul/2026:02:27:10 +0000] "GET /wp-admin/index.php HTTP/1.1" 404 5750 "-" "-"
20.63.63.128 - - [16/Jul/2026:02:27:10 +0000] "GET /b.php HTTP/1.1" 404 5750 "-" "-"
20.63.63.128 - - [16/Jul/2026:02:27:10 +0000] "GET /8.php HTTP/1.1" 404 5750 "-" "-"
20.63.63.128 - - [16/Jul/2026:02:27:10 +0000] "GET /wp-is.php HTTP/1.1" 404 5750 "-" "-"
20.63.63.128 - - [16/Jul/2026:02:27:10 +0000] "GET /wp-rss2.php HTTP/1.1" 404 5750 "-" "-"
20.63.63.128 - - [16/Jul/2026:02:27:11 +0000] "GET /yanz.php HTTP/1.1" 404 5750 "-" "-"
20.63.63.128 - - [16/Jul/2026:02:27:11 +0000] "GET /term.php HTTP/1.1" 404 5750 "-" "-"
20.63.63.128 - - [16/Jul/2026:02:27:11 +0000] "GET /wp-block.php HTTP/1.1" 404 5750 "-" "-"
20.63.63.128 - - [16/Jul/2026:02:27:11 +0000] "GET /file88.php HTTP/1.1" 404 5750 "-" "-"
20.63.63.128 - - [16/Jul/2026:02:27:11 +0000] "GET /wp-content/uploads/admin.php HTTP/1.1" 404 5750 "-" "-"
20.63.63.128 - - [16/Jul/2026:02:27:12 +0000] "GET /sid3.php HTTP/1.1" 404 5750 "-" "-"
20.63.63.128 - - [16/Jul/2026:02:27:12 +0000] "GET /wp-slss.php HTTP/1.1" 404 5750 "-" "-"
20.63.63.128 - - [16/Jul/2026:02:27:12 +0000] "GET /wp-blink.php HTTP/1.1" 404 5750 "-" "-"
20.63.63.128 - - [16/Jul/2026:02:27:12 +0000] "GET /i.php HTTP/1.1" 404 5750 "-" "-"
20.63.63.128 - - [16/Jul/2026:02:27:12 +0000] "GET /wp-admin/zoko.php HTTP/1.1" 404 5750 "-" "-"
20.63.63.128 - - [16/Jul/2026:02:27:13 +0000] "GET /wp-tivate.php HTTP/1.1" 404 5750 "-" "-"
20.63.63.128 - - [16/Jul/2026:02:27:13 +0000] "GET /samll.php HTTP/1.1" 404 5750 "-" "-"
20.63.63.128 - - [16/Jul/2026:02:27:13 +0000] "GET /new.php HTTP/1.1" 404 5750 "-" "-"
20.63.63.128 - - [16/Jul/2026:02:27:13 +0000] "GET /lp6.php HTTP/1.1" 404 5750 "-" "-"
20.63.63.128 - - [16/Jul/2026:02:27:13 +0000] "GET /dex.php HTTP/1.1" 404 5750 "-" "-"
20.63.63.128 - - [16/Jul/2026:02:27:13 +0000] "GET /wp-term.php HTTP/1.1" 404 5750 "-" "-"
20.63.63.128 - - [16/Jul/2026:02:27:14 +0000] "GET /wp-xx.php HTTP/1.1" 404 5750 "-" "-"
20.63.63.128 - - [16/Jul/2026:02:27:14 +0000] "GET /cilus.php HTTP/1.1" 404 5750 "-" "-"
20.63.63.128 - - [16/Jul/2026:02:27:14 +0000] "GET /ccou.php HTTP/1.1" 404 5750 "-" "-"
20.63.63.128 - - [16/Jul/2026:02:27:14 +0000] "GET /edit.php HTTP/1.1" 404 5750 "-" "-"
20.63.63.128 - - [16/Jul/2026:02:27:14 +0000] "GET /shell20211028.php HTTP/1.1" 404 5750 "-" "-"
20.63.63.128 - - [16/Jul/2026:02:27:15 +0000] "GET /ccc.php HTTP/1.1" 404 5750 "-" "-"
20.63.63.128 - - [16/Jul/2026:02:27:15 +0000] "GET /wp-links-opml.php HTTP/1.1" 404 5750 "-" "-"
20.63.63.128 - - [16/Jul/2026:02:27:15 +0000] "GET /atkno.php HTTP/1.1" 404 5750 "-" "-"
20.63.63.128 - - [16/Jul/2026:02:27:15 +0000] "GET /1.php HTTP/1.1" 404 5750 "-" "-"
20.63.63.128 - - [16/Jul/2026:02:27:15 +0000] "GET /sql.php HTTP/1.1" 404 5750 "-" "-"
20.63.63.128 - - [16/Jul/2026:02:27:16 +0000] "GET /xxx.php HTTP/1.1" 404 5750 "-" "-"
20.63.63.128 - - [16/Jul/2026:02:27:16 +0000] "GET /shell.php HTTP/1.1" 404 5750 "-" "-"
20.63.63.128 - - [16/Jul/2026:02:27:16 +0000] "GET /r.php HTTP/1.1" 404 5750 "-" "-"
20.63.63.128 - - [16/Jul/2026:02:27:16 +0000] "GET /wso.php HTTP/1.1" 404 5750 "-" "-"
20.63.63.128 - - [16/Jul/2026:02:27:16 +0000] "GET /wp-ws68.php HTTP/1.1" 404 5750 "-" "-"
20.63.63.128 - - [16/Jul/2026:02:27:17 +0000] "GET /x.php HTTP/1.1" 404 5750 "-" "-"
20.63.63.128 - - [16/Jul/2026:02:27:17 +0000] "GET /v2.php HTTP/1.1" 404 5750 "-" "-"
20.63.63.128 - - [16/Jul/2026:02:27:17 +0000] "GET /atomlib.php HTTP/1.1" 404 5750 "-" "-"
20.63.63.128 - - [16/Jul/2026:02:27:17 +0000] "GET /wp-ver.php HTTP/1.1" 404 5750 "-" "-"
20.63.63.128 - - [16/Jul/2026:02:27:17 +0000] "GET /z.php HTTP/1.1" 404 5750 "-" "-"
20.63.63.128 - - [16/Jul/2026:02:27:18 +0000] "GET /thoms.php HTTP/1.1" 404 5750 "-" "-"
20.63.63.128 - - [16/Jul/2026:02:27:18 +0000] "GET /bthil.php HTTP/1.1" 404 5750 "-" "-"
20.63.63.128 - - [16/Jul/2026:02:27:18 +0000] "GET /crgio.php HTTP/1.1" 404 5750 "-" "-"
20.63.63.128 - - [16/Jul/2026:02:27:18 +0000] "GET /file11.php HTTP/1.1" 404 5750 "-" "-"
209.42.17.20 - - [16/Jul/2026:02:30:36 +0000] "POST /wp-cron.php?doing_wp_cron=1784169036.6585719585418701171875 HTTP/1.1" 200 0 "-" "WordPress/7.0.1; https://ebifo.org"
40.77.167.77 - - [16/Jul/2026:02:30:33 +0000] "GET /items/N971122222/ HTTP/2" 301 0 "-" "Mozilla/5.0 AppleWebKit/537.36 (KHTML, like Gecko; compatible; bingbot/2.0; +http://www.bing.com/bingbot.htm) Chrome/116.0.1938.76 Safari/537.36"
40.77.167.77 - - [16/Jul/2026:02:30:36 +0000] "GET /items/E423842375/ HTTP/2" 301 0 "-" "Mozilla/5.0 AppleWebKit/537.36 (KHTML, like Gecko; compatible; bingbot/2.0; +http://www.bing.com/bingbot.htm) Chrome/116.0.1938.76 Safari/537.36"
94.23.188.217 - - [16/Jul/2026:02:31:57 +0000] "GET /products/31494333455237 HTTP/2" 404 39255 "-" "Mozilla/5.0 (compatible; AhrefsBot/7.0; +http://ahrefs.com/robot/)"
209.42.17.20 - - [16/Jul/2026:02:32:01 +0000] "POST /wp-cron.php?doing_wp_cron=1784169121.3209879398345947265625 HTTP/1.1" 200 0 "-" "WordPress/7.0.1; https://ebifo.org"
54.37.118.66 - - [16/Jul/2026:02:33:00 +0000] "GET /items/J972839150/ HTTP/2" 404 39191 "-" "Mozilla/5.0 (compatible; AhrefsBot/7.0; +http://ahrefs.com/robot/)"
209.42.17.20 - - [16/Jul/2026:02:33:05 +0000] "POST /wp-cron.php?doing_wp_cron=1784169185.1318230628967285156250 HTTP/1.1" 200 0 "-" "WordPress/7.0.1; https://ebifo.org"
209.42.17.20 - - [16/Jul/2026:02:34:12 +0000] "POST /wp-cron.php?doing_wp_cron=1784169252.9654660224914550781250 HTTP/1.1" 200 0 "-" "WordPress/7.0.1; https://ebifo.org"
176.31.139.15 - - [16/Jul/2026:02:34:09 +0000] "GET /products/31308908120120 HTTP/2" 404 39252 "-" "Mozilla/5.0 (compatible; AhrefsBot/7.0; +http://ahrefs.com/robot/)"
209.42.17.20 - - [16/Jul/2026:02:35:18 +0000] "POST /wp-cron.php?doing_wp_cron=1784169318.8634970188140869140625 HTTP/1.1" 200 0 "-" "WordPress/7.0.1; https://ebifo.org"
94.23.188.193 - - [16/Jul/2026:02:35:16 +0000] "GET /items/J972375006/ HTTP/2" 404 39192 "-" "Mozilla/5.0 (compatible; AhrefsBot/7.0; +http://ahrefs.com/robot/)"
209.42.17.20 - - [16/Jul/2026:02:36:15 +0000] "POST /wp-cron.php?doing_wp_cron=1784169375.5748329162597656250000 HTTP/1.1" 200 0 "-" "WordPress/7.0.1; https://ebifo.org"
51.75.236.147 - - [16/Jul/2026:02:36:22 +0000] "GET /products/30323272771806 HTTP/2" 404 39249 "-" "Mozilla/5.0 (compatible; AhrefsBot/7.0; +http://ahrefs.com/robot/)"
54.37.118.74 - - [16/Jul/2026:02:37:29 +0000] "GET /items/J972141300/ HTTP/2" 404 39191 "-" "Mozilla/5.0 (compatible; AhrefsBot/7.0; +http://ahrefs.com/robot/)"
92.222.108.96 - - [16/Jul/2026:02:38:33 +0000] "GET /products/29994059457007 HTTP/2" 404 39251 "-" "Mozilla/5.0 (compatible; AhrefsBot/7.0; +http://ahrefs.com/robot/)"
52.167.144.194 - - [16/Jul/2026:02:38:54 +0000] "GET /items/N251820151/ HTTP/2" 301 0 "-" "Mozilla/5.0 AppleWebKit/537.36 (KHTML, like Gecko; compatible; bingbot/2.0; +http://www.bing.com/bingbot.htm) Chrome/116.0.1938.76 Safari/537.36"
209.42.17.20 - - [16/Jul/2026:02:39:42 +0000] "POST /wp-cron.php?doing_wp_cron=1784169582.5354630947113037109375 HTTP/1.1" 200 0 "-" "WordPress/7.0.1; https://ebifo.org"
37.59.204.147 - - [16/Jul/2026:02:39:38 +0000] "GET /items/J971958081/ HTTP/2" 404 39192 "-" "Mozilla/5.0 (compatible; AhrefsBot/7.0; +http://ahrefs.com/robot/)"
92.222.108.103 - - [16/Jul/2026:02:40:43 +0000] "GET /products/27538146968265 HTTP/2" 404 39252 "-" "Mozilla/5.0 (compatible; AhrefsBot/7.0; +http://ahrefs.com/robot/)"
209.42.17.20 - - [16/Jul/2026:02:40:46 +0000] "POST /wp-cron.php?doing_wp_cron=1784169646.1893448829650878906250 HTTP/1.1" 200 0 "-" "WordPress/7.0.1; https://ebifo.org"
209.42.17.20 - - [16/Jul/2026:02:41:49 +0000] "POST /wp-cron.php?doing_wp_cron=1784169709.9480929374694824218750 HTTP/1.1" 200 0 "-" "WordPress/7.0.1; https://ebifo.org"
51.68.247.222 - - [16/Jul/2026:02:41:47 +0000] "GET /products/25743782268496 HTTP/2" 404 39250 "-" "Mozilla/5.0 (compatible; AhrefsBot/7.0; +http://ahrefs.com/robot/)"
209.42.17.20 - - [16/Jul/2026:02:42:55 +0000] "POST /wp-cron.php?doing_wp_cron=1784169775.3684151172637939453125 HTTP/1.1" 200 0 "-" "WordPress/7.0.1; https://ebifo.org"
51.75.236.133 - - [16/Jul/2026:02:42:53 +0000] "GET /products/25706715769809 HTTP/2" 404 39252 "-" "Mozilla/5.0 (compatible; AhrefsBot/7.0; +http://ahrefs.com/robot/)"
209.42.17.20 - - [16/Jul/2026:02:43:06 +0000] "POST /wp-cron.php?doing_wp_cron=1784169786.2228078842163085937500 HTTP/1.1" 200 0 "-" "WordPress/7.0.1; https://ebifo.org"
54.37.118.89 - - [16/Jul/2026:02:43:56 +0000] "GET /products/8025367170947 HTTP/2" 404 39236 "-" "Mozilla/5.0 (compatible; AhrefsBot/7.0; +http://ahrefs.com/robot/)"
51.68.247.195 - - [16/Jul/2026:02:45:00 +0000] "GET /products/24395322324356 HTTP/2" 404 39488 "-" "Mozilla/5.0 (compatible; AhrefsBot/7.0; +http://ahrefs.com/robot/)"
209.42.17.20 - - [16/Jul/2026:02:45:04 +0000] "POST /wp-cron.php?doing_wp_cron=1784169904.3565630912780761718750 HTTP/1.1" 200 0 "-" "WordPress/7.0.1; https://ebifo.org"
54.37.118.82 - - [16/Jul/2026:02:46:04 +0000] "GET /products/20861885605000 HTTP/2" 404 39251 "-" "Mozilla/5.0 (compatible; AhrefsBot/7.0; +http://ahrefs.com/robot/)"
209.42.17.20 - - [16/Jul/2026:02:46:07 +0000] "POST /wp-cron.php?doing_wp_cron=1784169967.4414560794830322265625 HTTP/1.1" 200 0 "-" "WordPress/7.0.1; https://ebifo.org"
209.42.17.20 - - [16/Jul/2026:02:57:41 +0000] "POST /wp-cron.php?doing_wp_cron=1784170661.0238161087036132812500 HTTP/1.1" 200 0 "-" "WordPress/7.0.1; https://ebifo.org"
5.133.192.146 - - [16/Jul/2026:02:57:37 +0000] "GET / HTTP/1.1" 200 83586 "-" "Mozilla/5.0 (Windows NT 10.0; Win64; x64) AppleWebKit/537.36 (KHTML, like Gecko) Chrome/105.0.0.0 Safari/537.36"
5.133.192.146 - - [16/Jul/2026:02:57:41 +0000] "GET /wp-content/uploads/2021/06/ebifo-web-logo.png HTTP/1.1" 200 10972 "-" "Mozilla/5.0 (Windows NT 10.0; Win64; x64) AppleWebKit/537.36 (KHTML, like Gecko) Chrome/105.0.0.0 Safari/537.36"
92.222.108.109 - - [16/Jul/2026:03:01:22 +0000] "GET /products/27932695651974 HTTP/2" 404 39251 "-" "Mozilla/5.0 (compatible; AhrefsBot/7.0; +http://ahrefs.com/robot/)"
209.42.17.20 - - [16/Jul/2026:03:01:25 +0000] "POST /wp-cron.php?doing_wp_cron=1784170885.1100990772247314453125 HTTP/1.1" 200 0 "-" "WordPress/7.0.1; https://ebifo.org"
209.42.17.20 - - [16/Jul/2026:03:02:19 +0000] "POST /wp-cron.php?doing_wp_cron=1784170939.8375680446624755859375 HTTP/1.1" 200 0 "-" "WordPress/7.0.1; https://ebifo.org"
52.167.144.213 - - [16/Jul/2026:03:02:17 +0000] "GET /items/G981654117/ HTTP/2" 301 0 "-" "Mozilla/5.0 AppleWebKit/537.36 (KHTML, like Gecko; compatible; bingbot/2.0; +http://www.bing.com/bingbot.htm) Chrome/116.0.1938.76 Safari/537.36"
37.59.204.147 - - [16/Jul/2026:03:02:45 +0000] "GET /products/20690976462336 HTTP/2" 404 39249 "-" "Mozilla/5.0 (compatible; AhrefsBot/7.0; +http://ahrefs.com/robot/)"
51.75.236.136 - - [16/Jul/2026:03:03:55 +0000] "GET /products/18870063705038 HTTP/2" 404 39251 "-" "Mozilla/5.0 (compatible; AhrefsBot/7.0; +http://ahrefs.com/robot/)"
92.222.104.203 - - [16/Jul/2026:03:05:13 +0000] "GET /products/27470883787776 HTTP/2" 404 39249 "-" "Mozilla/5.0 (compatible; AhrefsBot/7.0; +http://ahrefs.com/robot/)"
54.37.118.83 - - [16/Jul/2026:03:06:45 +0000] "GET /products/27268797449878 HTTP/2" 404 39253 "-" "Mozilla/5.0 (compatible; AhrefsBot/7.0; +http://ahrefs.com/robot/)"
209.42.17.20 - - [16/Jul/2026:03:06:48 +0000] "POST /wp-cron.php?doing_wp_cron=1784171208.1831719875335693359375 HTTP/1.1" 200 0 "-" "WordPress/7.0.1; https://ebifo.org"
167.99.124.135 - - [16/Jul/2026:03:08:38 +0000] "GET / HTTP/1.1" 401 53 "-" "Mozilla/5.0 (X11; Linux x86_64; rv:142.0) Gecko/20100101 Firefox/142.0"
167.99.124.135 - - [16/Jul/2026:03:08:40 +0000] "GET /favicon.ico HTTP/1.1" 401 53 "https://webdisk.ebifo.org/" "Mozilla/5.0 (X11; Linux x86_64; rv:142.0) Gecko/20100101 Firefox/142.0"
209.42.17.20 - - [16/Jul/2026:03:08:42 +0000] "POST /wp-cron.php?doing_wp_cron=1784171322.1672639846801757812500 HTTP/1.1" 200 0 "-" "WordPress/7.0.1; https://ebifo.org"
176.31.139.18 - - [16/Jul/2026:03:08:40 +0000] "GET /products/22268091683112 HTTP/2" 404 39253 "-" "Mozilla/5.0 (compatible; AhrefsBot/7.0; +http://ahrefs.com/robot/)"
209.42.17.20 - - [16/Jul/2026:03:10:28 +0000] "POST /wp-cron.php?doing_wp_cron=1784171428.7086958885192871093750 HTTP/1.1" 200 0 "-" "WordPress/7.0.1; https://ebifo.org"
176.31.139.15 - - [16/Jul/2026:03:10:26 +0000] "GET /products/21141454824179 HTTP/2" 404 39251 "-" "Mozilla/5.0 (compatible; AhrefsBot/7.0; +http://ahrefs.com/robot/)"
176.31.139.11 - - [16/Jul/2026:03:11:41 +0000] "GET /products/37202416371624 HTTP/2" 404 39252 "-" "Mozilla/5.0 (compatible; AhrefsBot/7.0; +http://ahrefs.com/robot/)"
209.42.17.20 - - [16/Jul/2026:03:11:43 +0000] "POST /wp-cron.php?doing_wp_cron=1784171503.8353691101074218750000 HTTP/1.1" 200 0 "-" "WordPress/7.0.1; https://ebifo.org"
209.42.17.20 - - [16/Jul/2026:03:12:45 +0000] "POST /wp-cron.php?doing_wp_cron=1784171565.5349059104919433593750 HTTP/1.1" 200 0 "-" "WordPress/7.0.1; https://ebifo.org"
176.31.139.22 - - [16/Jul/2026:03:12:43 +0000] "GET /products/19340846242977 HTTP/2" 404 39251 "-" "Mozilla/5.0 (compatible; AhrefsBot/7.0; +http://ahrefs.com/robot/)"
5.39.1.253 - - [16/Jul/2026:03:13:48 +0000] "GET /products/36325604949617 HTTP/2" 404 39252 "-" "Mozilla/5.0 (compatible; AhrefsBot/7.0; +http://ahrefs.com/robot/)"
209.42.17.20 - - [16/Jul/2026:03:13:49 +0000] "POST /wp-cron.php?doing_wp_cron=1784171629.8092548847198486328125 HTTP/1.1" 200 0 "-" "WordPress/7.0.1; https://ebifo.org"
92.222.104.203 - - [16/Jul/2026:03:14:49 +0000] "GET /products/18659514328050 HTTP/2" 404 39251 "-" "Mozilla/5.0 (compatible; AhrefsBot/7.0; +http://ahrefs.com/robot/)"
209.42.17.20 - - [16/Jul/2026:03:14:51 +0000] "POST /wp-cron.php?doing_wp_cron=1784171691.9229168891906738281250 HTTP/1.1" 200 0 "-" "WordPress/7.0.1; https://ebifo.org"
176.31.139.11 - - [16/Jul/2026:03:15:52 +0000] "GET /products/35229901536058 HTTP/2" 404 39250 "-" "Mozilla/5.0 (compatible; AhrefsBot/7.0; +http://ahrefs.com/robot/)"
209.42.17.20 - - [16/Jul/2026:03:15:54 +0000] "POST /wp-cron.php?doing_wp_cron=1784171754.8680469989776611328125 HTTP/1.1" 200 0 "-" "WordPress/7.0.1; https://ebifo.org"
209.42.17.20 - - [16/Jul/2026:03:17:27 +0000] "POST /wp-cron.php?doing_wp_cron=1784171847.3394529819488525390625 HTTP/1.1" 200 0 "-" "WordPress/7.0.1; https://ebifo.org"
176.31.139.1 - - [16/Jul/2026:03:17:25 +0000] "GET /products/18151527161315 HTTP/2" 404 39258 "-" "Mozilla/5.0 (compatible; AhrefsBot/7.0; +http://ahrefs.com/robot/)"
51.75.236.146 - - [16/Jul/2026:03:17:57 +0000] "GET /products/1694702469711 HTTP/2" 404 39231 "-" "Mozilla/5.0 (compatible; AhrefsBot/7.0; +http://ahrefs.com/robot/)"
209.42.17.20 - - [16/Jul/2026:03:18:00 +0000] "POST /wp-cron.php?doing_wp_cron=1784171880.5732989311218261718750 HTTP/1.1" 200 0 "-" "WordPress/7.0.1; https://ebifo.org"
209.42.17.20 - - [16/Jul/2026:03:19:10 +0000] "POST /wp-cron.php?doing_wp_cron=1784171950.8394980430603027343750 HTTP/1.1" 200 0 "-" "WordPress/7.0.1; https://ebifo.org"
92.222.104.203 - - [16/Jul/2026:03:19:08 +0000] "GET /products/15678447925137 HTTP/2" 404 39251 "-" "Mozilla/5.0 (compatible; AhrefsBot/7.0; +http://ahrefs.com/robot/)"
216.73.216.194 - - [16/Jul/2026:03:19:25 +0000] "GET /robots.txt HTTP/2" 200 102 "-" "Mozilla/5.0 AppleWebKit/537.36 (KHTML, like Gecko; compatible; ClaudeBot/1.0; +claudebot@anthropic.com)"
216.73.216.194 - - [16/Jul/2026:03:19:26 +0000] "GET /sitemap-1.xml HTTP/2" 404 39183 "-" "Mozilla/5.0 AppleWebKit/537.36 (KHTML, like Gecko; compatible; ClaudeBot/1.0; +claudebot@anthropic.com)"
52.167.144.234 - - [16/Jul/2026:03:19:28 +0000] "GET /items/N761361688/ HTTP/2" 301 0 "-" "Mozilla/5.0 AppleWebKit/537.36 (KHTML, like Gecko; compatible; bingbot/2.0; +http://www.bing.com/bingbot.htm) Chrome/116.0.1938.76 Safari/537.36"
209.42.17.20 - - [16/Jul/2026:03:20:04 +0000] "POST /wp-cron.php?doing_wp_cron=1784172004.8466310501098632812500 HTTP/1.1" 200 0 "-" "WordPress/7.0.1; https://ebifo.org"
216.73.216.194 - - [16/Jul/2026:03:20:00 +0000] "GET /sitemap-12.xml HTTP/2" 404 39226 "-" "Mozilla/5.0 AppleWebKit/537.36 (KHTML, like Gecko; compatible; ClaudeBot/1.0; +claudebot@anthropic.com)"
51.68.247.204 - - [16/Jul/2026:03:20:05 +0000] "GET /products/15473955450604 HTTP/2" 404 39251 "-" "Mozilla/5.0 (compatible; AhrefsBot/7.0; +http://ahrefs.com/robot/)"
35.186.153.239 - - [16/Jul/2026:03:20:17 +0000] "GET /components/com_sppagebuilder/assets/css/sppagebuilder.css HTTP/1.1" 404 216173 "https://ebifo.org.oas.com.ng/" "Mozilla/5.0 (X11; Linux x86_64; rv:109.0) Gecko/20100101 Firefox/120.0"
216.73.216.194 - - [16/Jul/2026:03:20:27 +0000] "GET /sitemap-7.xml HTTP/2" 404 39184 "-" "Mozilla/5.0 AppleWebKit/537.36 (KHTML, like Gecko; compatible; ClaudeBot/1.0; +claudebot@anthropic.com)"
216.73.216.194 - - [16/Jul/2026:03:20:27 +0000] "GET /sitemap-10.xml HTTP/2" 404 39225 "-" "Mozilla/5.0 AppleWebKit/537.36 (KHTML, like Gecko; compatible; ClaudeBot/1.0; +claudebot@anthropic.com)"
216.73.216.194 - - [16/Jul/2026:03:20:44 +0000] "GET /sitemap.xml HTTP/2" 301 0 "-" "Mozilla/5.0 AppleWebKit/537.36 (KHTML, like Gecko; compatible; ClaudeBot/1.0; +claudebot@anthropic.com)"
216.73.216.194 - - [16/Jul/2026:03:20:47 +0000] "GET /wp-sitemap.xml HTTP/2" 200 316 "https://ebifo.org/sitemap.xml" "Mozilla/5.0 AppleWebKit/537.36 (KHTML, like Gecko; compatible; ClaudeBot/1.0; +claudebot@anthropic.com)"
209.42.17.20 - - [16/Jul/2026:03:21:37 +0000] "POST /wp-cron.php?doing_wp_cron=1784172097.0210049152374267578125 HTTP/1.1" 200 0 "-" "WordPress/7.0.1; https://ebifo.org"
216.73.216.194 - - [16/Jul/2026:03:21:34 +0000] "GET /sitemap-18.xml HTTP/2" 404 39226 "-" "Mozilla/5.0 AppleWebKit/537.36 (KHTML, like Gecko; compatible; ClaudeBot/1.0; +claudebot@anthropic.com)"
216.73.216.194 - - [16/Jul/2026:03:21:34 +0000] "GET /sitemap-17.xml HTTP/2" 404 39226 "-" "Mozilla/5.0 AppleWebKit/537.36 (KHTML, like Gecko; compatible; ClaudeBot/1.0; +claudebot@anthropic.com)"
216.73.216.194 - - [16/Jul/2026:03:21:37 +0000] "GET /sitemap-8.xml HTTP/2" 404 39187 "-" "Mozilla/5.0 AppleWebKit/537.36 (KHTML, like Gecko; compatible; ClaudeBot/1.0; +claudebot@anthropic.com)"
209.42.17.20 - - [16/Jul/2026:03:22:27 +0000] "POST /wp-cron.php?doing_wp_cron=1784172147.5608649253845214843750 HTTP/1.1" 200 0 "-" "WordPress/7.0.1; https://ebifo.org"
216.73.216.194 - - [16/Jul/2026:03:22:24 +0000] "GET /sitemap-16.xml HTTP/2" 404 39229 "-" "Mozilla/5.0 AppleWebKit/537.36 (KHTML, like Gecko; compatible; ClaudeBot/1.0; +claudebot@anthropic.com)"
216.73.216.194 - - [16/Jul/2026:03:22:24 +0000] "GET /sitemap-14.xml HTTP/2" 404 39229 "-" "Mozilla/5.0 AppleWebKit/537.36 (KHTML, like Gecko; compatible; ClaudeBot/1.0; +claudebot@anthropic.com)"
216.73.216.194 - - [16/Jul/2026:03:22:30 +0000] "GET /sitemap-15.xml HTTP/2" 404 39226 "-" "Mozilla/5.0 AppleWebKit/537.36 (KHTML, like Gecko; compatible; ClaudeBot/1.0; +claudebot@anthropic.com)"
216.73.216.194 - - [16/Jul/2026:03:22:30 +0000] "GET /sitemap-4.xml HTTP/2" 404 39186 "-" "Mozilla/5.0 AppleWebKit/537.36 (KHTML, like Gecko; compatible; ClaudeBot/1.0; +claudebot@anthropic.com)"
216.73.216.194 - - [16/Jul/2026:03:22:50 +0000] "GET /sitemap-5.xml HTTP/2" 404 39186 "-" "Mozilla/5.0 AppleWebKit/537.36 (KHTML, like Gecko; compatible; ClaudeBot/1.0; +claudebot@anthropic.com)"
209.42.17.20 - - [16/Jul/2026:03:23:02 +0000] "POST /wp-cron.php?doing_wp_cron=1784172182.6228260993957519531250 HTTP/1.1" 200 0 "-" "WordPress/7.0.1; https://ebifo.org"
216.73.216.194 - - [16/Jul/2026:03:22:58 +0000] "GET /sitemap-3.xml HTTP/2" 404 39185 "-" "Mozilla/5.0 AppleWebKit/537.36 (KHTML, like Gecko; compatible; ClaudeBot/1.0; +claudebot@anthropic.com)"
216.73.216.194 - - [16/Jul/2026:03:22:58 +0000] "GET /sitemap-20.xml HTTP/2" 404 39225 "-" "Mozilla/5.0 AppleWebKit/537.36 (KHTML, like Gecko; compatible; ClaudeBot/1.0; +claudebot@anthropic.com)"
216.73.216.194 - - [16/Jul/2026:03:23:30 +0000] "GET /sitemap-9.xml HTTP/2" 404 39186 "-" "Mozilla/5.0 AppleWebKit/537.36 (KHTML, like Gecko; compatible; ClaudeBot/1.0; +claudebot@anthropic.com)"
216.73.216.194 - - [16/Jul/2026:03:23:30 +0000] "GET /sitemap-11.xml HTTP/2" 404 39226 "-" "Mozilla/5.0 AppleWebKit/537.36 (KHTML, like Gecko; compatible; ClaudeBot/1.0; +claudebot@anthropic.com)"
209.42.17.20 - - [16/Jul/2026:03:24:09 +0000] "POST /wp-cron.php?doing_wp_cron=1784172249.5791010856628417968750 HTTP/1.1" 200 0 "-" "WordPress/7.0.1; https://ebifo.org"
216.73.216.194 - - [16/Jul/2026:03:24:07 +0000] "GET /sitemap-13.xml HTTP/2" 404 39225 "-" "Mozilla/5.0 AppleWebKit/537.36 (KHTML, like Gecko; compatible; ClaudeBot/1.0; +claudebot@anthropic.com)"
216.73.216.194 - - [16/Jul/2026:03:24:14 +0000] "GET /sitemap-19.xml HTTP/2" 404 39225 "-" "Mozilla/5.0 AppleWebKit/537.36 (KHTML, like Gecko; compatible; ClaudeBot/1.0; +claudebot@anthropic.com)"
216.73.216.194 - - [16/Jul/2026:03:24:14 +0000] "GET /sitemap-6.xml HTTP/2" 404 39186 "-" "Mozilla/5.0 AppleWebKit/537.36 (KHTML, like Gecko; compatible; ClaudeBot/1.0; +claudebot@anthropic.com)"
20.196.209.159 - - [16/Jul/2026:03:24:19 +0000] "GET /wp-content/plugins/hellopress/wp_filemanager.php HTTP/1.1" 401 36 "-" "-"
20.196.209.159 - - [16/Jul/2026:03:24:20 +0000] "GET /this_is_a_new_hello_world.php HTTP/1.1" 401 36 "-" "-"
20.196.209.159 - - [16/Jul/2026:03:24:20 +0000] "GET /drykl.php HTTP/1.1" 401 36 "-" "-"
20.196.209.159 - - [16/Jul/2026:03:24:21 +0000] "GET /f35.php HTTP/1.1" 401 36 "-" "-"
20.196.209.159 - - [16/Jul/2026:03:24:21 +0000] "GET /wp-link-szoppm.php HTTP/1.1" 401 36 "-" "-"
20.196.209.159 - - [16/Jul/2026:03:24:22 +0000] "GET /x.php HTTP/1.1" 401 36 "-" "-"
20.196.209.159 - - [16/Jul/2026:03:24:22 +0000] "GET /min.php HTTP/1.1" 401 36 "-" "-"
20.196.209.159 - - [16/Jul/2026:03:24:23 +0000] "GET /xa.php HTTP/1.1" 401 36 "-" "-"
20.196.209.159 - - [16/Jul/2026:03:24:23 +0000] "GET /ms-edit.php HTTP/1.1" 401 36 "-" "-"
20.196.209.159 - - [16/Jul/2026:03:24:24 +0000] "GET /as.php HTTP/1.1" 401 36 "-" "-"
20.196.209.159 - - [16/Jul/2026:03:24:24 +0000] "GET /wen.php HTTP/1.1" 401 36 "-" "-"
20.196.209.159 - - [16/Jul/2026:03:24:25 +0000] "GET /dex.php HTTP/1.1" 401 36 "-" "-"
20.196.209.159 - - [16/Jul/2026:03:24:25 +0000] "GET /f.php HTTP/1.1" 401 36 "-" "-"
20.196.209.159 - - [16/Jul/2026:03:24:26 +0000] "GET /shell.php HTTP/1.1" 401 36 "-" "-"
20.196.209.159 - - [16/Jul/2026:03:24:26 +0000] "GET /333.php HTTP/1.1" 401 36 "-" "-"
20.196.209.159 - - [16/Jul/2026:03:24:27 +0000] "GET /a4.php HTTP/1.1" 401 36 "-" "-"
20.196.209.159 - - [16/Jul/2026:03:24:27 +0000] "GET /wp-the.php HTTP/1.1" 401 36 "-" "-"
20.196.209.159 - - [16/Jul/2026:03:24:28 +0000] "GET /classwithtostring.php HTTP/1.1" 401 36 "-" "-"
20.196.209.159 - - [16/Jul/2026:03:24:28 +0000] "GET /fun.php HTTP/1.1" 401 36 "-" "-"
20.196.209.159 - - [16/Jul/2026:03:24:29 +0000] "GET /wp-content/languages/index.php HTTP/1.1" 401 36 "-" "-"
20.196.209.159 - - [16/Jul/2026:03:24:29 +0000] "GET /file.php HTTP/1.1" 401 36 "-" "-"
20.196.209.159 - - [16/Jul/2026:03:24:30 +0000] "GET /pass4.php HTTP/1.1" 401 36 "-" "-"
20.196.209.159 - - [16/Jul/2026:03:24:30 +0000] "GET /666.php HTTP/1.1" 401 36 "-" "-"
20.196.209.159 - - [16/Jul/2026:03:24:31 +0000] "GET /wp-access.php HTTP/1.1" 401 36 "-" "-"
20.196.209.159 - - [16/Jul/2026:03:24:31 +0000] "GET /jj.php HTTP/1.1" 401 36 "-" "-"
20.196.209.159 - - [16/Jul/2026:03:24:32 +0000] "GET /wp-x7.php HTTP/1.1" 401 36 "-" "-"
20.196.209.159 - - [16/Jul/2026:03:24:32 +0000] "GET /wpxml.php HTTP/1.1" 401 36 "-" "-"
20.196.209.159 - - [16/Jul/2026:03:24:33 +0000] "GET /inputs.php HTTP/1.1" 401 36 "-" "-"
20.196.209.159 - - [16/Jul/2026:03:24:33 +0000] "GET /file4.php HTTP/1.1" 401 36 "-" "-"
20.196.209.159 - - [16/Jul/2026:03:24:34 +0000] "GET /wp-firewall.php HTTP/1.1" 401 36 "-" "-"
20.196.209.159 - - [16/Jul/2026:03:24:34 +0000] "GET /data.php HTTP/1.1" 401 36 "-" "-"
20.196.209.159 - - [16/Jul/2026:03:24:35 +0000] "GET /wp-wpbak.php HTTP/1.1" 401 36 "-" "-"
20.196.209.159 - - [16/Jul/2026:03:24:35 +0000] "GET /002.php HTTP/1.1" 401 36 "-" "-"
20.196.209.159 - - [16/Jul/2026:03:24:36 +0000] "GET /class-t.api.php HTTP/1.1" 401 36 "-" "-"
20.196.209.159 - - [16/Jul/2026:03:24:36 +0000] "GET /file5.php HTTP/1.1" 401 36 "-" "-"
20.196.209.159 - - [16/Jul/2026:03:24:37 +0000] "GET /cache.php HTTP/1.1" 401 36 "-" "-"
20.196.209.159 - - [16/Jul/2026:03:24:37 +0000] "GET /error.php HTTP/1.1" 401 36 "-" "-"
20.196.209.159 - - [16/Jul/2026:03:24:38 +0000] "GET /wp-content/themes/about.php HTTP/1.1" 401 36 "-" "-"
20.196.209.159 - - [16/Jul/2026:03:24:38 +0000] "GET /wp-conflg.php HTTP/1.1" 401 36 "-" "-"
20.196.209.159 - - [16/Jul/2026:03:24:39 +0000] "GET /f35.php HTTP/1.1" 401 36 "-" "-"
20.196.209.159 - - [16/Jul/2026:03:24:39 +0000] "GET /test.php HTTP/1.1" 401 36 "-" "-"
20.196.209.159 - - [16/Jul/2026:03:24:40 +0000] "GET /plugins.php HTTP/1.1" 401 36 "-" "-"
20.196.209.159 - - [16/Jul/2026:03:24:40 +0000] "GET /wp-signup.php HTTP/1.1" 401 36 "-" "-"
20.196.209.159 - - [16/Jul/2026:03:24:41 +0000] "GET /la.php HTTP/1.1" 401 36 "-" "-"
20.196.209.159 - - [16/Jul/2026:03:24:41 +0000] "GET /yas.php HTTP/1.1" 401 36 "-" "-"
20.196.209.159 - - [16/Jul/2026:03:24:42 +0000] "GET /system.php HTTP/1.1" 401 36 "-" "-"
20.196.209.159 - - [16/Jul/2026:03:24:42 +0000] "GET /wp-fileesx-449.php HTTP/1.1" 401 36 "-" "-"
20.196.209.159 - - [16/Jul/2026:03:24:43 +0000] "GET /wp-good.php HTTP/1.1" 401 36 "-" "-"
20.196.209.159 - - [16/Jul/2026:03:24:43 +0000] "GET /shx.php HTTP/1.1" 401 36 "-" "-"
20.196.209.159 - - [16/Jul/2026:03:24:44 +0000] "GET /dropdown.php HTTP/1.1" 401 36 "-" "-"
20.196.209.159 - - [16/Jul/2026:03:24:44 +0000] "GET /revealability.php HTTP/1.1" 401 36 "-" "-"
20.196.209.159 - - [16/Jul/2026:03:24:45 +0000] "GET /wp.php HTTP/1.1" 401 36 "-" "-"
20.196.209.159 - - [16/Jul/2026:03:24:45 +0000] "GET /bless24.php HTTP/1.1" 401 36 "-" "-"
216.73.216.194 - - [16/Jul/2026:03:24:43 +0000] "GET /sitemap-2.xml HTTP/2" 404 39184 "-" "Mozilla/5.0 AppleWebKit/537.36 (KHTML, like Gecko; compatible; ClaudeBot/1.0; +claudebot@anthropic.com)"
